74.7.227.11 - - [20/Sep/2026:06:54:24 +0000] "GET /goods.php?search/list/?LineID=036000362 HTTP/1.1" 403 5833 "https://dazzlingwebplanet.com/goods.php?akarica-ed768447" "Mozilla/5.0 AppleWebKit/537.36 (KHTML, like Gecko; compatible; GPTBot/1.4; +https://openai.com/gptbot)"
74.7.227.11 - - [20/Sep/2026:06:54:25 +0000] "GET /goods.php?search/list/?LineID=272044440 HTTP/1.1" 403 5833 "https://dazzlingwebplanet.com/goods.php?stylifemen-ma6314-1" "Mozilla/5.0 AppleWebKit/537.36 (KHTML, like Gecko; compatible; GPTBot/1.4; +https://openai.com/gptbot)"
157.55.39.54 - - [20/Sep/2026:06:54:25 +0000] "GET /shop/9044f175095901 HTTP/1.1" 200 6347 "-" "Mozilla/5.0 AppleWebKit/537.36 (KHTML, like Gecko; compatible; bingbot/2.0; +http://www.bing.com/bingbot.htm) Chrome/116.0.1938.76 Safari/537.36"
74.7.227.11 - - [20/Sep/2026:06:54:26 +0000] "GET /goods.php?search/list/?LineID=016016668 HTTP/1.1" 403 5833 "https://dazzlingwebplanet.com/goods.php?seikatu-souko-item-016517-629" "Mozilla/5.0 AppleWebKit/537.36 (KHTML, like Gecko; compatible; GPTBot/1.4; +https://openai.com/gptbot)"
74.7.227.11 - - [20/Sep/2026:06:54:27 +0000] "GET /goods.php?1bankanwebshop-ds-2122231 HTTP/1.1" 403 5833 "https://dazzlingwebplanet.com/goods.php?detail/2750202775748" "Mozilla/5.0 AppleWebKit/537.36 (KHTML, like Gecko; compatible; GPTBot/1.4; +https://openai.com/gptbot)"
74.7.227.11 - - [20/Sep/2026:06:54:28 +0000] "GET /goods.php?1bankanwebshop-ds-1115563 HTTP/1.1" 403 5833 "https://dazzlingwebplanet.com/goods.php?detail/203043284240" "Mozilla/5.0 AppleWebKit/537.36 (KHTML, like Gecko; compatible; GPTBot/1.4; +https://openai.com/gptbot)"
74.7.227.11 - - [20/Sep/2026:06:54:30 +0000] "GET /goods.php?zhihuilife-b0fdx3ftml HTTP/1.1" 403 5833 "https://dazzlingwebplanet.com/goods.php?world-depo-ds-2142898" "Mozilla/5.0 AppleWebKit/537.36 (KHTML, like Gecko; compatible; GPTBot/1.4; +https://openai.com/gptbot)"
74.7.227.11 - - [20/Sep/2026:06:54:31 +0000] "GET /goods.php?atorieerina-b01hplfxai HTTP/1.1" 403 5833 "https://dazzlingwebplanet.com/goods.php?detail/001001936384" "Mozilla/5.0 AppleWebKit/537.36 (KHTML, like Gecko; compatible; GPTBot/1.4; +https://openai.com/gptbot)"
74.7.227.11 - - [20/Sep/2026:06:54:32 +0000] "GET /goods.php?atorieerina-b07qgygqwp HTTP/1.1" 403 5833 "https://dazzlingwebplanet.com/goods.php?detail/090007683057" "Mozilla/5.0 AppleWebKit/537.36 (KHTML, like Gecko; compatible; GPTBot/1.4; +https://openai.com/gptbot)"
74.7.227.11 - - [20/Sep/2026:06:54:33 +0000] "GET /goods.php?autopartsdirect-44545639319671128 HTTP/1.1" 403 5833 "https://dazzlingwebplanet.com/goods.php?detail/119029040478" "Mozilla/5.0 AppleWebKit/537.36 (KHTML, like Gecko; compatible; GPTBot/1.4; +https://openai.com/gptbot)"
74.7.227.11 - - [20/Sep/2026:06:54:35 +0000] "GET /goods.php?re-vida-s1-533946040 HTTP/1.1" 403 5833 "https://dazzlingwebplanet.com/goods.php?detail/215049189509" "Mozilla/5.0 AppleWebKit/537.36 (KHTML, like Gecko; compatible; GPTBot/1.4; +https://openai.com/gptbot)"
74.7.227.11 - - [20/Sep/2026:06:54:36 +0000] "GET /goods.php?arkikaku1-v5vv2fpnenw4dycgfdht2owetm HTTP/1.1" 403 5833 "https://dazzlingwebplanet.com/goods.php?detail/2400413954067" "Mozilla/5.0 AppleWebKit/537.36 (KHTML, like Gecko; compatible; GPTBot/1.4; +https://openai.com/gptbot)"
74.7.227.11 - - [20/Sep/2026:06:54:37 +0000] "GET /goods.php?miraiyuki-vzbfizxfqhs5nct65slottu3f4 HTTP/1.1" 403 5833 "https://dazzlingwebplanet.com/goods.php?koshiji-3-5290-06" "Mozilla/5.0 AppleWebKit/537.36 (KHTML, like Gecko; compatible; GPTBot/1.4; +https://openai.com/gptbot)"
57.141.0.46 - - [20/Sep/2026:06:54:37 +0000] "GET /item/K80376631.html HTTP/1.1" 200 6347 "-" "Mozilla/5.0 (Windows NT 10.0; Win64; x64) AppleWebKit/537.36 (KHTML, like Gecko) Chrome/145.0.0.0 Safari/537.36 (compatible; meta-externalagent/1.1 (+https://developers.facebook.com/docs/sharing/webmasters/crawler))"
74.7.227.11 - - [20/Sep/2026:06:54:38 +0000] "GET /goods.php?takushistore-pxg-qpnv-ck2rr-1 HTTP/1.1" 403 5833 "https://dazzlingwebplanet.com/goods.php?detail/032000855499" "Mozilla/5.0 AppleWebKit/537.36 (KHTML, like Gecko; compatible; GPTBot/1.4; +https://openai.com/gptbot)"
74.7.227.11 - - [20/Sep/2026:06:54:39 +0000] "GET /goods.php?oskkyoto-g7ysbv3iktyashah7rou3vttxe-alr-1 HTTP/1.1" 403 5833 "https://dazzlingwebplanet.com/goods.php?suzukimotors-isin002-1" "Mozilla/5.0 AppleWebKit/537.36 (KHTML, like Gecko; compatible; GPTBot/1.4; +https://openai.com/gptbot)"
74.7.227.11 - - [20/Sep/2026:06:54:41 +0000] "GET /goods.php?formira88-6nssqfqqydwayopqzaqnq6axuy-alb-1 HTTP/1.1" 403 5833 "https://dazzlingwebplanet.com/goods.php?detail/085021472153" "Mozilla/5.0 AppleWebKit/537.36 (KHTML, like Gecko; compatible; GPTBot/1.4; +https://openai.com/gptbot)"
74.7.227.11 - - [20/Sep/2026:06:54:42 +0000] "GET /goods.php?hanbokhome-flmfxmen2vhndv3kd6pe3bdtma-alh-1 HTTP/1.1" 403 5833 "https://dazzlingwebplanet.com/goods.php?detail/269045496823" "Mozilla/5.0 AppleWebKit/537.36 (KHTML, like Gecko; compatible; GPTBot/1.4; +https://openai.com/gptbot)"
74.7.227.11 - - [20/Sep/2026:06:54:43 +0000] "GET /goods.php?re-vida-71-541231-gunmetal HTTP/1.1" 403 5833 "https://dazzlingwebplanet.com/goods.php?jam-ing-eaa615419" "Mozilla/5.0 AppleWebKit/537.36 (KHTML, like Gecko; compatible; GPTBot/1.4; +https://openai.com/gptbot)"
74.7.227.11 - - [20/Sep/2026:06:54:44 +0000] "GET /goods.php?re-vida-n0-8299757-darkblu HTTP/1.1" 403 5833 "https://dazzlingwebplanet.com/goods.php?detail/114009578514" "Mozilla/5.0 AppleWebKit/537.36 (KHTML, like Gecko; compatible; GPTBot/1.4; +https://openai.com/gptbot)"
114.119.136.139 - - [20/Sep/2026:06:54:45 +0000] "GET /shopping/062013984 HTTP/1.1" 200 6347 "https://dazzlingwebplanet.com/?sitemap18.xml" "Mozilla/5.0 (Linux; Android 7.0;) AppleWebKit/537.36 (HTML, like Gecko) Mobile Safari/537.36 (compatible; PetalBot;+https://webmaster.petalsearch.com/site/petalbot)"
74.7.227.11 - - [20/Sep/2026:06:54:45 +0000] "GET /goods.php?re-vida-n0-8209137-tobacco HTTP/1.1" 403 5833 "https://dazzlingwebplanet.com/goods.php?detail/114009472872" "Mozilla/5.0 AppleWebKit/537.36 (KHTML, like Gecko; compatible; GPTBot/1.4; +https://openai.com/gptbot)"
74.7.227.11 - - [20/Sep/2026:06:54:47 +0000] "GET /goods.php?re-vida-k0-7952580-curryme HTTP/1.1" 403 5833 "https://dazzlingwebplanet.com/goods.php?detail/222025800227" "Mozilla/5.0 AppleWebKit/537.36 (KHTML, like Gecko; compatible; GPTBot/1.4; +https://openai.com/gptbot)"
57.141.0.30 - - [20/Sep/2026:06:54:48 +0000] "GET /item/K51442836.html HTTP/1.1" 200 6347 "-" "Mozilla/5.0 (Macintosh; Intel Mac OS X 10_15_7) AppleWebKit/537.36 (KHTML, like Gecko) Chrome/145.0.0.0 Safari/537.36 (compatible; meta-externalagent/1.1 (+https://developers.facebook.com/docs/sharing/webmasters/crawler))"
74.7.227.11 - - [20/Sep/2026:06:54:48 +0000] "GET /goods.php?re-vida-k0-7093187-blackvi HTTP/1.1" 403 5833 "https://dazzlingwebplanet.com/goods.php?outlet/129047836.html" "Mozilla/5.0 AppleWebKit/537.36 (KHTML, like Gecko; compatible; GPTBot/1.4; +https://openai.com/gptbot)"
74.7.227.11 - - [20/Sep/2026:06:54:49 +0000] "GET /goods.php?re-vida-k0-6524252-navyblu HTTP/1.1" 403 5833 "https://dazzlingwebplanet.com/goods.php?detail/085012805356" "Mozilla/5.0 AppleWebKit/537.36 (KHTML, like Gecko; compatible; GPTBot/1.4; +https://openai.com/gptbot)"
74.7.227.11 - - [20/Sep/2026:06:54:50 +0000] "GET /goods.php?re-vida-n0-8746573-natural HTTP/1.1" 403 5833 "https://dazzlingwebplanet.com/goods.php?detail/2300404741155" "Mozilla/5.0 AppleWebKit/537.36 (KHTML, like Gecko; compatible; GPTBot/1.4; +https://openai.com/gptbot)"
74.7.227.11 - - [20/Sep/2026:06:54:52 +0000] "GET /goods.php?re-vida-k0-3996847-slategr HTTP/1.1" 403 5833 "https://dazzlingwebplanet.com/goods.php?detail/085002853512" "Mozilla/5.0 AppleWebKit/537.36 (KHTML, like Gecko; compatible; GPTBot/1.4; +https://openai.com/gptbot)"
74.7.227.11 - - [20/Sep/2026:06:54:53 +0000] "GET /goods.php?re-vida-k0-8014819-graymul HTTP/1.1" 403 5833 "https://dazzlingwebplanet.com/goods.php?detail/168001255061" "Mozilla/5.0 AppleWebKit/537.36 (KHTML, like Gecko; compatible; GPTBot/1.4; +https://openai.com/gptbot)"
74.7.227.11 - - [20/Sep/2026:06:54:54 +0000] "GET /goods.php?re-vida-k0-7893183-islblue HTTP/1.1" 403 5833 "https://dazzlingwebplanet.com/goods.php?detail/209024992872" "Mozilla/5.0 AppleWebKit/537.36 (KHTML, like Gecko; compatible; GPTBot/1.4; +https://openai.com/gptbot)"
74.7.227.11 - - [20/Sep/2026:06:54:55 +0000] "GET /goods.php?rack-factory-rnb70-15123-6 HTTP/1.1" 403 5833 "https://dazzlingwebplanet.com/goods.php?detail/243001189063" "Mozilla/5.0 AppleWebKit/537.36 (KHTML, like Gecko; compatible; GPTBot/1.4; +https://openai.com/gptbot)"
74.7.227.11 - - [20/Sep/2026:06:54:56 +0000] "GET /goods.php?re-vida-k0-7916083-sksblac HTTP/1.1" 403 5833 "https://dazzlingwebplanet.com/goods.php?detail/031005219079" "Mozilla/5.0 AppleWebKit/537.36 (KHTML, like Gecko; compatible; GPTBot/1.4; +https://openai.com/gptbot)"
74.7.227.11 - - [20/Sep/2026:06:54:58 +0000] "GET /goods.php?rubbermark-4124-h0701-red HTTP/1.1" 403 5833 "https://dazzlingwebplanet.com/goods.php?detail/1140394790135" "Mozilla/5.0 AppleWebKit/537.36 (KHTML, like Gecko; compatible; GPTBot/1.4; +https://openai.com/gptbot)"
74.7.227.11 - - [20/Sep/2026:06:54:59 +0000] "GET /goods.php?search/list/?LineID=220043592 HTTP/1.1" 403 5833 "https://dazzlingwebplanet.com/goods.php?spaccio-poz-26009a-1" "Mozilla/5.0 AppleWebKit/537.36 (KHTML, like Gecko; compatible; GPTBot/1.4; +https://openai.com/gptbot)"
74.7.227.11 - - [20/Sep/2026:06:55:00 +0000] "GET /goods.php?search/list/?LineID=004017516 HTTP/1.1" 403 5833 "https://dazzlingwebplanet.com/goods.php?outlet/021008620.html" "Mozilla/5.0 AppleWebKit/537.36 (KHTML, like Gecko; compatible; GPTBot/1.4; +https://openai.com/gptbot)"
74.7.227.11 - - [20/Sep/2026:06:55:01 +0000] "GET /goods.php?search/list/?LineID=109041365 HTTP/1.1" 403 5833 "https://dazzlingwebplanet.com/goods.php?aline-ds-2215251" "Mozilla/5.0 AppleWebKit/537.36 (KHTML, like Gecko; compatible; GPTBot/1.4; +https://openai.com/gptbot)"
74.7.227.11 - - [20/Sep/2026:06:55:03 +0000] "GET /goods.php?search/list/?LineID=217043527 HTTP/1.1" 403 5833 "https://dazzlingwebplanet.com/goods.php?edenki-ed4824977" "Mozilla/5.0 AppleWebKit/537.36 (KHTML, like Gecko; compatible; GPTBot/1.4; +https://openai.com/gptbot)"
74.7.227.11 - - [20/Sep/2026:06:55:04 +0000] "GET /goods.php?search/list/?LineID=084002496 HTTP/1.1" 403 5833 "https://dazzlingwebplanet.com/goods.php?beams-pc8408-1" "Mozilla/5.0 AppleWebKit/537.36 (KHTML, like Gecko; compatible; GPTBot/1.4; +https://openai.com/gptbot)"
74.7.227.11 - - [20/Sep/2026:06:55:05 +0000] "GET /goods.php?search/list/?LineID=291015705 HTTP/1.1" 403 5833 "https://dazzlingwebplanet.com/goods.php?search/list/?LineID=014029726" "Mozilla/5.0 AppleWebKit/537.36 (KHTML, like Gecko; compatible; GPTBot/1.4; +https://openai.com/gptbot)"
74.7.227.11 - - [20/Sep/2026:06:55:06 +0000] "GET /goods.php?search/list/?LineID=103042079 HTTP/1.1" 403 5833 "https://dazzlingwebplanet.com/goods.php?myokin-b0gn2lmx1l" "Mozilla/5.0 AppleWebKit/537.36 (KHTML, like Gecko; compatible; GPTBot/1.4; +https://openai.com/gptbot)"
74.7.227.11 - - [20/Sep/2026:06:55:07 +0000] "GET /goods.php?search/list/?LineID=248046276 HTTP/1.1" 403 5833 "https://dazzlingwebplanet.com/goods.php?celeb78-ac-90977" "Mozilla/5.0 AppleWebKit/537.36 (KHTML, like Gecko; compatible; GPTBot/1.4; +https://openai.com/gptbot)"
74.7.227.11 - - [20/Sep/2026:06:55:09 +0000] "GET /goods.php?search/list/?LineID=035001427 HTTP/1.1" 403 5833 "https://dazzlingwebplanet.com/goods.php?storage-bed-ds-2373127" "Mozilla/5.0 AppleWebKit/537.36 (KHTML, like Gecko; compatible; GPTBot/1.4; +https://openai.com/gptbot)"
74.7.227.11 - - [20/Sep/2026:06:55:10 +0000] "GET /goods.php?search/list/?LineID=035002517 HTTP/1.1" 403 5833 "https://dazzlingwebplanet.com/goods.php?vivitoplus-item-020074-2412" "Mozilla/5.0 AppleWebKit/537.36 (KHTML, like Gecko; compatible; GPTBot/1.4; +https://openai.com/gptbot)"
74.7.227.11 - - [20/Sep/2026:06:55:11 +0000] "GET /goods.php?search/list/?LineID=075002851 HTTP/1.1" 403 5833 "https://dazzlingwebplanet.com/goods.php?shopcp-ho1-duf9-t7esd9r" "Mozilla/5.0 AppleWebKit/537.36 (KHTML, like Gecko; compatible; GPTBot/1.4; +https://openai.com/gptbot)"
74.7.227.11 - - [20/Sep/2026:06:55:12 +0000] "GET /goods.php?search/list/?LineID=175037851 HTTP/1.1" 403 5833 "https://dazzlingwebplanet.com/goods.php?outlet/052001917.html" "Mozilla/5.0 AppleWebKit/537.36 (KHTML, like Gecko; compatible; GPTBot/1.4; +https://openai.com/gptbot)"
74.7.227.11 - - [20/Sep/2026:06:55:13 +0000] "GET /goods.php?search/list/?LineID=083005813 HTTP/1.1" 403 5833 "https://dazzlingwebplanet.com/goods.php?date27-sankin-scs-3" "Mozilla/5.0 AppleWebKit/537.36 (KHTML, like Gecko; compatible; GPTBot/1.4; +https://openai.com/gptbot)"
74.7.227.11 - - [20/Sep/2026:06:55:15 +0000] "GET /goods.php?search/list/?LineID=194007158 HTTP/1.1" 403 5833 "https://dazzlingwebplanet.com/goods.php?kougurakuichi-4843468" "Mozilla/5.0 AppleWebKit/537.36 (KHTML, like Gecko; compatible; GPTBot/1.4; +https://openai.com/gptbot)"
74.7.227.11 - - [20/Sep/2026:06:55:16 +0000] "GET /goods.php?search/list/?LineID=078001924 HTTP/1.1" 403 5833 "https://dazzlingwebplanet.com/goods.php?outlet/078001917.html" "Mozilla/5.0 AppleWebKit/537.36 (KHTML, like Gecko; compatible; GPTBot/1.4; +https://openai.com/gptbot)"
74.7.227.11 - - [20/Sep/2026:06:55:17 +0000] "GET /goods.php?search/list/?LineID=065046259 HTTP/1.1" 403 5833 "https://dazzlingwebplanet.com/goods.php?chibamart-ds-1220304" "Mozilla/5.0 AppleWebKit/537.36 (KHTML, like Gecko; compatible; GPTBot/1.4; +https://openai.com/gptbot)"
74.7.227.11 - - [20/Sep/2026:06:55:18 +0000] "GET /goods.php?search/list/?LineID=216034098 HTTP/1.1" 403 5833 "https://dazzlingwebplanet.com/goods.php?leap-ec-awh0208-1" "Mozilla/5.0 AppleWebKit/537.36 (KHTML, like Gecko; compatible; GPTBot/1.4; +https://openai.com/gptbot)"
74.7.227.11 - - [20/Sep/2026:06:55:20 +0000] "GET /goods.php?search/list/?LineID=154029956 HTTP/1.1" 403 5833 "https://dazzlingwebplanet.com/goods.php?2doriem-kb00006gjge" "Mozilla/5.0 AppleWebKit/537.36 (KHTML, like Gecko; compatible; GPTBot/1.4; +https://openai.com/gptbot)"
74.7.227.11 - - [20/Sep/2026:06:55:21 +0000] "GET /goods.php?search/list/?LineID=182046070 HTTP/1.1" 403 5833 "https://dazzlingwebplanet.com/goods.php?tuzukiya-n52-45578" "Mozilla/5.0 AppleWebKit/537.36 (KHTML, like Gecko; compatible; GPTBot/1.4; +https://openai.com/gptbot)"
74.7.227.11 - - [20/Sep/2026:06:55:22 +0000] "GET /goods.php?search/list/?LineID=232008594 HTTP/1.1" 403 5833 "https://dazzlingwebplanet.com/goods.php?edenki-ds-2399296" "Mozilla/5.0 AppleWebKit/537.36 (KHTML, like Gecko; compatible; GPTBot/1.4; +https://openai.com/gptbot)"
74.7.227.11 - - [20/Sep/2026:06:55:23 +0000] "GET /goods.php?search/list/?LineID=098015778 HTTP/1.1" 403 5833 "https://dazzlingwebplanet.com/goods.php?deco-maison-ds-1991703" "Mozilla/5.0 AppleWebKit/537.36 (KHTML, like Gecko; compatible; GPTBot/1.4; +https://openai.com/gptbot)"
57.141.0.34 - - [20/Sep/2026:06:55:24 +0000] "GET /item/K62656389.html HTTP/1.1" 200 6347 "-" "Mozilla/5.0 (Windows NT 10.0; Win64; x64) AppleWebKit/537.36 (KHTML, like Gecko) Chrome/145.0.0.0 Safari/537.36 (compatible; meta-externalagent/1.1 (+https://developers.facebook.com/docs/sharing/webmasters/crawler))"
74.7.227.11 - - [20/Sep/2026:06:55:24 +0000] "GET /goods.php?search/list/?LineID=201009451 HTTP/1.1" 403 5833 "https://dazzlingwebplanet.com/goods.php?nanshindo-j30651" "Mozilla/5.0 AppleWebKit/537.36 (KHTML, like Gecko; compatible; GPTBot/1.4; +https://openai.com/gptbot)"
74.7.227.11 - - [20/Sep/2026:06:55:26 +0000] "GET /goods.php?search/list/?LineID=162037612 HTTP/1.1" 403 5833 "https://dazzlingwebplanet.com/goods.php?ashikagaya-s1171" "Mozilla/5.0 AppleWebKit/537.36 (KHTML, like Gecko; compatible; GPTBot/1.4; +https://openai.com/gptbot)"
74.7.227.11 - - [20/Sep/2026:06:55:27 +0000] "GET /goods.php?search/list/?LineID=037019497 HTTP/1.1" 403 5833 "https://dazzlingwebplanet.com/goods.php?tuzukiya-a28-72742" "Mozilla/5.0 AppleWebKit/537.36 (KHTML, like Gecko; compatible; GPTBot/1.4; +https://openai.com/gptbot)"
74.7.227.11 - - [20/Sep/2026:06:55:28 +0000] "GET /goods.php?search/list/?LineID=069045843 HTTP/1.1" 403 5833 "https://dazzlingwebplanet.com/goods.php?cocohouse-sb0001xag8m" "Mozilla/5.0 AppleWebKit/537.36 (KHTML, like Gecko; compatible; GPTBot/1.4; +https://openai.com/gptbot)"
74.7.227.11 - - [20/Sep/2026:06:55:29 +0000] "GET /goods.php?search/list/?LineID=051020773 HTTP/1.1" 403 5833 "https://dazzlingwebplanet.com/goods.php?hirochishop-2-300306-tn" "Mozilla/5.0 AppleWebKit/537.36 (KHTML, like Gecko; compatible; GPTBot/1.4; +https://openai.com/gptbot)"
74.7.227.11 - - [20/Sep/2026:06:55:31 +0000] "GET /goods.php?search/list/?LineID=128018420 HTTP/1.1" 403 5833 "https://dazzlingwebplanet.com/goods.php?officetrust-tt8177-1" "Mozilla/5.0 AppleWebKit/537.36 (KHTML, like Gecko; compatible; GPTBot/1.4; +https://openai.com/gptbot)"
74.7.227.11 - - [20/Sep/2026:06:55:32 +0000] "GET /goods.php?search/list/?LineID=059008357 HTTP/1.1" 403 5833 "https://dazzlingwebplanet.com/goods.php?atorieerina-hb004agn9i0" "Mozilla/5.0 AppleWebKit/537.36 (KHTML, like Gecko; compatible; GPTBot/1.4; +https://openai.com/gptbot)"
74.7.227.11 - - [20/Sep/2026:06:55:33 +0000] "GET /goods.php?search/list/?LineID=086001238 HTTP/1.1" 403 5833 "https://dazzlingwebplanet.com/goods.php?uskaban-zkm-600-1" "Mozilla/5.0 AppleWebKit/537.36 (KHTML, like Gecko; compatible; GPTBot/1.4; +https://openai.com/gptbot)"
74.7.227.11 - - [20/Sep/2026:06:55:34 +0000] "GET /goods.php?search/list/?LineID=076029332 HTTP/1.1" 403 5833 "https://dazzlingwebplanet.com/goods.php?surugaya-a-too-24046-1" "Mozilla/5.0 AppleWebKit/537.36 (KHTML, like Gecko; compatible; GPTBot/1.4; +https://openai.com/gptbot)"
74.7.227.11 - - [20/Sep/2026:06:55:35 +0000] "GET /goods.php?search/list/?LineID=005021879 HTTP/1.1" 403 5833 "https://dazzlingwebplanet.com/goods.php?valuecare-vc-tr-8565925" "Mozilla/5.0 AppleWebKit/537.36 (KHTML, like Gecko; compatible; GPTBot/1.4; +https://openai.com/gptbot)"
74.7.227.11 - - [20/Sep/2026:06:55:37 +0000] "GET /goods.php?search/list/?LineID=186043974 HTTP/1.1" 403 5833 "https://dazzlingwebplanet.com/goods.php?ecjoy-1669950" "Mozilla/5.0 AppleWebKit/537.36 (KHTML, like Gecko; compatible; GPTBot/1.4; +https://openai.com/gptbot)"
74.7.227.11 - - [20/Sep/2026:06:55:38 +0000] "GET /goods.php?search/list/?LineID=090012914 HTTP/1.1" 403 5833 "https://dazzlingwebplanet.com/goods.php?world-depo-ds-2415942" "Mozilla/5.0 AppleWebKit/537.36 (KHTML, like Gecko; compatible; GPTBot/1.4; +https://openai.com/gptbot)"
74.7.227.11 - - [20/Sep/2026:06:55:39 +0000] "GET /goods.php?search/list/?LineID=048026996 HTTP/1.1" 403 5833 "https://dazzlingwebplanet.com/goods.php?boardshop-17-mag-1" "Mozilla/5.0 AppleWebKit/537.36 (KHTML, like Gecko; compatible; GPTBot/1.4; +https://openai.com/gptbot)"
74.7.227.11 - - [20/Sep/2026:06:55:40 +0000] "GET /goods.php?search/list/?LineID=096003194 HTTP/1.1" 403 5833 "https://dazzlingwebplanet.com/goods.php?malvaceae-0222da-1" "Mozilla/5.0 AppleWebKit/537.36 (KHTML, like Gecko; compatible; GPTBot/1.4; +https://openai.com/gptbot)"
74.7.227.11 - - [20/Sep/2026:06:55:41 +0000] "GET /goods.php?search/list/?LineID=212017466 HTTP/1.1" 403 5833 "https://dazzlingwebplanet.com/goods.php?tanaka-denki-hm-238mc" "Mozilla/5.0 AppleWebKit/537.36 (KHTML, like Gecko; compatible; GPTBot/1.4; +https://openai.com/gptbot)"
57.141.0.40 - - [20/Sep/2026:06:55:42 +0000] "GET /item/K62618269.html HTTP/1.1" 200 6347 "-" "Mozilla/5.0 (Macintosh; Intel Mac OS X 10_15_7) AppleWebKit/537.36 (KHTML, like Gecko) Chrome/145.0.0.0 Safari/537.36 (compatible; meta-externalagent/1.1 (+https://developers.facebook.com/docs/sharing/webmasters/crawler))"
57.141.0.22 - - [20/Sep/2026:06:55:42 +0000] "GET /item/K10873496.html HTTP/1.1" 200 6347 "-" "Mozilla/5.0 (Windows NT 10.0; Win64; x64) AppleWebKit/537.36 (KHTML, like Gecko) Chrome/145.0.0.0 Safari/537.36 (compatible; meta-externalagent/1.1 (+https://developers.facebook.com/docs/sharing/webmasters/crawler))"
74.7.227.11 - - [20/Sep/2026:06:55:43 +0000] "GET /goods.php?search/list/?LineID=270019556 HTTP/1.1" 403 5833 "https://dazzlingwebplanet.com/goods.php?doriem-sb07nd9s1gg" "Mozilla/5.0 AppleWebKit/537.36 (KHTML, like Gecko; compatible; GPTBot/1.4; +https://openai.com/gptbot)"
74.7.227.11 - - [20/Sep/2026:06:55:44 +0000] "GET /goods.php?search/list/?LineID=178008310 HTTP/1.1" 403 5833 "https://dazzlingwebplanet.com/goods.php?tuzukiya-f187-0102" "Mozilla/5.0 AppleWebKit/537.36 (KHTML, like Gecko; compatible; GPTBot/1.4; +https://openai.com/gptbot)"
74.7.227.11 - - [20/Sep/2026:06:55:45 +0000] "GET /goods.php?search/list/?LineID=037007221 HTTP/1.1" 403 5833 "https://dazzlingwebplanet.com/goods.php?vivitoplus-item-020200-1078" "Mozilla/5.0 AppleWebKit/537.36 (KHTML, like Gecko; compatible; GPTBot/1.4; +https://openai.com/gptbot)"
74.7.227.11 - - [20/Sep/2026:06:55:46 +0000] "GET /goods.php?search/list/?LineID=024001416 HTTP/1.1" 403 5833 "https://dazzlingwebplanet.com/goods.php?kokouki-349003" "Mozilla/5.0 AppleWebKit/537.36 (KHTML, like Gecko; compatible; GPTBot/1.4; +https://openai.com/gptbot)"
74.7.227.11 - - [20/Sep/2026:06:55:48 +0000] "GET /goods.php?search/list/?LineID=183042601 HTTP/1.1" 403 5833 "https://dazzlingwebplanet.com/goods.php?gaten-shop-myz8049" "Mozilla/5.0 AppleWebKit/537.36 (KHTML, like Gecko; compatible; GPTBot/1.4; +https://openai.com/gptbot)"
74.7.227.11 - - [20/Sep/2026:06:55:49 +0000] "GET /goods.php?search/list/?LineID=081028759 HTTP/1.1" 403 5833 "https://dazzlingwebplanet.com/goods.php?inventer-pinsp130" "Mozilla/5.0 AppleWebKit/537.36 (KHTML, like Gecko; compatible; GPTBot/1.4; +https://openai.com/gptbot)"
74.7.227.11 - - [20/Sep/2026:06:55:50 +0000] "GET /goods.php?search/list/?LineID=097001195 HTTP/1.1" 403 5833 "https://dazzlingwebplanet.com/goods.php?rcmdse-tm-2348763" "Mozilla/5.0 AppleWebKit/537.36 (KHTML, like Gecko; compatible; GPTBot/1.4; +https://openai.com/gptbot)"
74.7.227.11 - - [20/Sep/2026:06:55:51 +0000] "GET /goods.php?search/list/?LineID=036012644 HTTP/1.1" 403 5833 "https://dazzlingwebplanet.com/goods.php?tokia-sbsa291" "Mozilla/5.0 AppleWebKit/537.36 (KHTML, like Gecko; compatible; GPTBot/1.4; +https://openai.com/gptbot)"
74.7.227.11 - - [20/Sep/2026:06:55:52 +0000] "GET /goods.php?search/list/?LineID=027048935 HTTP/1.1" 403 5833 "https://dazzlingwebplanet.com/goods.php?tuzukiya-c28-19973" "Mozilla/5.0 AppleWebKit/537.36 (KHTML, like Gecko; compatible; GPTBot/1.4; +https://openai.com/gptbot)"
74.7.227.11 - - [20/Sep/2026:06:55:54 +0000] "GET /goods.php?search/list/?LineID=010032684 HTTP/1.1" 403 5833 "https://dazzlingwebplanet.com/goods.php?tireshop78-overlsb18805263hp012656518" "Mozilla/5.0 AppleWebKit/537.36 (KHTML, like Gecko; compatible; GPTBot/1.4; +https://openai.com/gptbot)"
74.7.227.11 - - [20/Sep/2026:06:55:55 +0000] "GET /goods.php?search/list/?LineID=281017933 HTTP/1.1" 403 5833 "https://dazzlingwebplanet.com/goods.php?trmt-1-b009py3jpk" "Mozilla/5.0 AppleWebKit/537.36 (KHTML, like Gecko; compatible; GPTBot/1.4; +https://openai.com/gptbot)"
74.7.227.11 - - [20/Sep/2026:06:55:56 +0000] "GET /goods.php?search/list/?LineID=203040297 HTTP/1.1" 403 5833 "https://dazzlingwebplanet.com/goods.php?haikanshop-skt500_3064" "Mozilla/5.0 AppleWebKit/537.36 (KHTML, like Gecko; compatible; GPTBot/1.4; +https://openai.com/gptbot)"
74.7.227.11 - - [20/Sep/2026:06:55:57 +0000] "GET /goods.php?search/list/?LineID=256022896 HTTP/1.1" 403 5833 "https://dazzlingwebplanet.com/goods.php?sungarden-sg139303" "Mozilla/5.0 AppleWebKit/537.36 (KHTML, like Gecko; compatible; GPTBot/1.4; +https://openai.com/gptbot)"
74.7.227.11 - - [20/Sep/2026:06:55:58 +0000] "GET /goods.php?search/list/?LineID=169040853 HTTP/1.1" 403 5833 "https://dazzlingwebplanet.com/goods.php?aline-ds-2421884" "Mozilla/5.0 AppleWebKit/537.36 (KHTML, like Gecko; compatible; GPTBot/1.4; +https://openai.com/gptbot)"
74.7.227.11 - - [20/Sep/2026:06:56:00 +0000] "GET /goods.php?search/list/?LineID=220038770 HTTP/1.1" 403 5833 "https://dazzlingwebplanet.com/goods.php?art-lighting-ol251881r" "Mozilla/5.0 AppleWebKit/537.36 (KHTML, like Gecko; compatible; GPTBot/1.4; +https://openai.com/gptbot)"
74.7.227.11 - - [20/Sep/2026:06:56:01 +0000] "GET /goods.php?search/list/?LineID=153009525 HTTP/1.1" 403 5833 "https://dazzlingwebplanet.com/goods.php?gordonmiller-206259" "Mozilla/5.0 AppleWebKit/537.36 (KHTML, like Gecko; compatible; GPTBot/1.4; +https://openai.com/gptbot)"
74.7.227.11 - - [20/Sep/2026:06:56:02 +0000] "GET /goods.php?search/list/?LineID=025007729 HTTP/1.1" 403 5833 "https://dazzlingwebplanet.com/goods.php?seikatu-souko-item-016517-570" "Mozilla/5.0 AppleWebKit/537.36 (KHTML, like Gecko; compatible; GPTBot/1.4; +https://openai.com/gptbot)"
57.141.0.47 - - [20/Sep/2026:06:56:03 +0000] "GET /item/K81544135.html HTTP/1.1" 200 6347 "-" "Mozilla/5.0 (Windows NT 10.0; Win64; x64) AppleWebKit/537.36 (KHTML, like Gecko) Chrome/145.0.0.0 Safari/537.36 (compatible; meta-externalagent/1.1 (+https://developers.facebook.com/docs/sharing/webmasters/crawler))"
74.7.227.11 - - [20/Sep/2026:06:56:03 +0000] "GET /goods.php?search/list/?LineID=022047480 HTTP/1.1" 403 5833 "https://dazzlingwebplanet.com/goods.php?usa-tire-set0057176" "Mozilla/5.0 AppleWebKit/537.36 (KHTML, like Gecko; compatible; GPTBot/1.4; +https://openai.com/gptbot)"
74.7.227.11 - - [20/Sep/2026:06:56:05 +0000] "GET /goods.php?search/list/?LineID=059022445 HTTP/1.1" 403 5833 "https://dazzlingwebplanet.com/goods.php?seikatu-souko-item-016410-992" "Mozilla/5.0 AppleWebKit/537.36 (KHTML, like Gecko; compatible; GPTBot/1.4; +https://openai.com/gptbot)"
74.7.227.11 - - [20/Sep/2026:06:56:06 +0000] "GET /goods.php?search/list/?LineID=245004129 HTTP/1.1" 403 5833 "https://dazzlingwebplanet.com/goods.php?ghilli-fi1484gm-1" "Mozilla/5.0 AppleWebKit/537.36 (KHTML, like Gecko; compatible; GPTBot/1.4; +https://openai.com/gptbot)"
74.7.227.11 - - [20/Sep/2026:06:56:07 +0000] "GET /goods.php?search/list/?LineID=289003809 HTTP/1.1" 403 5833 "https://dazzlingwebplanet.com/goods.php?valuecare-vc-tr-2441077" "Mozilla/5.0 AppleWebKit/537.36 (KHTML, like Gecko; compatible; GPTBot/1.4; +https://openai.com/gptbot)"
74.7.227.11 - - [20/Sep/2026:06:56:08 +0000] "GET /goods.php?search/list/?LineID=280037756 HTTP/1.1" 403 5833 "https://dazzlingwebplanet.com/goods.php?trader-otakara-05w21304" "Mozilla/5.0 AppleWebKit/537.36 (KHTML, like Gecko; compatible; GPTBot/1.4; +https://openai.com/gptbot)"
74.7.227.11 - - [20/Sep/2026:06:56:09 +0000] "GET /goods.php?search/list/?LineID=013004821 HTTP/1.1" 403 5833 "https://dazzlingwebplanet.com/goods.php?search/list/?LineID=064011170" "Mozilla/5.0 AppleWebKit/537.36 (KHTML, like Gecko; compatible; GPTBot/1.4; +https://openai.com/gptbot)"
74.7.227.11 - - [20/Sep/2026:06:56:11 +0000] "GET /goods.php?search/list/?LineID=065005821 HTTP/1.1" 403 5833 "https://dazzlingwebplanet.com/goods.php?cyberbay-ds-2606289" "Mozilla/5.0 AppleWebKit/537.36 (KHTML, like Gecko; compatible; GPTBot/1.4; +https://openai.com/gptbot)"
57.141.0.39 - - [20/Sep/2026:06:56:11 +0000] "GET /shop/136a4176849901 HTTP/1.1" 200 6347 "-" "Mozilla/5.0 (Macintosh; Intel Mac OS X 10_15_7) AppleWebKit/537.36 (KHTML, like Gecko) Chrome/145.0.0.0 Safari/537.36 (compatible; meta-externalagent/1.1 (+https://developers.facebook.com/docs/sharing/webmasters/crawler))"
74.7.227.11 - - [20/Sep/2026:06:56:12 +0000] "GET /goods.php?search/list/?LineID=167003285 HTTP/1.1" 403 5833 "https://dazzlingwebplanet.com/goods.php?nihonkiki-cv-1081w" "Mozilla/5.0 AppleWebKit/537.36 (KHTML, like Gecko; compatible; GPTBot/1.4; +https://openai.com/gptbot)"
74.7.227.11 - - [20/Sep/2026:06:56:13 +0000] "GET /goods.php?search/list/?LineID=250049744 HTTP/1.1" 403 5833 "https://dazzlingwebplanet.com/goods.php?outlet/213009270.html" "Mozilla/5.0 AppleWebKit/537.36 (KHTML, like Gecko; compatible; GPTBot/1.4; +https://openai.com/gptbot)"
74.7.227.11 - - [20/Sep/2026:06:56:14 +0000] "GET /goods.php?search/list/?LineID=163045847 HTTP/1.1" 403 5833 "https://dazzlingwebplanet.com/goods.php?guruguru2-eyba-13773" "Mozilla/5.0 AppleWebKit/537.36 (KHTML, like Gecko; compatible; GPTBot/1.4; +https://openai.com/gptbot)"
74.7.227.11 - - [20/Sep/2026:06:56:16 +0000] "GET /goods.php?search/list/?LineID=272039432 HTTP/1.1" 403 5833 "https://dazzlingwebplanet.com/goods.php?shop-polite-ds-2217042" "Mozilla/5.0 AppleWebKit/537.36 (KHTML, like Gecko; compatible; GPTBot/1.4; +https://openai.com/gptbot)"
74.7.227.11 - - [20/Sep/2026:06:56:17 +0000] "GET /goods.php?search/list/?LineID=244038756 HTTP/1.1" 403 5833 "https://dazzlingwebplanet.com/goods.php?activeshop-ass1-451761" "Mozilla/5.0 AppleWebKit/537.36 (KHTML, like Gecko; compatible; GPTBot/1.4; +https://openai.com/gptbot)"
74.7.227.11 - - [20/Sep/2026:06:56:18 +0000] "GET /goods.php?search/list/?LineID=027001835 HTTP/1.1" 403 5833 "https://dazzlingwebplanet.com/goods.php?heiwaya-aabk6293" "Mozilla/5.0 AppleWebKit/537.36 (KHTML, like Gecko; compatible; GPTBot/1.4; +https://openai.com/gptbot)"
74.7.227.11 - - [20/Sep/2026:06:56:19 +0000] "GET /goods.php?search/list/?LineID=031007569 HTTP/1.1" 403 5833 "https://dazzlingwebplanet.com/goods.php?k-home-1893137" "Mozilla/5.0 AppleWebKit/537.36 (KHTML, like Gecko; compatible; GPTBot/1.4; +https://openai.com/gptbot)"
74.7.227.11 - - [20/Sep/2026:06:56:20 +0000] "GET /goods.php?search/list/?LineID=163042077 HTTP/1.1" 403 5833 "https://dazzlingwebplanet.com/goods.php?cagu-le-ds-2163778" "Mozilla/5.0 AppleWebKit/537.36 (KHTML, like Gecko; compatible; GPTBot/1.4; +https://openai.com/gptbot)"
74.7.227.11 - - [20/Sep/2026:06:56:22 +0000] "GET /goods.php?search/list/?LineID=055001337 HTTP/1.1" 403 5833 "https://dazzlingwebplanet.com/goods.php?outlet/055000804.html" "Mozilla/5.0 AppleWebKit/537.36 (KHTML, like Gecko; compatible; GPTBot/1.4; +https://openai.com/gptbot)"
74.7.227.11 - - [20/Sep/2026:06:56:23 +0000] "GET /goods.php?search/list/?LineID=077004989 HTTP/1.1" 403 5833 "https://dazzlingwebplanet.com/goods.php?kobaco-003-hb08kwpdxjz" "Mozilla/5.0 AppleWebKit/537.36 (KHTML, like Gecko; compatible; GPTBot/1.4; +https://openai.com/gptbot)"
74.7.227.11 - - [20/Sep/2026:06:56:24 +0000] "GET /goods.php?search/list/?LineID=234036552 HTTP/1.1" 403 5833 "https://dazzlingwebplanet.com/goods.php?hrc-1154020" "Mozilla/5.0 AppleWebKit/537.36 (KHTML, like Gecko; compatible; GPTBot/1.4; +https://openai.com/gptbot)"
74.7.227.11 - - [20/Sep/2026:06:56:25 +0000] "GET /goods.php?search/list/?LineID=067036687 HTTP/1.1" 403 5833 "https://dazzlingwebplanet.com/goods.php?halloc-uno-np-2411d" "Mozilla/5.0 AppleWebKit/537.36 (KHTML, like Gecko; compatible; GPTBot/1.4; +https://openai.com/gptbot)"
57.141.0.39 - - [20/Sep/2026:06:56:26 +0000] "GET /item/K32009658.html HTTP/1.1" 200 6347 "-" "Mozilla/5.0 (Windows NT 10.0; Win64; x64) AppleWebKit/537.36 (KHTML, like Gecko) Chrome/145.0.0.0 Safari/537.36 (compatible; meta-externalagent/1.1 (+https://developers.facebook.com/docs/sharing/webmasters/crawler))"
74.7.227.11 - - [20/Sep/2026:06:56:26 +0000] "GET /goods.php?search/list/?LineID=025003195 HTTP/1.1" 403 5833 "https://dazzlingwebplanet.com/goods.php?outlet/025007078.html" "Mozilla/5.0 AppleWebKit/537.36 (KHTML, like Gecko; compatible; GPTBot/1.4; +https://openai.com/gptbot)"
74.7.227.11 - - [20/Sep/2026:06:56:28 +0000] "GET /goods.php?search/list/?LineID=076032974 HTTP/1.1" 403 5833 "https://dazzlingwebplanet.com/goods.php?pass-baton-dn122-1" "Mozilla/5.0 AppleWebKit/537.36 (KHTML, like Gecko; compatible; GPTBot/1.4; +https://openai.com/gptbot)"
74.7.227.11 - - [20/Sep/2026:06:56:29 +0000] "GET /goods.php?search/list/?LineID=248046362 HTTP/1.1" 403 5833 "https://dazzlingwebplanet.com/goods.php?kougurakuichi-6345743" "Mozilla/5.0 AppleWebKit/537.36 (KHTML, like Gecko; compatible; GPTBot/1.4; +https://openai.com/gptbot)"
74.7.227.11 - - [20/Sep/2026:06:56:30 +0000] "GET /goods.php?search/list/?LineID=085001797 HTTP/1.1" 403 5833 "https://dazzlingwebplanet.com/goods.php?search/list/?LineID=085000017" "Mozilla/5.0 AppleWebKit/537.36 (KHTML, like Gecko; compatible; GPTBot/1.4; +https://openai.com/gptbot)"
74.7.227.11 - - [20/Sep/2026:06:56:31 +0000] "GET /goods.php?search/list/?LineID=095034057 HTTP/1.1" 403 5833 "https://dazzlingwebplanet.com/goods.php?vivitoplus-item-019894-102" "Mozilla/5.0 AppleWebKit/537.36 (KHTML, like Gecko; compatible; GPTBot/1.4; +https://openai.com/gptbot)"
57.141.0.3 - - [20/Sep/2026:06:56:32 +0000] "GET /item/K70668686.html HTTP/1.1" 200 6347 "-" "Mozilla/5.0 (Macintosh; Intel Mac OS X 10_15_7) AppleWebKit/537.36 (KHTML, like Gecko) Chrome/145.0.0.0 Safari/537.36 (compatible; meta-externalagent/1.1 (+https://developers.facebook.com/docs/sharing/webmasters/crawler))"
74.7.227.11 - - [20/Sep/2026:06:56:33 +0000] "GET /goods.php?search/list/?LineID=034043678 HTTP/1.1" 403 5833 "https://dazzlingwebplanet.com/goods.php?hitotoki-uu2609b" "Mozilla/5.0 AppleWebKit/537.36 (KHTML, like Gecko; compatible; GPTBot/1.4; +https://openai.com/gptbot)"
74.7.227.11 - - [20/Sep/2026:06:56:34 +0000] "GET /goods.php?search/list/?LineID=138009048 HTTP/1.1" 403 5833 "https://dazzlingwebplanet.com/goods.php?interiortool-kd-183-301" "Mozilla/5.0 AppleWebKit/537.36 (KHTML, like Gecko; compatible; GPTBot/1.4; +https://openai.com/gptbot)"
74.7.227.11 - - [20/Sep/2026:06:56:35 +0000] "GET /goods.php?search/list/?LineID=252024648 HTTP/1.1" 403 5833 "https://dazzlingwebplanet.com/goods.php?kobaco-003-hb0d3v8jctw" "Mozilla/5.0 AppleWebKit/537.36 (KHTML, like Gecko; compatible; GPTBot/1.4; +https://openai.com/gptbot)"
74.7.227.11 - - [20/Sep/2026:06:56:36 +0000] "GET /goods.php?search/list/?LineID=194046760 HTTP/1.1" 403 5833 "https://dazzlingwebplanet.com/goods.php?deco-maison-2228497" "Mozilla/5.0 AppleWebKit/537.36 (KHTML, like Gecko; compatible; GPTBot/1.4; +https://openai.com/gptbot)"
74.7.227.11 - - [20/Sep/2026:06:56:37 +0000] "GET /goods.php?search/list/?LineID=095001651 HTTP/1.1" 403 5833 "https://dazzlingwebplanet.com/goods.php?kashitani-sg-076" "Mozilla/5.0 AppleWebKit/537.36 (KHTML, like Gecko; compatible; GPTBot/1.4; +https://openai.com/gptbot)"
74.7.227.11 - - [20/Sep/2026:06:56:39 +0000] "GET /goods.php?search/list/?LineID=037024643 HTTP/1.1" 403 5833 "https://dazzlingwebplanet.com/goods.php?ajimura4861-b01m3tjhnv" "Mozilla/5.0 AppleWebKit/537.36 (KHTML, like Gecko; compatible; GPTBot/1.4; +https://openai.com/gptbot)"
74.7.227.11 - - [20/Sep/2026:06:56:40 +0000] "GET /goods.php?search/list/?LineID=084044298 HTTP/1.1" 403 5833 "https://dazzlingwebplanet.com/goods.php?uglam-mks-38r4gj6m8b-1" "Mozilla/5.0 AppleWebKit/537.36 (KHTML, like Gecko; compatible; GPTBot/1.4; +https://openai.com/gptbot)"
74.7.227.11 - - [20/Sep/2026:06:56:41 +0000] "GET /goods.php?search/list/?LineID=095029063 HTTP/1.1" 403 5833 "https://dazzlingwebplanet.com/goods.php?gandg-o-83052" "Mozilla/5.0 AppleWebKit/537.36 (KHTML, like Gecko; compatible; GPTBot/1.4; +https://openai.com/gptbot)"
74.7.227.11 - - [20/Sep/2026:06:56:42 +0000] "GET /goods.php?search/list/?LineID=172033852 HTTP/1.1" 403 5833 "https://dazzlingwebplanet.com/goods.php?shomeidepot-a033964" "Mozilla/5.0 AppleWebKit/537.36 (KHTML, like Gecko; compatible; GPTBot/1.4; +https://openai.com/gptbot)"
74.7.227.11 - - [20/Sep/2026:06:56:43 +0000] "GET /goods.php?search/list/?LineID=127026557 HTTP/1.1" 403 5833 "https://dazzlingwebplanet.com/goods.php?doriem-b003mpavli" "Mozilla/5.0 AppleWebKit/537.36 (KHTML, like Gecko; compatible; GPTBot/1.4; +https://openai.com/gptbot)"
114.119.140.217 - - [20/Sep/2026:06:56:44 +0000] "GET /shopping/060025752 HTTP/1.1" 200 6347 "https://dazzlingwebplanet.com/?sitemap517.xml" "Mozilla/5.0 (Linux; Android 7.0;) AppleWebKit/537.36 (HTML, like Gecko) Mobile Safari/537.36 (compatible; PetalBot;+https://webmaster.petalsearch.com/site/petalbot)"
74.7.227.11 - - [20/Sep/2026:06:56:45 +0000] "GET /goods.php?search/list/?LineID=062026816 HTTP/1.1" 403 5833 "https://dazzlingwebplanet.com/goods.php?tss-shop-ol291711r3d" "Mozilla/5.0 AppleWebKit/537.36 (KHTML, like Gecko; compatible; GPTBot/1.4; +https://openai.com/gptbot)"
74.7.227.11 - - [20/Sep/2026:06:56:46 +0000] "GET /goods.php?search/list/?LineID=223017159 HTTP/1.1" 403 5833 "https://dazzlingwebplanet.com/goods.php?tire1ban-berrop-43750" "Mozilla/5.0 AppleWebKit/537.36 (KHTML, like Gecko; compatible; GPTBot/1.4; +https://openai.com/gptbot)"
74.7.227.11 - - [20/Sep/2026:06:56:47 +0000] "GET /goods.php?search/list/?LineID=069005537 HTTP/1.1" 403 5833 "https://dazzlingwebplanet.com/goods.php?tuzukiya-i13-17939" "Mozilla/5.0 AppleWebKit/537.36 (KHTML, like Gecko; compatible; GPTBot/1.4; +https://openai.com/gptbot)"
74.7.227.11 - - [20/Sep/2026:06:56:48 +0000] "GET /goods.php?search/list/?LineID=249032383 HTTP/1.1" 403 5833 "https://dazzlingwebplanet.com/goods.php?rough-and-road-510012-1" "Mozilla/5.0 AppleWebKit/537.36 (KHTML, like Gecko; compatible; GPTBot/1.4; +https://openai.com/gptbot)"
74.7.227.11 - - [20/Sep/2026:06:56:50 +0000] "GET /goods.php?search/list/?LineID=123001653 HTTP/1.1" 403 5833 "https://dazzlingwebplanet.com/goods.php?e-connect-xnd2567wery9" "Mozilla/5.0 AppleWebKit/537.36 (KHTML, like Gecko; compatible; GPTBot/1.4; +https://openai.com/gptbot)"
74.7.227.11 - - [20/Sep/2026:06:56:51 +0000] "GET /goods.php?search/list/?LineID=026001828 HTTP/1.1" 403 5833 "https://dazzlingwebplanet.com/goods.php?fuga0223-4969363163745" "Mozilla/5.0 AppleWebKit/537.36 (KHTML, like Gecko; compatible; GPTBot/1.4; +https://openai.com/gptbot)"
74.7.227.11 - - [20/Sep/2026:06:56:52 +0000] "GET /goods.php?search/list/?LineID=245020599 HTTP/1.1" 403 5833 "https://dazzlingwebplanet.com/goods.php?q-uoli-ba87-1062257" "Mozilla/5.0 AppleWebKit/537.36 (KHTML, like Gecko; compatible; GPTBot/1.4; +https://openai.com/gptbot)"
57.141.0.39 - - [20/Sep/2026:06:56:53 +0000] "GET /item/K31997098.html HTTP/1.1" 200 6347 "-" "Mozilla/5.0 (X11; Linux x86_64) AppleWebKit/537.36 (KHTML, like Gecko) Chrome/145.0.0.0 Safari/537.36 (compatible; meta-externalagent/1.1 (+https://developers.facebook.com/docs/sharing/webmasters/crawler))"
74.7.227.11 - - [20/Sep/2026:06:56:53 +0000] "GET /goods.php?search/list/?LineID=052001732 HTTP/1.1" 403 5833 "https://dazzlingwebplanet.com/goods.php?seikatu-souko-item-014585-9522" "Mozilla/5.0 AppleWebKit/537.36 (KHTML, like Gecko; compatible; GPTBot/1.4; +https://openai.com/gptbot)"
74.7.227.11 - - [20/Sep/2026:06:56:54 +0000] "GET /goods.php?search/list/?LineID=076047488 HTTP/1.1" 403 5833 "https://dazzlingwebplanet.com/goods.php?vlookupstore-gr-e9dzu6s7zn" "Mozilla/5.0 AppleWebKit/537.36 (KHTML, like Gecko; compatible; GPTBot/1.4; +https://openai.com/gptbot)"
74.7.227.11 - - [20/Sep/2026:06:56:56 +0000] "GET /goods.php?search/list/?LineID=095004883 HTTP/1.1" 403 5833 "https://dazzlingwebplanet.com/goods.php?climbs-petz-140917147-b" "Mozilla/5.0 AppleWebKit/537.36 (KHTML, like Gecko; compatible; GPTBot/1.4; +https://openai.com/gptbot)"
74.7.227.11 - - [20/Sep/2026:06:56:57 +0000] "GET /goods.php?search/list/?LineID=225028935 HTTP/1.1" 403 5833 "https://dazzlingwebplanet.com/goods.php?seikatu-souko-item-014559-9795" "Mozilla/5.0 AppleWebKit/537.36 (KHTML, like Gecko; compatible; GPTBot/1.4; +https://openai.com/gptbot)"
74.7.227.11 - - [20/Sep/2026:06:56:58 +0000] "GET /goods.php?search/list/?LineID=063001247 HTTP/1.1" 403 5833 "https://dazzlingwebplanet.com/goods.php?vivitoplus-item-019894-102" "Mozilla/5.0 AppleWebKit/537.36 (KHTML, like Gecko; compatible; GPTBot/1.4; +https://openai.com/gptbot)"
74.7.227.11 - - [20/Sep/2026:06:56:59 +0000] "GET /goods.php?search/list/?LineID=255029895 HTTP/1.1" 403 5833 "https://dazzlingwebplanet.com/goods.php?tuzukiya-n52-31721" "Mozilla/5.0 AppleWebKit/537.36 (KHTML, like Gecko; compatible; GPTBot/1.4; +https://openai.com/gptbot)"
52.167.144.150 - - [20/Sep/2026:06:56:59 +0000] "GET /shop/95b20176557901 HTTP/1.1" 200 6347 "-" "Mozilla/5.0 AppleWebKit/537.36 (KHTML, like Gecko; compatible; bingbot/2.0; +http://www.bing.com/bingbot.htm) Chrome/116.0.1938.76 Safari/537.36"
74.7.227.11 - - [20/Sep/2026:06:57:00 +0000] "GET /goods.php?search/list/?LineID=143006581 HTTP/1.1" 403 5833 "https://dazzlingwebplanet.com/goods.php?suzukimotors-isin002-1" "Mozilla/5.0 AppleWebKit/537.36 (KHTML, like Gecko; compatible; GPTBot/1.4; +https://openai.com/gptbot)"
74.7.227.11 - - [20/Sep/2026:06:57:02 +0000] "GET /goods.php?search/list/?LineID=243044527 HTTP/1.1" 403 5833 "https://dazzlingwebplanet.com/goods.php?halloc-esco-ea519ch-1" "Mozilla/5.0 AppleWebKit/537.36 (KHTML, like Gecko; compatible; GPTBot/1.4; +https://openai.com/gptbot)"
74.7.227.11 - - [20/Sep/2026:06:57:03 +0000] "GET /goods.php?search/list/?LineID=289039463 HTTP/1.1" 403 5833 "https://dazzlingwebplanet.com/goods.php?2doriem-mhb008dbod2e" "Mozilla/5.0 AppleWebKit/537.36 (KHTML, like Gecko; compatible; GPTBot/1.4; +https://openai.com/gptbot)"
74.7.227.11 - - [20/Sep/2026:06:57:04 +0000] "GET /goods.php?search/list/?LineID=060033848 HTTP/1.1" 403 5833 "https://dazzlingwebplanet.com/goods.php?tuzukiya-p252-3033" "Mozilla/5.0 AppleWebKit/537.36 (KHTML, like Gecko; compatible; GPTBot/1.4; +https://openai.com/gptbot)"
74.7.227.11 - - [20/Sep/2026:06:57:05 +0000] "GET /goods.php?search/list/?LineID=209048405 HTTP/1.1" 403 5833 "https://dazzlingwebplanet.com/goods.php?look-it-srw5-n10c48cs-s" "Mozilla/5.0 AppleWebKit/537.36 (KHTML, like Gecko; compatible; GPTBot/1.4; +https://openai.com/gptbot)"
74.7.227.11 - - [20/Sep/2026:06:57:07 +0000] "GET /goods.php?search/list/?LineID=095002793 HTTP/1.1" 403 5833 "https://dazzlingwebplanet.com/goods.php?tuzukiya-m35-6362" "Mozilla/5.0 AppleWebKit/537.36 (KHTML, like Gecko; compatible; GPTBot/1.4; +https://openai.com/gptbot)"
74.7.227.11 - - [20/Sep/2026:06:57:08 +0000] "GET /goods.php?search/list/?LineID=070019604 HTTP/1.1" 403 5833 "https://dazzlingwebplanet.com/goods.php?asics-md6425-1" "Mozilla/5.0 AppleWebKit/537.36 (KHTML, like Gecko; compatible; GPTBot/1.4; +https://openai.com/gptbot)"
74.7.227.11 - - [20/Sep/2026:06:57:09 +0000] "GET /goods.php?search/list/?LineID=206019396 HTTP/1.1" 403 5833 "https://dazzlingwebplanet.com/goods.php?meicho-kanda-137560" "Mozilla/5.0 AppleWebKit/537.36 (KHTML, like Gecko; compatible; GPTBot/1.4; +https://openai.com/gptbot)"
74.7.227.11 - - [20/Sep/2026:06:57:10 +0000] "GET /goods.php?search/list/?LineID=283001107 HTTP/1.1" 403 5833 "https://dazzlingwebplanet.com/goods.php?shops-assist-56151a1s" "Mozilla/5.0 AppleWebKit/537.36 (KHTML, like Gecko; compatible; GPTBot/1.4; +https://openai.com/gptbot)"
74.7.227.11 - - [20/Sep/2026:06:57:11 +0000] "GET /goods.php?search/list/?LineID=015004665 HTTP/1.1" 403 5833 "https://dazzlingwebplanet.com/goods.php?vie-up-ds-2395050" "Mozilla/5.0 AppleWebKit/537.36 (KHTML, like Gecko; compatible; GPTBot/1.4; +https://openai.com/gptbot)"
74.7.227.11 - - [20/Sep/2026:06:57:13 +0000] "GET /goods.php?search/list/?LineID=250021344 HTTP/1.1" 403 5833 "https://dazzlingwebplanet.com/goods.php?udetokei-watch-3000544" "Mozilla/5.0 AppleWebKit/537.36 (KHTML, like Gecko; compatible; GPTBot/1.4; +https://openai.com/gptbot)"
74.7.227.11 - - [20/Sep/2026:06:57:14 +0000] "GET /goods.php?search/list/?LineID=005028313 HTTP/1.1" 403 5833 "https://dazzlingwebplanet.com/goods.php?tuzukiya-n138-2903" "Mozilla/5.0 AppleWebKit/537.36 (KHTML, like Gecko; compatible; GPTBot/1.4; +https://openai.com/gptbot)"
74.7.227.11 - - [20/Sep/2026:06:57:15 +0000] "GET /goods.php?search/list/?LineID=291007471 HTTP/1.1" 403 5833 "https://dazzlingwebplanet.com/goods.php?iandr-parts-bay-6890" "Mozilla/5.0 AppleWebKit/537.36 (KHTML, like Gecko; compatible; GPTBot/1.4; +https://openai.com/gptbot)"
74.7.227.11 - - [20/Sep/2026:06:57:16 +0000] "GET /goods.php?search/list/?LineID=057039481 HTTP/1.1" 403 5833 "https://dazzlingwebplanet.com/goods.php?komikomi-d77881-1" "Mozilla/5.0 AppleWebKit/537.36 (KHTML, like Gecko; compatible; GPTBot/1.4; +https://openai.com/gptbot)"
52.167.144.169 - - [20/Sep/2026:06:57:16 +0000] "GET /shop/15448140398301 HTTP/1.1" 200 6347 "-" "Mozilla/5.0 AppleWebKit/537.36 (KHTML, like Gecko; compatible; bingbot/2.0; +http://www.bing.com/bingbot.htm) Chrome/116.0.1938.76 Safari/537.36"
74.7.227.11 - - [20/Sep/2026:06:57:17 +0000] "GET /goods.php?search/list/?LineID=034008162 HTTP/1.1" 403 5833 "https://dazzlingwebplanet.com/goods.php?joypre-4014310" "Mozilla/5.0 AppleWebKit/537.36 (KHTML, like Gecko; compatible; GPTBot/1.4; +https://openai.com/gptbot)"
74.7.227.11 - - [20/Sep/2026:06:57:19 +0000] "GET /goods.php?search/list/?LineID=156034746 HTTP/1.1" 403 5833 "https://dazzlingwebplanet.com/goods.php?tuzukiya-c28-359970" "Mozilla/5.0 AppleWebKit/537.36 (KHTML, like Gecko; compatible; GPTBot/1.4; +https://openai.com/gptbot)"
74.7.227.11 - - [20/Sep/2026:06:57:20 +0000] "GET /goods.php?search/list/?LineID=143029819 HTTP/1.1" 403 5833 "https://dazzlingwebplanet.com/goods.php?tenpos2-ab1-ioc2001" "Mozilla/5.0 AppleWebKit/537.36 (KHTML, like Gecko; compatible; GPTBot/1.4; +https://openai.com/gptbot)"
74.7.227.11 - - [20/Sep/2026:06:57:21 +0000] "GET /goods.php?search/list/?LineID=221014885 HTTP/1.1" 403 5833 "https://dazzlingwebplanet.com/goods.php?shop-livesil-awk-geq-vuy85-1" "Mozilla/5.0 AppleWebKit/537.36 (KHTML, like Gecko; compatible; GPTBot/1.4; +https://openai.com/gptbot)"
74.7.227.11 - - [20/Sep/2026:06:57:22 +0000] "GET /goods.php?search/list/?LineID=042001738 HTTP/1.1" 403 5833 "https://dazzlingwebplanet.com/goods.php?jet-bee-tge675" "Mozilla/5.0 AppleWebKit/537.36 (KHTML, like Gecko; compatible; GPTBot/1.4; +https://openai.com/gptbot)"
74.7.227.11 - - [20/Sep/2026:06:57:24 +0000] "GET /goods.php?search/list/?LineID=095047891 HTTP/1.1" 403 5833 "https://dazzlingwebplanet.com/goods.php?roomelement-ve125" "Mozilla/5.0 AppleWebKit/537.36 (KHTML, like Gecko; compatible; GPTBot/1.4; +https://openai.com/gptbot)"
74.7.227.11 - - [20/Sep/2026:06:57:25 +0000] "GET /goods.php?search/list/?LineID=051039983 HTTP/1.1" 403 5833 "https://dazzlingwebplanet.com/goods.php?tuzukiya-h05-3652" "Mozilla/5.0 AppleWebKit/537.36 (KHTML, like Gecko; compatible; GPTBot/1.4; +https://openai.com/gptbot)"
74.7.227.11 - - [20/Sep/2026:06:57:26 +0000] "GET /goods.php?search/list/?LineID=269032713 HTTP/1.1" 403 5833 "https://dazzlingwebplanet.com/goods.php?jyusetsupro-4116477" "Mozilla/5.0 AppleWebKit/537.36 (KHTML, like Gecko; compatible; GPTBot/1.4; +https://openai.com/gptbot)"
74.7.227.11 - - [20/Sep/2026:06:57:27 +0000] "GET /goods.php?search/list/?LineID=058001184 HTTP/1.1" 403 5833 "https://dazzlingwebplanet.com/goods.php?doriem-b0074cdg6c" "Mozilla/5.0 AppleWebKit/537.36 (KHTML, like Gecko; compatible; GPTBot/1.4; +https://openai.com/gptbot)"
74.7.227.11 - - [20/Sep/2026:06:57:28 +0000] "GET /goods.php?search/list/?LineID=285017479 HTTP/1.1" 403 5833 "https://dazzlingwebplanet.com/goods.php?valuecare-vc-tr-1147449" "Mozilla/5.0 AppleWebKit/537.36 (KHTML, like Gecko; compatible; GPTBot/1.4; +https://openai.com/gptbot)"
74.7.227.11 - - [20/Sep/2026:06:57:30 +0000] "GET /goods.php?search/list/?LineID=136032254 HTTP/1.1" 403 5833 "https://dazzlingwebplanet.com/goods.php?vie-up-ds-1586419" "Mozilla/5.0 AppleWebKit/537.36 (KHTML, like Gecko; compatible; GPTBot/1.4; +https://openai.com/gptbot)"
74.7.227.11 - - [20/Sep/2026:06:57:31 +0000] "GET /goods.php?search/list/?LineID=263031799 HTTP/1.1" 403 5833 "https://dazzlingwebplanet.com/goods.php?kaigo-103-4511413407349-11" "Mozilla/5.0 AppleWebKit/537.36 (KHTML, like Gecko; compatible; GPTBot/1.4; +https://openai.com/gptbot)"
74.7.227.11 - - [20/Sep/2026:06:57:32 +0000] "GET /goods.php?search/list/?LineID=234013002 HTTP/1.1" 403 5833 "https://dazzlingwebplanet.com/goods.php?chubonotakumi-k-137889" "Mozilla/5.0 AppleWebKit/537.36 (KHTML, like Gecko; compatible; GPTBot/1.4; +https://openai.com/gptbot)"
74.7.227.11 - - [20/Sep/2026:06:57:33 +0000] "GET /goods.php?search/list/?LineID=069039463 HTTP/1.1" 403 5833 "https://dazzlingwebplanet.com/goods.php?aquashop-192-146" "Mozilla/5.0 AppleWebKit/537.36 (KHTML, like Gecko; compatible; GPTBot/1.4; +https://openai.com/gptbot)"
74.7.227.11 - - [20/Sep/2026:06:57:35 +0000] "GET /goods.php?search/list/?LineID=043001235 HTTP/1.1" 403 5833 "https://dazzlingwebplanet.com/goods.php?chubonotakumi-k-015029" "Mozilla/5.0 AppleWebKit/537.36 (KHTML, like Gecko; compatible; GPTBot/1.4; +https://openai.com/gptbot)"
74.7.227.11 - - [20/Sep/2026:06:57:36 +0000] "GET /goods.php?search/list/?LineID=087002115 HTTP/1.1" 403 5833 "https://dazzlingwebplanet.com/goods.php?egaos-isgr-1031640" "Mozilla/5.0 AppleWebKit/537.36 (KHTML, like Gecko; compatible; GPTBot/1.4; +https://openai.com/gptbot)"
52.167.144.169 - - [20/Sep/2026:06:57:36 +0000] "GET /shop/6fc4f176680201 HTTP/1.1" 200 6347 "-" "Mozilla/5.0 AppleWebKit/537.36 (KHTML, like Gecko; compatible; bingbot/2.0; +http://www.bing.com/bingbot.htm) Chrome/116.0.1938.76 Safari/537.36"
74.7.227.11 - - [20/Sep/2026:06:57:37 +0000] "GET /goods.php?search/list/?LineID=294043818 HTTP/1.1" 403 5833 "https://dazzlingwebplanet.com/goods.php?tuzukiya-e22-85121" "Mozilla/5.0 AppleWebKit/537.36 (KHTML, like Gecko; compatible; GPTBot/1.4; +https://openai.com/gptbot)"
74.7.227.11 - - [20/Sep/2026:06:57:38 +0000] "GET /goods.php?search/list/?LineID=292025188 HTTP/1.1" 403 5833 "https://dazzlingwebplanet.com/goods.php?ragtag-2125426a0154" "Mozilla/5.0 AppleWebKit/537.36 (KHTML, like Gecko; compatible; GPTBot/1.4; +https://openai.com/gptbot)"
74.7.227.11 - - [20/Sep/2026:06:57:39 +0000] "GET /goods.php?search/list/?LineID=071046569 HTTP/1.1" 403 5833 "https://dazzlingwebplanet.com/goods.php?tuzukiya-s07-7780" "Mozilla/5.0 AppleWebKit/537.36 (KHTML, like Gecko; compatible; GPTBot/1.4; +https://openai.com/gptbot)"
