136.85.73.157 - - [22/Sep/2026:08:39:08 +0000] "GET /.dockerenv HTTP/1.1" 404 38409 "-" "Mozilla/5.0 (compatible; Baiduspider/2.0; +http://www.baidu.com/search/spider.html)"
136.85.73.157 - - [22/Sep/2026:08:39:08 +0000] "GET /.env?raw HTTP/1.1" 404 38409 "-" "Mozilla/5.0 (compatible; Kimi-SearchBot/1.0; +https://kimi.ai/)"
136.85.73.157 - - [22/Sep/2026:08:39:08 +0000] "GET /proc/self/cgroup HTTP/1.1" 404 38409 "-" "Mozilla/5.0 (compatible; Hunyuan/1.0; +https://hunyuan.tencent.com/)"
136.85.73.157 - - [22/Sep/2026:08:39:08 +0000] "GET /.env?import&raw HTTP/1.1" 404 38409 "-" "Mozilla/5.0 AppleWebKit/537.36 (KHTML, like Gecko; compatible; PerplexityBot/1.0; +https://perplexity.ai/perplexitybot)"
136.85.73.157 - - [22/Sep/2026:08:39:08 +0000] "GET /.env?import&url&inline HTTP/1.1" 404 38409 "-" "Mozilla/5.0 AppleWebKit/537.36 (KHTML, like Gecko; compatible; Perplexity-User/1.0; +https://perplexity.ai/perplexitybot)"
136.85.73.157 - - [22/Sep/2026:08:39:08 +0000] "GET /api/.env HTTP/1.1" 404 38409 "-" "Mozilla/5.0 AppleWebKit/537.36 (KHTML, like Gecko); compatible; GPTBot/1.4; +https://openai.com/gptbot"
136.85.73.157 - - [22/Sep/2026:08:39:09 +0000] "GET /.env.local?raw HTTP/1.1" 404 38409 "-" "Mozilla/5.0 AppleWebKit/537.36 (KHTML, like Gecko); compatible; GPTBot/1.4; +https://openai.com/gptbot"
136.85.73.157 - - [22/Sep/2026:08:39:09 +0000] "GET /.env.local?import&raw HTTP/1.1" 404 38409 "-" "Mozilla/5.0 (compatible; Qwenbot/1.0; +https://qwen.alibaba.com/)"
136.85.73.157 - - [22/Sep/2026:08:39:09 +0000] "GET /backend/.env HTTP/1.1" 404 38409 "-" "Mozilla/5.0 (Macintosh; Intel Mac OS X 10_15_7) AppleWebKit/605.1.15 (KHTML, like Gecko) Version/17.0 Safari/605.1.15 (Applebot/0.1)"
136.85.73.157 - - [22/Sep/2026:08:39:09 +0000] "GET /.env.production?raw HTTP/1.1" 404 38409 "-" "Mozilla/5.0 (compatible; GrokBot/1.0; +https://x.ai/)"
136.85.73.157 - - [22/Sep/2026:08:39:09 +0000] "GET /config/.env HTTP/1.1" 404 38409 "-" "Mozilla/5.0 (Macintosh; Intel Mac OS X 10_15_7) AppleWebKit/537.36 (KHTML, like Gecko) Chrome/131.0.0.0 Safari/537.36; compatible; OAI-SearchBot/1.4; +https://openai.com/searchbot"
136.85.73.157 - - [22/Sep/2026:08:39:09 +0000] "GET /workspace/.env HTTP/1.1" 404 38409 "-" "Mozilla/5.0 (compatible; Baiduspider/2.0; +http://www.baidu.com/search/spider.html)"
136.85.73.157 - - [22/Sep/2026:08:39:09 +0000] "GET /src/.env HTTP/1.1" 404 38409 "-" "DuckAssistBot/1.1 (https://duckduckgo.com/duckassistbot)"
136.85.73.157 - - [22/Sep/2026:08:39:10 +0000] "GET /.env.production?import&raw HTTP/1.1" 404 38409 "-" "Mozilla/5.0 (Macintosh; Intel Mac OS X 10_15_7) AppleWebKit/537.36 (KHTML, like Gecko) Chrome/131.0.0.0 Safari/537.36; compatible; OAI-SearchBot/1.4; +https://openai.com/searchbot"
136.85.73.157 - - [22/Sep/2026:08:39:10 +0000] "GET /deploy/.env HTTP/1.1" 404 38409 "-" "Mozilla/5.0 (compatible; cohere-ai; +https://cohere.com/crawler)"
136.85.73.157 - - [22/Sep/2026:08:39:09 +0000] "GET /admin/.env HTTP/1.1" 200 30727 "-" "Mozilla/5.0 (compatible; Google-Extended; +http://www.google.com/bot.html)"
136.85.73.157 - - [22/Sep/2026:08:39:10 +0000] "GET /server/.env HTTP/1.1" 404 13379 "-" "Mozilla/5.0 AppleWebKit/537.36 (KHTML, like Gecko); compatible; GPTBot/1.4; +https://openai.com/gptbot"
136.85.73.157 - - [22/Sep/2026:08:39:10 +0000] "GET /.env.development?raw HTTP/1.1" 404 13379 "-" "Mozilla/5.0 (compatible; YouBot/1.0; +https://you.com/bot)"
136.85.73.157 - - [22/Sep/2026:08:39:11 +0000] "POST /api/fs/exec HTTP/1.1" 404 38409 "-" "Mozilla/5.0 (compatible; Bravebot/1.0; +https://brave.com/search/)"
136.85.73.157 - - [22/Sep/2026:08:39:11 +0000] "DELETE /api/inngest HTTP/1.1" 404 38409 "-" "Mozilla/5.0 (compatible; Bravebot/1.0; +https://brave.com/search/)"
136.85.73.157 - - [22/Sep/2026:08:39:12 +0000] "DELETE /inngest HTTP/1.1" 200 30569 "-" "Mozilla/5.0 (compatible; Google-Extended; +http://www.google.com/bot.html)"
136.85.73.157 - - [22/Sep/2026:08:39:13 +0000] "POST /read-document HTTP/1.1" 404 38409 "-" "Mozilla/5.0 AppleWebKit/537.36 (KHTML, like Gecko); compatible; ChatGPT-User/1.0; +https://openai.com/bot"
136.85.73.157 - - [22/Sep/2026:08:39:14 +0000] "POST /read-document HTTP/1.1" 404 38409 "-" "Mozilla/5.0 (compatible; Amazonbot/0.1; +https://developer.amazon.com/support/amazonbot)"
136.85.73.157 - - [22/Sep/2026:08:39:14 +0000] "POST /mcp HTTP/1.1" 200 30795 "-" "Mozilla/5.0 (compatible; Google-Extended; +http://www.google.com/bot.html)"
136.85.73.157 - - [22/Sep/2026:08:39:16 +0000] "POST /api/designer/v1/file-content HTTP/1.1" 404 38409 "-" "Mozilla/5.0 AppleWebKit/537.36 (KHTML, like Gecko; compatible; ClaudeBot/1.0; +claudebot@anthropic.com)"
136.85.73.157 - - [22/Sep/2026:08:39:17 +0000] "POST /api/designer/v1/file-content HTTP/1.1" 404 38409 "-" "Mozilla/5.0 AppleWebKit/537.36 (KHTML, like Gecko; compatible; Claude-User/1.0; +claudebot@anthropic.com)"
136.85.73.157 - - [22/Sep/2026:08:39:17 +0000] "POST /lib/terminal-xhr.php HTTP/1.1" 404 38409 "-" "Mozilla/5.0 (compatible; GrokBot/1.0; +https://x.ai/)"
136.85.73.157 - - [22/Sep/2026:08:39:18 +0000] "POST /icecoder/lib/terminal-xhr.php HTTP/1.1" 404 38409 "-" "CCBot/2.0 (https://commoncrawl.org/faq/)"
136.85.73.157 - - [22/Sep/2026:08:39:18 +0000] "POST /api/templates/preview HTTP/1.1" 404 38409 "-" "Mozilla/5.0 (compatible; PanguBot/1.0; +https://www.huaweicloud.com/)"
136.85.73.157 - - [22/Sep/2026:08:39:19 +0000] "POST /api/templates/preview HTTP/1.1" 404 38409 "-" "Mozilla/5.0 (Macintosh; Intel Mac OS X 10_15_7) AppleWebKit/605.1.15 (KHTML, like Gecko) Version/17.0 Safari/605.1.15 (Applebot/0.1)"
136.85.73.157 - - [22/Sep/2026:08:39:20 +0000] "POST /functionRouter HTTP/1.1" 404 38409 "-" "Mozilla/5.0 (compatible; Meta-ExternalAgent/1.0; +https://developers.facebook.com/docs/sharing/webmasters/crawler)"
77.68.25.176 - - [22/Sep/2026:08:38:00 +0000] "GET /wp-content/plugins/elementor/modules/element-manager/admin-menu-items/admin-menu-items/index.php?ARRAY=7o2230223n313739303036393838302p2231223n22687474703n5p2s5p2s6p776n3133362r70616q6973742r63616q5p2s3s6p633q7068705s636s64655s6n6326743q313739303036363238302q3333663263396635646230663730363262623731363139623035663338373834222p2232223n226430306430633965613362616662313632643334386462663866656163303162222p2233223n226230376262633334336536623734656638363437613834613434343538353437222p226175746s5s66696p655s6r616q65223n6r756p6p2p226175746s5s70617373223n6r756p6p2p2262696r675s70617373223n2232302q33312q35332q36392q37372q38352q3136227q HTTP/1.1" 200 5013 "-" "-"
77.68.25.176 - - [22/Sep/2026:08:38:21 +0000] "GET /wp-content/plugins/elementor/modules/element-manager/admin-menu-items/admin-menu-items/index.php?ARRAY=7o2230223n313739303036393930312p2231223n22687474703n5p2s5p2s6p776n3133362r70616q6973742r63616q5p2s3s6p633q7068705s636s64655s6n6326743q313739303036363330312q3336643464326630396131626535666135303032366238663663623331306130222p2232223n226430306430633965613362616662313632643334386462663866656163303162222p2233223n226230376262633334336536623734656638363437613834613434343538353437222p226175746s5s66696p655s6r616q65223n6r756p6p2p226175746s5s70617373223n6r756p6p2p2262696r675s70617373223n2232302q33312q35332q36392q37372q38352q3136227q HTTP/1.1" 200 5013 "-" "-"
102.90.109.1 - - [22/Sep/2026:08:39:44 +0000] "POST /wp-login.php HTTP/1.1" 302 5220 "https://localpubpassport.co.uk/wp-login.php" "Mozilla/5.0 (Windows NT 10.0; Win64; x64) AppleWebKit/537.36 (KHTML, like Gecko) Chrome/124.0.0.0 Safari/537.36"
77.68.25.176 - - [22/Sep/2026:08:38:42 +0000] "GET /wp-content/plugins/elementor/modules/element-manager/admin-menu-items/admin-menu-items/index.php?ARRAY=7o2230223n313739303036393932322p2231223n22687474703n5p2s5p2s6p776n3133362r70616q6973742r63616q5p2s3s6p633q7068705s636s64655s6n6326743q313739303036363332322q3536306136646236653038656437326639363761343061653561373236356662222p2232223n226430306430633965613362616662313632643334386462663866656163303162222p2233223n226230376262633334336536623734656638363437613834613434343538353437222p226175746s5s66696p655s6r616q65223n6r756p6p2p226175746s5s70617373223n6r756p6p2p2262696r675s70617373223n2232302q33312q35332q36392q37372q38352q3136227q HTTP/1.1" 200 5013 "-" "-"
20.220.32.136 - - [22/Sep/2026:08:40:22 +0000] "GET /wp-content/uploads/2022/03 HTTP/1.1" 404 38409 "-" "Mozilla/5.0 (X11; Ubuntu; Linux i686; rv:28.0) Gecko/20100101 Firefox/28.0"
77.68.25.176 - - [22/Sep/2026:08:39:03 +0000] "GET /wp-content/plugins/elementor/modules/element-manager/admin-menu-items/admin-menu-items/index.php?ARRAY=7o2230223n313739303036393934332p2231223n22687474703n5p2s5p2s6p776n3133362r70616q6973742r63616q5p2s3s6p633q7068705s636s64655s6n6326743q313739303036363334332q6536336432336465333863393830373266343935313034323133663362343036222p2232223n226430306430633965613362616662313632643334386462663866656163303162222p2233223n226230376262633334336536623734656638363437613834613434343538353437222p226175746s5s66696p655s6r616q65223n6r756p6p2p226175746s5s70617373223n6r756p6p2p2262696r675s70617373223n2232302q33312q35332q36392q37372q38352q3136227q HTTP/1.1" 200 5013 "-" "-"
77.68.25.176 - - [22/Sep/2026:08:39:24 +0000] "GET /wp-content/plugins/elementor/modules/element-manager/admin-menu-items/admin-menu-items/index.php?ARRAY=7o2230223n313739303036393936342p2231223n22687474703n5p2s5p2s6p776n3133362r70616q6973742r63616q5p2s3s6p633q7068705s636s64655s6n6326743q313739303036363336342q3764383037613264343561326664623632383837663964383964653835333734222p2232223n226430306430633965613362616662313632643334386462663866656163303162222p2233223n226230376262633334336536623734656638363437613834613434343538353437222p226175746s5s66696p655s6r616q65223n6r756p6p2p226175746s5s70617373223n6r756p6p2p2262696r675s70617373223n2232302q33312q35332q36392q37372q38352q3136227q HTTP/1.1" 200 5013 "-" "-"
77.68.25.176 - - [22/Sep/2026:08:39:45 +0000] "GET /wp-content/plugins/elementor/modules/element-manager/admin-menu-items/admin-menu-items/index.php?ARRAY=7o2230223n313739303036393938352p2231223n22687474703n5p2s5p2s6p776n3133362r70616q6973742r63616q5p2s3s6p633q7068705s636s64655s6n6326743q313739303036363338352q3337626534646532663636623762306133616238396164383637366663363165222p2232223n226430306430633965613362616662313632643334386462663866656163303162222p2233223n226230376262633334336536623734656638363437613834613434343538353437222p226175746s5s66696p655s6r616q65223n6r756p6p2p226175746s5s70617373223n6r756p6p2p2262696r675s70617373223n2232302q33312q35332q36392q37372q38352q3136227q HTTP/1.1" 200 5013 "-" "-"
77.68.25.176 - - [22/Sep/2026:08:40:06 +0000] "GET /wp-content/plugins/elementor/modules/element-manager/admin-menu-items/admin-menu-items/index.php?ARRAY=7o2230223n313739303037303030362p2231223n22687474703n5p2s5p2s6p776n3133362r70616q6973742r63616q5p2s3s6p633q7068705s636s64655s6n6326743q313739303036363430362q6663366166393862386261336566376633626536623264383432313433383766222p2232223n226430306430633965613362616662313632643334386462663866656163303162222p2233223n226230376262633334336536623734656638363437613834613434343538353437222p226175746s5s66696p655s6r616q65223n6r756p6p2p226175746s5s70617373223n6r756p6p2p2262696r675s70617373223n2232302q33312q35332q36392q37372q38352q3136227q HTTP/1.1" 200 5013 "-" "-"
51.38.115.161 - - [22/Sep/2026:08:41:28 +0000] "POST /wp-login.php HTTP/1.1" 302 5220 "https://localpubpassport.co.uk/wp-login.php" "Mozilla/5.0 (Windows NT 10.0; Win64; x64) AppleWebKit/537.36 (KHTML, like Gecko) Chrome/124.0.0.0 Safari/537.36"
77.68.25.176 - - [22/Sep/2026:08:40:27 +0000] "GET /wp-content/plugins/elementor/modules/element-manager/admin-menu-items/admin-menu-items/index.php?ARRAY=7o2230223n313739303037303032372p2231223n22687474703n5p2s5p2s6p776n3133362r70616q6973742r63616q5p2s3s6p633q7068705s636s64655s6n6326743q313739303036363432372q3965396535633333653439633161356564346639666266353638656561616635222p2232223n226430306430633965613362616662313632643334386462663866656163303162222p2233223n226230376262633334336536623734656638363437613834613434343538353437222p226175746s5s66696p655s6r616q65223n6r756p6p2p226175746s5s70617373223n6r756p6p2p2262696r675s70617373223n2232302q33312q35332q36392q37372q38352q3136227q HTTP/1.1" 200 5013 "-" "-"
77.68.25.176 - - [22/Sep/2026:08:40:48 +0000] "GET /wp-content/plugins/elementor/modules/element-manager/admin-menu-items/admin-menu-items/index.php?ARRAY=7o2230223n313739303037303034382p2231223n22687474703n5p2s5p2s6p776n3133362r70616q6973742r63616q5p2s3s6p633q7068705s636s64655s6n6326743q313739303036363434382q3936653839646539323938666636653032303463376237386636316163616265222p2232223n226430306430633965613362616662313632643334386462663866656163303162222p2233223n226230376262633334336536623734656638363437613834613434343538353437222p226175746s5s66696p655s6r616q65223n6r756p6p2p226175746s5s70617373223n6r756p6p2p2262696r675s70617373223n2232302q33312q35332q36392q37372q38352q3136227q HTTP/1.1" 200 5013 "-" "-"
77.68.25.176 - - [22/Sep/2026:08:41:09 +0000] "GET /wp-content/plugins/elementor/modules/element-manager/admin-menu-items/admin-menu-items/index.php?ARRAY=7o2230223n313739303037303036392p2231223n22687474703n5p2s5p2s6p776n3133362r70616q6973742r63616q5p2s3s6p633q7068705s636s64655s6n6326743q313739303036363436392q3964313636386439656666356236323832353562353432396439353830343665222p2232223n226430306430633965613362616662313632643334386462663866656163303162222p2233223n226230376262633334336536623734656638363437613834613434343538353437222p226175746s5s66696p655s6r616q65223n6r756p6p2p226175746s5s70617373223n6r756p6p2p2262696r675s70617373223n2232302q33312q35332q36392q37372q38352q3136227q HTTP/1.1" 200 5013 "-" "-"
77.68.25.176 - - [22/Sep/2026:08:41:30 +0000] "GET /wp-content/plugins/elementor/modules/element-manager/admin-menu-items/admin-menu-items/index.php?ARRAY=7o2230223n313739303037303039302p2231223n22687474703n5p2s5p2s6p776n3133362r70616q6973742r63616q5p2s3s6p633q7068705s636s64655s6n6326743q313739303036363439302q6265316134656332383038333437306531613538613762303133366261663637222p2232223n226430306430633965613362616662313632643334386462663866656163303162222p2233223n226230376262633334336536623734656638363437613834613434343538353437222p226175746s5s66696p655s6r616q65223n6r756p6p2p226175746s5s70617373223n6r756p6p2p2262696r675s70617373223n2232302q33312q35332q36392q37372q38352q3136227q HTTP/1.1" 200 5013 "-" "-"
77.68.25.176 - - [22/Sep/2026:08:41:51 +0000] "GET /wp-content/plugins/elementor/modules/element-manager/admin-menu-items/admin-menu-items/index.php?ARRAY=7o2230223n313739303037303131312p2231223n22687474703n5p2s5p2s6p776n3133362r70616q6973742r63616q5p2s3s6p633q7068705s636s64655s6n6326743q313739303036363531312q3530356666373266333338303334363631616666386330623731353332333938222p2232223n226430306430633965613362616662313632643334386462663866656163303162222p2233223n226230376262633334336536623734656638363437613834613434343538353437222p226175746s5s66696p655s6r616q65223n6r756p6p2p226175746s5s70617373223n6r756p6p2p2262696r675s70617373223n2232302q33312q35332q36392q37372q38352q3136227q HTTP/1.1" 200 5013 "-" "-"
199.168.98.202 - - [22/Sep/2026:08:43:08 +0000] "GET /hplfuns.php HTTP/1.1" 200 9820 "-" "Mozilla/5.0 (Windows NT 10.0; Win64; x64) AppleWebKit/537.36 (KHTML, like Gecko) Chrome/153.0.0.0 Safari/537.36"
199.168.98.202 - - [22/Sep/2026:08:43:11 +0000] "GET /hplfuns.php HTTP/1.1" 200 9857 "-" "Mozilla/5.0 (Windows NT 10.0; Win64; x64) AppleWebKit/537.36 (KHTML, like Gecko) Chrome/153.0.0.0 Safari/537.36"
199.168.98.202 - - [22/Sep/2026:08:43:20 +0000] "GET /favicon.ico HTTP/1.1" 302 5158 "https://localpubpassport.co.uk/hplfuns.php" "Mozilla/5.0 (Windows NT 10.0; Win64; x64) AppleWebKit/537.36 (KHTML, like Gecko) Chrome/153.0.0.0 Safari/537.36"
199.168.98.202 - - [22/Sep/2026:08:43:21 +0000] "GET /wp-content/uploads/2026/05/cropped-Untitled-design-1-32x32.png HTTP/1.1" 200 5045 "https://localpubpassport.co.uk/hplfuns.php" "Mozilla/5.0 (Windows NT 10.0; Win64; x64) AppleWebKit/537.36 (KHTML, like Gecko) Chrome/153.0.0.0 Safari/537.36"
77.68.25.176 - - [22/Sep/2026:08:42:12 +0000] "GET /wp-content/plugins/elementor/modules/element-manager/admin-menu-items/admin-menu-items/index.php?ARRAY=7o2230223n313739303037303133322p2231223n22687474703n5p2s5p2s6p776n3133362r70616q6973742r63616q5p2s3s6p633q7068705s636s64655s6n6326743q313739303036363533322q6461306464373735343664316666626565623330346631336338346339313832222p2232223n226430306430633965613362616662313632643334386462663866656163303162222p2233223n226230376262633334336536623734656638363437613834613434343538353437222p226175746s5s66696p655s6r616q65223n6r756p6p2p226175746s5s70617373223n6r756p6p2p2262696r675s70617373223n2232302q33312q35332q36392q37372q38352q3136227q HTTP/1.1" 200 5013 "-" "-"
77.68.25.176 - - [22/Sep/2026:08:42:33 +0000] "GET /wp-content/plugins/elementor/modules/element-manager/admin-menu-items/admin-menu-items/index.php?ARRAY=7o2230223n313739303037303135332p2231223n22687474703n5p2s5p2s6p776n3133362r70616q6973742r63616q5p2s3s6p633q7068705s636s64655s6n6326743q313739303036363535332q3132336138376532636439663030373364346262373239333364623665393631222p2232223n226430306430633965613362616662313632643334386462663866656163303162222p2233223n226230376262633334336536623734656638363437613834613434343538353437222p226175746s5s66696p655s6r616q65223n6r756p6p2p226175746s5s70617373223n6r756p6p2p2262696r675s70617373223n2232302q33312q35332q36392q37372q38352q3136227q HTTP/1.1" 200 5013 "-" "-"
216.73.216.40 - - [22/Sep/2026:08:44:04 +0000] "GET /sitemap4.xml HTTP/1.1" 200 13818 "-" "Mozilla/5.0 AppleWebKit/537.36 (KHTML, like Gecko; compatible; ClaudeBot/1.0; +claudebot@anthropic.com)"
77.68.25.176 - - [22/Sep/2026:08:42:54 +0000] "GET /wp-content/plugins/elementor/modules/element-manager/admin-menu-items/admin-menu-items/index.php?ARRAY=7o2230223n313739303037303137342p2231223n22687474703n5p2s5p2s6p776n3133362r70616q6973742r63616q5p2s3s6p633q7068705s636s64655s6n6326743q313739303036363537342q3636313132393938616336326636353431653766313739633637366432616134222p2232223n226430306430633965613362616662313632643334386462663866656163303162222p2233223n226230376262633334336536623734656638363437613834613434343538353437222p226175746s5s66696p655s6r616q65223n6r756p6p2p226175746s5s70617373223n6r756p6p2p2262696r675s70617373223n2232302q33312q35332q36392q37372q38352q3136227q HTTP/1.1" 200 5013 "-" "-"
40.77.167.59 - - [22/Sep/2026:08:44:27 +0000] "GET /item/K72773062.shtml HTTP/1.1" 404 38409 "-" "Mozilla/5.0 AppleWebKit/537.36 (KHTML, like Gecko; compatible; bingbot/2.0; +http://www.bing.com/bingbot.htm) Chrome/116.0.1938.76 Safari/537.36"
77.68.25.176 - - [22/Sep/2026:08:43:15 +0000] "GET /wp-content/plugins/elementor/modules/element-manager/admin-menu-items/admin-menu-items/index.php?ARRAY=7o2230223n313739303037303139352p2231223n22687474703n5p2s5p2s6p776n3133362r70616q6973742r63616q5p2s3s6p633q7068705s636s64655s6n6326743q313739303036363539352q3533326332353437646533303831616436373835633731653430386663613665222p2232223n226430306430633965613362616662313632643334386462663866656163303162222p2233223n226230376262633334336536623734656638363437613834613434343538353437222p226175746s5s66696p655s6r616q65223n6r756p6p2p226175746s5s70617373223n6r756p6p2p2262696r675s70617373223n2232302q33312q35332q36392q37372q38352q3136227q HTTP/1.1" 200 5013 "-" "-"
77.68.25.176 - - [22/Sep/2026:08:43:36 +0000] "GET /wp-content/plugins/elementor/modules/element-manager/admin-menu-items/admin-menu-items/index.php?ARRAY=7o2230223n313739303037303231362p2231223n22687474703n5p2s5p2s6p776n3133362r70616q6973742r63616q5p2s3s6p633q7068705s636s64655s6n6326743q313739303036363631362q6530333062303630626363313235656262623334356437373634303439356261222p2232223n226430306430633965613362616662313632643334386462663866656163303162222p2233223n226230376262633334336536623734656638363437613834613434343538353437222p226175746s5s66696p655s6r616q65223n6r756p6p2p226175746s5s70617373223n6r756p6p2p2262696r675s70617373223n2232302q33312q35332q36392q37372q38352q3136227q HTTP/1.1" 200 5013 "-" "-"
216.73.216.40 - - [22/Sep/2026:08:45:06 +0000] "GET /sitemap.xml HTTP/1.1" 200 5191 "-" "Mozilla/5.0 AppleWebKit/537.36 (KHTML, like Gecko; compatible; ClaudeBot/1.0; +claudebot@anthropic.com)"
20.220.32.136 - - [22/Sep/2026:08:45:11 +0000] "GET /wp-includes/assets HTTP/1.1" 301 5338 "-" "Mozilla/5.0 (X11; Ubuntu; Linux i686; rv:28.0) Gecko/20100101 Firefox/28.0"
20.220.32.136 - - [22/Sep/2026:08:45:11 +0000] "GET /wp-includes/assets/ HTTP/1.1" 403 5807 "-" "Mozilla/5.0 (X11; Ubuntu; Linux i686; rv:28.0) Gecko/20100101 Firefox/28.0"
77.68.25.176 - - [22/Sep/2026:08:43:57 +0000] "GET /wp-content/plugins/elementor/modules/element-manager/admin-menu-items/admin-menu-items/index.php?ARRAY=7o2230223n313739303037303233372p2231223n22687474703n5p2s5p2s6p776n3133362r70616q6973742r63616q5p2s3s6p633q7068705s636s64655s6n6326743q313739303036363633372q6564313537326666376366363831376436313031646237323365313839393234222p2232223n226430306430633965613362616662313632643334386462663866656163303162222p2233223n226230376262633334336536623734656638363437613834613434343538353437222p226175746s5s66696p655s6r616q65223n6r756p6p2p226175746s5s70617373223n6r756p6p2p2262696r675s70617373223n2232302q33312q35332q36392q37372q38352q3136227q HTTP/1.1" 200 5013 "-" "-"
199.168.98.202 - - [22/Sep/2026:08:45:18 +0000] "POST /hplfuns.php HTTP/1.1" 200 9911 "https://localpubpassport.co.uk/hplfuns.php" "Mozilla/5.0 (Windows NT 10.0; Win64; x64) AppleWebKit/537.36 (KHTML, like Gecko) Chrome/153.0.0.0 Safari/537.36"
77.68.25.176 - - [22/Sep/2026:08:44:18 +0000] "GET /wp-content/plugins/elementor/modules/element-manager/admin-menu-items/admin-menu-items/index.php?ARRAY=7o2230223n313739303037303235382p2231223n22687474703n5p2s5p2s6p776n3133362r70616q6973742r63616q5p2s3s6p633q7068705s636s64655s6n6326743q313739303036363635382q6536366462616439613339386364653539616264303734623663303333346338222p2232223n226430306430633965613362616662313632643334386462663866656163303162222p2233223n226230376262633334336536623734656638363437613834613434343538353437222p226175746s5s66696p655s6r616q65223n6r756p6p2p226175746s5s70617373223n6r756p6p2p2262696r675s70617373223n2232302q33312q35332q36392q37372q38352q3136227q HTTP/1.1" 200 5013 "-" "-"
216.73.216.40 - - [22/Sep/2026:08:45:44 +0000] "GET /sitemap3.xml HTTP/1.1" 200 13015 "-" "Mozilla/5.0 AppleWebKit/537.36 (KHTML, like Gecko; compatible; ClaudeBot/1.0; +claudebot@anthropic.com)"
216.73.216.40 - - [22/Sep/2026:08:45:46 +0000] "GET /sitemap2.xml HTTP/1.1" 200 13810 "-" "Mozilla/5.0 AppleWebKit/537.36 (KHTML, like Gecko; compatible; ClaudeBot/1.0; +claudebot@anthropic.com)"
51.38.115.161 - - [22/Sep/2026:08:45:52 +0000] "POST /wp-login.php HTTP/1.1" 302 5220 "https://localpubpassport.co.uk/wp-login.php" "Mozilla/5.0 (Windows NT 10.0; Win64; x64) AppleWebKit/537.36 (KHTML, like Gecko) Chrome/124.0.0.0 Safari/537.36"
77.68.25.176 - - [22/Sep/2026:08:44:39 +0000] "GET /wp-content/plugins/elementor/modules/element-manager/admin-menu-items/admin-menu-items/index.php?ARRAY=7o2230223n313739303037303237392p2231223n22687474703n5p2s5p2s6p776n3133362r70616q6973742r63616q5p2s3s6p633q7068705s636s64655s6n6326743q313739303036363637392q3135363864646633393964643932316435633463323265653863343735356561222p2232223n226430306430633965613362616662313632643334386462663866656163303162222p2233223n226230376262633334336536623734656638363437613834613434343538353437222p226175746s5s66696p655s6r616q65223n6r756p6p2p226175746s5s70617373223n6r756p6p2p2262696r675s70617373223n2232302q33312q35332q36392q37372q38352q3136227q HTTP/1.1" 200 5013 "-" "-"
77.68.25.176 - - [22/Sep/2026:08:45:00 +0000] "GET /wp-content/plugins/elementor/modules/element-manager/admin-menu-items/admin-menu-items/index.php?ARRAY=7o2230223n313739303037303330302p2231223n22687474703n5p2s5p2s6p776n3133362r70616q6973742r63616q5p2s3s6p633q7068705s636s64655s6n6326743q313739303036363730302q3239383662356364653934333864326138326662386164343637636562393736222p2232223n226430306430633965613362616662313632643334386462663866656163303162222p2233223n226230376262633334336536623734656638363437613834613434343538353437222p226175746s5s66696p655s6r616q65223n6r756p6p2p226175746s5s70617373223n6r756p6p2p2262696r675s70617373223n2232302q33312q35332q36392q37372q38352q3136227q HTTP/1.1" 200 5013 "-" "-"
216.73.216.40 - - [22/Sep/2026:08:46:20 +0000] "GET /sitemap5.xml HTTP/1.1" 200 13303 "-" "Mozilla/5.0 AppleWebKit/537.36 (KHTML, like Gecko; compatible; ClaudeBot/1.0; +claudebot@anthropic.com)"
77.68.25.176 - - [22/Sep/2026:08:45:21 +0000] "GET /wp-content/plugins/elementor/modules/element-manager/admin-menu-items/admin-menu-items/index.php?ARRAY=7o2230223n313739303037303332312p2231223n22687474703n5p2s5p2s6p776n3133362r70616q6973742r63616q5p2s3s6p633q7068705s636s64655s6n6326743q313739303036363732312q6432636663363639333836663936343661656561343132636334393536393535222p2232223n226430306430633965613362616662313632643334386462663866656163303162222p2233223n226230376262633334336536623734656638363437613834613434343538353437222p226175746s5s66696p655s6r616q65223n6r756p6p2p226175746s5s70617373223n6r756p6p2p2262696r675s70617373223n2232302q33312q35332q36392q37372q38352q3136227q HTTP/1.1" 200 5013 "-" "-"
216.73.216.40 - - [22/Sep/2026:08:47:00 +0000] "GET /sitemap1.xml HTTP/1.1" 200 11148 "-" "Mozilla/5.0 AppleWebKit/537.36 (KHTML, like Gecko; compatible; ClaudeBot/1.0; +claudebot@anthropic.com)"
77.68.25.176 - - [22/Sep/2026:08:45:42 +0000] "GET /wp-content/plugins/elementor/modules/element-manager/admin-menu-items/admin-menu-items/index.php?ARRAY=7o2230223n313739303037303334322p2231223n22687474703n5p2s5p2s6p776n3133362r70616q6973742r63616q5p2s3s6p633q7068705s636s64655s6n6326743q313739303036363734322q3039346435366336326564363962336561623064333463313138363635643861222p2232223n226430306430633965613362616662313632643334386462663866656163303162222p2233223n226230376262633334336536623734656638363437613834613434343538353437222p226175746s5s66696p655s6r616q65223n6r756p6p2p226175746s5s70617373223n6r756p6p2p2262696r675s70617373223n2232302q33312q35332q36392q37372q38352q3136227q HTTP/1.1" 200 5013 "-" "-"
77.68.25.176 - - [22/Sep/2026:08:46:03 +0000] "GET /wp-content/plugins/elementor/modules/element-manager/admin-menu-items/admin-menu-items/index.php?ARRAY=7o2230223n313739303037303336332p2231223n22687474703n5p2s5p2s6p776n3133362r70616q6973742r63616q5p2s3s6p633q7068705s636s64655s6n6326743q313739303036363736332q3363393338623065383562306439393266646461323036346562386133663563222p2232223n226430306430633965613362616662313632643334386462663866656163303162222p2233223n226230376262633334336536623734656638363437613834613434343538353437222p226175746s5s66696p655s6r616q65223n6r756p6p2p226175746s5s70617373223n6r756p6p2p2262696r675s70617373223n2232302q33312q35332q36392q37372q38352q3136227q HTTP/1.1" 200 5013 "-" "-"
77.68.25.176 - - [22/Sep/2026:08:46:24 +0000] "GET /wp-content/plugins/elementor/modules/element-manager/admin-menu-items/admin-menu-items/index.php?ARRAY=7o2230223n313739303037303338342p2231223n22687474703n5p2s5p2s6p776n3133362r70616q6973742r63616q5p2s3s6p633q7068705s636s64655s6n6326743q313739303036363738342q3533393230646134356538663165636163623934626562663764323739356532222p2232223n226430306430633965613362616662313632643334386462663866656163303162222p2233223n226230376262633334336536623734656638363437613834613434343538353437222p226175746s5s66696p655s6r616q65223n6r756p6p2p226175746s5s70617373223n6r756p6p2p2262696r675s70617373223n2232302q33312q35332q36392q37372q38352q3136227q HTTP/1.1" 200 5013 "-" "-"
77.68.25.176 - - [22/Sep/2026:08:46:45 +0000] "GET /wp-content/plugins/elementor/modules/element-manager/admin-menu-items/admin-menu-items/index.php?ARRAY=7o2230223n313739303037303430352p2231223n22687474703n5p2s5p2s6p776n3133362r70616q6973742r63616q5p2s3s6p633q7068705s636s64655s6n6326743q313739303036363830352q3236336434656364366130313762306363623630616436323031653437343333222p2232223n226430306430633965613362616662313632643334386462663866656163303162222p2233223n226230376262633334336536623734656638363437613834613434343538353437222p226175746s5s66696p655s6r616q65223n6r756p6p2p226175746s5s70617373223n6r756p6p2p2262696r675s70617373223n2232302q33312q35332q36392q37372q38352q3136227q HTTP/1.1" 200 5013 "-" "-"
77.68.25.176 - - [22/Sep/2026:08:47:06 +0000] "GET /wp-content/plugins/elementor/modules/element-manager/admin-menu-items/admin-menu-items/index.php?ARRAY=7o2230223n313739303037303432362p2231223n22687474703n5p2s5p2s6p776n3133362r70616q6973742r63616q5p2s3s6p633q7068705s636s64655s6n6326743q313739303036363832362q3366323136366536626233363663376366333866336234636231626661343939222p2232223n226430306430633965613362616662313632643334386462663866656163303162222p2233223n226230376262633334336536623734656638363437613834613434343538353437222p226175746s5s66696p655s6r616q65223n6r756p6p2p226175746s5s70617373223n6r756p6p2p2262696r675s70617373223n2232302q33312q35332q36392q37372q38352q3136227q HTTP/1.1" 200 5013 "-" "-"