216.73.216.7 - - [22/Sep/2026:06:44:21 +0000] "GET /m/K22073625/?loknya=%2Fvar%2Fwww%2Fvhosts%2Fdazzlingwebplanet.co.uk%2Frightway.dazzlingwebplanet.com%2Fvendor%2Fleague HTTP/1.1" 200 7124 "-" "Mozilla/5.0 AppleWebKit/537.36 (KHTML, like Gecko; compatible; ClaudeBot/1.0; +claudebot@anthropic.com)"
74.7.227.174 - - [22/Sep/2026:06:44:21 +0000] "GET /guide/policy/privacy.html?loknya=/var/www/vhosts/dazzlinwplant.co.uk/././rihtway-admin.dazzlinwplant.co.uk/imas/wll-known/acm-challn// HTTP/1.1" 200 6947 "https://dazzlingwebplanet.co.uk/guide/policy/privacy.html?loknya=/var/www/vhosts/dazzlingwplant.co.uk/././rightway-admin.dazzlingwplant.co.uk/imags/wll-known/acm-challng/g//" "Mozilla/5.0 AppleWebKit/537.36 (KHTML, like Gecko; compatible; GPTBot/1.4; +https://openai.com/gptbot)"
216.73.216.7 - - [22/Sep/2026:06:44:21 +0000] "GET /m/K51048380/?lokasie=%2Fvar%2Fwww%2Fvhosts%2Fdazzlingwebplanet.co.uk%2Fdazzlingwebplanet.co.uk%2Fwp-admin%2Fcss%2Fdeprecated-media.css&loknya=%2Fvar%2Fwww%2Fvhosts%2Fdazzlingwebplanet.co.uk%2Fdazzlingwebplanet.co.uk%2Fwp-admin%2Fcss HTTP/1.1" 200 8489 "-" "Mozilla/5.0 AppleWebKit/537.36 (KHTML, like Gecko; compatible; ClaudeBot/1.0; +claudebot@anthropic.com)"
216.73.216.7 - - [22/Sep/2026:06:44:21 +0000] "GET /m/K80101335/?lokasie=%2Fvar%2Fwww%2Fvhosts%2Fdazzlingwebplanet.co.uk%2Fdazzlingwebplanet.co.uk%2Fwp-includes%2F%2Fphp.ini&loknya=%2Fvar%2Fwww%2Fvhosts%2Fdazzlingwebplanet.co.uk%2Fdazzlingwebplanet.co.uk%2Fwp-includes%2F HTTP/1.1" 200 6668 "-" "Mozilla/5.0 AppleWebKit/537.36 (KHTML, like Gecko; compatible; ClaudeBot/1.0; +claudebot@anthropic.com)"
216.73.216.7 - - [22/Sep/2026:06:44:21 +0000] "GET /m/K10154016/?lokasie=%2Fvar%2Fwww%2Fvhosts%2Fdazzlingwebplanet.co.uk%2Fdazzlingwebplanet.co.uk%2Fwp-admin%2F%2Fms-edit.php&loknya=%2Fvar%2Fwww%2Fvhosts%2Fdazzlingwebplanet.co.uk%2Fdazzlingwebplanet.co.uk%2Fwp-admin%2F HTTP/1.1" 200 6745 "-" "Mozilla/5.0 AppleWebKit/537.36 (KHTML, like Gecko; compatible; ClaudeBot/1.0; +claudebot@anthropic.com)"
216.73.216.7 - - [22/Sep/2026:06:44:21 +0000] "GET /m/K41760131/?loknya=%2Fvar%2Fwww%2Fvhosts%2Fdazzlingwebplanet.co.uk%2Fallinone.dazzlingwebplanet.co.uk%2Fjsvorex%2Fmgvfblk HTTP/1.1" 200 7240 "-" "Mozilla/5.0 AppleWebKit/537.36 (KHTML, like Gecko; compatible; ClaudeBot/1.0; +claudebot@anthropic.com)"
216.73.216.7 - - [22/Sep/2026:06:44:21 +0000] "GET /m/K10154016/?lokasie=%2Fvar%2Fwww%2Fvhosts%2Fdazzlingwebplanet.co.uk%2Fdazzlingwebplanet.co.uk%2Fwp-admin%2F%2Fwidgets-form-blocks.php&loknya=%2Fvar%2Fwww%2Fvhosts%2Fdazzlingwebplanet.co.uk%2Fdazzlingwebplanet.co.uk%2Fwp-admin%2F HTTP/1.1" 200 8520 "-" "Mozilla/5.0 AppleWebKit/537.36 (KHTML, like Gecko; compatible; ClaudeBot/1.0; +claudebot@anthropic.com)"
216.73.216.7 - - [22/Sep/2026:06:44:21 +0000] "GET /m/K22073625/?lokasie=%2Fvar%2Fwww%2Fvhosts%2Fdazzlingwebplanet.co.uk%2Frightway.dazzlingwebplanet.com%2Fdoc%2Fdoc%2Findex.php&loknya=%2Fvar%2Fwww%2Fvhosts%2Fdazzlingwebplanet.co.uk%2Frightway.dazzlingwebplanet.com%2Fdoc%2Fdoc HTTP/1.1" 200 10277 "-" "Mozilla/5.0 AppleWebKit/537.36 (KHTML, like Gecko; compatible; ClaudeBot/1.0; +claudebot@anthropic.com)"
216.73.216.7 - - [22/Sep/2026:06:44:21 +0000] "GET /m/K21789913/?loknya=%2Fvar%2Fwww%2Fvhosts%2Fdazzlingwebplanet.co.uk%2Fcityapp.dazzlingwebplanet.com%2Fvtwaqmg HTTP/1.1" 200 7205 "-" "Mozilla/5.0 AppleWebKit/537.36 (KHTML, like Gecko; compatible; ClaudeBot/1.0; +claudebot@anthropic.com)"
206.189.247.132 - - [22/Sep/2026:06:44:21 +0000] "GET /wp-content/plugins/updraftplus/vendor/guzzle/guzzle/src/Guzzle/Plugin/Cache/DefaultRevalidation.php HTTP/1.1" 200 9295 "-" "Mozilla/5.0 (Windows NT 10.0; Win64; x64; rv:153.0) Gecko/20100101 Firefox/153.0"
216.73.216.7 - - [22/Sep/2026:06:44:21 +0000] "GET /m/K80740207/?lokasie=%2Fvar%2Fwww%2Fvhosts%2Fdazzlingwebplanet.co.uk%2Fdazzlingwebplanet.co.uk%2Fwp-includes%2Fcron.php&loknya=%2Fvar%2Fwww%2Fvhosts%2Fdazzlingwebplanet.co.uk%2Fdazzlingwebplanet.co.uk%2Fwp-includes HTTP/1.1" 200 15375 "-" "Mozilla/5.0 AppleWebKit/537.36 (KHTML, like Gecko; compatible; ClaudeBot/1.0; +claudebot@anthropic.com)"
74.7.227.174 - - [22/Sep/2026:06:44:21 +0000] "GET /guide/policy/privacy.html?loknya=/var/www/vhosts/dazzlingwebplanet.co.uk/././rightway-admin.dazzlingwebplanet.co.uk/images/well-known/acme-challenge/h/e/a/d HTTP/1.1" 200 7007 "https://dazzlingwebplanet.co.uk/guide/policy/privacy.html?loknya=/var/www/vhosts/dazzlingwebplanet.co.uk/././rightway-admin.dazzlingwebplanet.co.uk/images/well-known/acme-challenge/h/e/a" "Mozilla/5.0 AppleWebKit/537.36 (KHTML, like Gecko; compatible; GPTBot/1.4; +https://openai.com/gptbot)"
216.73.216.7 - - [22/Sep/2026:06:44:21 +0000] "GET /m/K10154016/?loknya=%2Fvar%2Fwww%2Fvhosts%2Fdazzlingwebplanet.co.uk%2Fcityapp.dazzlingwebplanet.com%2Fdsaxkgu HTTP/1.1" 200 7210 "-" "Mozilla/5.0 AppleWebKit/537.36 (KHTML, like Gecko; compatible; ClaudeBot/1.0; +claudebot@anthropic.com)"
51.91.159.157 - - [22/Sep/2026:06:44:21 +0000] "GET /wp-content/plugins/updraftplus/vendor/guzzle/guzzle/src/Guzzle/Plugin/Cache/DefaultRevalidation.php HTTP/1.1" 200 9293 "-" "Mozilla/5.0 (Windows NT 10.0; Win64; x64; rv:153.0) Gecko/20100101 Firefox/153.0"
216.73.216.7 - - [22/Sep/2026:06:44:21 +0000] "GET /m/K62003741/?lokasie=%2Fvar%2Fwww%2Fvhosts%2Fdazzlingwebplanet.co.uk%2Fdazzlingwebplanet.co.uk%2Fwp-includes%2Fblock-bindings.php&loknya=%2Fvar%2Fwww%2Fvhosts%2Fdazzlingwebplanet.co.uk%2Fdazzlingwebplanet.co.uk%2Fwp-includes HTTP/1.1" 200 8757 "-" "Mozilla/5.0 AppleWebKit/537.36 (KHTML, like Gecko; compatible; ClaudeBot/1.0; +claudebot@anthropic.com)"
216.73.216.7 - - [22/Sep/2026:06:44:21 +0000] "GET /m/K80740207/?lokasie=%2Fvar%2Fwww%2Fvhosts%2Fdazzlingwebplanet.co.uk%2Fdazzlingwebplanet.co.uk%2Fwp-includes%2Fpost-template.php&loknya=%2Fvar%2Fwww%2Fvhosts%2Fdazzlingwebplanet.co.uk%2Fdazzlingwebplanet.co.uk%2Fwp-includes HTTP/1.1" 200 23343 "-" "Mozilla/5.0 AppleWebKit/537.36 (KHTML, like Gecko; compatible; ClaudeBot/1.0; +claudebot@anthropic.com)"
216.73.216.7 - - [22/Sep/2026:06:44:22 +0000] "GET /m/K80740207/?lokasie=%2Fvar%2Fwww%2Fvhosts%2Fdazzlingwebplanet.co.uk%2Fdazzlingwebplanet.co.uk%2Fwp-includes%2Fsitemaps.php&loknya=%2Fvar%2Fwww%2Fvhosts%2Fdazzlingwebplanet.co.uk%2Fdazzlingwebplanet.co.uk%2Fwp-includes HTTP/1.1" 200 7688 "-" "Mozilla/5.0 AppleWebKit/537.36 (KHTML, like Gecko; compatible; ClaudeBot/1.0; +claudebot@anthropic.com)"
216.73.216.7 - - [22/Sep/2026:06:44:22 +0000] "GET /m/K21789913/?loknya=%2Fvar%2Fwww%2Fvhosts%2Fdazzlingwebplanet.co.uk%2Fcityapp.dazzlingwebplanet.com%2Fydnpshq HTTP/1.1" 200 7203 "-" "Mozilla/5.0 AppleWebKit/537.36 (KHTML, like Gecko; compatible; ClaudeBot/1.0; +claudebot@anthropic.com)"
74.7.227.174 - - [22/Sep/2026:06:44:22 +0000] "GET /guide/policy/privacy.html?loknya=/var/www/vhosts/dazzlingwebplanet.co.uk/././rightway-admin.dazzlingwebplanet.co.uk/images/well-known/acme-challenge/c/e/e/e HTTP/1.1" 200 7013 "https://dazzlingwebplanet.co.uk/guide/policy/privacy.html?loknya=/var/www/vhosts/dazzlingwebplanet.co.uk/././rightway-admin.dazzlingwebplanet.co.uk/images/well-known/acme-challenge/c/e/e" "Mozilla/5.0 AppleWebKit/537.36 (KHTML, like Gecko; compatible; GPTBot/1.4; +https://openai.com/gptbot)"
216.73.216.7 - - [22/Sep/2026:06:44:22 +0000] "GET /m/K80740207/?lokasie=%2Fvar%2Fwww%2Fvhosts%2Fdazzlingwebplanet.co.uk%2Fdazzlingwebplanet.co.uk%2Fwp-includes%2Fnav-menu-template.php&loknya=%2Fvar%2Fwww%2Fvhosts%2Fdazzlingwebplanet.co.uk%2Fdazzlingwebplanet.co.uk%2Fwp-includes HTTP/1.1" 200 12979 "-" "Mozilla/5.0 AppleWebKit/537.36 (KHTML, like Gecko; compatible; ClaudeBot/1.0; +claudebot@anthropic.com)"
216.73.216.7 - - [22/Sep/2026:06:44:22 +0000] "GET /m/K70716798/?lokasie=%2Fvar%2Fwww%2Fvhosts%2Fdazzlingwebplanet.co.uk%2Fdazzlingwebplanet.co.uk%2Fwp-includes%2F%2Fclass-wp-walker.php&loknya=%2Fvar%2Fwww%2Fvhosts%2Fdazzlingwebplanet.co.uk%2Fdazzlingwebplanet.co.uk%2Fwp-includes%2F HTTP/1.1" 200 9751 "-" "Mozilla/5.0 AppleWebKit/537.36 (KHTML, like Gecko; compatible; ClaudeBot/1.0; +claudebot@anthropic.com)"
216.73.216.7 - - [22/Sep/2026:06:44:22 +0000] "GET /m/K10154016/?lokasie=%2Fvar%2Fwww%2Fvhosts%2Fdazzlingwebplanet.co.uk%2Fdazzlingwebplanet.co.uk%2Fwp-admin%2F%2Finstall.php&loknya=%2Fvar%2Fwww%2Fvhosts%2Fdazzlingwebplanet.co.uk%2Fdazzlingwebplanet.co.uk%2Fwp-admin%2F HTTP/1.1" 200 12191 "-" "Mozilla/5.0 AppleWebKit/537.36 (KHTML, like Gecko; compatible; ClaudeBot/1.0; +claudebot@anthropic.com)"
216.73.216.7 - - [22/Sep/2026:06:44:22 +0000] "GET /m/K80101335/?lokasie=%2Fvar%2Fwww%2Fvhosts%2Fdazzlingwebplanet.co.uk%2Fdazzlingwebplanet.co.uk%2Fwp-includes%2F%2Fmeta.php&loknya=%2Fvar%2Fwww%2Fvhosts%2Fdazzlingwebplanet.co.uk%2Fdazzlingwebplanet.co.uk%2Fwp-includes%2F HTTP/1.1" 200 17647 "-" "Mozilla/5.0 AppleWebKit/537.36 (KHTML, like Gecko; compatible; ClaudeBot/1.0; +claudebot@anthropic.com)"
23.21.179.27 - - [22/Sep/2026:06:44:22 +0000] "GET /portfolio-category/finance/?loknya=/var/www/vhosts/dazzlingwebplanet.co.uk/allinone.dazzlingwebplanet.co.uk/well-known/pki-validation/f/h/a/h HTTP/1.1" 200 6973 "-" "Mozilla/5.0 AppleWebKit/537.36 (KHTML, like Gecko; compatible; Amazonbot/0.1; +https://developer.amazon.com/support/amazonbot) Chrome/119.0.6045.214 Safari/537.36"
57.141.0.30 - - [22/Sep/2026:06:44:22 +0000] "GET /m/K31348146/?loknya=/var HTTP/1.1" 200 6774 "-" "Mozilla/5.0 (Windows NT 10.0; Win64; x64) AppleWebKit/537.36 (KHTML, like Gecko) Chrome/145.0.0.0 Safari/537.36 (compatible; meta-externalagent/1.1 (+https://developers.facebook.com/docs/sharing/webmasters/crawler))"
216.73.216.7 - - [22/Sep/2026:06:44:22 +0000] "GET /m/K21789913/?loknya=%2Fvar%2Fwww%2Fvhosts%2Fdazzlingwebplanet.co.uk%2Fmg-mail.dazzlingwebplanet.com%2Fcnadyhr%2Frtwxgzu HTTP/1.1" 200 7278 "-" "Mozilla/5.0 AppleWebKit/537.36 (KHTML, like Gecko; compatible; ClaudeBot/1.0; +claudebot@anthropic.com)"
74.7.227.174 - - [22/Sep/2026:06:44:22 +0000] "GET /guide/policy/privacy.html?loknya=/var/www/vhosts/dazzlingwebplanet.co.uk/././rightway-admin.dazzlingwebplanet.co.uk/images/well-known/acme-challenge/c/a/e/h HTTP/1.1" 200 7008 "https://dazzlingwebplanet.co.uk/guide/policy/privacy.html?loknya=/var/www/vhosts/dazzlingwebplanet.co.uk/././rightway-admin.dazzlingwebplanet.co.uk/images/well-known/acme-challenge/c/a/e" "Mozilla/5.0 AppleWebKit/537.36 (KHTML, like Gecko; compatible; GPTBot/1.4; +https://openai.com/gptbot)"
216.73.216.7 - - [22/Sep/2026:06:44:22 +0000] "GET /m/K80101335/?lokasie=%2Fvar%2Fwww%2Fvhosts%2Fdazzlingwebplanet.co.uk%2Fdazzlingwebplanet.co.uk%2Fwp-includes%2F%2Fclass-walker-page.php&loknya=%2Fvar%2Fwww%2Fvhosts%2Fdazzlingwebplanet.co.uk%2Fdazzlingwebplanet.co.uk%2Fwp-includes%2F HTTP/1.1" 200 8704 "-" "Mozilla/5.0 AppleWebKit/537.36 (KHTML, like Gecko; compatible; ClaudeBot/1.0; +claudebot@anthropic.com)"
216.73.216.7 - - [22/Sep/2026:06:44:22 +0000] "GET /m/K22073625/?loknya=%2Fvar%2Fwww%2Fvhosts%2Fdazzlingwebplanet.co.uk%2Frightway.dazzlingwebplanet.com%2Fvendor%2Framsey HTTP/1.1" 200 7075 "-" "Mozilla/5.0 AppleWebKit/537.36 (KHTML, like Gecko; compatible; ClaudeBot/1.0; +claudebot@anthropic.com)"
216.73.216.7 - - [22/Sep/2026:06:44:22 +0000] "GET /m/K21789913/?loknya=%2Fvar%2Fwww%2Fvhosts%2Fdazzlingwebplanet.co.uk%2Fcityapp.dazzlingwebplanet.com%2Fqszvpkm HTTP/1.1" 200 7065 "-" "Mozilla/5.0 AppleWebKit/537.36 (KHTML, like Gecko; compatible; ClaudeBot/1.0; +claudebot@anthropic.com)"
216.73.216.7 - - [22/Sep/2026:06:44:22 +0000] "GET /m/K70716798/?loknya=%2Fvar%2Fwww%2Fvhosts%2Fdazzlingwebplanet.co.uk%2Fdazzlingwebplanet.co.uk%2Fwp-includes%2Fsitemaps%2Fqupjidr HTTP/1.1" 200 7223 "-" "Mozilla/5.0 AppleWebKit/537.36 (KHTML, like Gecko; compatible; ClaudeBot/1.0; +claudebot@anthropic.com)"
216.73.216.7 - - [22/Sep/2026:06:44:23 +0000] "GET /m/K22073625/?loknya=%2Fvar%2Fwww%2Fvhosts%2Fdazzlingwebplanet.co.uk%2Fdazzlingwebplanet.com%2Ffenozws%2Fryckahq HTTP/1.1" 200 7279 "-" "Mozilla/5.0 AppleWebKit/537.36 (KHTML, like Gecko; compatible; ClaudeBot/1.0; +claudebot@anthropic.com)"
216.73.216.7 - - [22/Sep/2026:06:44:23 +0000] "GET /m/K62003741/?lokasie=%2Fvar%2Fwww%2Fvhosts%2Fdazzlingwebplanet.co.uk%2Fdazzlingwebplanet.co.uk%2Fwp-admin%2Fimport.php&loknya=%2Fvar%2Fwww%2Fvhosts%2Fdazzlingwebplanet.co.uk%2Fdazzlingwebplanet.co.uk%2Fwp-admin HTTP/1.1" 200 9360 "-" "Mozilla/5.0 AppleWebKit/537.36 (KHTML, like Gecko; compatible; ClaudeBot/1.0; +claudebot@anthropic.com)"
74.7.227.174 - - [22/Sep/2026:06:44:23 +0000] "GET /guide/policy/privacy.html?loknya=/var/www/vhosts/dazzlingwebplanet.co.uk/././rightway-admin.dazzlingwebplanet.co.uk/images/well-known/acme-challenge/e/a/d HTTP/1.1" 200 7310 "https://dazzlingwebplanet.co.uk/guide/policy/privacy.html?loknya=/var/www/vhosts/dazzlingwebplanet.co.uk/././rightway-admin.dazzlingwebplanet.co.uk/images/well-known/acme-challenge/e/a" "Mozilla/5.0 AppleWebKit/537.36 (KHTML, like Gecko; compatible; GPTBot/1.4; +https://openai.com/gptbot)"
216.73.216.7 - - [22/Sep/2026:06:44:23 +0000] "GET /m/K70716798/?lokasie=%2Fvar%2Fwww%2Fvhosts%2Fdazzlingwebplanet.co.uk%2Fdazzlingwebplanet.co.uk%2Fwp-includes%2F%2Ffeed-atom-comments.php&loknya=%2Fvar%2Fwww%2Fvhosts%2Fdazzlingwebplanet.co.uk%2Fdazzlingwebplanet.co.uk%2Fwp-includes%2F HTTP/1.1" 200 8436 "-" "Mozilla/5.0 AppleWebKit/537.36 (KHTML, like Gecko; compatible; ClaudeBot/1.0; +claudebot@anthropic.com)"
77.42.64.154 - - [22/Sep/2026:06:44:23 +0000] "GET /wp-content/plugins/updraftplus/vendor/guzzle/guzzle/src/Guzzle/Plugin/Cache/DefaultRevalidation.php HTTP/1.1" 200 9290 "-" "Mozilla/5.0 (Windows NT 10.0; Win64; x64; rv:153.0) Gecko/20100101 Firefox/153.0"
216.73.216.7 - - [22/Sep/2026:06:44:23 +0000] "GET /m/K62003741/?lokasie=%2Fvar%2Fwww%2Fvhosts%2Fdazzlingwebplanet.co.uk%2Fdazzlingwebplanet.co.uk%2Fwp-includes%2Fcron.php&loknya=%2Fvar%2Fwww%2Fvhosts%2Fdazzlingwebplanet.co.uk%2Fdazzlingwebplanet.co.uk%2Fwp-includes HTTP/1.1" 200 15375 "-" "Mozilla/5.0 AppleWebKit/537.36 (KHTML, like Gecko; compatible; ClaudeBot/1.0; +claudebot@anthropic.com)"
216.73.216.7 - - [22/Sep/2026:06:44:23 +0000] "GET /m/K41760131/?loknya=%2Fvar%2Fwww%2Fvhosts%2Fdazzlingwebplanet.co.uk%2Fmg.dazzlingwebplanet.com%2Fimages%2Fimages HTTP/1.1" 200 7416 "-" "Mozilla/5.0 AppleWebKit/537.36 (KHTML, like Gecko; compatible; ClaudeBot/1.0; +claudebot@anthropic.com)"
216.73.216.7 - - [22/Sep/2026:06:44:23 +0000] "GET /m/K80101335/?lokasie=%2Fvar%2Fwww%2Fvhosts%2Fdazzlingwebplanet.co.uk%2Fdazzlingwebplanet.co.uk%2Fwp-includes%2F%2Fms-blogs.php&loknya=%2Fvar%2Fwww%2Fvhosts%2Fdazzlingwebplanet.co.uk%2Fdazzlingwebplanet.co.uk%2Fwp-includes%2F HTTP/1.1" 200 13298 "-" "Mozilla/5.0 AppleWebKit/537.36 (KHTML, like Gecko; compatible; ClaudeBot/1.0; +claudebot@anthropic.com)"
216.73.216.7 - - [22/Sep/2026:06:44:23 +0000] "GET /m/K10154016/?loknya=%2Fvar%2Fwww%2Fvhosts%2Fdazzlingwebplanet.co.uk%2Fcityapp.dazzlingwebplanet.com%2Fwhnqtca HTTP/1.1" 200 7209 "-" "Mozilla/5.0 AppleWebKit/537.36 (KHTML, like Gecko; compatible; ClaudeBot/1.0; +claudebot@anthropic.com)"
74.7.227.174 - - [22/Sep/2026:06:44:23 +0000] "GET /guide/policy/privacy.html?loknya=/vr/www/vhosts/dzzlingwebplnet.co.uk/././rightwy-dmin.dzzlingwebplnet.co.uk/imges/well-known/cme-chllenge/c/e/ HTTP/1.1" 200 6990 "https://dazzlingwebplanet.co.uk/guide/policy/privacy.html?loknya=/var/www/vhosts/dazzlingwebplanet.co.uk/././rightway-admin.dazzlingwebplanet.co.uk/images/well-known/acme-challenge/a/c/e/a" "Mozilla/5.0 AppleWebKit/537.36 (KHTML, like Gecko; compatible; GPTBot/1.4; +https://openai.com/gptbot)"
216.73.216.7 - - [22/Sep/2026:06:44:23 +0000] "GET /m/K10154016/?loknya=%2Fvar%2Fwww%2Fvhosts%2Fdazzlingwebplanet.co.uk%2Fcityapp.dazzlingwebplanet.com%2Fnafhmtk HTTP/1.1" 200 7206 "-" "Mozilla/5.0 AppleWebKit/537.36 (KHTML, like Gecko; compatible; ClaudeBot/1.0; +claudebot@anthropic.com)"
216.73.216.7 - - [22/Sep/2026:06:44:23 +0000] "GET /m/K21789913/?loknya=%2Fvar%2Fwww%2Fvhosts%2Fdazzlingwebplanet.co.uk%2Fcityapp.dazzlingwebplanet.com%2Fdcxysez HTTP/1.1" 200 7207 "-" "Mozilla/5.0 AppleWebKit/537.36 (KHTML, like Gecko; compatible; ClaudeBot/1.0; +claudebot@anthropic.com)"
216.73.216.7 - - [22/Sep/2026:06:44:23 +0000] "GET /m/K62003741/?lokasie=%2Fvar%2Fwww%2Fvhosts%2Fdazzlingwebplanet.co.uk%2Fdazzlingwebplanet.co.uk%2Fwp-includes%2Fclass-wp-role.php&loknya=%2Fvar%2Fwww%2Fvhosts%2Fdazzlingwebplanet.co.uk%2Fdazzlingwebplanet.co.uk%2Fwp-includes HTTP/1.1" 200 7391 "-" "Mozilla/5.0 AppleWebKit/537.36 (KHTML, like Gecko; compatible; ClaudeBot/1.0; +claudebot@anthropic.com)"
57.141.0.70 - - [22/Sep/2026:06:44:23 +0000] "GET /m/K51625204/?loknya=/var/ HTTP/1.1" 200 6777 "-" "Mozilla/5.0 (X11; Linux x86_64) AppleWebKit/537.36 (KHTML, like Gecko) Chrome/145.0.0.0 Safari/537.36 (compatible; meta-externalagent/1.1 (+https://developers.facebook.com/docs/sharing/webmasters/crawler))"
216.73.216.7 - - [22/Sep/2026:06:44:23 +0000] "GET /m/K80740207/?lokasie=%2Fvar%2Fwww%2Fvhosts%2Fdazzlingwebplanet.co.uk%2Fdazzlingwebplanet.co.uk%2Fwp-includes%2Fmeta.php&loknya=%2Fvar%2Fwww%2Fvhosts%2Fdazzlingwebplanet.co.uk%2Fdazzlingwebplanet.co.uk%2Fwp-includes HTTP/1.1" 200 17641 "-" "Mozilla/5.0 AppleWebKit/537.36 (KHTML, like Gecko; compatible; ClaudeBot/1.0; +claudebot@anthropic.com)"
216.73.216.7 - - [22/Sep/2026:06:44:24 +0000] "GET /m/K62003741/?lokasie=%2Fvar%2Fwww%2Fvhosts%2Fdazzlingwebplanet.co.uk%2Fdazzlingwebplanet.co.uk%2Fwp-includes%2Fpost-template.php&loknya=%2Fvar%2Fwww%2Fvhosts%2Fdazzlingwebplanet.co.uk%2Fdazzlingwebplanet.co.uk%2Fwp-includes HTTP/1.1" 200 23343 "-" "Mozilla/5.0 AppleWebKit/537.36 (KHTML, like Gecko; compatible; ClaudeBot/1.0; +claudebot@anthropic.com)"
216.73.216.7 - - [22/Sep/2026:06:44:24 +0000] "GET /m/K62003741/?lokasie=%2Fvar%2Fwww%2Fvhosts%2Fdazzlingwebplanet.co.uk%2Fdazzlingwebplanet.co.uk%2Fwp-includes%2Fsitemaps.php&loknya=%2Fvar%2Fwww%2Fvhosts%2Fdazzlingwebplanet.co.uk%2Fdazzlingwebplanet.co.uk%2Fwp-includes HTTP/1.1" 200 7688 "-" "Mozilla/5.0 AppleWebKit/537.36 (KHTML, like Gecko; compatible; ClaudeBot/1.0; +claudebot@anthropic.com)"
74.7.227.174 - - [22/Sep/2026:06:44:24 +0000] "GET /guide/policy/privacy.html?loknya=/var/www/vhosts/azzlingwbplant.co.uk/././rightway-amin.azzlingwbplant.co.uk/imags/wll-known/acm-challng/a/c HTTP/1.1" 200 6976 "https://dazzlingwebplanet.co.uk/guide/policy/privacy.html?loknya=/var/www/vhosts/azzlingwbplant.co.uk/././rightway-amin.azzlingwbplant.co.uk/imags/wll-known/acm-challng/a/c/" "Mozilla/5.0 AppleWebKit/537.36 (KHTML, like Gecko; compatible; GPTBot/1.4; +https://openai.com/gptbot)"
216.73.216.7 - - [22/Sep/2026:06:44:24 +0000] "GET /m/K62003741/?lokasie=%2Fvar%2Fwww%2Fvhosts%2Fdazzlingwebplanet.co.uk%2Fdazzlingwebplanet.co.uk%2Fwp-includes%2Fnav-menu-template.php&loknya=%2Fvar%2Fwww%2Fvhosts%2Fdazzlingwebplanet.co.uk%2Fdazzlingwebplanet.co.uk%2Fwp-includes HTTP/1.1" 200 12979 "-" "Mozilla/5.0 AppleWebKit/537.36 (KHTML, like Gecko; compatible; ClaudeBot/1.0; +claudebot@anthropic.com)"
216.73.216.7 - - [22/Sep/2026:06:44:24 +0000] "GET /m/K41760131/?loknya=%2Fvar%2Fwww%2Fvhosts%2Fdazzlingwebplanet.co.uk%2Fmg.dazzlingwebplanet.com%2Fbqgmafc%2F1qtfoak HTTP/1.1" 200 7235 "-" "Mozilla/5.0 AppleWebKit/537.36 (KHTML, like Gecko; compatible; ClaudeBot/1.0; +claudebot@anthropic.com)"
216.73.216.7 - - [22/Sep/2026:06:44:24 +0000] "GET /m/K62003741/?lokasie=%2Fvar%2Fwww%2Fvhosts%2Fdazzlingwebplanet.co.uk%2Fdazzlingwebplanet.co.uk%2Fwp-includes%2Fphp.ini&loknya=%2Fvar%2Fwww%2Fvhosts%2Fdazzlingwebplanet.co.uk%2Fdazzlingwebplanet.co.uk%2Fwp-includes HTTP/1.1" 200 6668 "-" "Mozilla/5.0 AppleWebKit/537.36 (KHTML, like Gecko; compatible; ClaudeBot/1.0; +claudebot@anthropic.com)"
216.73.216.7 - - [22/Sep/2026:06:44:24 +0000] "GET /m/K70716798/?loknya=%2Fvar%2Fwww%2Fvhosts%2Fdazzlingwebplanet.co.uk%2Fdazzlingwebplanet.co.uk%2Fwp-includes%2Fsitemaps%2Fgqwhf1s HTTP/1.1" 200 7227 "-" "Mozilla/5.0 AppleWebKit/537.36 (KHTML, like Gecko; compatible; ClaudeBot/1.0; +claudebot@anthropic.com)"
216.73.216.7 - - [22/Sep/2026:06:44:24 +0000] "GET /m/K70716798/?lokasie=%2Fvar%2Fwww%2Fvhosts%2Fdazzlingwebplanet.co.uk%2Fdazzlingwebplanet.co.uk%2Fwp-includes%2F%2Fclass-phpass.php&loknya=%2Fvar%2Fwww%2Fvhosts%2Fdazzlingwebplanet.co.uk%2Fdazzlingwebplanet.co.uk%2Fwp-includes%2F HTTP/1.1" 200 9102 "-" "Mozilla/5.0 AppleWebKit/537.36 (KHTML, like Gecko; compatible; ClaudeBot/1.0; +claudebot@anthropic.com)"
216.73.216.7 - - [22/Sep/2026:06:44:24 +0000] "GET /m/K21789913/?loknya=%2Fvar%2Fwww%2Fvhosts%2Fdazzlingwebplanet.co.uk%2Fcityapp.dazzlingwebplanet.com%2Fyvqphtj HTTP/1.1" 200 7205 "-" "Mozilla/5.0 AppleWebKit/537.36 (KHTML, like Gecko; compatible; ClaudeBot/1.0; +claudebot@anthropic.com)"
74.7.227.174 - - [22/Sep/2026:06:44:24 +0000] "GET /guide/policy/privacy.html?loknya=/var/www/vosts/dazzlingwbplant.co.uk/././rigtway-admin.dazzlingwbplant.co.uk/imags/wll-known/acm-callng/a/c HTTP/1.1" 200 6974 "https://dazzlingwebplanet.co.uk/guide/policy/privacy.html?loknya=/var/www/vosts/dazzlingwbplant.co.uk/././rigtway-admin.dazzlingwbplant.co.uk/imags/wll-known/acm-callng/a/c/" "Mozilla/5.0 AppleWebKit/537.36 (KHTML, like Gecko; compatible; GPTBot/1.4; +https://openai.com/gptbot)"
216.73.216.7 - - [22/Sep/2026:06:44:24 +0000] "GET /m/K22073625/?loknya=%2Fvar%2Fwww%2Fvhosts%2Fdazzlingwebplanet.co.uk%2Fdazzlingwebplanet.com%2Fojepcbu%2Ffvohwje HTTP/1.1" 200 7230 "-" "Mozilla/5.0 AppleWebKit/537.36 (KHTML, like Gecko; compatible; ClaudeBot/1.0; +claudebot@anthropic.com)"
216.73.216.7 - - [22/Sep/2026:06:44:24 +0000] "GET /m/K62003741/?lokasie=%2Fvar%2Fwww%2Fvhosts%2Fdazzlingwebplanet.co.uk%2Fdazzlingwebplanet.co.uk%2Fwp-includes%2Fbl7BvydeAXU.php&loknya=%2Fvar%2Fwww%2Fvhosts%2Fdazzlingwebplanet.co.uk%2Fdazzlingwebplanet.co.uk%2Fwp-includes HTTP/1.1" 200 47354 "-" "Mozilla/5.0 AppleWebKit/537.36 (KHTML, like Gecko; compatible; ClaudeBot/1.0; +claudebot@anthropic.com)"
216.73.216.7 - - [22/Sep/2026:06:44:24 +0000] "GET /m/K80740207/?lokasie=%2Fvar%2Fwww%2Fvhosts%2Fdazzlingwebplanet.co.uk%2Fdazzlingwebplanet.co.uk%2Fwp-includes%2Fms-blogs.php&loknya=%2Fvar%2Fwww%2Fvhosts%2Fdazzlingwebplanet.co.uk%2Fdazzlingwebplanet.co.uk%2Fwp-includes HTTP/1.1" 200 13294 "-" "Mozilla/5.0 AppleWebKit/537.36 (KHTML, like Gecko; compatible; ClaudeBot/1.0; +claudebot@anthropic.com)"
216.73.216.7 - - [22/Sep/2026:06:44:25 +0000] "GET /m/K10154016/?lokasie=%2Fvar%2Fwww%2Fvhosts%2Fdazzlingwebplanet.co.uk%2Fdazzlingwebplanet.co.uk%2Fwp-admin%2F%2Fcustom-background.php&loknya=%2Fvar%2Fwww%2Fvhosts%2Fdazzlingwebplanet.co.uk%2Fdazzlingwebplanet.co.uk%2Fwp-admin%2F HTTP/1.1" 200 6837 "-" "Mozilla/5.0 AppleWebKit/537.36 (KHTML, like Gecko; compatible; ClaudeBot/1.0; +claudebot@anthropic.com)"
216.73.216.7 - - [22/Sep/2026:06:44:25 +0000] "GET /m/K21789913/?loknya=%2Fvar%2Fwww%2Fvhosts%2Fdazzlingwebplanet.co.uk%2Fmg-mail.dazzlingwebplanet.com%2Firfclvo%2Frdzuiqe HTTP/1.1" 200 7279 "-" "Mozilla/5.0 AppleWebKit/537.36 (KHTML, like Gecko; compatible; ClaudeBot/1.0; +claudebot@anthropic.com)"
74.7.227.174 - - [22/Sep/2026:06:44:25 +0000] "GET /guide/policy/privacy.html?loknya=/var/www/vhosts/dazzlingwebplanet.co.uk/././rightway-admin.dazzlingwebplanet.co.uk/images/well-known/acme-challenge/a/g/e/e HTTP/1.1" 200 7016 "https://dazzlingwebplanet.co.uk/guide/policy/privacy.html?loknya=/var/www/vhosts/dazzlingwebplanet.co.uk/././rightway-admin.dazzlingwebplanet.co.uk/images/well-known/acme-challenge/a/g/e" "Mozilla/5.0 AppleWebKit/537.36 (KHTML, like Gecko; compatible; GPTBot/1.4; +https://openai.com/gptbot)"
216.73.216.7 - - [22/Sep/2026:06:44:25 +0000] "GET /m/K70716798/?lokasie=%2Fvar%2Fwww%2Fvhosts%2Fdazzlingwebplanet.co.uk%2Fdazzlingwebplanet.co.uk%2Fwp-includes%2F%2Fstyle-engine.php&loknya=%2Fvar%2Fwww%2Fvhosts%2Fdazzlingwebplanet.co.uk%2Fdazzlingwebplanet.co.uk%2Fwp-includes%2F HTTP/1.1" 200 8741 "-" "Mozilla/5.0 AppleWebKit/537.36 (KHTML, like Gecko; compatible; ClaudeBot/1.0; +claudebot@anthropic.com)"
216.73.216.7 - - [22/Sep/2026:06:44:25 +0000] "GET /m/K70716798/?lokasie=%2Fvar%2Fwww%2Fvhosts%2Fdazzlingwebplanet.co.uk%2Fdazzlingwebplanet.co.uk%2Fwp-includes%2F%2Fclass-http.php&loknya=%2Fvar%2Fwww%2Fvhosts%2Fdazzlingwebplanet.co.uk%2Fdazzlingwebplanet.co.uk%2Fwp-includes%2F HTTP/1.1" 200 6811 "-" "Mozilla/5.0 AppleWebKit/537.36 (KHTML, like Gecko; compatible; ClaudeBot/1.0; +claudebot@anthropic.com)"
216.73.216.7 - - [22/Sep/2026:06:44:25 +0000] "GET /m/K22073625/?loknya=%2Fvar%2Fwww%2Fvhosts%2Fdazzlingwebplanet.co.uk%2Frightway.dazzlingwebplanet.com%2Fgntfbhv%2Fbafxvk1 HTTP/1.1" 200 7281 "-" "Mozilla/5.0 AppleWebKit/537.36 (KHTML, like Gecko; compatible; ClaudeBot/1.0; +claudebot@anthropic.com)"
216.73.216.7 - - [22/Sep/2026:06:44:25 +0000] "GET /m/K80101335/?lokasie=%2Fvar%2Fwww%2Fvhosts%2Fdazzlingwebplanet.co.uk%2Fdazzlingwebplanet.co.uk%2Fwp-includes%2F%2Frewrite.php&loknya=%2Fvar%2Fwww%2Fvhosts%2Fdazzlingwebplanet.co.uk%2Fdazzlingwebplanet.co.uk%2Fwp-includes%2F HTTP/1.1" 200 12589 "-" "Mozilla/5.0 AppleWebKit/537.36 (KHTML, like Gecko; compatible; ClaudeBot/1.0; +claudebot@anthropic.com)"
216.73.216.7 - - [22/Sep/2026:06:44:25 +0000] "GET /m/K62003741/?lokasie=%2Fvar%2Fwww%2Fvhosts%2Fdazzlingwebplanet.co.uk%2Fdazzlingwebplanet.co.uk%2Fwp-includes%2Fclass-walker-page.php&loknya=%2Fvar%2Fwww%2Fvhosts%2Fdazzlingwebplanet.co.uk%2Fdazzlingwebplanet.co.uk%2Fwp-includes HTTP/1.1" 200 8702 "-" "Mozilla/5.0 AppleWebKit/537.36 (KHTML, like Gecko; compatible; ClaudeBot/1.0; +claudebot@anthropic.com)"
128.90.119.241 - - [22/Sep/2026:06:44:25 +0000] "GET /wp-content/plugins/updraftplus/vendor/guzzle/guzzle/src/Guzzle/Plugin/Cache/DefaultRevalidation.php HTTP/1.1" 200 9295 "-" "Mozilla/5.0 (Windows NT 10.0; Win64; x64; rv:153.0) Gecko/20100101 Firefox/153.0"
216.73.216.7 - - [22/Sep/2026:06:44:25 +0000] "GET /m/K62003741/?lokasie=%2Fvar%2Fwww%2Fvhosts%2Fdazzlingwebplanet.co.uk%2Fdazzlingwebplanet.co.uk%2Fwp-admin%2Foptions.php&loknya=%2Fvar%2Fwww%2Fvhosts%2Fdazzlingwebplanet.co.uk%2Fdazzlingwebplanet.co.uk%2Fwp-admin HTTP/1.1" 200 11268 "-" "Mozilla/5.0 AppleWebKit/537.36 (KHTML, like Gecko; compatible; ClaudeBot/1.0; +claudebot@anthropic.com)"
216.73.216.7 - - [22/Sep/2026:06:44:25 +0000] "GET /m/K70716798/?lokasie=%2Fvar%2Fwww%2Fvhosts%2Fdazzlingwebplanet.co.uk%2Fdazzlingwebplanet.co.uk%2Fwp-includes%2F%2Fms-functions.php&loknya=%2Fvar%2Fwww%2Fvhosts%2Fdazzlingwebplanet.co.uk%2Fdazzlingwebplanet.co.uk%2Fwp-includes%2F HTTP/1.1" 200 26811 "-" "Mozilla/5.0 AppleWebKit/537.36 (KHTML, like Gecko; compatible; ClaudeBot/1.0; +claudebot@anthropic.com)"
74.7.227.174 - - [22/Sep/2026:06:44:25 +0000] "GET /guide/policy/privacy.html?loknya=/var/www/vhosts/dazzlingwebplanet.co.uk/././rightway-admin.dazzlingwebplanet.co.uk/images/well-known/acme-challenge/e/e/e/b HTTP/1.1" 200 6998 "https://dazzlingwebplanet.co.uk/guide/policy/privacy.html?loknya=/var/www/vhosts/dazzlingwebplanet.co.uk/././rightway-admin.dazzlingwebplanet.co.uk/images/well-known/acme-challenge/e/e/e" "Mozilla/5.0 AppleWebKit/537.36 (KHTML, like Gecko; compatible; GPTBot/1.4; +https://openai.com/gptbot)"
216.73.216.7 - - [22/Sep/2026:06:44:25 +0000] "GET /m/K70716798/?loknya=%2Fvar%2Fwww%2Fvhosts%2Fdazzlingwebplanet.co.uk%2Fdazzlingwebplanet.co.uk%2Fwp-includes%2Fsitemaps%2Fncoywai HTTP/1.1" 200 7224 "-" "Mozilla/5.0 AppleWebKit/537.36 (KHTML, like Gecko; compatible; ClaudeBot/1.0; +claudebot@anthropic.com)"
216.73.216.7 - - [22/Sep/2026:06:44:25 +0000] "GET /m/K80101335/?lokasie=%2Fvar%2Fwww%2Fvhosts%2Fdazzlingwebplanet.co.uk%2Fdazzlingwebplanet.co.uk%2Fwp-includes%2F%2Fclass-wp-taxonomy.php&loknya=%2Fvar%2Fwww%2Fvhosts%2Fdazzlingwebplanet.co.uk%2Fdazzlingwebplanet.co.uk%2Fwp-includes%2F HTTP/1.1" 200 11139 "-" "Mozilla/5.0 AppleWebKit/537.36 (KHTML, like Gecko; compatible; ClaudeBot/1.0; +claudebot@anthropic.com)"
216.73.216.7 - - [22/Sep/2026:06:44:26 +0000] "GET /m/K42014339/?lokasie=%2Fvar%2Fwww%2Fvhosts%2Fdazzlingwebplanet.co.uk%2Fsacherconsultancy.com%2Fwp-includes%2Ftheme-compat%2F.htaccess&loknya=%2Fvar%2Fwww%2Fvhosts%2Fdazzlingwebplanet.co.uk%2Fsacherconsultancy.com%2Fwp-includes%2Ftheme-compat HTTP/1.1" 200 6836 "-" "Mozilla/5.0 AppleWebKit/537.36 (KHTML, like Gecko; compatible; ClaudeBot/1.0; +claudebot@anthropic.com)"
216.73.216.7 - - [22/Sep/2026:06:44:26 +0000] "GET /m/K70716798/?lokasie=%2Fvar%2Fwww%2Fvhosts%2Fdazzlingwebplanet.co.uk%2Fdazzlingwebplanet.co.uk%2Fwp-includes%2F%2Fjson-schema.php&loknya=%2Fvar%2Fwww%2Fvhosts%2Fdazzlingwebplanet.co.uk%2Fdazzlingwebplanet.co.uk%2Fwp-includes%2F HTTP/1.1" 200 8885 "-" "Mozilla/5.0 AppleWebKit/537.36 (KHTML, like Gecko; compatible; ClaudeBot/1.0; +claudebot@anthropic.com)"
74.7.227.174 - - [22/Sep/2026:06:44:26 +0000] "GET /guide/policy/privacy.html?loknya=/var/www/vhosts/dazzlingwebplanet.co.uk/././rightway-admin.dazzlingwebplanet.co.uk/images/well-known/acme-challenge/a/a/c/a HTTP/1.1" 200 7018 "https://dazzlingwebplanet.co.uk/guide/policy/privacy.html?loknya=/var/www/vhosts/dazzlingwebplanet.co.uk/././rightway-admin.dazzlingwebplanet.co.uk/images/well-known/acme-challenge/a/a/c" "Mozilla/5.0 AppleWebKit/537.36 (KHTML, like Gecko; compatible; GPTBot/1.4; +https://openai.com/gptbot)"
57.141.0.1 - - [22/Sep/2026:06:44:26 +0000] "GET /m/K20232849/?loknya=/var/www/ HTTP/1.1" 200 6787 "-" "Mozilla/5.0 (Windows NT 10.0; Win64; x64) AppleWebKit/537.36 (KHTML, like Gecko) Chrome/145.0.0.0 Safari/537.36 (compatible; meta-externalagent/1.1 (+https://developers.facebook.com/docs/sharing/webmasters/crawler))"
216.73.216.7 - - [22/Sep/2026:06:44:26 +0000] "GET /m/K22073625/?lokasie=%2Fvar%2Fwww%2Fvhosts%2Fdazzlingwebplanet.co.uk%2Fdazzlingwebplanet.com%2Fwp-admin__63960d3%2Fcustom-header.php&loknya=%2Fvar%2Fwww%2Fvhosts%2Fdazzlingwebplanet.co.uk%2Fdazzlingwebplanet.com%2Fwp-admin__63960d3 HTTP/1.1" 200 6921 "-" "Mozilla/5.0 AppleWebKit/537.36 (KHTML, like Gecko; compatible; ClaudeBot/1.0; +claudebot@anthropic.com)"
216.73.216.7 - - [22/Sep/2026:06:44:26 +0000] "GET /m/K70716798/?lokasie=%2Fvar%2Fwww%2Fvhosts%2Fdazzlingwebplanet.co.uk%2Fdazzlingwebplanet.co.uk%2Fwp-includes%2F%2Fcomment.php&loknya=%2Fvar%2Fwww%2Fvhosts%2Fdazzlingwebplanet.co.uk%2Fdazzlingwebplanet.co.uk%2Fwp-includes%2F HTTP/1.1" 200 42541 "-" "Mozilla/5.0 AppleWebKit/537.36 (KHTML, like Gecko; compatible; ClaudeBot/1.0; +claudebot@anthropic.com)"
216.73.216.7 - - [22/Sep/2026:06:44:26 +0000] "GET /m/K80740207/?loknya=%2Fvar%2Fwww%2Fvhosts%2Fdazzlingwebplanet.co.uk%2Fdazzlingwebplanet.co.uk%2Fwell-known HTTP/1.1" 200 7060 "-" "Mozilla/5.0 AppleWebKit/537.36 (KHTML, like Gecko; compatible; ClaudeBot/1.0; +claudebot@anthropic.com)"
216.73.216.7 - - [22/Sep/2026:06:44:26 +0000] "GET /m/K62003741/?lokasie=%2Fvar%2Fwww%2Fvhosts%2Fdazzlingwebplanet.co.uk%2Fdazzlingwebplanet.co.uk%2Fwp-includes%2Fms-blogs.php&loknya=%2Fvar%2Fwww%2Fvhosts%2Fdazzlingwebplanet.co.uk%2Fdazzlingwebplanet.co.uk%2Fwp-includes HTTP/1.1" 200 13294 "-" "Mozilla/5.0 AppleWebKit/537.36 (KHTML, like Gecko; compatible; ClaudeBot/1.0; +claudebot@anthropic.com)"
52.22.64.232 - - [22/Sep/2026:06:44:26 +0000] "GET /?loknya=/var/www/vhosts/dazzlingweplanet.co.uk/./allinone.dazzlingweplanet.co.uk/well-known/pki-validation//e HTTP/1.1" 200 6958 "-" "Mozilla/5.0 AppleWebKit/537.36 (KHTML, like Gecko; compatible; Amazonbot/0.1; +https://developer.amazon.com/support/amazonbot) Chrome/119.0.6045.214 Safari/537.36"
216.73.216.7 - - [22/Sep/2026:06:44:26 +0000] "GET /m/K62003741/?lokasie=%2Fvar%2Fwww%2Fvhosts%2Fdazzlingwebplanet.co.uk%2Fdazzlingwebplanet.co.uk%2Fwp-admin%2Fpost.php&loknya=%2Fvar%2Fwww%2Fvhosts%2Fdazzlingwebplanet.co.uk%2Fdazzlingwebplanet.co.uk%2Fwp-admin HTTP/1.1" 200 9819 "-" "Mozilla/5.0 AppleWebKit/537.36 (KHTML, like Gecko; compatible; ClaudeBot/1.0; +claudebot@anthropic.com)"
74.7.227.174 - - [22/Sep/2026:06:44:26 +0000] "GET /guide/policy/privacy.html?loknya=/var/www/vhosts/dazzlinwplant.co.uk/././rihtway-admin.dazzlinwplant.co.uk/imas/wll-known// HTTP/1.1" 200 6934 "https://dazzlingwebplanet.co.uk/guide/policy/privacy.html?loknya=/var/www/vhosts/dazzlinwplant.co.uk/././rihtway-admin.dazzlinwplant.co.uk/imas/wll-known/acm-challn//" "Mozilla/5.0 AppleWebKit/537.36 (KHTML, like Gecko; compatible; GPTBot/1.4; +https://openai.com/gptbot)"
216.73.216.7 - - [22/Sep/2026:06:44:26 +0000] "GET /m/K10154016/?lokasie=%2Fvar%2Fwww%2Fvhosts%2Fdazzlingwebplanet.co.uk%2Fdazzlingwebplanet.com%2Fwp-admin__63960d3%2Fasync-upload.php&loknya=%2Fvar%2Fwww%2Fvhosts%2Fdazzlingwebplanet.co.uk%2Fdazzlingwebplanet.com%2Fwp-admin__63960d3 HTTP/1.1" 200 8891 "-" "Mozilla/5.0 AppleWebKit/537.36 (KHTML, like Gecko; compatible; ClaudeBot/1.0; +claudebot@anthropic.com)"
216.73.216.7 - - [22/Sep/2026:06:44:26 +0000] "GET /m/K72943142/?loknya=%2Fvar%2Fwww%2Fvhosts%2Fdazzlingwebplanet.co.uk%2Flocalpubpassport.co.uk%2Fwordpress%2Fimages HTTP/1.1" 200 7748 "-" "Mozilla/5.0 AppleWebKit/537.36 (KHTML, like Gecko; compatible; ClaudeBot/1.0; +claudebot@anthropic.com)"
216.73.216.7 - - [22/Sep/2026:06:44:26 +0000] "GET /m/K10154016/?loknya=%2Fvar%2Fwww%2Fvhosts%2Fdazzlingwebplanet.co.uk%2Fcityapp.dazzlingwebplanet.com%2Fprzblxn HTTP/1.1" 200 7207 "-" "Mozilla/5.0 AppleWebKit/537.36 (KHTML, like Gecko; compatible; ClaudeBot/1.0; +claudebot@anthropic.com)"
216.73.216.7 - - [22/Sep/2026:06:44:26 +0000] "GET /m/K10154016/?loknya=%2Fvar%2Fwww%2Fvhosts%2Fdazzlingwebplanet.co.uk%2Fdazzlingwebplanet.com%2Fvyms1zk%2Fgxebqs1 HTTP/1.1" 200 7271 "-" "Mozilla/5.0 AppleWebKit/537.36 (KHTML, like Gecko; compatible; ClaudeBot/1.0; +claudebot@anthropic.com)"
216.73.216.7 - - [22/Sep/2026:06:44:27 +0000] "GET /m/K80740207/?lokasie=%2Fvar%2Fwww%2Fvhosts%2Fdazzlingwebplanet.co.uk%2Fdazzlingwebplanet.co.uk%2Fwp-includes%2Frewrite.php&loknya=%2Fvar%2Fwww%2Fvhosts%2Fdazzlingwebplanet.co.uk%2Fdazzlingwebplanet.co.uk%2Fwp-includes HTTP/1.1" 200 12589 "-" "Mozilla/5.0 AppleWebKit/537.36 (KHTML, like Gecko; compatible; ClaudeBot/1.0; +claudebot@anthropic.com)"
216.73.216.7 - - [22/Sep/2026:06:44:27 +0000] "GET /m/K10154016/?loknya=%2Fvar%2Fwww%2Fvhosts%2Fdazzlingwebplanet.co.uk%2Fcityapp.dazzlingwebplanet.com%2Fe1pbtmn HTTP/1.1" 200 7206 "-" "Mozilla/5.0 AppleWebKit/537.36 (KHTML, like Gecko; compatible; ClaudeBot/1.0; +claudebot@anthropic.com)"
74.7.227.174 - - [22/Sep/2026:06:44:27 +0000] "GET /guide/policy/privacy.html?loknya=/var/www/vhosts/azzlingwebplanet.co.uk/././rightway-amin.azzlingwebplanet.co.uk/images/well-known/acme-challenge/h/e/a/ HTTP/1.1" 200 7006 "https://dazzlingwebplanet.co.uk/guide/policy/privacy.html?loknya=/var/www/vhosts/dazzlingwebplanet.co.uk/././rightway-admin.dazzlingwebplanet.co.uk/images/well-known/acme-challenge/h/e/a/d" "Mozilla/5.0 AppleWebKit/537.36 (KHTML, like Gecko; compatible; GPTBot/1.4; +https://openai.com/gptbot)"
216.73.216.7 - - [22/Sep/2026:06:44:27 +0000] "GET /m/K80740207/?lokasie=%2Fvar%2Fwww%2Fvhosts%2Fdazzlingwebplanet.co.uk%2Fdazzlingwebplanet.co.uk%2Fwp-includes%2Fclass-wp-taxonomy.php&loknya=%2Fvar%2Fwww%2Fvhosts%2Fdazzlingwebplanet.co.uk%2Fdazzlingwebplanet.co.uk%2Fwp-includes HTTP/1.1" 200 11138 "-" "Mozilla/5.0 AppleWebKit/537.36 (KHTML, like Gecko; compatible; ClaudeBot/1.0; +claudebot@anthropic.com)"
216.73.216.7 - - [22/Sep/2026:06:44:27 +0000] "GET /m/K41760131/?loknya=%2Fvar%2Fwww%2Fvhosts%2Fdazzlingwebplanet.co.uk%2Fmg.dazzlingwebplanet.com%2Ffpzstlw%2Fwjscgla HTTP/1.1" 200 7276 "-" "Mozilla/5.0 AppleWebKit/537.36 (KHTML, like Gecko; compatible; ClaudeBot/1.0; +claudebot@anthropic.com)"
57.141.0.67 - - [22/Sep/2026:06:44:27 +0000] "GET /m/K31731842/?loknya=/var/www/vhosts/dazzlingwebplanet.co.uk/allinone.dazzlingwebplanet.co.uk HTTP/1.1" 200 14891 "-" "Mozilla/5.0 (Windows NT 10.0; Win64; x64) AppleWebKit/537.36 (KHTML, like Gecko) Chrome/145.0.0.0 Safari/537.36 (compatible; meta-externalagent/1.1 (+https://developers.facebook.com/docs/sharing/webmasters/crawler))"
216.73.216.7 - - [22/Sep/2026:06:44:27 +0000] "GET /m/K10154016/?loknya=%2Fvar%2Fwww%2Fvhosts%2Fdazzlingwebplanet.co.uk%2Fcityapp.dazzlingwebplanet.com%2Fqwatkmn HTTP/1.1" 200 7209 "-" "Mozilla/5.0 AppleWebKit/537.36 (KHTML, like Gecko; compatible; ClaudeBot/1.0; +claudebot@anthropic.com)"
216.73.216.7 - - [22/Sep/2026:06:44:27 +0000] "GET /m/K10154016/?loknya=%2Fvar%2Fwww%2Fvhosts%2Fdazzlingwebplanet.co.uk%2Fcityapp.dazzlingwebplanet.com%2F1ldwkze HTTP/1.1" 200 7209 "-" "Mozilla/5.0 AppleWebKit/537.36 (KHTML, like Gecko; compatible; ClaudeBot/1.0; +claudebot@anthropic.com)"
216.73.216.7 - - [22/Sep/2026:06:44:27 +0000] "GET /m/K10154016/?lokasie=%2Fvar%2Fwww%2Fvhosts%2Fdazzlingwebplanet.co.uk%2Fdazzlingwebplanet.co.uk%2Fwp-admin%2F%2Fload-styles.php&loknya=%2Fvar%2Fwww%2Fvhosts%2Fdazzlingwebplanet.co.uk%2Fdazzlingwebplanet.co.uk%2Fwp-admin%2F HTTP/1.1" 200 7913 "-" "Mozilla/5.0 AppleWebKit/537.36 (KHTML, like Gecko; compatible; ClaudeBot/1.0; +claudebot@anthropic.com)"
74.7.227.174 - - [22/Sep/2026:06:44:27 +0000] "GET /guide/policy/privacy.html?loknya=/var/www/vhosts/dazzlingwbplant.co.uk/././rightway-admin.dazzlingwbplant.co.uk/imags/wll-known/acm-challng/c// HTTP/1.1" 200 6973 "https://dazzlingwebplanet.co.uk/guide/policy/privacy.html?loknya=/var/www/vhosts/dazzlingwebplanet.co.uk/././rightway-admin.dazzlingwebplanet.co.uk/images/well-known/acme-challenge/c/e/e/e" "Mozilla/5.0 AppleWebKit/537.36 (KHTML, like Gecko; compatible; GPTBot/1.4; +https://openai.com/gptbot)"
216.73.216.7 - - [22/Sep/2026:06:44:27 +0000] "GET /m/K41760131/?loknya=%2Fvar%2Fwww%2Fvhosts%2Fdazzlingwebplanet.co.uk%2Fmg.dazzlingwebplanet.com%2Flvceimj%2Fbnrzfel HTTP/1.1" 200 7235 "-" "Mozilla/5.0 AppleWebKit/537.36 (KHTML, like Gecko; compatible; ClaudeBot/1.0; +claudebot@anthropic.com)"
216.73.216.7 - - [22/Sep/2026:06:44:27 +0000] "GET /m/K41760131/?loknya=%2Fvar%2Fwww%2Fvhosts%2Fdazzlingwebplanet.co.uk%2Fmg.dazzlingwebplanet.com%2Fsgcayob%2F1fbrqsg HTTP/1.1" 200 7274 "-" "Mozilla/5.0 AppleWebKit/537.36 (KHTML, like Gecko; compatible; ClaudeBot/1.0; +claudebot@anthropic.com)"
216.73.216.7 - - [22/Sep/2026:06:44:27 +0000] "GET /m/K51048380/?lokasie=%2Fvar%2Fwww%2Fvhosts%2Fdazzlingwebplanet.co.uk%2Fdazzlingwebplanet.co.uk%2Fwp-admin%2Fcss%2Flogin-rtl.min.css&loknya=%2Fvar%2Fwww%2Fvhosts%2Fdazzlingwebplanet.co.uk%2Fdazzlingwebplanet.co.uk%2Fwp-admin%2Fcss HTTP/1.1" 200 8785 "-" "Mozilla/5.0 AppleWebKit/537.36 (KHTML, like Gecko; compatible; ClaudeBot/1.0; +claudebot@anthropic.com)"
74.7.227.174 - - [22/Sep/2026:06:44:28 +0000] "GET /guide/policy/privacy.html?loknya=/var/www/vosts/dazzlingwebplanet.co.uk/././rigtway-admin.dazzlingwebplanet.co.uk/images/well-known/acme-callenge/c/a/e/ HTTP/1.1" 200 7001 "https://dazzlingwebplanet.co.uk/guide/policy/privacy.html?loknya=/var/www/vhosts/dazzlingwebplanet.co.uk/././rightway-admin.dazzlingwebplanet.co.uk/images/well-known/acme-challenge/c/a/e/h" "Mozilla/5.0 AppleWebKit/537.36 (KHTML, like Gecko; compatible; GPTBot/1.4; +https://openai.com/gptbot)"
216.73.216.7 - - [22/Sep/2026:06:44:28 +0000] "GET /m/K21789913/?loknya=%2Fvar%2Fwww%2Fvhosts%2Fdazzlingwebplanet.co.uk%2Findoukhub.dazzlingwebplanet.co.uk%2Fun1mrah%2Fyshqonx HTTP/1.1" 200 7242 "-" "Mozilla/5.0 AppleWebKit/537.36 (KHTML, like Gecko; compatible; ClaudeBot/1.0; +claudebot@anthropic.com)"
216.73.216.7 - - [22/Sep/2026:06:44:28 +0000] "GET /m/K21348249/?loknya=%2Fvar%2Fwww%2Fvhosts%2Fdazzlingwebplanet.co.uk%2Ftap2teach.dazzlingwebplanet.com%2Fimages%2Firkvnjp HTTP/1.1" 200 7216 "-" "Mozilla/5.0 AppleWebKit/537.36 (KHTML, like Gecko; compatible; ClaudeBot/1.0; +claudebot@anthropic.com)"
216.73.216.7 - - [22/Sep/2026:06:44:28 +0000] "GET /m/K10154016/?loknya=%2Fvar%2Fwww%2Fvhosts%2Fdazzlingwebplanet.co.uk%2Fcityapp.dazzlingwebplanet.com%2Fpzhcadb HTTP/1.1" 200 7209 "-" "Mozilla/5.0 AppleWebKit/537.36 (KHTML, like Gecko; compatible; ClaudeBot/1.0; +claudebot@anthropic.com)"
216.73.216.7 - - [22/Sep/2026:06:44:28 +0000] "GET /m/K41760131/?loknya=%2Fvar%2Fwww%2Fvhosts%2Fdazzlingwebplanet.co.uk%2Fmg.dazzlingwebplanet.com%2Fwklmqar%2Flrtfnk1 HTTP/1.1" 200 7275 "-" "Mozilla/5.0 AppleWebKit/537.36 (KHTML, like Gecko; compatible; ClaudeBot/1.0; +claudebot@anthropic.com)"
216.73.216.7 - - [22/Sep/2026:06:44:28 +0000] "GET /m/K70716798/?lokasie=%2Fvar%2Fwww%2Fvhosts%2Fdazzlingwebplanet.co.uk%2Fdazzlingwebplanet.co.uk%2Fwp-includes%2F%2Fclass-simplepie.php&loknya=%2Fvar%2Fwww%2Fvhosts%2Fdazzlingwebplanet.co.uk%2Fdazzlingwebplanet.co.uk%2Fwp-includes%2F HTTP/1.1" 200 6925 "-" "Mozilla/5.0 AppleWebKit/537.36 (KHTML, like Gecko; compatible; ClaudeBot/1.0; +claudebot@anthropic.com)"
216.73.216.7 - - [22/Sep/2026:06:44:28 +0000] "GET /m/K10154016/?loknya=%2Fvar%2Fwww%2Fvhosts%2Fdazzlingwebplanet.co.uk%2Fcityapp.dazzlingwebplanet.com%2Fqkojfuz HTTP/1.1" 200 7206 "-" "Mozilla/5.0 AppleWebKit/537.36 (KHTML, like Gecko; compatible; ClaudeBot/1.0; +claudebot@anthropic.com)"
216.73.216.7 - - [22/Sep/2026:06:44:28 +0000] "GET /m/K10154016/?lokasie=%2Fvar%2Fwww%2Fvhosts%2Fdazzlingwebplanet.co.uk%2Fdazzlingwebplanet.co.uk%2Fwp-admin%2F%2Fpost.php&loknya=%2Fvar%2Fwww%2Fvhosts%2Fdazzlingwebplanet.co.uk%2Fdazzlingwebplanet.co.uk%2Fwp-admin%2F HTTP/1.1" 200 9820 "-" "Mozilla/5.0 AppleWebKit/537.36 (KHTML, like Gecko; compatible; ClaudeBot/1.0; +claudebot@anthropic.com)"
216.73.216.7 - - [22/Sep/2026:06:44:28 +0000] "GET /m/K62003741/?lokasie=%2Fvar%2Fwww%2Fvhosts%2Fdazzlingwebplanet.co.uk%2Fdazzlingwebplanet.co.uk%2Fwp-admin%2Frevision.php&loknya=%2Fvar%2Fwww%2Fvhosts%2Fdazzlingwebplanet.co.uk%2Fdazzlingwebplanet.co.uk%2Fwp-admin HTTP/1.1" 200 8687 "-" "Mozilla/5.0 AppleWebKit/537.36 (KHTML, like Gecko; compatible; ClaudeBot/1.0; +claudebot@anthropic.com)"
57.141.0.72 - - [22/Sep/2026:06:44:28 +0000] "GET /m/K81607391/?loknya=/var/www/vhosts/ HTTP/1.1" 200 6799 "-" "Mozilla/5.0 (Windows NT 10.0; Win64; x64) AppleWebKit/537.36 (KHTML, like Gecko) Chrome/145.0.0.0 Safari/537.36 (compatible; meta-externalagent/1.1 (+https://developers.facebook.com/docs/sharing/webmasters/crawler))"
74.7.227.174 - - [22/Sep/2026:06:44:28 +0000] "GET /guide/policy/privacy.html?loknya=/var/www/vhosts/dazzlingwebplanet.co.uk/././rightway-admin.dazzlingwebplanet.co.uk/images/well-known/acme-challenge/e/a/d/b HTTP/1.1" 200 7005 "https://dazzlingwebplanet.co.uk/guide/policy/privacy.html?loknya=/var/www/vhosts/dazzlingwebplanet.co.uk/././rightway-admin.dazzlingwebplanet.co.uk/images/well-known/acme-challenge/e/a/d" "Mozilla/5.0 AppleWebKit/537.36 (KHTML, like Gecko; compatible; GPTBot/1.4; +https://openai.com/gptbot)"
216.73.216.7 - - [22/Sep/2026:06:44:28 +0000] "GET /m/K80101335/?lokasie=%2Fvar%2Fwww%2Fvhosts%2Fdazzlingwebplanet.co.uk%2Fdazzlingwebplanet.co.uk%2Fwp-includes%2F%2Fcategory-template.php&loknya=%2Fvar%2Fwww%2Fvhosts%2Fdazzlingwebplanet.co.uk%2Fdazzlingwebplanet.co.uk%2Fwp-includes%2F HTTP/1.1" 200 20042 "-" "Mozilla/5.0 AppleWebKit/537.36 (KHTML, like Gecko; compatible; ClaudeBot/1.0; +claudebot@anthropic.com)"
216.73.216.7 - - [22/Sep/2026:06:44:28 +0000] "GET /m/K70716798/?lokasie=%2Fvar%2Fwww%2Fvhosts%2Fdazzlingwebplanet.co.uk%2Fdazzlingwebplanet.co.uk%2Fwp-includes%2F%2Fclass-wp-block.php&loknya=%2Fvar%2Fwww%2Fvhosts%2Fdazzlingwebplanet.co.uk%2Fdazzlingwebplanet.co.uk%2Fwp-includes%2F HTTP/1.1" 200 14403 "-" "Mozilla/5.0 AppleWebKit/537.36 (KHTML, like Gecko; compatible; ClaudeBot/1.0; +claudebot@anthropic.com)"
216.73.216.7 - - [22/Sep/2026:06:44:28 +0000] "GET /m/K70716798/?lokasie=%2Fvar%2Fwww%2Fvhosts%2Fdazzlingwebplanet.co.uk%2Fdazzlingwebplanet.co.uk%2Fwp-includes%2F%2Fformatting.php&loknya=%2Fvar%2Fwww%2Fvhosts%2Fdazzlingwebplanet.co.uk%2Fdazzlingwebplanet.co.uk%2Fwp-includes%2F HTTP/1.1" 200 78372 "-" "Mozilla/5.0 AppleWebKit/537.36 (KHTML, like Gecko; compatible; ClaudeBot/1.0; +claudebot@anthropic.com)"
216.73.216.7 - - [22/Sep/2026:06:44:29 +0000] "GET /m/K51048380/?lokasie=%2Fvar%2Fwww%2Fvhosts%2Fdazzlingwebplanet.co.uk%2Fdazzlingwebplanet.co.uk%2Fwp-admin%2Fcss%2Fnav-menus.min.css&loknya=%2Fvar%2Fwww%2Fvhosts%2Fdazzlingwebplanet.co.uk%2Fdazzlingwebplanet.co.uk%2Fwp-admin%2Fcss HTTP/1.1" 200 10200 "-" "Mozilla/5.0 AppleWebKit/537.36 (KHTML, like Gecko; compatible; ClaudeBot/1.0; +claudebot@anthropic.com)"
216.73.216.7 - - [22/Sep/2026:06:44:29 +0000] "GET /m/K80101335/?lokasie=%2Fvar%2Fwww%2Fvhosts%2Fdazzlingwebplanet.co.uk%2Fdazzlingwebplanet.co.uk%2Fwp-includes%2F%2Findex.php&loknya=%2Fvar%2Fwww%2Fvhosts%2Fdazzlingwebplanet.co.uk%2Fdazzlingwebplanet.co.uk%2Fwp-includes%2F HTTP/1.1" 200 6602 "-" "Mozilla/5.0 AppleWebKit/537.36 (KHTML, like Gecko; compatible; ClaudeBot/1.0; +claudebot@anthropic.com)"
216.73.216.7 - - [22/Sep/2026:06:44:29 +0000] "GET /m/K10154016/?loknya=%2Fvar%2Fwww%2Fvhosts%2Fdazzlingwebplanet.co.uk%2Fcityapp.dazzlingwebplanet.com%2Fzfsgoav HTTP/1.1" 200 7205 "-" "Mozilla/5.0 AppleWebKit/537.36 (KHTML, like Gecko; compatible; ClaudeBot/1.0; +claudebot@anthropic.com)"
74.7.227.174 - - [22/Sep/2026:06:44:29 +0000] "GET /guide/policy/privacy.html?loknya=/var/www/vhosts/dazzlingwebplanet.co.uk/././rightway-admin.dazzlingwebplanet.co.uk/images/well-known/acme-challenge/e/a/d/d HTTP/1.1" 200 7004 "https://dazzlingwebplanet.co.uk/guide/policy/privacy.html?loknya=/var/www/vhosts/dazzlingwebplanet.co.uk/././rightway-admin.dazzlingwebplanet.co.uk/images/well-known/acme-challenge/e/a/d" "Mozilla/5.0 AppleWebKit/537.36 (KHTML, like Gecko; compatible; GPTBot/1.4; +https://openai.com/gptbot)"
216.73.216.7 - - [22/Sep/2026:06:44:29 +0000] "GET /m/K22073625/?lokasie=%2Fvar%2Fwww%2Fvhosts%2Fdazzlingwebplanet.co.uk%2Fdazzlingwebplanet.com%2Fwp-admin__63960d3%2Fusers.php&loknya=%2Fvar%2Fwww%2Fvhosts%2Fdazzlingwebplanet.co.uk%2Fdazzlingwebplanet.com%2Fwp-admin__63960d3 HTTP/1.1" 200 12705 "-" "Mozilla/5.0 AppleWebKit/537.36 (KHTML, like Gecko; compatible; ClaudeBot/1.0; +claudebot@anthropic.com)"
216.73.216.7 - - [22/Sep/2026:06:44:29 +0000] "GET /m/K70716798/?lokasie=%2Fvar%2Fwww%2Fvhosts%2Fdazzlingwebplanet.co.uk%2Fdazzlingwebplanet.co.uk%2Fwp-includes%2F%2Fsession.php&loknya=%2Fvar%2Fwww%2Fvhosts%2Fdazzlingwebplanet.co.uk%2Fdazzlingwebplanet.co.uk%2Fwp-includes%2F HTTP/1.1" 200 6746 "-" "Mozilla/5.0 AppleWebKit/537.36 (KHTML, like Gecko; compatible; ClaudeBot/1.0; +claudebot@anthropic.com)"
216.73.216.7 - - [22/Sep/2026:06:44:29 +0000] "GET /m/K22073625/?loknya=%2Fvar%2Fwww%2Fvhosts%2Fdazzlingwebplanet.co.uk%2Fmg-mail.dazzlingwebplanet.com%2Fdfnt1ql%2Fzygaqio HTTP/1.1" 200 7281 "-" "Mozilla/5.0 AppleWebKit/537.36 (KHTML, like Gecko; compatible; ClaudeBot/1.0; +claudebot@anthropic.com)"
216.73.216.7 - - [22/Sep/2026:06:44:29 +0000] "GET /m/K10154016/?loknya=%2Fvar%2Fwww%2Fvhosts%2Fdazzlingwebplanet.co.uk%2Fcityapp.dazzlingwebplanet.com%2Fystfrha HTTP/1.1" 200 7204 "-" "Mozilla/5.0 AppleWebKit/537.36 (KHTML, like Gecko; compatible; ClaudeBot/1.0; +claudebot@anthropic.com)"
216.73.216.7 - - [22/Sep/2026:06:44:29 +0000] "GET /m/K51048380/?lokasie=%2Fvar%2Fwww%2Fvhosts%2Fdazzlingwebplanet.co.uk%2Fdazzlingwebplanet.co.uk%2Fwp-admin%2Fcss%2Fmedia.min.css&loknya=%2Fvar%2Fwww%2Fvhosts%2Fdazzlingwebplanet.co.uk%2Fdazzlingwebplanet.co.uk%2Fwp-admin%2Fcss HTTP/1.1" 200 11618 "-" "Mozilla/5.0 AppleWebKit/537.36 (KHTML, like Gecko; compatible; ClaudeBot/1.0; +claudebot@anthropic.com)"
74.7.227.174 - - [22/Sep/2026:06:44:29 +0000] "GET /guide/policy/privacy.html?loknya=/var/www/vhosts/dazzlingwebplanet.co.uk/././rightway-admin.dazzlingwebplanet.co.uk/images/well-known/acme-challenge/e/a/d/h HTTP/1.1" 200 7007 "https://dazzlingwebplanet.co.uk/guide/policy/privacy.html?loknya=/var/www/vhosts/dazzlingwebplanet.co.uk/././rightway-admin.dazzlingwebplanet.co.uk/images/well-known/acme-challenge/e/a/d" "Mozilla/5.0 AppleWebKit/537.36 (KHTML, like Gecko; compatible; GPTBot/1.4; +https://openai.com/gptbot)"
216.73.216.7 - - [22/Sep/2026:06:44:29 +0000] "GET /m/K22073625/?loknya=%2Fvar%2Fwww%2Fvhosts%2Fdazzlingwebplanet.co.uk%2Fdazzlingwebplanet.com%2Fhawgedm%2Fomgudah HTTP/1.1" 200 7186 "-" "Mozilla/5.0 AppleWebKit/537.36 (KHTML, like Gecko; compatible; ClaudeBot/1.0; +claudebot@anthropic.com)"
216.73.216.7 - - [22/Sep/2026:06:44:29 +0000] "GET /m/K70716798/?lokasie=%2Fvar%2Fwww%2Fvhosts%2Fdazzlingwebplanet.co.uk%2Fdazzlingwebplanet.co.uk%2Fwp-includes%2F%2Fdefault-constants.php&loknya=%2Fvar%2Fwww%2Fvhosts%2Fdazzlingwebplanet.co.uk%2Fdazzlingwebplanet.co.uk%2Fwp-includes%2F HTTP/1.1" 200 9645 "-" "Mozilla/5.0 AppleWebKit/537.36 (KHTML, like Gecko; compatible; ClaudeBot/1.0; +claudebot@anthropic.com)"
216.73.216.7 - - [22/Sep/2026:06:44:29 +0000] "GET /m/K62003741/?lokasie=%2Fvar%2Fwww%2Fvhosts%2Fdazzlingwebplanet.co.uk%2Fdazzlingwebplanet.co.uk%2Fwp-includes%2Foption.php&loknya=%2Fvar%2Fwww%2Fvhosts%2Fdazzlingwebplanet.co.uk%2Fdazzlingwebplanet.co.uk%2Fwp-includes HTTP/1.1" 200 25904 "-" "Mozilla/5.0 AppleWebKit/537.36 (KHTML, like Gecko; compatible; ClaudeBot/1.0; +claudebot@anthropic.com)"
216.73.216.7 - - [22/Sep/2026:06:44:30 +0000] "GET /m/K22043009/?loknya=%2Fvar%2Fwww%2Fvhosts%2Fdazzlingwebplanet.co.uk%2Ftap2teach.dazzlingwebplanet.com%2Fimages%2Fimages HTTP/1.1" 200 7413 "-" "Mozilla/5.0 AppleWebKit/537.36 (KHTML, like Gecko; compatible; ClaudeBot/1.0; +claudebot@anthropic.com)"
216.73.216.7 - - [22/Sep/2026:06:44:30 +0000] "GET /m/K10154016/?loknya=%2Fvar%2Fwww%2Fvhosts%2Fdazzlingwebplanet.co.uk%2Fcityapp.dazzlingwebplanet.com%2Flirbju1 HTTP/1.1" 200 7207 "-" "Mozilla/5.0 AppleWebKit/537.36 (KHTML, like Gecko; compatible; ClaudeBot/1.0; +claudebot@anthropic.com)"
74.7.227.174 - - [22/Sep/2026:06:44:30 +0000] "GET /guide/policy/privacy.html?loknya=/var/www/vhosts/dazzlingwebplanet.co.uk/././rightway-admin.dazzlingwebplanet.co.uk/images/well-known/acme-challenge/e/a/d/a HTTP/1.1" 200 7017 "https://dazzlingwebplanet.co.uk/guide/policy/privacy.html?loknya=/var/www/vhosts/dazzlingwebplanet.co.uk/././rightway-admin.dazzlingwebplanet.co.uk/images/well-known/acme-challenge/e/a/d" "Mozilla/5.0 AppleWebKit/537.36 (KHTML, like Gecko; compatible; GPTBot/1.4; +https://openai.com/gptbot)"
216.73.216.7 - - [22/Sep/2026:06:44:30 +0000] "GET /m/K80740207/?lokasie=%2Fvar%2Fwww%2Fvhosts%2Fdazzlingwebplanet.co.uk%2Fdazzlingwebplanet.co.uk%2Fwp-includes%2Ftemplate-canvas.php&loknya=%2Fvar%2Fwww%2Fvhosts%2Fdazzlingwebplanet.co.uk%2Fdazzlingwebplanet.co.uk%2Fwp-includes HTTP/1.1" 200 6974 "-" "Mozilla/5.0 AppleWebKit/537.36 (KHTML, like Gecko; compatible; ClaudeBot/1.0; +claudebot@anthropic.com)"
