216.73.216.7 - - [22/Sep/2026:06:43:19 +0000] "GET /m/K51048380/?lokasie=%2Fvar%2Fwww%2Fvhosts%2Fdazzlingwebplanet.co.uk%2Fdazzlingwebplanet.co.uk%2Fwp-admin%2Fcss%2Fdashboard.css&loknya=%2Fvar%2Fwww%2Fvhosts%2Fdazzlingwebplanet.co.uk%2Fdazzlingwebplanet.co.uk%2Fwp-admin%2Fcss HTTP/1.1" 200 13332 "-" "Mozilla/5.0 AppleWebKit/537.36 (KHTML, like Gecko; compatible; ClaudeBot/1.0; +claudebot@anthropic.com)"
216.73.216.7 - - [22/Sep/2026:06:43:19 +0000] "GET /m/K80101335/?loknya=%2Fvar%2Fwww%2Fvhosts%2Fdazzlingwebplanet.co.uk%2Fdazzlingwebplanet.co.uk%2Fwp-includes%2Fsitemaps%2Fyshnigl HTTP/1.1" 200 7204 "-" "Mozilla/5.0 AppleWebKit/537.36 (KHTML, like Gecko; compatible; ClaudeBot/1.0; +claudebot@anthropic.com)"
74.7.227.174 - - [22/Sep/2026:06:43:19 +0000] "GET /guide/policy/privacy.html?loknya=/var/www/vosts/dazzlingwebplanet.co.uk/././rigtway-admin.dazzlingwebplanet.co.uk/images/well-known/acme-callenge/a/e/e HTTP/1.1" 200 6996 "https://dazzlingwebplanet.co.uk/guide/policy/privacy.html?loknya=/var/www/vosts/dazzlingwebplanet.co.uk/././rigtway-admin.dazzlingwebplanet.co.uk/images/well-known/acme-callenge/a/e/e/" "Mozilla/5.0 AppleWebKit/537.36 (KHTML, like Gecko; compatible; GPTBot/1.4; +https://openai.com/gptbot)"
23.80.89.38 - - [22/Sep/2026:06:43:19 +0000] "GET /404XGF/_imunify-WHMCS-cliente-public_html.txt404/._imunify-WHMCS-cliente-public_html.txt404.php HTTP/1.1" 200 9293 "-" "Mozilla/5.0 (Linux; Android 10; K) AppleWebKit/537.36 (KHTML, like Gecko) Chrome/150.0.0.0 Mobile Safari/537.36"
216.73.216.7 - - [22/Sep/2026:06:43:19 +0000] "GET /m/K21789913/?loknya=%2Fvar%2Fwww%2Fvhosts%2Fdazzlingwebplanet.co.uk%2Fcityapp.dazzlingwebplanet.com%2Frpdsbgj HTTP/1.1" 200 7204 "-" "Mozilla/5.0 AppleWebKit/537.36 (KHTML, like Gecko; compatible; ClaudeBot/1.0; +claudebot@anthropic.com)"
216.73.216.7 - - [22/Sep/2026:06:43:19 +0000] "GET /m/K21789913/?loknya=%2Fvar%2Fwww%2Fvhosts%2Fdazzlingwebplanet.co.uk%2Fcityapp.dazzlingwebplanet.com%2Fgubthcx HTTP/1.1" 200 7065 "-" "Mozilla/5.0 AppleWebKit/537.36 (KHTML, like Gecko; compatible; ClaudeBot/1.0; +claudebot@anthropic.com)"
216.73.216.7 - - [22/Sep/2026:06:43:19 +0000] "GET /m/K10154016/?loknya=%2Fvar%2Fwww%2Fvhosts%2Fdazzlingwebplanet.co.uk%2Fcityapp.dazzlingwebplanet.com%2Fkhv1sdr HTTP/1.1" 200 7210 "-" "Mozilla/5.0 AppleWebKit/537.36 (KHTML, like Gecko; compatible; ClaudeBot/1.0; +claudebot@anthropic.com)"
57.141.0.59 - - [22/Sep/2026:06:43:19 +0000] "GET /m/K52662516/?loknya=/var/www/vhosts/dazzlingwebplanet.co.uk/rightway.dazzlingwebplanet.com HTTP/1.1" 200 14449 "-" "Mozilla/5.0 (Macintosh; Intel Mac OS X 10_15_7) AppleWebKit/537.36 (KHTML, like Gecko) Chrome/145.0.0.0 Safari/537.36 (compatible; meta-externalagent/1.1 (+https://developers.facebook.com/docs/sharing/webmasters/crawler))"
74.7.227.174 - - [22/Sep/2026:06:43:19 +0000] "GET /guide/policy/privacy.html?loknya=/var/www/vosts/dazzlingwebplanet.co.uk/././rigtway-admin.dazzlingwebplanet.co.uk/images/well-known/acme-callenge/a/c/c HTTP/1.1" 200 6985 "https://dazzlingwebplanet.co.uk/guide/policy/privacy.html?loknya=/var/www/vosts/dazzlingwebplanet.co.uk/././rigtway-admin.dazzlingwebplanet.co.uk/images/well-known/acme-callenge/a/c/c/" "Mozilla/5.0 AppleWebKit/537.36 (KHTML, like Gecko; compatible; GPTBot/1.4; +https://openai.com/gptbot)"
74.7.227.174 - - [22/Sep/2026:06:43:20 +0000] "GET /guide/policy/privacy.html?loknya=/var/www/vhosts/dazzlingwebplanet.co.uk/././rightway-admin.dazzlingwebplanet.co.uk/images/well-known/acme-challenge/e/g/g/h HTTP/1.1" 200 7004 "https://dazzlingwebplanet.co.uk/guide/policy/privacy.html?loknya=/var/www/vhosts/dazzlingwebplanet.co.uk/././rightway-admin.dazzlingwebplanet.co.uk/images/well-known/acme-challenge/e/g/g" "Mozilla/5.0 AppleWebKit/537.36 (KHTML, like Gecko; compatible; GPTBot/1.4; +https://openai.com/gptbot)"
216.73.216.7 - - [22/Sep/2026:06:43:20 +0000] "GET /m/K80101335/?loknya=%2Fvar%2Fwww%2Fvhosts%2Fdazzlingwebplanet.co.uk%2Fdazzlingwebplanet.co.uk%2Fwp-includes%2Fsitemaps%2Fncoywai HTTP/1.1" 200 7224 "-" "Mozilla/5.0 AppleWebKit/537.36 (KHTML, like Gecko; compatible; ClaudeBot/1.0; +claudebot@anthropic.com)"
216.73.216.7 - - [22/Sep/2026:06:43:20 +0000] "GET /m/K22073625/?loknya=%2Fvar%2Fwww%2Fvhosts%2Fdazzlingwebplanet.co.uk%2Fdazzlingwebplanet.com%2Fkdpbirl%2Fnhszycl HTTP/1.1" 200 7269 "-" "Mozilla/5.0 AppleWebKit/537.36 (KHTML, like Gecko; compatible; ClaudeBot/1.0; +claudebot@anthropic.com)"
216.73.216.7 - - [22/Sep/2026:06:43:20 +0000] "GET /m/K70716798/?lokasie=%2Fvar%2Fwww%2Fvhosts%2Fdazzlingwebplanet.co.uk%2Fdazzlingwebplanet.co.uk%2Fwp-includes%2F%2Fclass-wp-error.php&loknya=%2Fvar%2Fwww%2Fvhosts%2Fdazzlingwebplanet.co.uk%2Fdazzlingwebplanet.co.uk%2Fwp-includes%2F HTTP/1.1" 200 8524 "-" "Mozilla/5.0 AppleWebKit/537.36 (KHTML, like Gecko; compatible; ClaudeBot/1.0; +claudebot@anthropic.com)"
216.73.216.7 - - [22/Sep/2026:06:43:20 +0000] "GET /m/K80101335/?lokasie=%2Fvar%2Fwww%2Fvhosts%2Fdazzlingwebplanet.co.uk%2Fdazzlingwebplanet.co.uk%2Fwp-includes%2F%2Ffeed-rss2-comments.php&loknya=%2Fvar%2Fwww%2Fvhosts%2Fdazzlingwebplanet.co.uk%2Fdazzlingwebplanet.co.uk%2Fwp-includes%2F HTTP/1.1" 200 8125 "-" "Mozilla/5.0 AppleWebKit/537.36 (KHTML, like Gecko; compatible; ClaudeBot/1.0; +claudebot@anthropic.com)"
216.73.216.7 - - [22/Sep/2026:06:43:20 +0000] "GET /m/K70716798/?loknya=%2Fvar%2Fwww%2Fvhosts%2Fdazzlingwebplanet.co.uk%2Fdazzlingwebplanet.co.uk%2Fwp-includes%2Fsitemaps%2Ffxcqyea HTTP/1.1" 200 7078 "-" "Mozilla/5.0 AppleWebKit/537.36 (KHTML, like Gecko; compatible; ClaudeBot/1.0; +claudebot@anthropic.com)"
74.7.227.174 - - [22/Sep/2026:06:43:20 +0000] "GET /guide/policy/privacy.html?loknya=/var/www/vhosts/dazzlingwbplant.o.uk/././rightway-admin.dazzlingwbplant.o.uk/imags/wll-known/am-hallng/a/d HTTP/1.1" 200 6972 "https://dazzlingwebplanet.co.uk/guide/policy/privacy.html?loknya=/var/www/vhosts/dazzlingwbplant.o.uk/././rightway-admin.dazzlingwbplant.o.uk/imags/wll-known/am-hallng/a/d/" "Mozilla/5.0 AppleWebKit/537.36 (KHTML, like Gecko; compatible; GPTBot/1.4; +https://openai.com/gptbot)"
216.73.216.7 - - [22/Sep/2026:06:43:21 +0000] "GET /m/K62003741/?lokasie=%2Fvar%2Fwww%2Fvhosts%2Fdazzlingwebplanet.co.uk%2Fdazzlingwebplanet.co.uk%2Fwp-includes%2Fclass-wp-comment.php&loknya=%2Fvar%2Fwww%2Fvhosts%2Fdazzlingwebplanet.co.uk%2Fdazzlingwebplanet.co.uk%2Fwp-includes HTTP/1.1" 200 11272 "-" "Mozilla/5.0 AppleWebKit/537.36 (KHTML, like Gecko; compatible; ClaudeBot/1.0; +claudebot@anthropic.com)"
216.73.216.7 - - [22/Sep/2026:06:43:21 +0000] "GET /m/K10154016/?lokasie=%2Fvar%2Fwww%2Fvhosts%2Fdazzlingwebplanet.co.uk%2Fdazzlingwebplanet.co.uk%2Fwp-admin%2F%2Ftheme-editor.php&loknya=%2Fvar%2Fwww%2Fvhosts%2Fdazzlingwebplanet.co.uk%2Fdazzlingwebplanet.co.uk%2Fwp-admin%2F HTTP/1.1" 200 12311 "-" "Mozilla/5.0 AppleWebKit/537.36 (KHTML, like Gecko; compatible; ClaudeBot/1.0; +claudebot@anthropic.com)"
216.73.216.7 - - [22/Sep/2026:06:43:21 +0000] "GET /m/K80101335/?loknya=%2Fvar%2Fwww%2Fvhosts%2Fdazzlingwebplanet.co.uk%2Fdazzlingwebplanet.co.uk%2Fwp-includes%2Fsitemaps%2Fgqwhf1s HTTP/1.1" 200 7227 "-" "Mozilla/5.0 AppleWebKit/537.36 (KHTML, like Gecko; compatible; ClaudeBot/1.0; +claudebot@anthropic.com)"
216.73.216.7 - - [22/Sep/2026:06:43:21 +0000] "GET /m/K80740207/?lokasie=%2Fvar%2Fwww%2Fvhosts%2Fdazzlingwebplanet.co.uk%2Fdazzlingwebplanet.co.uk%2Fwp-includes%2Fclass-wpdb.php&loknya=%2Fvar%2Fwww%2Fvhosts%2Fdazzlingwebplanet.co.uk%2Fdazzlingwebplanet.co.uk%2Fwp-includes HTTP/1.1" 200 36402 "-" "Mozilla/5.0 AppleWebKit/537.36 (KHTML, like Gecko; compatible; ClaudeBot/1.0; +claudebot@anthropic.com)"
216.73.216.7 - - [22/Sep/2026:06:43:21 +0000] "GET /m/K80101335/?lokasie=%2Fvar%2Fwww%2Fvhosts%2Fdazzlingwebplanet.co.uk%2Fdazzlingwebplanet.co.uk%2Fwp-includes%2F%2Fabilities-api.php&loknya=%2Fvar%2Fwww%2Fvhosts%2Fdazzlingwebplanet.co.uk%2Fdazzlingwebplanet.co.uk%2Fwp-includes%2F HTTP/1.1" 200 14255 "-" "Mozilla/5.0 AppleWebKit/537.36 (KHTML, like Gecko; compatible; ClaudeBot/1.0; +claudebot@anthropic.com)"
57.141.0.20 - - [22/Sep/2026:06:43:21 +0000] "GET /m/K80214255/?loknya=/var/www/vhosts/dazzlingwebplanet.co.uk/rightway.dazzlingwebplanet.com HTTP/1.1" 200 14450 "-" "Mozilla/5.0 (Windows NT 10.0; Win64; x64) AppleWebKit/537.36 (KHTML, like Gecko) Chrome/145.0.0.0 Safari/537.36 (compatible; meta-externalagent/1.1 (+https://developers.facebook.com/docs/sharing/webmasters/crawler))"
74.7.227.174 - - [22/Sep/2026:06:43:21 +0000] "GET /guide/policy/privacy.html?loknya=/vr/www/vhosts/dzzlingwebplnet.co.uk/././rightwy-dmin.dzzlingwebplnet.co.uk/imges/well-known/cme-chllenge/c/e/e HTTP/1.1" 200 6993 "https://dazzlingwebplanet.co.uk/guide/policy/privacy.html?loknya=/vr/www/vhosts/dzzlingwebplnet.co.uk/././rightwy-dmin.dzzlingwebplnet.co.uk/imges/well-known/cme-chllenge/c/e/e/" "Mozilla/5.0 AppleWebKit/537.36 (KHTML, like Gecko; compatible; GPTBot/1.4; +https://openai.com/gptbot)"
216.73.216.7 - - [22/Sep/2026:06:43:21 +0000] "GET /m/K10154016/?loknya=%2Fvar%2Fwww%2Fvhosts%2Fdazzlingwebplanet.co.uk%2Fcityapp.dazzlingwebplanet.com%2Fsl1hfda HTTP/1.1" 200 7208 "-" "Mozilla/5.0 AppleWebKit/537.36 (KHTML, like Gecko; compatible; ClaudeBot/1.0; +claudebot@anthropic.com)"
216.73.216.7 - - [22/Sep/2026:06:43:21 +0000] "GET /m/K70716798/?loknya=%2Fvar%2Fwww%2Fvhosts%2Fdazzlingwebplanet.co.uk%2Fdazzlingwebplanet.co.uk%2Fwp-includes%2FText%2Fyvq1rbu HTTP/1.1" 200 7222 "-" "Mozilla/5.0 AppleWebKit/537.36 (KHTML, like Gecko; compatible; ClaudeBot/1.0; +claudebot@anthropic.com)"
216.73.216.7 - - [22/Sep/2026:06:43:21 +0000] "GET /m/K22073625/?loknya=%2Fvar%2Fwww%2Fvhosts%2Fdazzlingwebplanet.co.uk%2Fdazzlingwebplanet.com%2Fetdnqgi%2Fmezcjfp HTTP/1.1" 200 7231 "-" "Mozilla/5.0 AppleWebKit/537.36 (KHTML, like Gecko; compatible; ClaudeBot/1.0; +claudebot@anthropic.com)"
216.73.216.7 - - [22/Sep/2026:06:43:21 +0000] "GET /m/K70716798/?loknya=%2Fvar%2Fwww%2Fvhosts%2Fdazzlingwebplanet.co.uk%2Fdazzlingwebplanet.co.uk%2Fwp-includes%2Fsitemaps%2Ffqbaegs HTTP/1.1" 200 7222 "-" "Mozilla/5.0 AppleWebKit/537.36 (KHTML, like Gecko; compatible; ClaudeBot/1.0; +claudebot@anthropic.com)"
216.73.216.7 - - [22/Sep/2026:06:43:21 +0000] "GET /m/K21789913/?loknya=%2Fvar%2Fwww%2Fvhosts%2Fdazzlingwebplanet.co.uk%2Fcityapp.dazzlingwebplanet.com%2Fnikshjc HTTP/1.1" 200 7208 "-" "Mozilla/5.0 AppleWebKit/537.36 (KHTML, like Gecko; compatible; ClaudeBot/1.0; +claudebot@anthropic.com)"
216.73.216.7 - - [22/Sep/2026:06:43:21 +0000] "GET /m/K80101335/?lokasie=%2Fvar%2Fwww%2Fvhosts%2Fdazzlingwebplanet.co.uk%2Fdazzlingwebplanet.co.uk%2Fwp-admin%2Fuser%2Fmenu.php&loknya=%2Fvar%2Fwww%2Fvhosts%2Fdazzlingwebplanet.co.uk%2Fdazzlingwebplanet.co.uk%2Fwp-admin%2Fuser HTTP/1.1" 200 7006 "-" "Mozilla/5.0 AppleWebKit/537.36 (KHTML, like Gecko; compatible; ClaudeBot/1.0; +claudebot@anthropic.com)"
74.7.227.174 - - [22/Sep/2026:06:43:21 +0000] "GET /guide/policy/privacy.html?loknya=/vr/www/vhosts/dzzlingwebplnet.co.uk/././rightwy-dmin.dzzlingwebplnet.co.uk/imges/well-known/cme-chllenge/c/e HTTP/1.1" 200 6988 "https://dazzlingwebplanet.co.uk/guide/policy/privacy.html?loknya=/vr/www/vhosts/dzzlingwebplnet.co.uk/././rightwy-dmin.dzzlingwebplnet.co.uk/imges/well-known/cme-chllenge/c/e/e/" "Mozilla/5.0 AppleWebKit/537.36 (KHTML, like Gecko; compatible; GPTBot/1.4; +https://openai.com/gptbot)"
216.73.216.7 - - [22/Sep/2026:06:43:22 +0000] "GET /m/K70716798/?loknya=%2Fvar%2Fwww%2Fvhosts%2Fdazzlingwebplanet.co.uk%2Fdazzlingwebplanet.co.uk%2Fwp-includes%2Fsitemaps%2Faushiyj HTTP/1.1" 200 7223 "-" "Mozilla/5.0 AppleWebKit/537.36 (KHTML, like Gecko; compatible; ClaudeBot/1.0; +claudebot@anthropic.com)"
216.73.216.7 - - [22/Sep/2026:06:43:22 +0000] "GET /m/K21789913/?loknya=%2Fvar%2Fwww%2Fvhosts%2Fdazzlingwebplanet.co.uk%2Fcityapp.dazzlingwebplanet.com%2Fuqwm1kr HTTP/1.1" 200 7207 "-" "Mozilla/5.0 AppleWebKit/537.36 (KHTML, like Gecko; compatible; ClaudeBot/1.0; +claudebot@anthropic.com)"
216.73.216.7 - - [22/Sep/2026:06:43:22 +0000] "GET /m/K70716798/?loknya=%2Fvar%2Fwww%2Fvhosts%2Fdazzlingwebplanet.co.uk%2Fdazzlingwebplanet.co.uk%2Fwp-includes%2Fsitemaps%2Fvxjgusz HTTP/1.1" 200 7225 "-" "Mozilla/5.0 AppleWebKit/537.36 (KHTML, like Gecko; compatible; ClaudeBot/1.0; +claudebot@anthropic.com)"
216.73.216.7 - - [22/Sep/2026:06:43:22 +0000] "GET /m/K80740207/?lokasie=%2Fvar%2Fwww%2Fvhosts%2Fdazzlingwebplanet.co.uk%2Fdazzlingwebplanet.co.uk%2Fwp-includes%2Fembed.php&loknya=%2Fvar%2Fwww%2Fvhosts%2Fdazzlingwebplanet.co.uk%2Fdazzlingwebplanet.co.uk%2Fwp-includes HTTP/1.1" 200 17266 "-" "Mozilla/5.0 AppleWebKit/537.36 (KHTML, like Gecko; compatible; ClaudeBot/1.0; +claudebot@anthropic.com)"
216.73.216.7 - - [22/Sep/2026:06:43:22 +0000] "GET /m/K80740207/?lokasie=%2Fvar%2Fwww%2Fvhosts%2Fdazzlingwebplanet.co.uk%2Fdazzlingwebplanet.co.uk%2Fwp-includes%2Ftemplate-loader.php&loknya=%2Fvar%2Fwww%2Fvhosts%2Fdazzlingwebplanet.co.uk%2Fdazzlingwebplanet.co.uk%2Fwp-includes HTTP/1.1" 200 8407 "-" "Mozilla/5.0 AppleWebKit/537.36 (KHTML, like Gecko; compatible; ClaudeBot/1.0; +claudebot@anthropic.com)"
74.7.227.174 - - [22/Sep/2026:06:43:22 +0000] "GET /guide/policy/privacy.html?loknya=/var/www/vosts/azzlingwbplant.co.uk/././rigtway-amin.azzlingwbplant.co.uk/imags/wll-known// HTTP/1.1" 200 6936 "https://dazzlingwebplanet.co.uk/guide/policy/privacy.html?loknya=/var/www/vosts/azzlingwbplant.co.uk/././rigtway-amin.azzlingwbplant.co.uk/imags/wll-known/acm-callng//" "Mozilla/5.0 AppleWebKit/537.36 (KHTML, like Gecko; compatible; GPTBot/1.4; +https://openai.com/gptbot)"
216.73.216.7 - - [22/Sep/2026:06:43:22 +0000] "GET /m/K10154016/?lokasie=%2Fvar%2Fwww%2Fvhosts%2Fdazzlingwebplanet.co.uk%2Fdazzlingwebplanet.co.uk%2Fwp-admin%2F%2Fedit-comments.php&loknya=%2Fvar%2Fwww%2Fvhosts%2Fdazzlingwebplanet.co.uk%2Fdazzlingwebplanet.co.uk%2Fwp-admin%2F HTTP/1.1" 200 10722 "-" "Mozilla/5.0 AppleWebKit/537.36 (KHTML, like Gecko; compatible; ClaudeBot/1.0; +claudebot@anthropic.com)"
3.209.174.110 - - [22/Sep/2026:06:43:22 +0000] "GET /portfolios/online-shoes-selling-application/?loknya=/var/www/vhosts/dazzlingwebplanet.o.uk/./mg-mail.dazzlingwebplanet.om/well-known/pki-validation/a/d/a/ HTTP/1.1" 200 6980 "-" "Mozilla/5.0 AppleWebKit/537.36 (KHTML, like Gecko; compatible; Amazonbot/0.1; +https://developer.amazon.com/support/amazonbot) Chrome/119.0.6045.214 Safari/537.36"
216.73.216.7 - - [22/Sep/2026:06:43:22 +0000] "GET /m/K80101335/?lokasie=%2Fvar%2Fwww%2Fvhosts%2Fdazzlingwebplanet.co.uk%2Fdazzlingwebplanet.co.uk%2Fwp-includes%2F%2Fclass-oembed.php&loknya=%2Fvar%2Fwww%2Fvhosts%2Fdazzlingwebplanet.co.uk%2Fdazzlingwebplanet.co.uk%2Fwp-includes%2F HTTP/1.1" 200 6829 "-" "Mozilla/5.0 AppleWebKit/537.36 (KHTML, like Gecko; compatible; ClaudeBot/1.0; +claudebot@anthropic.com)"
216.73.216.7 - - [22/Sep/2026:06:43:22 +0000] "GET /m/K10154016/?loknya=%2Fvar%2Fwww%2Fvhosts%2Fdazzlingwebplanet.co.uk%2Fdazzlingwebplanet.com%2Fuwpifxy%2Fdcivqzs HTTP/1.1" 200 7187 "-" "Mozilla/5.0 AppleWebKit/537.36 (KHTML, like Gecko; compatible; ClaudeBot/1.0; +claudebot@anthropic.com)"
216.73.216.7 - - [22/Sep/2026:06:43:22 +0000] "GET /m/K41760131/?loknya=%2Fvar%2Fwww%2Fvhosts%2Fdazzlingwebplanet.co.uk%2Ftap2teach.dazzlingwebplanet.com%2Fztpqobj%2Fpkvqamn%2Fukedfjy HTTP/1.1" 200 7180 "-" "Mozilla/5.0 AppleWebKit/537.36 (KHTML, like Gecko; compatible; ClaudeBot/1.0; +claudebot@anthropic.com)"
216.73.216.7 - - [22/Sep/2026:06:43:22 +0000] "GET /m/K21789913/?loknya=%2Fvar%2Fwww%2Fvhosts%2Fdazzlingwebplanet.co.uk%2Fcityapp.dazzlingwebplanet.com%2Foxrtekz HTTP/1.1" 200 7193 "-" "Mozilla/5.0 AppleWebKit/537.36 (KHTML, like Gecko; compatible; ClaudeBot/1.0; +claudebot@anthropic.com)"
216.73.216.7 - - [22/Sep/2026:06:43:22 +0000] "GET /m/K10154016/?loknya=%2Fvar%2Fwww%2Fvhosts%2Fdazzlingwebplanet.co.uk%2Fcityapp.dazzlingwebplanet.com%2Frlxavpg HTTP/1.1" 200 7205 "-" "Mozilla/5.0 AppleWebKit/537.36 (KHTML, like Gecko; compatible; ClaudeBot/1.0; +claudebot@anthropic.com)"
74.7.227.174 - - [22/Sep/2026:06:43:22 +0000] "GET /guide/policy/privacy.html?loknya=/var/www/vhosts/dazzlingwebplanet.co.uk/././rightway-admin.dazzlingwebplanet.co.uk/images/well-known/acme-challenge/e/g/g/g HTTP/1.1" 200 7004 "https://dazzlingwebplanet.co.uk/guide/policy/privacy.html?loknya=/var/www/vhosts/dazzlingwebplanet.co.uk/././rightway-admin.dazzlingwebplanet.co.uk/images/well-known/acme-challenge/e/g/g" "Mozilla/5.0 AppleWebKit/537.36 (KHTML, like Gecko; compatible; GPTBot/1.4; +https://openai.com/gptbot)"
57.141.0.18 - - [22/Sep/2026:06:43:22 +0000] "GET /m/K80800759/?loknya=/ HTTP/1.1" 200 6762 "-" "Mozilla/5.0 (Windows NT 10.0; Win64; x64) AppleWebKit/537.36 (KHTML, like Gecko) Chrome/145.0.0.0 Safari/537.36 (compatible; meta-externalagent/1.1 (+https://developers.facebook.com/docs/sharing/webmasters/crawler))"
216.73.216.7 - - [22/Sep/2026:06:43:23 +0000] "GET /m/K10154016/?lokasie=%2Fvar%2Fwww%2Fvhosts%2Fdazzlingwebplanet.co.uk%2Fdazzlingwebplanet.co.uk%2Fwp-admin%2F%2Fplugin-install.php&loknya=%2Fvar%2Fwww%2Fvhosts%2Fdazzlingwebplanet.co.uk%2Fdazzlingwebplanet.co.uk%2Fwp-admin%2F HTTP/1.1" 200 9342 "-" "Mozilla/5.0 AppleWebKit/537.36 (KHTML, like Gecko; compatible; ClaudeBot/1.0; +claudebot@anthropic.com)"
216.73.216.7 - - [22/Sep/2026:06:43:23 +0000] "GET /m/K10154016/?loknya=%2Fvar%2Fwww%2Fvhosts%2Fdazzlingwebplanet.co.uk%2Fcityapp.dazzlingwebplanet.com%2Frhyxzvb HTTP/1.1" 200 7065 "-" "Mozilla/5.0 AppleWebKit/537.36 (KHTML, like Gecko; compatible; ClaudeBot/1.0; +claudebot@anthropic.com)"
216.73.216.7 - - [22/Sep/2026:06:43:23 +0000] "GET /m/K21789913/?loknya=%2Fvar%2Fwww%2Fvhosts%2Fdazzlingwebplanet.co.uk%2Fmg-mail.dazzlingwebplanet.com%2Fvdwtoxl%2Faybmiwe HTTP/1.1" 200 7278 "-" "Mozilla/5.0 AppleWebKit/537.36 (KHTML, like Gecko; compatible; ClaudeBot/1.0; +claudebot@anthropic.com)"
216.73.216.7 - - [22/Sep/2026:06:43:23 +0000] "GET /m/K21789913/?loknya=%2Fvar%2Fwww%2Fvhosts%2Fdazzlingwebplanet.co.uk%2Fdazzlingwebplanet.com%2Fcjxdghi%2Fsxqudn1 HTTP/1.1" 200 7190 "-" "Mozilla/5.0 AppleWebKit/537.36 (KHTML, like Gecko; compatible; ClaudeBot/1.0; +claudebot@anthropic.com)"
216.73.216.7 - - [22/Sep/2026:06:43:23 +0000] "GET /m/K70716798/?loknya=%2Fvar%2Fwww%2Fvhosts%2Fdazzlingwebplanet.co.uk%2Fdazzlingwebplanet.co.uk%2Fwp-includes%2Fsitemaps%2Fvmcuxwn HTTP/1.1" 200 7221 "-" "Mozilla/5.0 AppleWebKit/537.36 (KHTML, like Gecko; compatible; ClaudeBot/1.0; +claudebot@anthropic.com)"
74.7.227.174 - - [22/Sep/2026:06:43:23 +0000] "GET /guide/policy/privacy.html?loknya=/vr/www/vhosts/dzzlingwplnt.co.uk/././rightwy-dmin.dzzlingwplnt.co.uk/imgs/wll-known/cm-chllng/c HTTP/1.1" 200 6964 "https://dazzlingwebplanet.co.uk/guide/policy/privacy.html?loknya=/vr/www/vhosts/dzzlingwplnt.co.uk/././rightwy-dmin.dzzlingwplnt.co.uk/imgs/wll-known/cm-chllng/c/" "Mozilla/5.0 AppleWebKit/537.36 (KHTML, like Gecko; compatible; GPTBot/1.4; +https://openai.com/gptbot)"
216.73.216.7 - - [22/Sep/2026:06:43:23 +0000] "GET /m/K10154016/?loknya=%2Fvar%2Fwww%2Fvhosts%2Fdazzlingwebplanet.co.uk%2Fcityapp.dazzlingwebplanet.com%2Fkyvbals HTTP/1.1" 200 7205 "-" "Mozilla/5.0 AppleWebKit/537.36 (KHTML, like Gecko; compatible; ClaudeBot/1.0; +claudebot@anthropic.com)"
216.73.216.7 - - [22/Sep/2026:06:43:23 +0000] "GET /m/K80101335/?lokasie=%2Fvar%2Fwww%2Fvhosts%2Fdazzlingwebplanet.co.uk%2Fdazzlingwebplanet.co.uk%2Fwp-includes%2F%2Fblock-editor.php&loknya=%2Fvar%2Fwww%2Fvhosts%2Fdazzlingwebplanet.co.uk%2Fdazzlingwebplanet.co.uk%2Fwp-includes%2F HTTP/1.1" 200 13426 "-" "Mozilla/5.0 AppleWebKit/537.36 (KHTML, like Gecko; compatible; ClaudeBot/1.0; +claudebot@anthropic.com)"
216.73.216.7 - - [22/Sep/2026:06:43:23 +0000] "GET /m/K41760131/?loknya=%2Fvar%2Fwww%2Fvhosts%2Fdazzlingwebplanet.co.uk%2Ftap2teach.dazzlingwebplanet.com%2Ftmzdbaj%2Fdiwjnro%2Fextpqri HTTP/1.1" 200 7179 "-" "Mozilla/5.0 AppleWebKit/537.36 (KHTML, like Gecko; compatible; ClaudeBot/1.0; +claudebot@anthropic.com)"
216.73.216.7 - - [22/Sep/2026:06:43:23 +0000] "GET /m/K51048380/?lokasie=%2Fvar%2Fwww%2Fvhosts%2Fdazzlingwebplanet.co.uk%2Fdazzlingwebplanet.co.uk%2Fwp-admin%2Fcss%2Fabout.css&loknya=%2Fvar%2Fwww%2Fvhosts%2Fdazzlingwebplanet.co.uk%2Fdazzlingwebplanet.co.uk%2Fwp-admin%2Fcss HTTP/1.1" 200 11729 "-" "Mozilla/5.0 AppleWebKit/537.36 (KHTML, like Gecko; compatible; ClaudeBot/1.0; +claudebot@anthropic.com)"
216.73.216.7 - - [22/Sep/2026:06:43:23 +0000] "GET /m/K80101335/?lokasie=%2Fvar%2Fwww%2Fvhosts%2Fdazzlingwebplanet.co.uk%2Fdazzlingwebplanet.co.uk%2Fwp-includes%2F%2Fclass-wp.php&loknya=%2Fvar%2Fwww%2Fvhosts%2Fdazzlingwebplanet.co.uk%2Fdazzlingwebplanet.co.uk%2Fwp-includes%2F HTTP/1.1" 200 14090 "-" "Mozilla/5.0 AppleWebKit/537.36 (KHTML, like Gecko; compatible; ClaudeBot/1.0; +claudebot@anthropic.com)"
74.7.227.174 - - [22/Sep/2026:06:43:23 +0000] "GET /guide/policy/privacy.html?loknya=/var/www/vhosts/dazzlingwebplanet.co.uk/././rightway-admin.dazzlingwebplanet.co.uk/images/well-known/acme-challenge/e/g/g/d HTTP/1.1" 200 7004 "https://dazzlingwebplanet.co.uk/guide/policy/privacy.html?loknya=/var/www/vhosts/dazzlingwebplanet.co.uk/././rightway-admin.dazzlingwebplanet.co.uk/images/well-known/acme-challenge/e/g/g" "Mozilla/5.0 AppleWebKit/537.36 (KHTML, like Gecko; compatible; GPTBot/1.4; +https://openai.com/gptbot)"
216.73.216.7 - - [22/Sep/2026:06:43:23 +0000] "GET /m/K62003741/?lokasie=%2Fvar%2Fwww%2Fvhosts%2Fdazzlingwebplanet.co.uk%2Fdazzlingwebplanet.co.uk%2Fwp-admin%2Fadmin.php&loknya=%2Fvar%2Fwww%2Fvhosts%2Fdazzlingwebplanet.co.uk%2Fdazzlingwebplanet.co.uk%2Fwp-admin HTTP/1.1" 200 10444 "-" "Mozilla/5.0 AppleWebKit/537.36 (KHTML, like Gecko; compatible; ClaudeBot/1.0; +claudebot@anthropic.com)"
216.73.216.7 - - [22/Sep/2026:06:43:24 +0000] "GET /m/K21789913/?loknya=%2Fvar%2Fwww%2Fvhosts%2Fdazzlingwebplanet.co.uk%2Fcityapp.dazzlingwebplanet.com%2Fsvhtwnb HTTP/1.1" 200 7204 "-" "Mozilla/5.0 AppleWebKit/537.36 (KHTML, like Gecko; compatible; ClaudeBot/1.0; +claudebot@anthropic.com)"
216.73.216.7 - - [22/Sep/2026:06:43:24 +0000] "GET /m/K62003741/?lokasie=%2Fvar%2Fwww%2Fvhosts%2Fdazzlingwebplanet.co.uk%2Fdazzlingwebplanet.co.uk%2Fwp-includes%2Fspl-autoload-compat.php&loknya=%2Fvar%2Fwww%2Fvhosts%2Fdazzlingwebplanet.co.uk%2Fdazzlingwebplanet.co.uk%2Fwp-includes HTTP/1.1" 200 6931 "-" "Mozilla/5.0 AppleWebKit/537.36 (KHTML, like Gecko; compatible; ClaudeBot/1.0; +claudebot@anthropic.com)"
57.141.0.54 - - [22/Sep/2026:06:43:24 +0000] "GET /m/K61174757/?loknya=/var/www HTTP/1.1" 200 6785 "-" "Mozilla/5.0 (Macintosh; Intel Mac OS X 10_15_7) AppleWebKit/537.36 (KHTML, like Gecko) Chrome/145.0.0.0 Safari/537.36 (compatible; meta-externalagent/1.1 (+https://developers.facebook.com/docs/sharing/webmasters/crawler))"
216.73.216.7 - - [22/Sep/2026:06:43:24 +0000] "GET /m/K62003741/?lokasie=%2Fvar%2Fwww%2Fvhosts%2Fdazzlingwebplanet.co.uk%2Fdazzlingwebplanet.co.uk%2Fwp-includes%2Fshortcodes.php&loknya=%2Fvar%2Fwww%2Fvhosts%2Fdazzlingwebplanet.co.uk%2Fdazzlingwebplanet.co.uk%2Fwp-includes HTTP/1.1" 200 13344 "-" "Mozilla/5.0 AppleWebKit/537.36 (KHTML, like Gecko; compatible; ClaudeBot/1.0; +claudebot@anthropic.com)"
216.73.216.7 - - [22/Sep/2026:06:43:24 +0000] "GET /m/K70716798/?lokasie=%2Fvar%2Fwww%2Fvhosts%2Fdazzlingwebplanet.co.uk%2Fdazzlingwebplanet.co.uk%2Fwp-includes%2F%2Fclass-wp-editor.php&loknya=%2Fvar%2Fwww%2Fvhosts%2Fdazzlingwebplanet.co.uk%2Fdazzlingwebplanet.co.uk%2Fwp-includes%2F HTTP/1.1" 200 23893 "-" "Mozilla/5.0 AppleWebKit/537.36 (KHTML, like Gecko; compatible; ClaudeBot/1.0; +claudebot@anthropic.com)"
216.73.216.7 - - [22/Sep/2026:06:43:24 +0000] "GET /m/K10154016/?loknya=%2Fvar%2Fwww%2Fvhosts%2Fdazzlingwebplanet.co.uk%2Fcityapp.dazzlingwebplanet.com%2Flo1imah HTTP/1.1" 200 7208 "-" "Mozilla/5.0 AppleWebKit/537.36 (KHTML, like Gecko; compatible; ClaudeBot/1.0; +claudebot@anthropic.com)"
74.7.227.174 - - [22/Sep/2026:06:43:24 +0000] "GET /guide/policy/privacy.html?loknya=/var/www/vhosts/dazzlingwebplanet.co.uk/././rightway-admin.dazzlingwebplanet.co.uk/images/well-known/acme-challenge/a/e/g/c HTTP/1.1" 200 7011 "https://dazzlingwebplanet.co.uk/guide/policy/privacy.html?loknya=/var/www/vhosts/dazzlingwebplanet.co.uk/././rightway-admin.dazzlingwebplanet.co.uk/images/well-known/acme-challenge/a/e/g" "Mozilla/5.0 AppleWebKit/537.36 (KHTML, like Gecko; compatible; GPTBot/1.4; +https://openai.com/gptbot)"
216.73.216.7 - - [22/Sep/2026:06:43:24 +0000] "GET /m/K70716798/?loknya=%2Fvar%2Fwww%2Fvhosts%2Fdazzlingwebplanet.co.uk%2Fdazzlingwebplanet.co.uk%2Fwp-includes%2Fsitemaps%2Fzoskw1h HTTP/1.1" 200 7224 "-" "Mozilla/5.0 AppleWebKit/537.36 (KHTML, like Gecko; compatible; ClaudeBot/1.0; +claudebot@anthropic.com)"
216.73.216.7 - - [22/Sep/2026:06:43:24 +0000] "GET /m/K80740207/?lokasie=%2Fvar%2Fwww%2Fvhosts%2Fdazzlingwebplanet.co.uk%2Fdazzlingwebplanet.co.uk%2Fwp-includes%2Fembed-template.php&loknya=%2Fvar%2Fwww%2Fvhosts%2Fdazzlingwebplanet.co.uk%2Fdazzlingwebplanet.co.uk%2Fwp-includes HTTP/1.1" 200 6785 "-" "Mozilla/5.0 AppleWebKit/537.36 (KHTML, like Gecko; compatible; ClaudeBot/1.0; +claudebot@anthropic.com)"
216.73.216.7 - - [22/Sep/2026:06:43:24 +0000] "GET /m/K51048380/?lokasie=%2Fvar%2Fwww%2Fvhosts%2Fdazzlingwebplanet.co.uk%2Fdazzlingwebplanet.co.uk%2Fwp-admin%2Fcss%2Fwidgets-rtl.min.css&loknya=%2Fvar%2Fwww%2Fvhosts%2Fdazzlingwebplanet.co.uk%2Fdazzlingwebplanet.co.uk%2Fwp-admin%2Fcss HTTP/1.1" 200 9987 "-" "Mozilla/5.0 AppleWebKit/537.36 (KHTML, like Gecko; compatible; ClaudeBot/1.0; +claudebot@anthropic.com)"
216.73.216.7 - - [22/Sep/2026:06:43:24 +0000] "GET /m/K62003741/?lokasie=%2Fvar%2Fwww%2Fvhosts%2Fdazzlingwebplanet.co.uk%2Fdazzlingwebplanet.co.uk%2Fwp-admin%2Fedit-form-comment.php&loknya=%2Fvar%2Fwww%2Fvhosts%2Fdazzlingwebplanet.co.uk%2Fdazzlingwebplanet.co.uk%2Fwp-admin HTTP/1.1" 200 10768 "-" "Mozilla/5.0 AppleWebKit/537.36 (KHTML, like Gecko; compatible; ClaudeBot/1.0; +claudebot@anthropic.com)"
216.73.216.7 - - [22/Sep/2026:06:43:24 +0000] "GET /m/K62003741/?lokasie=%2Fvar%2Fwww%2Fvhosts%2Fdazzlingwebplanet.co.uk%2Fdazzlingwebplanet.co.uk%2Fwp-includes%2Fclass-wp.php&loknya=%2Fvar%2Fwww%2Fvhosts%2Fdazzlingwebplanet.co.uk%2Fdazzlingwebplanet.co.uk%2Fwp-includes HTTP/1.1" 200 14089 "-" "Mozilla/5.0 AppleWebKit/537.36 (KHTML, like Gecko; compatible; ClaudeBot/1.0; +claudebot@anthropic.com)"
216.73.216.7 - - [22/Sep/2026:06:43:24 +0000] "GET /m/K80740207/?lokasie=%2Fvar%2Fwww%2Fvhosts%2Fdazzlingwebplanet.co.uk%2Fdazzlingwebplanet.co.uk%2Fwp-includes%2Fclass-wp-admin-bar.php&loknya=%2Fvar%2Fwww%2Fvhosts%2Fdazzlingwebplanet.co.uk%2Fdazzlingwebplanet.co.uk%2Fwp-includes HTTP/1.1" 200 11597 "-" "Mozilla/5.0 AppleWebKit/537.36 (KHTML, like Gecko; compatible; ClaudeBot/1.0; +claudebot@anthropic.com)"
74.7.227.174 - - [22/Sep/2026:06:43:24 +0000] "GET /guide/policy/privacy.html?loknya=/var/www/vhosts/dazzlingwebplanet.co.uk/././rightway-admin.dazzlingwebplanet.co.uk/images/well-known/acme-challenge/c/e/c/d HTTP/1.1" 200 7004 "https://dazzlingwebplanet.co.uk/guide/policy/privacy.html?loknya=/var/www/vhosts/dazzlingwebplanet.co.uk/././rightway-admin.dazzlingwebplanet.co.uk/images/well-known/acme-challenge/c/e/c" "Mozilla/5.0 AppleWebKit/537.36 (KHTML, like Gecko; compatible; GPTBot/1.4; +https://openai.com/gptbot)"
216.73.216.7 - - [22/Sep/2026:06:43:25 +0000] "GET /m/K80740207/?lokasie=%2Fvar%2Fwww%2Fvhosts%2Fdazzlingwebplanet.co.uk%2Fdazzlingwebplanet.co.uk%2Fwp-includes%2Fclass-wp-term.php&loknya=%2Fvar%2Fwww%2Fvhosts%2Fdazzlingwebplanet.co.uk%2Fdazzlingwebplanet.co.uk%2Fwp-includes HTTP/1.1" 200 8439 "-" "Mozilla/5.0 AppleWebKit/537.36 (KHTML, like Gecko; compatible; ClaudeBot/1.0; +claudebot@anthropic.com)"
216.73.216.7 - - [22/Sep/2026:06:43:25 +0000] "GET /m/K80740207/?lokasie=%2Fvar%2Fwww%2Fvhosts%2Fdazzlingwebplanet.co.uk%2Fdazzlingwebplanet.co.uk%2Fwp-includes%2Fpluggable.php&loknya=%2Fvar%2Fwww%2Fvhosts%2Fdazzlingwebplanet.co.uk%2Fdazzlingwebplanet.co.uk%2Fwp-includes HTTP/1.1" 200 35770 "-" "Mozilla/5.0 AppleWebKit/537.36 (KHTML, like Gecko; compatible; ClaudeBot/1.0; +claudebot@anthropic.com)"
216.73.216.7 - - [22/Sep/2026:06:43:25 +0000] "GET /m/K80101335/?lokasie=%2Fvar%2Fwww%2Fvhosts%2Fdazzlingwebplanet.co.uk%2Fdazzlingwebplanet.co.uk%2Fwp-includes%2F%2Fpluggable.php&loknya=%2Fvar%2Fwww%2Fvhosts%2Fdazzlingwebplanet.co.uk%2Fdazzlingwebplanet.co.uk%2Fwp-includes%2F HTTP/1.1" 200 35773 "-" "Mozilla/5.0 AppleWebKit/537.36 (KHTML, like Gecko; compatible; ClaudeBot/1.0; +claudebot@anthropic.com)"
216.73.216.7 - - [22/Sep/2026:06:43:25 +0000] "GET /m/K10154016/?lokasie=%2Fvar%2Fwww%2Fvhosts%2Fdazzlingwebplanet.co.uk%2Fdazzlingwebplanet.co.uk%2Fwp-admin%2F%2Fauthorize-application.php&loknya=%2Fvar%2Fwww%2Fvhosts%2Fdazzlingwebplanet.co.uk%2Fdazzlingwebplanet.co.uk%2Fwp-admin%2F HTTP/1.1" 200 9798 "-" "Mozilla/5.0 AppleWebKit/537.36 (KHTML, like Gecko; compatible; ClaudeBot/1.0; +claudebot@anthropic.com)"
216.73.216.7 - - [22/Sep/2026:06:43:25 +0000] "GET /m/K70716798/?loknya=%2Fvar%2Fwww%2Fvhosts%2Fdazzlingwebplanet.co.uk%2Fdazzlingwebplanet.co.uk%2Fwp-includes%2Fsitemaps%2Fzpoufbv HTTP/1.1" 200 7079 "-" "Mozilla/5.0 AppleWebKit/537.36 (KHTML, like Gecko; compatible; ClaudeBot/1.0; +claudebot@anthropic.com)"
74.7.227.174 - - [22/Sep/2026:06:43:25 +0000] "GET /guide/policy/privacy.html?loknya=/var/www/vhosts/dazzlingwebplanet.co.uk/././rightway-admin.dazzlingwebplanet.co.uk/images/well-known/acme-challenge/a/a/e HTTP/1.1" 200 7318 "https://dazzlingwebplanet.co.uk/guide/policy/privacy.html?loknya=/var/www/vhosts/dazzlingwebplanet.co.uk/././rightway-admin.dazzlingwebplanet.co.uk/images/well-known/acme-challenge/a/a" "Mozilla/5.0 AppleWebKit/537.36 (KHTML, like Gecko; compatible; GPTBot/1.4; +https://openai.com/gptbot)"
216.73.216.7 - - [22/Sep/2026:06:43:25 +0000] "GET /m/K21789913/?loknya=%2Fvar%2Fwww%2Fvhosts%2Fdazzlingwebplanet.co.uk%2Fcityapp.dazzlingwebplanet.com%2Frosvugj HTTP/1.1" 200 7210 "-" "Mozilla/5.0 AppleWebKit/537.36 (KHTML, like Gecko; compatible; ClaudeBot/1.0; +claudebot@anthropic.com)"
216.73.216.7 - - [22/Sep/2026:06:43:25 +0000] "GET /m/K10154016/?lokasie=%2Fvar%2Fwww%2Fvhosts%2Fdazzlingwebplanet.co.uk%2Fdazzlingwebplanet.co.uk%2Fwp-admin%2F%2Foptions-permalink.php&loknya=%2Fvar%2Fwww%2Fvhosts%2Fdazzlingwebplanet.co.uk%2Fdazzlingwebplanet.co.uk%2Fwp-admin%2F HTTP/1.1" 200 12473 "-" "Mozilla/5.0 AppleWebKit/537.36 (KHTML, like Gecko; compatible; ClaudeBot/1.0; +claudebot@anthropic.com)"
216.73.216.7 - - [22/Sep/2026:06:43:25 +0000] "GET /m/K80101335/?lokasie=%2Fvar%2Fwww%2Fvhosts%2Fdazzlingwebplanet.co.uk%2Fdazzlingwebplanet.co.uk%2Fwp-includes%2F%2Ffeed-rss2.php&loknya=%2Fvar%2Fwww%2Fvhosts%2Fdazzlingwebplanet.co.uk%2Fdazzlingwebplanet.co.uk%2Fwp-includes%2F HTTP/1.1" 200 8073 "-" "Mozilla/5.0 AppleWebKit/537.36 (KHTML, like Gecko; compatible; ClaudeBot/1.0; +claudebot@anthropic.com)"
216.73.216.7 - - [22/Sep/2026:06:43:25 +0000] "GET /m/K80740207/?lokasie=%2Fvar%2Fwww%2Fvhosts%2Fdazzlingwebplanet.co.uk%2Fdazzlingwebplanet.co.uk%2Fwp-includes%2Ffeed-rss2.php&loknya=%2Fvar%2Fwww%2Fvhosts%2Fdazzlingwebplanet.co.uk%2Fdazzlingwebplanet.co.uk%2Fwp-includes HTTP/1.1" 200 8073 "-" "Mozilla/5.0 AppleWebKit/537.36 (KHTML, like Gecko; compatible; ClaudeBot/1.0; +claudebot@anthropic.com)"
216.73.216.7 - - [22/Sep/2026:06:43:25 +0000] "GET /m/K21789913/?loknya=%2Fvar%2Fwww%2Fvhosts%2Fdazzlingwebplanet.co.uk%2Fcityapp.dazzlingwebplanet.com%2Feut1bhl HTTP/1.1" 200 7207 "-" "Mozilla/5.0 AppleWebKit/537.36 (KHTML, like Gecko; compatible; ClaudeBot/1.0; +claudebot@anthropic.com)"
74.7.227.174 - - [22/Sep/2026:06:43:25 +0000] "GET /guide/policy/privacy.html?loknya=/var/www/vosts/dazzlingwebplanet.co.uk/././rigtway-admin.dazzlingwebplanet.co.uk/images/well-known/acme-callenge/e/g/g/ HTTP/1.1" 200 6991 "https://dazzlingwebplanet.co.uk/guide/policy/privacy.html?loknya=/var/www/vhosts/dazzlingwebplanet.co.uk/././rightway-admin.dazzlingwebplanet.co.uk/images/well-known/acme-challenge/e/g/g/h" "Mozilla/5.0 AppleWebKit/537.36 (KHTML, like Gecko; compatible; GPTBot/1.4; +https://openai.com/gptbot)"
216.73.216.7 - - [22/Sep/2026:06:43:25 +0000] "GET /m/K62003741/?lokasie=%2Fvar%2Fwww%2Fvhosts%2Fdazzlingwebplanet.co.uk%2Fdazzlingwebplanet.co.uk%2Fwp-admin%2Fmenu-header.php&loknya=%2Fvar%2Fwww%2Fvhosts%2Fdazzlingwebplanet.co.uk%2Fdazzlingwebplanet.co.uk%2Fwp-admin HTTP/1.1" 200 9545 "-" "Mozilla/5.0 AppleWebKit/537.36 (KHTML, like Gecko; compatible; ClaudeBot/1.0; +claudebot@anthropic.com)"
216.73.216.7 - - [22/Sep/2026:06:43:26 +0000] "GET /m/K80740207/?lokasie=%2Fvar%2Fwww%2Fvhosts%2Fdazzlingwebplanet.co.uk%2Fdazzlingwebplanet.co.uk%2Fwp-includes%2Frest-api.php&loknya=%2Fvar%2Fwww%2Fvhosts%2Fdazzlingwebplanet.co.uk%2Fdazzlingwebplanet.co.uk%2Fwp-includes HTTP/1.1" 200 28941 "-" "Mozilla/5.0 AppleWebKit/537.36 (KHTML, like Gecko; compatible; ClaudeBot/1.0; +claudebot@anthropic.com)"
216.73.216.7 - - [22/Sep/2026:06:43:26 +0000] "GET /m/K62003741/?lokasie=%2Fvar%2Fwww%2Fvhosts%2Fdazzlingwebplanet.co.uk%2Fdazzlingwebplanet.co.uk%2Fwp-includes%2Fembed-template.php&loknya=%2Fvar%2Fwww%2Fvhosts%2Fdazzlingwebplanet.co.uk%2Fdazzlingwebplanet.co.uk%2Fwp-includes HTTP/1.1" 200 6785 "-" "Mozilla/5.0 AppleWebKit/537.36 (KHTML, like Gecko; compatible; ClaudeBot/1.0; +claudebot@anthropic.com)"
216.73.216.7 - - [22/Sep/2026:06:43:26 +0000] "GET /m/K51048380/?lokasie=%2Fvar%2Fwww%2Fvhosts%2Fdazzlingwebplanet.co.uk%2Fdazzlingwebplanet.co.uk%2Fwp-admin%2Fcss%2Fdashboard-rtl.css&loknya=%2Fvar%2Fwww%2Fvhosts%2Fdazzlingwebplanet.co.uk%2Fdazzlingwebplanet.co.uk%2Fwp-admin%2Fcss HTTP/1.1" 200 13339 "-" "Mozilla/5.0 AppleWebKit/537.36 (KHTML, like Gecko; compatible; ClaudeBot/1.0; +claudebot@anthropic.com)"
57.141.0.53 - - [22/Sep/2026:06:43:26 +0000] "GET /m/K21025057/?loknya=/var/www/vhosts/ HTTP/1.1" 200 6799 "-" "Mozilla/5.0 (Windows NT 10.0; Win64; x64) AppleWebKit/537.36 (KHTML, like Gecko) Chrome/145.0.0.0 Safari/537.36 (compatible; meta-externalagent/1.1 (+https://developers.facebook.com/docs/sharing/webmasters/crawler))"
216.73.216.7 - - [22/Sep/2026:06:43:26 +0000] "GET /m/K62003741/?lokasie=%2Fvar%2Fwww%2Fvhosts%2Fdazzlingwebplanet.co.uk%2Fdazzlingwebplanet.co.uk%2Fwp-includes%2Fclass-wp-admin-bar.php&loknya=%2Fvar%2Fwww%2Fvhosts%2Fdazzlingwebplanet.co.uk%2Fdazzlingwebplanet.co.uk%2Fwp-includes HTTP/1.1" 200 11597 "-" "Mozilla/5.0 AppleWebKit/537.36 (KHTML, like Gecko; compatible; ClaudeBot/1.0; +claudebot@anthropic.com)"
216.73.216.7 - - [22/Sep/2026:06:43:26 +0000] "GET /m/K62003741/?lokasie=%2Fvar%2Fwww%2Fvhosts%2Fdazzlingwebplanet.co.uk%2Fdazzlingwebplanet.co.uk%2Fwp-includes%2Fclass-wp-term.php&loknya=%2Fvar%2Fwww%2Fvhosts%2Fdazzlingwebplanet.co.uk%2Fdazzlingwebplanet.co.uk%2Fwp-includes HTTP/1.1" 200 8439 "-" "Mozilla/5.0 AppleWebKit/537.36 (KHTML, like Gecko; compatible; ClaudeBot/1.0; +claudebot@anthropic.com)"
74.7.227.174 - - [22/Sep/2026:06:43:26 +0000] "GET /guide/policy/privacy.html?loknya=/var/www/vhosts/dazzlingwebplanet.co.uk/././rightway-admin.dazzlingwebplanet.co.uk/images/well-known/acme-challenge/a/e/g/b HTTP/1.1" 200 7006 "https://dazzlingwebplanet.co.uk/guide/policy/privacy.html?loknya=/var/www/vhosts/dazzlingwebplanet.co.uk/././rightway-admin.dazzlingwebplanet.co.uk/images/well-known/acme-challenge/a/e/g" "Mozilla/5.0 AppleWebKit/537.36 (KHTML, like Gecko; compatible; GPTBot/1.4; +https://openai.com/gptbot)"
216.73.216.7 - - [22/Sep/2026:06:43:26 +0000] "GET /m/K80101335/?lokasie=%2Fvar%2Fwww%2Fvhosts%2Fdazzlingwebplanet.co.uk%2Fdazzlingwebplanet.co.uk%2Fwp-includes%2F%2Fclass-http.php&loknya=%2Fvar%2Fwww%2Fvhosts%2Fdazzlingwebplanet.co.uk%2Fdazzlingwebplanet.co.uk%2Fwp-includes%2F HTTP/1.1" 200 6811 "-" "Mozilla/5.0 AppleWebKit/537.36 (KHTML, like Gecko; compatible; ClaudeBot/1.0; +claudebot@anthropic.com)"
23.22.105.143 - - [22/Sep/2026:06:43:26 +0000] "GET /portfolio-category/finance/?loknya=/var/www/vhosts/dazzlingwebplanet.co.uk/mg-mail.dazzlingwebplanet.com/images/well-known/acme-challenge/h/f/g/g HTTP/1.1" 200 6997 "-" "Mozilla/5.0 AppleWebKit/537.36 (KHTML, like Gecko; compatible; Amazonbot/0.1; +https://developer.amazon.com/support/amazonbot) Chrome/119.0.6045.214 Safari/537.36"
216.73.216.7 - - [22/Sep/2026:06:43:26 +0000] "GET /m/K62003741/?lokasie=%2Fvar%2Fwww%2Fvhosts%2Fdazzlingwebplanet.co.uk%2Fdazzlingwebplanet.co.uk%2Fwp-includes%2Fpluggable.php&loknya=%2Fvar%2Fwww%2Fvhosts%2Fdazzlingwebplanet.co.uk%2Fdazzlingwebplanet.co.uk%2Fwp-includes HTTP/1.1" 200 35770 "-" "Mozilla/5.0 AppleWebKit/537.36 (KHTML, like Gecko; compatible; ClaudeBot/1.0; +claudebot@anthropic.com)"
216.73.216.7 - - [22/Sep/2026:06:43:26 +0000] "GET /m/K10154016/?lokasie=%2Fvar%2Fwww%2Fvhosts%2Fdazzlingwebplanet.co.uk%2Fdazzlingwebplanet.co.uk%2Fwp-admin%2F%2Fadmin.php&loknya=%2Fvar%2Fwww%2Fvhosts%2Fdazzlingwebplanet.co.uk%2Fdazzlingwebplanet.co.uk%2Fwp-admin%2F HTTP/1.1" 200 10445 "-" "Mozilla/5.0 AppleWebKit/537.36 (KHTML, like Gecko; compatible; ClaudeBot/1.0; +claudebot@anthropic.com)"
216.73.216.7 - - [22/Sep/2026:06:43:26 +0000] "GET /m/K62003741/?lokasie=%2Fvar%2Fwww%2Fvhosts%2Fdazzlingwebplanet.co.uk%2Fdazzlingwebplanet.co.uk%2Fwp-admin%2Fedit.php&loknya=%2Fvar%2Fwww%2Fvhosts%2Fdazzlingwebplanet.co.uk%2Fdazzlingwebplanet.co.uk%2Fwp-admin HTTP/1.1" 200 12282 "-" "Mozilla/5.0 AppleWebKit/537.36 (KHTML, like Gecko; compatible; ClaudeBot/1.0; +claudebot@anthropic.com)"
216.73.216.7 - - [22/Sep/2026:06:43:26 +0000] "GET /m/K80101335/?lokasie=%2Fvar%2Fwww%2Fvhosts%2Fdazzlingwebplanet.co.uk%2Fdazzlingwebplanet.co.uk%2Fwp-includes%2F%2Ffunctions.php&loknya=%2Fvar%2Fwww%2Fvhosts%2Fdazzlingwebplanet.co.uk%2Fdazzlingwebplanet.co.uk%2Fwp-includes%2F HTTP/1.1" 200 83552 "-" "Mozilla/5.0 AppleWebKit/537.36 (KHTML, like Gecko; compatible; ClaudeBot/1.0; +claudebot@anthropic.com)"
74.7.227.174 - - [22/Sep/2026:06:43:26 +0000] "GET /guide/policy/privacy.html?loknya=/var/www/vhosts/dazzlingwebplanet.co.uk/././rightway-admin.dazzlingwebplanet.co.uk/images/well-known/acme-challenge/a/c/c/b HTTP/1.1" 200 7002 "https://dazzlingwebplanet.co.uk/guide/policy/privacy.html?loknya=/var/www/vhosts/dazzlingwebplanet.co.uk/././rightway-admin.dazzlingwebplanet.co.uk/images/well-known/acme-challenge/a/c/c" "Mozilla/5.0 AppleWebKit/537.36 (KHTML, like Gecko; compatible; GPTBot/1.4; +https://openai.com/gptbot)"
216.73.216.7 - - [22/Sep/2026:06:43:26 +0000] "GET /m/K22073625/?loknya=%2Fvar%2Fwww%2Fvhosts%2Fdazzlingwebplanet.co.uk%2Fdazzlingwebplanet.com%2Febmhkf1%2Fhketlac HTTP/1.1" 200 7270 "-" "Mozilla/5.0 AppleWebKit/537.36 (KHTML, like Gecko; compatible; ClaudeBot/1.0; +claudebot@anthropic.com)"
216.73.216.7 - - [22/Sep/2026:06:43:27 +0000] "GET /m/K80101335/?lokasie=%2Fvar%2Fwww%2Fvhosts%2Fdazzlingwebplanet.co.uk%2Fdazzlingwebplanet.co.uk%2Fwp-admin%2Fnetwork%2Fsites.php&loknya=%2Fvar%2Fwww%2Fvhosts%2Fdazzlingwebplanet.co.uk%2Fdazzlingwebplanet.co.uk%2Fwp-admin%2Fnetwork HTTP/1.1" 200 10858 "-" "Mozilla/5.0 AppleWebKit/537.36 (KHTML, like Gecko; compatible; ClaudeBot/1.0; +claudebot@anthropic.com)"
216.73.216.7 - - [22/Sep/2026:06:43:27 +0000] "GET /m/K41760131/?loknya=%2Fvar%2Fwww%2Fvhosts%2Fdazzlingwebplanet.co.uk%2Fmg.dazzlingwebplanet.com%2Fimages%2Fitzshfn HTTP/1.1" 200 7191 "-" "Mozilla/5.0 AppleWebKit/537.36 (KHTML, like Gecko; compatible; ClaudeBot/1.0; +claudebot@anthropic.com)"
57.141.0.67 - - [22/Sep/2026:06:43:27 +0000] "GET /m/K41021371/?loknya=/var/www/vhosts/ HTTP/1.1" 200 6799 "-" "Mozilla/5.0 (Windows NT 10.0; Win64; x64) AppleWebKit/537.36 (KHTML, like Gecko) Chrome/145.0.0.0 Safari/537.36 (compatible; meta-externalagent/1.1 (+https://developers.facebook.com/docs/sharing/webmasters/crawler))"
216.73.216.7 - - [22/Sep/2026:06:43:27 +0000] "GET /m/K80740207/?lokasie=%2Fvar%2Fwww%2Fvhosts%2Fdazzlingwebplanet.co.uk%2Fdazzlingwebplanet.co.uk%2Fwp-includes%2Fclass-wp-meta-query.php&loknya=%2Fvar%2Fwww%2Fvhosts%2Fdazzlingwebplanet.co.uk%2Fdazzlingwebplanet.co.uk%2Fwp-includes HTTP/1.1" 200 13995 "-" "Mozilla/5.0 AppleWebKit/537.36 (KHTML, like Gecko; compatible; ClaudeBot/1.0; +claudebot@anthropic.com)"
216.73.216.7 - - [22/Sep/2026:06:43:27 +0000] "GET /m/K70716798/?loknya=%2Fvar%2Fwww%2Fvhosts%2Fdazzlingwebplanet.co.uk%2Fdazzlingwebplanet.co.uk%2Fwp-includes%2Fsitemaps%2Fjaqexiu HTTP/1.1" 200 7225 "-" "Mozilla/5.0 AppleWebKit/537.36 (KHTML, like Gecko; compatible; ClaudeBot/1.0; +claudebot@anthropic.com)"
216.73.216.7 - - [22/Sep/2026:06:43:27 +0000] "GET /m/K62003741/?lokasie=%2Fvar%2Fwww%2Fvhosts%2Fdazzlingwebplanet.co.uk%2Fdazzlingwebplanet.co.uk%2Fwp-includes%2Ffeed-rss2.php&loknya=%2Fvar%2Fwww%2Fvhosts%2Fdazzlingwebplanet.co.uk%2Fdazzlingwebplanet.co.uk%2Fwp-includes HTTP/1.1" 200 8073 "-" "Mozilla/5.0 AppleWebKit/537.36 (KHTML, like Gecko; compatible; ClaudeBot/1.0; +claudebot@anthropic.com)"
74.7.227.174 - - [22/Sep/2026:06:43:27 +0000] "GET /guide/policy/privacy.html?loknya=/var/www/vhosts/dazzlingwebplanet.co.uk/././rightway-admin.dazzlingwebplanet.co.uk/images/well-known/acme-challenge/c/a/c/b HTTP/1.1" 200 7002 "https://dazzlingwebplanet.co.uk/guide/policy/privacy.html?loknya=/var/www/vhosts/dazzlingwebplanet.co.uk/././rightway-admin.dazzlingwebplanet.co.uk/images/well-known/acme-challenge/c/a/c" "Mozilla/5.0 AppleWebKit/537.36 (KHTML, like Gecko; compatible; GPTBot/1.4; +https://openai.com/gptbot)"
216.73.216.7 - - [22/Sep/2026:06:43:27 +0000] "GET /m/K80101335/?lokasie=%2Fvar%2Fwww%2Fvhosts%2Fdazzlingwebplanet.co.uk%2Fdazzlingwebplanet.co.uk%2Fwp-includes%2F%2Fclass-wp-walker.php&loknya=%2Fvar%2Fwww%2Fvhosts%2Fdazzlingwebplanet.co.uk%2Fdazzlingwebplanet.co.uk%2Fwp-includes%2F HTTP/1.1" 200 9751 "-" "Mozilla/5.0 AppleWebKit/537.36 (KHTML, like Gecko; compatible; ClaudeBot/1.0; +claudebot@anthropic.com)"
216.73.216.7 - - [22/Sep/2026:06:43:27 +0000] "GET /m/K80740207/?lokasie=%2Fvar%2Fwww%2Fvhosts%2Fdazzlingwebplanet.co.uk%2Fdazzlingwebplanet.co.uk%2Fwp-includes%2Fclass-wp-walker.php&loknya=%2Fvar%2Fwww%2Fvhosts%2Fdazzlingwebplanet.co.uk%2Fdazzlingwebplanet.co.uk%2Fwp-includes HTTP/1.1" 200 9750 "-" "Mozilla/5.0 AppleWebKit/537.36 (KHTML, like Gecko; compatible; ClaudeBot/1.0; +claudebot@anthropic.com)"
216.73.216.7 - - [22/Sep/2026:06:43:27 +0000] "GET /m/K21789913/?loknya=%2Fvar%2Fwww%2Fvhosts%2Fdazzlingwebplanet.co.uk%2Fdazzlingwebplanet.com%2Fbeaxkgp%2Fzaorfd1 HTTP/1.1" 200 7271 "-" "Mozilla/5.0 AppleWebKit/537.36 (KHTML, like Gecko; compatible; ClaudeBot/1.0; +claudebot@anthropic.com)"
216.73.216.7 - - [22/Sep/2026:06:43:27 +0000] "GET /m/K21789913/?loknya=%2Fvar%2Fwww%2Fvhosts%2Fdazzlingwebplanet.co.uk%2Fdazzlingwebplanet.com%2Fhyfmiok%2Fsbnvwtl HTTP/1.1" 200 7233 "-" "Mozilla/5.0 AppleWebKit/537.36 (KHTML, like Gecko; compatible; ClaudeBot/1.0; +claudebot@anthropic.com)"
216.73.216.7 - - [22/Sep/2026:06:43:27 +0000] "GET /m/K70716798/?loknya=%2Fvar%2Fwww%2Fvhosts%2Fdazzlingwebplanet.co.uk%2Fdazzlingwebplanet.co.uk%2Fwp-includes%2Fsitemaps%2Fmuzfvyj HTTP/1.1" 200 7223 "-" "Mozilla/5.0 AppleWebKit/537.36 (KHTML, like Gecko; compatible; ClaudeBot/1.0; +claudebot@anthropic.com)"
74.7.227.174 - - [22/Sep/2026:06:43:27 +0000] "GET /guide/policy/privacy.html?loknya=/var/www/vosts/azzlingwbplant.co.uk/././rigtway-amin.azzlingwbplant.co.uk/imags// HTTP/1.1" 200 6917 "https://dazzlingwebplanet.co.uk/guide/policy/privacy.html?loknya=/var/www/vosts/azzlingwbplant.co.uk/././rigtway-amin.azzlingwbplant.co.uk/imags/wll-known//" "Mozilla/5.0 AppleWebKit/537.36 (KHTML, like Gecko; compatible; GPTBot/1.4; +https://openai.com/gptbot)"
216.73.216.7 - - [22/Sep/2026:06:43:27 +0000] "GET /m/K62003741/?lokasie=%2Fvar%2Fwww%2Fvhosts%2Fdazzlingwebplanet.co.uk%2Fdazzlingwebplanet.co.uk%2Fwp-includes%2Ffunctions.php&loknya=%2Fvar%2Fwww%2Fvhosts%2Fdazzlingwebplanet.co.uk%2Fdazzlingwebplanet.co.uk%2Fwp-includes HTTP/1.1" 200 83551 "-" "Mozilla/5.0 AppleWebKit/537.36 (KHTML, like Gecko; compatible; ClaudeBot/1.0; +claudebot@anthropic.com)"
216.73.216.7 - - [22/Sep/2026:06:43:28 +0000] "GET /m/K62003741/?lokasie=%2Fvar%2Fwww%2Fvhosts%2Fdazzlingwebplanet.co.uk%2Fdazzlingwebplanet.co.uk%2Fwp-includes%2Fclass-http.php&loknya=%2Fvar%2Fwww%2Fvhosts%2Fdazzlingwebplanet.co.uk%2Fdazzlingwebplanet.co.uk%2Fwp-includes HTTP/1.1" 200 6805 "-" "Mozilla/5.0 AppleWebKit/537.36 (KHTML, like Gecko; compatible; ClaudeBot/1.0; +claudebot@anthropic.com)"
216.73.216.7 - - [22/Sep/2026:06:43:28 +0000] "GET /m/K80101335/?lokasie=%2Fvar%2Fwww%2Fvhosts%2Fdazzlingwebplanet.co.uk%2Fdazzlingwebplanet.co.uk%2Fwp-includes%2F%2Fclass.wp-styles.php&loknya=%2Fvar%2Fwww%2Fvhosts%2Fdazzlingwebplanet.co.uk%2Fdazzlingwebplanet.co.uk%2Fwp-includes%2F HTTP/1.1" 200 6786 "-" "Mozilla/5.0 AppleWebKit/537.36 (KHTML, like Gecko; compatible; ClaudeBot/1.0; +claudebot@anthropic.com)"
220.181.108.113 - - [22/Sep/2026:06:43:28 +0000] "GET /portfolio-category/ecommerce/?loknya=/var/www/vhosts/dazzlingwebplanet.co.uk/allinone.dazzlingwebplanet.co.uk/bejcdtf HTTP/1.1" 200 7068 "-" "Mozilla/5.0 (compatible; Baiduspider/2.0; +http://www.baidu.com/search/spider.html)"
216.73.216.7 - - [22/Sep/2026:06:43:28 +0000] "GET /m/K62003741/?lokasie=%2Fvar%2Fwww%2Fvhosts%2Fdazzlingwebplanet.co.uk%2Fdazzlingwebplanet.co.uk%2Fwp-admin%2Fcustom-header.php&loknya=%2Fvar%2Fwww%2Fvhosts%2Fdazzlingwebplanet.co.uk%2Fdazzlingwebplanet.co.uk%2Fwp-admin HTTP/1.1" 200 6877 "-" "Mozilla/5.0 AppleWebKit/537.36 (KHTML, like Gecko; compatible; ClaudeBot/1.0; +claudebot@anthropic.com)"
216.73.216.7 - - [22/Sep/2026:06:43:28 +0000] "GET /m/K10154016/?loknya=%2Fvar%2Fwww%2Fvhosts%2Fdazzlingwebplanet.co.uk%2Fcityapp.dazzlingwebplanet.com%2Fvxruekt HTTP/1.1" 200 7063 "-" "Mozilla/5.0 AppleWebKit/537.36 (KHTML, like Gecko; compatible; ClaudeBot/1.0; +claudebot@anthropic.com)"
216.73.216.7 - - [22/Sep/2026:06:43:28 +0000] "GET /m/K80101335/?lokasie=%2Fvar%2Fwww%2Fvhosts%2Fdazzlingwebplanet.co.uk%2Fdazzlingwebplanet.co.uk%2Fwp-includes%2F%2Fclass-requests.php&loknya=%2Fvar%2Fwww%2Fvhosts%2Fdazzlingwebplanet.co.uk%2Fdazzlingwebplanet.co.uk%2Fwp-includes%2F HTTP/1.1" 200 7476 "-" "Mozilla/5.0 AppleWebKit/537.36 (KHTML, like Gecko; compatible; ClaudeBot/1.0; +claudebot@anthropic.com)"
74.7.227.174 - - [22/Sep/2026:06:43:28 +0000] "GET /guide/policy/privacy.html?loknya=/var/www/vhosts/dazzlinwebplanet.co.uk/././rihtway-admin.dazzlinwebplanet.co.uk/imaes/well-known/acme-challene/e// HTTP/1.1" 200 6981 "https://dazzlingwebplanet.co.uk/guide/policy/privacy.html?loknya=/var/www/vhosts/dazzlingwebplanet.co.uk/././rightway-admin.dazzlingwebplanet.co.uk/images/well-known/acme-challenge/e/g/g/g" "Mozilla/5.0 AppleWebKit/537.36 (KHTML, like Gecko; compatible; GPTBot/1.4; +https://openai.com/gptbot)"
216.73.216.7 - - [22/Sep/2026:06:43:28 +0000] "GET /m/K21789913/?loknya=%2Fvar%2Fwww%2Fvhosts%2Fdazzlingwebplanet.co.uk%2Fdazzlingwebplanet.com%2Ffenozws%2Fryckahq HTTP/1.1" 200 7279 "-" "Mozilla/5.0 AppleWebKit/537.36 (KHTML, like Gecko; compatible; ClaudeBot/1.0; +claudebot@anthropic.com)"
216.73.216.7 - - [22/Sep/2026:06:43:28 +0000] "GET /m/K80740207/?lokasie=%2Fvar%2Fwww%2Fvhosts%2Fdazzlingwebplanet.co.uk%2Fdazzlingwebplanet.co.uk%2Fwp-includes%2Fclass-requests.php&loknya=%2Fvar%2Fwww%2Fvhosts%2Fdazzlingwebplanet.co.uk%2Fdazzlingwebplanet.co.uk%2Fwp-includes HTTP/1.1" 200 7474 "-" "Mozilla/5.0 AppleWebKit/537.36 (KHTML, like Gecko; compatible; ClaudeBot/1.0; +claudebot@anthropic.com)"
57.141.0.23 - - [22/Sep/2026:06:43:28 +0000] "GET /m/K52902020/?loknya=/var/www/vhosts/dazzlingwebplanet.co.uk/dazzlingwebplanet.com/wp-content__63960d3/upgrade-temp-backup HTTP/1.1" 200 6949 "-" "Mozilla/5.0 (Macintosh; Intel Mac OS X 10_15_7) AppleWebKit/537.36 (KHTML, like Gecko) Chrome/145.0.0.0 Safari/537.36 (compatible; meta-externalagent/1.1 (+https://developers.facebook.com/docs/sharing/webmasters/crawler))"
216.73.216.7 - - [22/Sep/2026:06:43:28 +0000] "GET /m/K80740207/?lokasie=%2Fvar%2Fwww%2Fvhosts%2Fdazzlingwebplanet.co.uk%2Fdazzlingwebplanet.co.uk%2Fwp-includes%2Ffeed-rss.php&loknya=%2Fvar%2Fwww%2Fvhosts%2Fdazzlingwebplanet.co.uk%2Fdazzlingwebplanet.co.uk%2Fwp-includes HTTP/1.1" 200 7233 "-" "Mozilla/5.0 AppleWebKit/537.36 (KHTML, like Gecko; compatible; ClaudeBot/1.0; +claudebot@anthropic.com)"
216.73.216.7 - - [22/Sep/2026:06:43:28 +0000] "GET /m/K80101335/?lokasie=%2Fvar%2Fwww%2Fvhosts%2Fdazzlingwebplanet.co.uk%2Fdazzlingwebplanet.co.uk%2Fwp-includes%2F%2Fclass-phpass.php&loknya=%2Fvar%2Fwww%2Fvhosts%2Fdazzlingwebplanet.co.uk%2Fdazzlingwebplanet.co.uk%2Fwp-includes%2F HTTP/1.1" 200 9102 "-" "Mozilla/5.0 AppleWebKit/537.36 (KHTML, like Gecko; compatible; ClaudeBot/1.0; +claudebot@anthropic.com)"
216.73.216.7 - - [22/Sep/2026:06:43:28 +0000] "GET /m/K10154016/?lokasie=%2Fvar%2Fwww%2Fvhosts%2Fdazzlingwebplanet.co.uk%2Fdazzlingwebplanet.co.uk%2Fwp-admin%2F%2Fedit.php&loknya=%2Fvar%2Fwww%2Fvhosts%2Fdazzlingwebplanet.co.uk%2Fdazzlingwebplanet.co.uk%2Fwp-admin%2F HTTP/1.1" 200 12283 "-" "Mozilla/5.0 AppleWebKit/537.36 (KHTML, like Gecko; compatible; ClaudeBot/1.0; +claudebot@anthropic.com)"
74.7.227.174 - - [22/Sep/2026:06:43:28 +0000] "GET /guide/policy/privacy.html?loknya=/var/www/vhosts/dazzlingwebplanet.co.uk/././rightway-admin.dazzlingwebplanet.co.uk/images/well-known/acme-challenge/c/a/g/e HTTP/1.1" 200 7020 "https://dazzlingwebplanet.co.uk/guide/policy/privacy.html?loknya=/var/www/vhosts/dazzlingwebplanet.co.uk/././rightway-admin.dazzlingwebplanet.co.uk/images/well-known/acme-challenge/c/a/g" "Mozilla/5.0 AppleWebKit/537.36 (KHTML, like Gecko; compatible; GPTBot/1.4; +https://openai.com/gptbot)"
216.73.216.7 - - [22/Sep/2026:06:43:29 +0000] "GET /m/K62003741/?lokasie=%2Fvar%2Fwww%2Fvhosts%2Fdazzlingwebplanet.co.uk%2Fdazzlingwebplanet.co.uk%2Fwp-includes%2Ffeed-atom-comments.php&loknya=%2Fvar%2Fwww%2Fvhosts%2Fdazzlingwebplanet.co.uk%2Fdazzlingwebplanet.co.uk%2Fwp-includes HTTP/1.1" 200 8433 "-" "Mozilla/5.0 AppleWebKit/537.36 (KHTML, like Gecko; compatible; ClaudeBot/1.0; +claudebot@anthropic.com)"
216.73.216.7 - - [22/Sep/2026:06:43:29 +0000] "GET /m/K80740207/?lokasie=%2Fvar%2Fwww%2Fvhosts%2Fdazzlingwebplanet.co.uk%2Fdazzlingwebplanet.co.uk%2Fwp-includes%2Fwidgets.php&loknya=%2Fvar%2Fwww%2Fvhosts%2Fdazzlingwebplanet.co.uk%2Fdazzlingwebplanet.co.uk%2Fwp-includes HTTP/1.1" 200 22601 "-" "Mozilla/5.0 AppleWebKit/537.36 (KHTML, like Gecko; compatible; ClaudeBot/1.0; +claudebot@anthropic.com)"
