43.173.178.32 - - [22/Sep/2026:06:44:01 +0000] "GET /team-category/it-technology?lokasie=/var/www/vhosts/dazzlingwebplanet.co.uk/dazzlingwebplanet.co.uk/wp-content/uploads/2020/07/sticky-150x108.png&loknya=/var/www/vhosts/dazzlingwebplanet.co.uk/dazzlingwebplanet.co.uk/wp-content/uploads/2020/07 HTTP/1.1" 200 6644 "-" "Mozilla/5.0 (Windows NT 10.0; Win64; x64) AppleWebKit/537.36 (KHTML, like Gecko) Chrome/107.0.0.0 Safari/537.36"
216.73.216.7 - - [22/Sep/2026:06:44:01 +0000] "GET /m/K22073625/?loknya=%2Fvar%2Fwww%2Fvhosts%2Fdazzlingwebplanet.co.uk%2Fdazzlingwebplanet.com%2Fmtnldhu%2Fpbdtsjh HTTP/1.1" 200 7269 "-" "Mozilla/5.0 AppleWebKit/537.36 (KHTML, like Gecko; compatible; ClaudeBot/1.0; +claudebot@anthropic.com)"
216.73.216.7 - - [22/Sep/2026:06:44:01 +0000] "GET /m/K80101335/?lokasie=%2Fvar%2Fwww%2Fvhosts%2Fdazzlingwebplanet.co.uk%2Fdazzlingwebplanet.co.uk%2Fwp-admin%2Fuser%2Findex.php&loknya=%2Fvar%2Fwww%2Fvhosts%2Fdazzlingwebplanet.co.uk%2Fdazzlingwebplanet.co.uk%2Fwp-admin%2Fuser HTTP/1.1" 200 6746 "-" "Mozilla/5.0 AppleWebKit/537.36 (KHTML, like Gecko; compatible; ClaudeBot/1.0; +claudebot@anthropic.com)"
216.73.216.7 - - [22/Sep/2026:06:44:01 +0000] "GET /m/K70716798/?lokasie=%2Fvar%2Fwww%2Fvhosts%2Fdazzlingwebplanet.co.uk%2Fdazzlingwebplanet.co.uk%2Fwp-includes%2F%2Fabilities-api.php&loknya=%2Fvar%2Fwww%2Fvhosts%2Fdazzlingwebplanet.co.uk%2Fdazzlingwebplanet.co.uk%2Fwp-includes%2F HTTP/1.1" 200 14255 "-" "Mozilla/5.0 AppleWebKit/537.36 (KHTML, like Gecko; compatible; ClaudeBot/1.0; +claudebot@anthropic.com)"
216.73.216.7 - - [22/Sep/2026:06:44:01 +0000] "GET /m/K22073625/?loknya=%2Fvar%2Fwww%2Fvhosts%2Fdazzlingwebplanet.co.uk%2Fdazzlingwebplanet.com%2Fbjswdur%2Ftfdmckn HTTP/1.1" 200 7187 "-" "Mozilla/5.0 AppleWebKit/537.36 (KHTML, like Gecko; compatible; ClaudeBot/1.0; +claudebot@anthropic.com)"
216.73.216.7 - - [22/Sep/2026:06:44:02 +0000] "GET /m/K21789913/?loknya=%2Fvar%2Fwww%2Fvhosts%2Fdazzlingwebplanet.co.uk%2Fcityapp.dazzlingwebplanet.com%2Fpszc1wh HTTP/1.1" 200 7205 "-" "Mozilla/5.0 AppleWebKit/537.36 (KHTML, like Gecko; compatible; ClaudeBot/1.0; +claudebot@anthropic.com)"
74.7.227.174 - - [22/Sep/2026:06:44:02 +0000] "GET /guide/policy/privacy.html?loknya=/var/www/vhosts/azzlingwebplanet.co.uk/././rightway-amin.azzlingwebplanet.co.uk/images/well-known/acme-challenge/e/e/c HTTP/1.1" 200 6987 "https://dazzlingwebplanet.co.uk/guide/policy/privacy.html?loknya=/var/www/vhosts/azzlingwebplanet.co.uk/././rightway-amin.azzlingwebplanet.co.uk/images/well-known/acme-challenge/e/e/c/" "Mozilla/5.0 AppleWebKit/537.36 (KHTML, like Gecko; compatible; GPTBot/1.4; +https://openai.com/gptbot)"
43.173.174.36 - - [22/Sep/2026:06:44:02 +0000] "GET /product-category/electronic?lokasie=/var/www/vhosts/dazzlingwebplanet.co.uk/mg.dazzlingwebplanet.com/kjymwps/bgwhrxp/.htaccess&loknya=/var/www/vhosts/dazzlingwebplanet.co.uk/mg.dazzlingwebplanet.com/kjymwps/bgwhrxp HTTP/1.1" 200 6741 "-" "Mozilla/5.0 (Windows NT 10.0; Win64; x64) AppleWebKit/537.36 (KHTML, like Gecko) Chrome/131.0.0.0 Safari/537.36"
57.141.0.63 - - [22/Sep/2026:06:44:02 +0000] "GET /m/K10132312/?loknya=/var/www/vhosts/dazzlingwebplanet.co.uk/localpubpassport.co.uk/ihycqnj HTTP/1.1" 200 7214 "-" "Mozilla/5.0 (Windows NT 10.0; Win64; x64) AppleWebKit/537.36 (KHTML, like Gecko) Chrome/145.0.0.0 Safari/537.36 (compatible; meta-externalagent/1.1 (+https://developers.facebook.com/docs/sharing/webmasters/crawler))"
216.73.216.7 - - [22/Sep/2026:06:44:02 +0000] "GET /m/K10154016/?loknya=%2Fvar%2Fwww%2Fvhosts%2Fdazzlingwebplanet.co.uk%2Fcityapp.dazzlingwebplanet.com%2Fz1vcdqu HTTP/1.1" 200 7209 "-" "Mozilla/5.0 AppleWebKit/537.36 (KHTML, like Gecko; compatible; ClaudeBot/1.0; +claudebot@anthropic.com)"
216.73.216.7 - - [22/Sep/2026:06:44:02 +0000] "GET /m/K10154016/?lokasie=%2Fvar%2Fwww%2Fvhosts%2Fdazzlingwebplanet.co.uk%2Fdazzlingwebplanet.co.uk%2Fwp-admin%2F%2Fuser-edit.php&loknya=%2Fvar%2Fwww%2Fvhosts%2Fdazzlingwebplanet.co.uk%2Fdazzlingwebplanet.co.uk%2Fwp-admin%2F HTTP/1.1" 200 17162 "-" "Mozilla/5.0 AppleWebKit/537.36 (KHTML, like Gecko; compatible; ClaudeBot/1.0; +claudebot@anthropic.com)"
216.73.216.7 - - [22/Sep/2026:06:44:02 +0000] "GET /m/K62003741/?lokasie=%2Fvar%2Fwww%2Fvhosts%2Fdazzlingwebplanet.co.uk%2Fdazzlingwebplanet.co.uk%2Fwp-admin%2Fwidgets-form.php&loknya=%2Fvar%2Fwww%2Fvhosts%2Fdazzlingwebplanet.co.uk%2Fdazzlingwebplanet.co.uk%2Fwp-admin HTTP/1.1" 200 12549 "-" "Mozilla/5.0 AppleWebKit/537.36 (KHTML, like Gecko; compatible; ClaudeBot/1.0; +claudebot@anthropic.com)"
216.73.216.7 - - [22/Sep/2026:06:44:02 +0000] "GET /m/K10154016/?lokasie=%2Fvar%2Fwww%2Fvhosts%2Fdazzlingwebplanet.co.uk%2Fdazzlingwebplanet.co.uk%2Fwp-admin%2F%2Fupdate-core.php&loknya=%2Fvar%2Fwww%2Fvhosts%2Fdazzlingwebplanet.co.uk%2Fdazzlingwebplanet.co.uk%2Fwp-admin%2F HTTP/1.1" 200 17608 "-" "Mozilla/5.0 AppleWebKit/537.36 (KHTML, like Gecko; compatible; ClaudeBot/1.0; +claudebot@anthropic.com)"
216.73.216.7 - - [22/Sep/2026:06:44:02 +0000] "GET /m/K62003741/?lokasie=%2Fvar%2Fwww%2Fvhosts%2Fdazzlingwebplanet.co.uk%2Fdazzlingwebplanet.co.uk%2Fwp-includes%2Fcapabilities.php&loknya=%2Fvar%2Fwww%2Fvhosts%2Fdazzlingwebplanet.co.uk%2Fdazzlingwebplanet.co.uk%2Fwp-includes HTTP/1.1" 200 14234 "-" "Mozilla/5.0 AppleWebKit/537.36 (KHTML, like Gecko; compatible; ClaudeBot/1.0; +claudebot@anthropic.com)"
216.73.216.7 - - [22/Sep/2026:06:44:02 +0000] "GET /m/K10154016/?loknya=%2Fvar%2Fwww%2Fvhosts%2Fdazzlingwebplanet.co.uk%2Fcityapp.dazzlingwebplanet.com%2Fbzvktsh HTTP/1.1" 200 7208 "-" "Mozilla/5.0 AppleWebKit/537.36 (KHTML, like Gecko; compatible; ClaudeBot/1.0; +claudebot@anthropic.com)"
74.7.227.174 - - [22/Sep/2026:06:44:02 +0000] "GET /guide/policy/privacy.html?loknya=/var/www/vhosts/dazzlinwebplanet.co.uk/././rihtway-admin.dazzlinwebplanet.co.uk/imaes/well-known/acme-challene/a/c/e/ HTTP/1.1" 200 6997 "https://dazzlingwebplanet.co.uk/guide/policy/privacy.html?loknya=/var/www/vhosts/dazzlingwebplanet.co.uk/././rightway-admin.dazzlingwebplanet.co.uk/images/well-known/acme-challenge/a/c/e/g" "Mozilla/5.0 AppleWebKit/537.36 (KHTML, like Gecko; compatible; GPTBot/1.4; +https://openai.com/gptbot)"
216.73.216.7 - - [22/Sep/2026:06:44:02 +0000] "GET /m/K62003741/?lokasie=%2Fvar%2Fwww%2Fvhosts%2Fdazzlingwebplanet.co.uk%2Fdazzlingwebplanet.co.uk%2Fwp-admin%2Fsite-editor.php&loknya=%2Fvar%2Fwww%2Fvhosts%2Fdazzlingwebplanet.co.uk%2Fdazzlingwebplanet.co.uk%2Fwp-admin HTTP/1.1" 200 10238 "-" "Mozilla/5.0 AppleWebKit/537.36 (KHTML, like Gecko; compatible; ClaudeBot/1.0; +claudebot@anthropic.com)"
216.73.216.7 - - [22/Sep/2026:06:44:02 +0000] "GET /m/K22073625/?loknya=%2Fvar%2Fwww%2Fvhosts%2Fdazzlingwebplanet.co.uk%2Frightway.dazzlingwebplanet.com%2Fvendor%2Fvoku HTTP/1.1" 200 7045 "-" "Mozilla/5.0 AppleWebKit/537.36 (KHTML, like Gecko; compatible; ClaudeBot/1.0; +claudebot@anthropic.com)"
216.73.216.7 - - [22/Sep/2026:06:44:02 +0000] "GET /m/K80740207/?lokasie=%2Fvar%2Fwww%2Fvhosts%2Fdazzlingwebplanet.co.uk%2Fdazzlingwebplanet.co.uk%2Fwp-includes%2Fdate.php&loknya=%2Fvar%2Fwww%2Fvhosts%2Fdazzlingwebplanet.co.uk%2Fdazzlingwebplanet.co.uk%2Fwp-includes HTTP/1.1" 200 6823 "-" "Mozilla/5.0 AppleWebKit/537.36 (KHTML, like Gecko; compatible; ClaudeBot/1.0; +claudebot@anthropic.com)"
216.73.216.7 - - [22/Sep/2026:06:44:02 +0000] "GET /m/K10154016/?loknya=%2Fvar%2Fwww%2Fvhosts%2Fdazzlingwebplanet.co.uk%2Fcityapp.dazzlingwebplanet.com%2Fawvszdm HTTP/1.1" 200 7210 "-" "Mozilla/5.0 AppleWebKit/537.36 (KHTML, like Gecko; compatible; ClaudeBot/1.0; +claudebot@anthropic.com)"
216.73.216.7 - - [22/Sep/2026:06:44:03 +0000] "GET /m/K80101335/?lokasie=%2Fvar%2Fwww%2Fvhosts%2Fdazzlingwebplanet.co.uk%2Fdazzlingwebplanet.co.uk%2Fwp-includes%2F%2Fclass-wp-phpmailer.php&loknya=%2Fvar%2Fwww%2Fvhosts%2Fdazzlingwebplanet.co.uk%2Fdazzlingwebplanet.co.uk%2Fwp-includes%2F HTTP/1.1" 200 7978 "-" "Mozilla/5.0 AppleWebKit/537.36 (KHTML, like Gecko; compatible; ClaudeBot/1.0; +claudebot@anthropic.com)"
74.7.227.174 - - [22/Sep/2026:06:44:03 +0000] "GET /guide/policy/privacy.html?loknya=/var/www/vhosts/dazzlingwplant.co.uk/././rightway-admin.dazzlingwplant.co.uk/imags/wll-known/acm-challng/g// HTTP/1.1" 200 6973 "https://dazzlingwebplanet.co.uk/guide/policy/privacy.html?loknya=/var/www/vhosts/dazzlingweplanet.co.uk/././rightway-admin.dazzlingweplanet.co.uk/images/well-known/acme-challenge/g/e/e/" "Mozilla/5.0 AppleWebKit/537.36 (KHTML, like Gecko; compatible; GPTBot/1.4; +https://openai.com/gptbot)"
216.73.216.7 - - [22/Sep/2026:06:44:03 +0000] "GET /m/K70716798/?lokasie=%2Fvar%2Fwww%2Fvhosts%2Fdazzlingwebplanet.co.uk%2Fdazzlingwebplanet.co.uk%2Fwp-includes%2F%2Fclass-wp-hook.php&loknya=%2Fvar%2Fwww%2Fvhosts%2Fdazzlingwebplanet.co.uk%2Fdazzlingwebplanet.co.uk%2Fwp-includes%2F HTTP/1.1" 200 10828 "-" "Mozilla/5.0 AppleWebKit/537.36 (KHTML, like Gecko; compatible; ClaudeBot/1.0; +claudebot@anthropic.com)"
216.73.216.7 - - [22/Sep/2026:06:44:03 +0000] "GET /m/K62003741/?lokasie=%2Fvar%2Fwww%2Fvhosts%2Fdazzlingwebplanet.co.uk%2Fdazzlingwebplanet.co.uk%2Fwp-includes%2Ftemplate.php&loknya=%2Fvar%2Fwww%2Fvhosts%2Fdazzlingwebplanet.co.uk%2Fdazzlingwebplanet.co.uk%2Fwp-includes HTTP/1.1" 200 14989 "-" "Mozilla/5.0 AppleWebKit/537.36 (KHTML, like Gecko; compatible; ClaudeBot/1.0; +claudebot@anthropic.com)"
216.73.216.7 - - [22/Sep/2026:06:44:03 +0000] "GET /m/K70716798/?lokasie=%2Fvar%2Fwww%2Fvhosts%2Fdazzlingwebplanet.co.uk%2Fdazzlingwebplanet.co.uk%2Fwp-includes%2F%2Fclass-wp-user.php&loknya=%2Fvar%2Fwww%2Fvhosts%2Fdazzlingwebplanet.co.uk%2Fdazzlingwebplanet.co.uk%2Fwp-includes%2F HTTP/1.1" 200 12491 "-" "Mozilla/5.0 AppleWebKit/537.36 (KHTML, like Gecko; compatible; ClaudeBot/1.0; +claudebot@anthropic.com)"
57.141.0.3 - - [22/Sep/2026:06:44:03 +0000] "GET /m/K30730634/?loknya=/var/www/vhosts/dazzlingwebplanet.co.uk/logs/tap2teach.dazzlingwebplanet.com HTTP/1.1" 200 8142 "-" "Mozilla/5.0 (Windows NT 10.0; Win64; x64) AppleWebKit/537.36 (KHTML, like Gecko) Chrome/145.0.0.0 Safari/537.36 (compatible; meta-externalagent/1.1 (+https://developers.facebook.com/docs/sharing/webmasters/crawler))"
216.73.216.7 - - [22/Sep/2026:06:44:03 +0000] "GET /m/K51048380/?lokasie=%2Fvar%2Fwww%2Fvhosts%2Fdazzlingwebplanet.co.uk%2Fdazzlingwebplanet.co.uk%2Fwp-admin%2Fcss%2Fnav-menus.css&loknya=%2Fvar%2Fwww%2Fvhosts%2Fdazzlingwebplanet.co.uk%2Fdazzlingwebplanet.co.uk%2Fwp-admin%2Fcss HTTP/1.1" 200 10977 "-" "Mozilla/5.0 AppleWebKit/537.36 (KHTML, like Gecko; compatible; ClaudeBot/1.0; +claudebot@anthropic.com)"
216.73.216.7 - - [22/Sep/2026:06:44:03 +0000] "GET /m/K22073625/?loknya=%2Fvar%2Fwww%2Fvhosts%2Fdazzlingwebplanet.co.uk%2Frightway.dazzlingwebplanet.com%2Fsojfepx%2Frmipjfn HTTP/1.1" 200 7281 "-" "Mozilla/5.0 AppleWebKit/537.36 (KHTML, like Gecko; compatible; ClaudeBot/1.0; +claudebot@anthropic.com)"
74.7.227.174 - - [22/Sep/2026:06:44:03 +0000] "GET /guide/policy/privacy.html?loknya=/var/www/vhosts/dazzlingweplanet.co.uk/././rightway-admin.dazzlingweplanet.co.uk/images/well-known/acme-challenge/g/e/e HTTP/1.1" 200 7001 "https://dazzlingwebplanet.co.uk/guide/policy/privacy.html?loknya=/var/www/vhosts/dazzlingweplanet.co.uk/././rightway-admin.dazzlingweplanet.co.uk/images/well-known/acme-challenge/g/e/e/" "Mozilla/5.0 AppleWebKit/537.36 (KHTML, like Gecko; compatible; GPTBot/1.4; +https://openai.com/gptbot)"
216.73.216.7 - - [22/Sep/2026:06:44:03 +0000] "GET /m/K70716798/?lokasie=%2Fvar%2Fwww%2Fvhosts%2Fdazzlingwebplanet.co.uk%2Fdazzlingwebplanet.co.uk%2Fwp-includes%2F%2Fclass-oembed.php&loknya=%2Fvar%2Fwww%2Fvhosts%2Fdazzlingwebplanet.co.uk%2Fdazzlingwebplanet.co.uk%2Fwp-includes%2F HTTP/1.1" 200 6829 "-" "Mozilla/5.0 AppleWebKit/537.36 (KHTML, like Gecko; compatible; ClaudeBot/1.0; +claudebot@anthropic.com)"
216.73.216.7 - - [22/Sep/2026:06:44:03 +0000] "GET /m/K80101335/?lokasie=%2Fvar%2Fwww%2Fvhosts%2Fdazzlingwebplanet.co.uk%2Fdazzlingwebplanet.co.uk%2Fwp-includes%2F%2Ffeed.php&loknya=%2Fvar%2Fwww%2Fvhosts%2Fdazzlingwebplanet.co.uk%2Fdazzlingwebplanet.co.uk%2Fwp-includes%2F HTTP/1.1" 200 13298 "-" "Mozilla/5.0 AppleWebKit/537.36 (KHTML, like Gecko; compatible; ClaudeBot/1.0; +claudebot@anthropic.com)"
164.90.241.135 - - [22/Sep/2026:06:44:03 +0000] "GET /options.php HTTP/1.1" 200 5412 "-" "Mozilla/5.0 (iPhone; CPU iPhone OS 15_0 like Mac OS X) AppleWebKit/605.1.15 (KHTML, like Gecko) Version/15.0 Mobile/15E148 Safari/604.1"
44.218.6.93 - - [22/Sep/2026:06:44:03 +0000] "GET /?loknya=/var/www/vosts/dazzlingwebplanet.co.uk/tap2teac.dazzlingwebplanet.com/public/well-known/pki-validation/c/c/c HTTP/1.1" 200 6973 "-" "Mozilla/5.0 AppleWebKit/537.36 (KHTML, like Gecko; compatible; Amazonbot/0.1; +https://developer.amazon.com/support/amazonbot) Chrome/119.0.6045.214 Safari/537.36"
216.73.216.7 - - [22/Sep/2026:06:44:03 +0000] "GET /m/K70716798/?loknya=%2Fvar%2Fwww%2Fvhosts%2Fdazzlingwebplanet.co.uk%2Fdazzlingwebplanet.co.uk%2Fwp-includes%2Fsitemaps%2Fmbv1nrg HTTP/1.1" 200 7222 "-" "Mozilla/5.0 AppleWebKit/537.36 (KHTML, like Gecko; compatible; ClaudeBot/1.0; +claudebot@anthropic.com)"
216.73.216.7 - - [22/Sep/2026:06:44:03 +0000] "GET /m/K51048380/?lokasie=%2Fvar%2Fwww%2Fvhosts%2Fdazzlingwebplanet.co.uk%2Fdazzlingwebplanet.co.uk%2Fwp-admin%2Fcss%2Fmedia.css&loknya=%2Fvar%2Fwww%2Fvhosts%2Fdazzlingwebplanet.co.uk%2Fdazzlingwebplanet.co.uk%2Fwp-admin%2Fcss HTTP/1.1" 200 12816 "-" "Mozilla/5.0 AppleWebKit/537.36 (KHTML, like Gecko; compatible; ClaudeBot/1.0; +claudebot@anthropic.com)"
216.73.216.7 - - [22/Sep/2026:06:44:03 +0000] "GET /m/K70716798/?lokasie=%2Fvar%2Fwww%2Fvhosts%2Fdazzlingwebplanet.co.uk%2Fdazzlingwebplanet.co.uk%2Fwp-includes%2F%2Ftemplate-loader.php&loknya=%2Fvar%2Fwww%2Fvhosts%2Fdazzlingwebplanet.co.uk%2Fdazzlingwebplanet.co.uk%2Fwp-includes%2F HTTP/1.1" 200 8408 "-" "Mozilla/5.0 AppleWebKit/537.36 (KHTML, like Gecko; compatible; ClaudeBot/1.0; +claudebot@anthropic.com)"
216.73.216.7 - - [22/Sep/2026:06:44:04 +0000] "GET /m/K80101335/?lokasie=%2Fvar%2Fwww%2Fvhosts%2Fdazzlingwebplanet.co.uk%2Fdazzlingwebplanet.co.uk%2Fwp-includes%2F%2Frss.php&loknya=%2Fvar%2Fwww%2Fvhosts%2Fdazzlingwebplanet.co.uk%2Fdazzlingwebplanet.co.uk%2Fwp-includes%2F HTTP/1.1" 200 13501 "-" "Mozilla/5.0 AppleWebKit/537.36 (KHTML, like Gecko; compatible; ClaudeBot/1.0; +claudebot@anthropic.com)"
46.224.147.152 - - [22/Sep/2026:06:44:04 +0000] "GET /options.php HTTP/1.1" 200 5412 "-" "Mozilla/5.0 (iPhone; CPU iPhone OS 15_0 like Mac OS X) AppleWebKit/605.1.15 (KHTML, like Gecko) Version/15.0 Mobile/15E148 Safari/604.1"
74.7.227.174 - - [22/Sep/2026:06:44:04 +0000] "GET /guide/policy/privacy.html?loknya=/var/www/vosts/dazzlinwebplanet.co.uk/././ritway-admin.dazzlinwebplanet.co.uk/imaes/well-known/acme-callene/e/a HTTP/1.1" 200 6986 "https://dazzlingwebplanet.co.uk/guide/policy/privacy.html?loknya=/var/www/vosts/dazzlinwebplanet.co.uk/././ritway-admin.dazzlinwebplanet.co.uk/imaes/well-known/acme-callene/e/a/" "Mozilla/5.0 AppleWebKit/537.36 (KHTML, like Gecko; compatible; GPTBot/1.4; +https://openai.com/gptbot)"
216.73.216.7 - - [22/Sep/2026:06:44:04 +0000] "GET /m/K10154016/?lokasie=%2Fvar%2Fwww%2Fvhosts%2Fdazzlingwebplanet.co.uk%2Fdazzlingwebplanet.co.uk%2Fwp-admin%2F%2Fwidgets-form.php&loknya=%2Fvar%2Fwww%2Fvhosts%2Fdazzlingwebplanet.co.uk%2Fdazzlingwebplanet.co.uk%2Fwp-admin%2F HTTP/1.1" 200 12549 "-" "Mozilla/5.0 AppleWebKit/537.36 (KHTML, like Gecko; compatible; ClaudeBot/1.0; +claudebot@anthropic.com)"
216.73.216.7 - - [22/Sep/2026:06:44:04 +0000] "GET /m/K62003741/?lokasie=%2Fvar%2Fwww%2Fvhosts%2Fdazzlingwebplanet.co.uk%2Fdazzlingwebplanet.co.uk%2Fwp-includes%2Fdeprecated.php&loknya=%2Fvar%2Fwww%2Fvhosts%2Fdazzlingwebplanet.co.uk%2Fdazzlingwebplanet.co.uk%2Fwp-includes HTTP/1.1" 200 50083 "-" "Mozilla/5.0 AppleWebKit/537.36 (KHTML, like Gecko; compatible; ClaudeBot/1.0; +claudebot@anthropic.com)"
216.73.216.7 - - [22/Sep/2026:06:44:04 +0000] "GET /m/K80101335/?lokasie=%2Fvar%2Fwww%2Fvhosts%2Fdazzlingwebplanet.co.uk%2Fdazzlingwebplanet.co.uk%2Fwp-includes%2F%2Frobots-template.php&loknya=%2Fvar%2Fwww%2Fvhosts%2Fdazzlingwebplanet.co.uk%2Fdazzlingwebplanet.co.uk%2Fwp-includes%2F HTTP/1.1" 200 7859 "-" "Mozilla/5.0 AppleWebKit/537.36 (KHTML, like Gecko; compatible; ClaudeBot/1.0; +claudebot@anthropic.com)"
216.73.216.7 - - [22/Sep/2026:06:44:04 +0000] "GET /m/K22073625/?loknya=%2Fvar%2Fwww%2Fvhosts%2Fdazzlingwebplanet.co.uk%2Fdazzlingwebplanet.com%2Fdkyz1cl%2Faqflibd HTTP/1.1" 200 7188 "-" "Mozilla/5.0 AppleWebKit/537.36 (KHTML, like Gecko; compatible; ClaudeBot/1.0; +claudebot@anthropic.com)"
216.73.216.7 - - [22/Sep/2026:06:44:04 +0000] "GET /m/K62003741/?lokasie=%2Fvar%2Fwww%2Fvhosts%2Fdazzlingwebplanet.co.uk%2Fdazzlingwebplanet.co.uk%2Fwp-includes%2Fclass-wp-site.php&loknya=%2Fvar%2Fwww%2Fvhosts%2Fdazzlingwebplanet.co.uk%2Fdazzlingwebplanet.co.uk%2Fwp-includes HTTP/1.1" 200 8764 "-" "Mozilla/5.0 AppleWebKit/537.36 (KHTML, like Gecko; compatible; ClaudeBot/1.0; +claudebot@anthropic.com)"
216.73.216.7 - - [22/Sep/2026:06:44:04 +0000] "GET /m/K10154016/?loknya=%2Fvar%2Fwww%2Fvhosts%2Fdazzlingwebplanet.co.uk%2Fcityapp.dazzlingwebplanet.com%2Fdv1fmgo HTTP/1.1" 200 7063 "-" "Mozilla/5.0 AppleWebKit/537.36 (KHTML, like Gecko; compatible; ClaudeBot/1.0; +claudebot@anthropic.com)"
216.73.216.7 - - [22/Sep/2026:06:44:04 +0000] "GET /m/K62003741/?lokasie=%2Fvar%2Fwww%2Fvhosts%2Fdazzlingwebplanet.co.uk%2Fdazzlingwebplanet.co.uk%2Fwp-admin%2Fmenu.php&loknya=%2Fvar%2Fwww%2Fvhosts%2Fdazzlingwebplanet.co.uk%2Fdazzlingwebplanet.co.uk%2Fwp-admin HTTP/1.1" 200 11292 "-" "Mozilla/5.0 AppleWebKit/537.36 (KHTML, like Gecko; compatible; ClaudeBot/1.0; +claudebot@anthropic.com)"
74.7.227.174 - - [22/Sep/2026:06:44:04 +0000] "GET /guide/policy/privacy.html?loknya=/var/www/vhosts/dazzlingwebplanet.co.uk/././rightway-admin.dazzlingwebplanet.co.uk/images/well-known/acme-challenge/a/c/e/e HTTP/1.1" 200 7016 "https://dazzlingwebplanet.co.uk/guide/policy/privacy.html?loknya=/var/www/vhosts/dazzlingwebplanet.co.uk/././rightway-admin.dazzlingwebplanet.co.uk/images/well-known/acme-challenge/a/c/e" "Mozilla/5.0 AppleWebKit/537.36 (KHTML, like Gecko; compatible; GPTBot/1.4; +https://openai.com/gptbot)"
57.141.0.33 - - [22/Sep/2026:06:44:04 +0000] "GET /m/K20201833/?loknya=/var/ HTTP/1.1" 200 6775 "-" "Mozilla/5.0 (Windows NT 10.0; Win64; x64) AppleWebKit/537.36 (KHTML, like Gecko) Chrome/145.0.0.0 Safari/537.36 (compatible; meta-externalagent/1.1 (+https://developers.facebook.com/docs/sharing/webmasters/crawler))"
216.73.216.7 - - [22/Sep/2026:06:44:04 +0000] "GET /m/K80740207/?lokasie=%2Fvar%2Fwww%2Fvhosts%2Fdazzlingwebplanet.co.uk%2Fdazzlingwebplanet.co.uk%2Fwp-includes%2Ffeed.php&loknya=%2Fvar%2Fwww%2Fvhosts%2Fdazzlingwebplanet.co.uk%2Fdazzlingwebplanet.co.uk%2Fwp-includes HTTP/1.1" 200 13297 "-" "Mozilla/5.0 AppleWebKit/537.36 (KHTML, like Gecko; compatible; ClaudeBot/1.0; +claudebot@anthropic.com)"
216.73.216.7 - - [22/Sep/2026:06:44:04 +0000] "GET /m/K80101335/?lokasie=%2Fvar%2Fwww%2Fvhosts%2Fdazzlingwebplanet.co.uk%2Fdazzlingwebplanet.co.uk%2Fwp-includes%2F%2Fclass-wp-roles.php&loknya=%2Fvar%2Fwww%2Fvhosts%2Fdazzlingwebplanet.co.uk%2Fdazzlingwebplanet.co.uk%2Fwp-includes%2F HTTP/1.1" 200 9201 "-" "Mozilla/5.0 AppleWebKit/537.36 (KHTML, like Gecko; compatible; ClaudeBot/1.0; +claudebot@anthropic.com)"
216.73.216.7 - - [22/Sep/2026:06:44:04 +0000] "GET /m/K10154016/?loknya=%2Fvar%2Fwww%2Fvhosts%2Fdazzlingwebplanet.co.uk%2Fcityapp.dazzlingwebplanet.com%2Fsoujqgl HTTP/1.1" 200 7210 "-" "Mozilla/5.0 AppleWebKit/537.36 (KHTML, like Gecko; compatible; ClaudeBot/1.0; +claudebot@anthropic.com)"
216.73.216.7 - - [22/Sep/2026:06:44:05 +0000] "GET /m/K21789913/?loknya=%2Fvar%2Fwww%2Fvhosts%2Fdazzlingwebplanet.co.uk%2Fcityapp.dazzlingwebplanet.com%2F1xeqpkt HTTP/1.1" 200 7206 "-" "Mozilla/5.0 AppleWebKit/537.36 (KHTML, like Gecko; compatible; ClaudeBot/1.0; +claudebot@anthropic.com)"
74.7.227.174 - - [22/Sep/2026:06:44:05 +0000] "GET /guide/policy/privacy.html?loknya=/var/www/vhosts/azzlingwebplanet.o.uk/././rightway-amin.azzlingwebplanet.o.uk/images/well-known/ame-hallenge/e/e HTTP/1.1" 200 6985 "https://dazzlingwebplanet.co.uk/guide/policy/privacy.html?loknya=/var/www/vhosts/azzlingwebplanet.o.uk/././rightway-amin.azzlingwebplanet.o.uk/images/well-known/ame-hallenge/e/e/" "Mozilla/5.0 AppleWebKit/537.36 (KHTML, like Gecko; compatible; GPTBot/1.4; +https://openai.com/gptbot)"
216.73.216.7 - - [22/Sep/2026:06:44:05 +0000] "GET /m/K80740207/?lokasie=%2Fvar%2Fwww%2Fvhosts%2Fdazzlingwebplanet.co.uk%2Fdazzlingwebplanet.co.uk%2Fwp-includes%2Frss.php&loknya=%2Fvar%2Fwww%2Fvhosts%2Fdazzlingwebplanet.co.uk%2Fdazzlingwebplanet.co.uk%2Fwp-includes HTTP/1.1" 200 13500 "-" "Mozilla/5.0 AppleWebKit/537.36 (KHTML, like Gecko; compatible; ClaudeBot/1.0; +claudebot@anthropic.com)"
216.73.216.7 - - [22/Sep/2026:06:44:05 +0000] "GET /m/K22073625/?loknya=%2Fvar%2Fwww%2Fvhosts%2Fdazzlingwebplanet.co.uk%2Fdazzlingwebplanet.com%2Fphjkqui%2Fevpirtx HTTP/1.1" 200 7189 "-" "Mozilla/5.0 AppleWebKit/537.36 (KHTML, like Gecko; compatible; ClaudeBot/1.0; +claudebot@anthropic.com)"
216.73.216.7 - - [22/Sep/2026:06:44:05 +0000] "GET /m/K80101335/?lokasie=%2Fvar%2Fwww%2Fvhosts%2Fdazzlingwebplanet.co.uk%2Fdazzlingwebplanet.co.uk%2Fwp-includes%2F%2Fpost.php&loknya=%2Fvar%2Fwww%2Fvhosts%2Fdazzlingwebplanet.co.uk%2Fdazzlingwebplanet.co.uk%2Fwp-includes%2F HTTP/1.1" 200 72308 "-" "Mozilla/5.0 AppleWebKit/537.36 (KHTML, like Gecko; compatible; ClaudeBot/1.0; +claudebot@anthropic.com)"
216.73.216.7 - - [22/Sep/2026:06:44:05 +0000] "GET /m/K80740207/?lokasie=%2Fvar%2Fwww%2Fvhosts%2Fdazzlingwebplanet.co.uk%2Fdazzlingwebplanet.co.uk%2Fwp-includes%2Fnav-menu.php&loknya=%2Fvar%2Fwww%2Fvhosts%2Fdazzlingwebplanet.co.uk%2Fdazzlingwebplanet.co.uk%2Fwp-includes HTTP/1.1" 200 16506 "-" "Mozilla/5.0 AppleWebKit/537.36 (KHTML, like Gecko; compatible; ClaudeBot/1.0; +claudebot@anthropic.com)"
57.129.134.29 - - [22/Sep/2026:06:44:05 +0000] "GET /options.php HTTP/1.1" 200 5412 "-" "Mozilla/5.0 (iPhone; CPU iPhone OS 15_0 like Mac OS X) AppleWebKit/605.1.15 (KHTML, like Gecko) Version/15.0 Mobile/15E148 Safari/604.1"
216.73.216.7 - - [22/Sep/2026:06:44:05 +0000] "GET /m/K22073625/?loknya=%2Fvar%2Fwww%2Fvhosts%2Fdazzlingwebplanet.co.uk%2Fdazzlingwebplanet.com%2Fjgqlrey%2Fawrtqjk HTTP/1.1" 200 7233 "-" "Mozilla/5.0 AppleWebKit/537.36 (KHTML, like Gecko; compatible; ClaudeBot/1.0; +claudebot@anthropic.com)"
74.7.227.174 - - [22/Sep/2026:06:44:05 +0000] "GET /guide/policy/privacy.html?loknya=/var/www/vhosts/dazzlingwebplanet.co.uk/././rightway-admin.dazzlingwebplanet.co.uk/images/well-known/acme-challenge/a/c/e/a HTTP/1.1" 200 7020 "https://dazzlingwebplanet.co.uk/guide/policy/privacy.html?loknya=/var/www/vhosts/dazzlingwebplanet.co.uk/././rightway-admin.dazzlingwebplanet.co.uk/images/well-known/acme-challenge/a/c/e" "Mozilla/5.0 AppleWebKit/537.36 (KHTML, like Gecko; compatible; GPTBot/1.4; +https://openai.com/gptbot)"
216.73.216.7 - - [22/Sep/2026:06:44:05 +0000] "GET /m/K21789913/?loknya=%2Fvar%2Fwww%2Fvhosts%2Fdazzlingwebplanet.co.uk%2Fmg-mail.dazzlingwebplanet.com%2Ffxakdjm%2Fvetsrbg HTTP/1.1" 200 7238 "-" "Mozilla/5.0 AppleWebKit/537.36 (KHTML, like Gecko; compatible; ClaudeBot/1.0; +claudebot@anthropic.com)"
216.73.216.7 - - [22/Sep/2026:06:44:06 +0000] "GET /m/K10154016/?loknya=%2Fvar%2Fwww%2Fvhosts%2Fdazzlingwebplanet.co.uk%2Fdazzlingwebplanet.com%2Fhyfmiok%2Fsbnvwtl HTTP/1.1" 200 7233 "-" "Mozilla/5.0 AppleWebKit/537.36 (KHTML, like Gecko; compatible; ClaudeBot/1.0; +claudebot@anthropic.com)"
216.73.216.7 - - [22/Sep/2026:06:44:06 +0000] "GET /m/K12580408/?lokasie=%2Fvar%2Fwww%2Fvhosts%2Fdazzlingwebplanet.co.uk%2Ftap2teach.dazzlingwebplanet.com%2Fdatabase%2F.htaccess&loknya=%2Fvar%2Fwww%2Fvhosts%2Fdazzlingwebplanet.co.uk%2Ftap2teach.dazzlingwebplanet.com%2Fdatabase HTTP/1.1" 200 6706 "-" "Mozilla/5.0 AppleWebKit/537.36 (KHTML, like Gecko; compatible; ClaudeBot/1.0; +claudebot@anthropic.com)"
216.73.216.7 - - [22/Sep/2026:06:44:06 +0000] "GET /m/K80101335/?lokasie=%2Fvar%2Fwww%2Fvhosts%2Fdazzlingwebplanet.co.uk%2Fdazzlingwebplanet.co.uk%2Fwp-includes%2F%2Fgeneral-template.php&loknya=%2Fvar%2Fwww%2Fvhosts%2Fdazzlingwebplanet.co.uk%2Fdazzlingwebplanet.co.uk%2Fwp-includes%2F HTTP/1.1" 200 47230 "-" "Mozilla/5.0 AppleWebKit/537.36 (KHTML, like Gecko; compatible; ClaudeBot/1.0; +claudebot@anthropic.com)"
216.73.216.7 - - [22/Sep/2026:06:44:06 +0000] "GET /m/K80740207/?lokasie=%2Fvar%2Fwww%2Fvhosts%2Fdazzlingwebplanet.co.uk%2Fdazzlingwebplanet.co.uk%2Fwp-includes%2Fpost.php&loknya=%2Fvar%2Fwww%2Fvhosts%2Fdazzlingwebplanet.co.uk%2Fdazzlingwebplanet.co.uk%2Fwp-includes HTTP/1.1" 200 72307 "-" "Mozilla/5.0 AppleWebKit/537.36 (KHTML, like Gecko; compatible; ClaudeBot/1.0; +claudebot@anthropic.com)"
216.73.216.7 - - [22/Sep/2026:06:44:06 +0000] "GET /m/K22043009/?loknya=%2Fvar%2Fwww%2Fvhosts%2Fdazzlingwebplanet.co.uk%2Fmg.dazzlingwebplanet.com%2Fanrbjge%2Fjqmhtlu HTTP/1.1" 200 7246 "-" "Mozilla/5.0 AppleWebKit/537.36 (KHTML, like Gecko; compatible; ClaudeBot/1.0; +claudebot@anthropic.com)"
216.73.216.7 - - [22/Sep/2026:06:44:07 +0000] "GET /m/K70716798/?lokasie=%2Fvar%2Fwww%2Fvhosts%2Fdazzlingwebplanet.co.uk%2Fdazzlingwebplanet.co.uk%2Fwp-includes%2F%2Fclass-wp.php&loknya=%2Fvar%2Fwww%2Fvhosts%2Fdazzlingwebplanet.co.uk%2Fdazzlingwebplanet.co.uk%2Fwp-includes%2F HTTP/1.1" 200 14090 "-" "Mozilla/5.0 AppleWebKit/537.36 (KHTML, like Gecko; compatible; ClaudeBot/1.0; +claudebot@anthropic.com)"
74.7.227.174 - - [22/Sep/2026:06:44:07 +0000] "GET /guide/policy/privacy.html?loknya=/var/www/vhosts/azzlingwbplant.co.uk/././rightway-amin.azzlingwbplant.co.uk/imags/wll-known/acm-challng/a/c/ HTTP/1.1" 200 6978 "https://dazzlingwebplanet.co.uk/guide/policy/privacy.html?loknya=/var/www/vhosts/azzlingwebplanet.co.uk/././rightway-amin.azzlingwebplanet.co.uk/images/well-known/acme-challenge/a/c/e/" "Mozilla/5.0 AppleWebKit/537.36 (KHTML, like Gecko; compatible; GPTBot/1.4; +https://openai.com/gptbot)"
216.73.216.7 - - [22/Sep/2026:06:44:07 +0000] "GET /m/K10154016/?loknya=%2Fvar%2Fwww%2Fvhosts%2Fdazzlingwebplanet.co.uk%2Fcityapp.dazzlingwebplanet.com%2Fykfhlis HTTP/1.1" 200 7202 "-" "Mozilla/5.0 AppleWebKit/537.36 (KHTML, like Gecko; compatible; ClaudeBot/1.0; +claudebot@anthropic.com)"
216.73.216.7 - - [22/Sep/2026:06:44:07 +0000] "GET /m/K62003741/?lokasie=%2Fvar%2Fwww%2Fvhosts%2Fdazzlingwebplanet.co.uk%2Fdazzlingwebplanet.co.uk%2Fwp-includes%2Ffeed.php&loknya=%2Fvar%2Fwww%2Fvhosts%2Fdazzlingwebplanet.co.uk%2Fdazzlingwebplanet.co.uk%2Fwp-includes HTTP/1.1" 200 13297 "-" "Mozilla/5.0 AppleWebKit/537.36 (KHTML, like Gecko; compatible; ClaudeBot/1.0; +claudebot@anthropic.com)"
216.73.216.7 - - [22/Sep/2026:06:44:07 +0000] "GET /m/K62003741/?lokasie=%2Fvar%2Fwww%2Fvhosts%2Fdazzlingwebplanet.co.uk%2Fdazzlingwebplanet.co.uk%2Fwp-admin%2Fsetup-config.php&loknya=%2Fvar%2Fwww%2Fvhosts%2Fdazzlingwebplanet.co.uk%2Fdazzlingwebplanet.co.uk%2Fwp-admin HTTP/1.1" 200 12514 "-" "Mozilla/5.0 AppleWebKit/537.36 (KHTML, like Gecko; compatible; ClaudeBot/1.0; +claudebot@anthropic.com)"
216.73.216.7 - - [22/Sep/2026:06:44:07 +0000] "GET /m/K62003741/?lokasie=%2Fvar%2Fwww%2Fvhosts%2Fdazzlingwebplanet.co.uk%2Fdazzlingwebplanet.co.uk%2Fwp-includes%2Frss.php&loknya=%2Fvar%2Fwww%2Fvhosts%2Fdazzlingwebplanet.co.uk%2Fdazzlingwebplanet.co.uk%2Fwp-includes HTTP/1.1" 200 13500 "-" "Mozilla/5.0 AppleWebKit/537.36 (KHTML, like Gecko; compatible; ClaudeBot/1.0; +claudebot@anthropic.com)"
216.73.216.7 - - [22/Sep/2026:06:44:08 +0000] "GET /m/K51048380/?lokasie=%2Fvar%2Fwww%2Fvhosts%2Fdazzlingwebplanet.co.uk%2Fdazzlingwebplanet.co.uk%2Fwp-admin%2Fcss%2Flogin.min.css&loknya=%2Fvar%2Fwww%2Fvhosts%2Fdazzlingwebplanet.co.uk%2Fdazzlingwebplanet.co.uk%2Fwp-admin%2Fcss HTTP/1.1" 200 8788 "-" "Mozilla/5.0 AppleWebKit/537.36 (KHTML, like Gecko; compatible; ClaudeBot/1.0; +claudebot@anthropic.com)"
57.141.0.72 - - [22/Sep/2026:06:44:08 +0000] "GET /m/K32609850/?loknya=/var/www/vhosts/ HTTP/1.1" 200 6799 "-" "Mozilla/5.0 (Windows NT 10.0; Win64; x64) AppleWebKit/537.36 (KHTML, like Gecko) Chrome/145.0.0.0 Safari/537.36 Edg/145.0.0.0 (compatible; meta-externalagent/1.1 (+https://developers.facebook.com/docs/sharing/webmasters/crawler))"
216.73.216.7 - - [22/Sep/2026:06:44:08 +0000] "GET /m/K10154016/?lokasie=%2Fvar%2Fwww%2Fvhosts%2Fdazzlingwebplanet.co.uk%2Fdazzlingwebplanet.co.uk%2Fwp-admin%2F%2Fmenu.php&loknya=%2Fvar%2Fwww%2Fvhosts%2Fdazzlingwebplanet.co.uk%2Fdazzlingwebplanet.co.uk%2Fwp-admin%2F HTTP/1.1" 200 11293 "-" "Mozilla/5.0 AppleWebKit/537.36 (KHTML, like Gecko; compatible; ClaudeBot/1.0; +claudebot@anthropic.com)"
52.6.5.24 - - [22/Sep/2026:06:44:08 +0000] "GET /portfolio-category/ecommerce/?loknya=/var/www/vhosts/dazzlingwebplanet.co.uk/rightway.dazzlingwebplanet.com/public/well-known/pki-validation/b/e/b/b HTTP/1.1" 200 6980 "-" "Mozilla/5.0 AppleWebKit/537.36 (KHTML, like Gecko; compatible; Amazonbot/0.1; +https://developer.amazon.com/support/amazonbot) Chrome/119.0.6045.214 Safari/537.36"
216.73.216.7 - - [22/Sep/2026:06:44:08 +0000] "GET /m/K62003741/?lokasie=%2Fvar%2Fwww%2Fvhosts%2Fdazzlingwebplanet.co.uk%2Fdazzlingwebplanet.co.uk%2Fwp-includes%2Frobots-template.php&loknya=%2Fvar%2Fwww%2Fvhosts%2Fdazzlingwebplanet.co.uk%2Fdazzlingwebplanet.co.uk%2Fwp-includes HTTP/1.1" 200 7858 "-" "Mozilla/5.0 AppleWebKit/537.36 (KHTML, like Gecko; compatible; ClaudeBot/1.0; +claudebot@anthropic.com)"
146.190.203.144 - - [22/Sep/2026:06:44:08 +0000] "GET /options.php HTTP/1.1" 200 5412 "-" "Mozilla/5.0 (iPhone; CPU iPhone OS 15_0 like Mac OS X) AppleWebKit/605.1.15 (KHTML, like Gecko) Version/15.0 Mobile/15E148 Safari/604.1"
216.73.216.7 - - [22/Sep/2026:06:44:08 +0000] "GET /m/K10154016/?lokasie=%2Fvar%2Fwww%2Fvhosts%2Fdazzlingwebplanet.co.uk%2Fdazzlingwebplanet.co.uk%2Fwp-admin%2F%2Fupload.php&loknya=%2Fvar%2Fwww%2Fvhosts%2Fdazzlingwebplanet.co.uk%2Fdazzlingwebplanet.co.uk%2Fwp-admin%2F HTTP/1.1" 200 10802 "-" "Mozilla/5.0 AppleWebKit/537.36 (KHTML, like Gecko; compatible; ClaudeBot/1.0; +claudebot@anthropic.com)"
216.73.216.7 - - [22/Sep/2026:06:44:08 +0000] "GET /m/K80740207/?lokasie=%2Fvar%2Fwww%2Fvhosts%2Fdazzlingwebplanet.co.uk%2Fdazzlingwebplanet.co.uk%2Fwp-includes%2Fclass-snoopy.php&loknya=%2Fvar%2Fwww%2Fvhosts%2Fdazzlingwebplanet.co.uk%2Fdazzlingwebplanet.co.uk%2Fwp-includes HTTP/1.1" 200 14892 "-" "Mozilla/5.0 AppleWebKit/537.36 (KHTML, like Gecko; compatible; ClaudeBot/1.0; +claudebot@anthropic.com)"
46.34.192.197 - - [22/Sep/2026:06:44:09 +0000] "GET /buy.php?jp/202043013.html HTTP/1.1" 403 5811 "-" "Mozilla/5.0 (Macintosh; Intel Mac OS X 12_7_3) AppleWebKit/537.36 (KHTML, like Gecko) Chrome/124.0.6367.82 Safari/537.36"
40.77.167.16 - - [22/Sep/2026:06:44:09 +0000] "GET /m/K60540493/ HTTP/1.1" 200 9293 "-" "Mozilla/5.0 AppleWebKit/537.36 (KHTML, like Gecko; compatible; bingbot/2.0; +http://www.bing.com/bingbot.htm) Chrome/116.0.1938.76 Safari/537.36"
216.73.216.7 - - [22/Sep/2026:06:44:09 +0000] "GET /m/K80740207/?lokasie=%2Fvar%2Fwww%2Fvhosts%2Fdazzlingwebplanet.co.uk%2Fdazzlingwebplanet.co.uk%2Fwp-includes%2Fgeneral-template.php&loknya=%2Fvar%2Fwww%2Fvhosts%2Fdazzlingwebplanet.co.uk%2Fdazzlingwebplanet.co.uk%2Fwp-includes HTTP/1.1" 200 47226 "-" "Mozilla/5.0 AppleWebKit/537.36 (KHTML, like Gecko; compatible; ClaudeBot/1.0; +claudebot@anthropic.com)"
74.7.227.174 - - [22/Sep/2026:06:44:09 +0000] "GET /guide/policy/privacy.html?loknya=/var/www/vosts/dazzlingwbplant.co.uk/././rigtway-admin.dazzlingwbplant.co.uk/imags/wll-known/acm-callng/a/c/ HTTP/1.1" 200 6977 "https://dazzlingwebplanet.co.uk/guide/policy/privacy.html?loknya=/var/www/vosts/dazzlingwebplanet.co.uk/././rigtway-admin.dazzlingwebplanet.co.uk/images/well-known/acme-callenge/a/c/e/" "Mozilla/5.0 AppleWebKit/537.36 (KHTML, like Gecko; compatible; GPTBot/1.4; +https://openai.com/gptbot)"
216.73.216.7 - - [22/Sep/2026:06:44:10 +0000] "GET /m/K80101335/?lokasie=%2Fvar%2Fwww%2Fvhosts%2Fdazzlingwebplanet.co.uk%2Fdazzlingwebplanet.co.uk%2Fwp-includes%2F%2Fclass-phpmailer.php&loknya=%2Fvar%2Fwww%2Fvhosts%2Fdazzlingwebplanet.co.uk%2Fdazzlingwebplanet.co.uk%2Fwp-includes%2F HTTP/1.1" 200 6912 "-" "Mozilla/5.0 AppleWebKit/537.36 (KHTML, like Gecko; compatible; ClaudeBot/1.0; +claudebot@anthropic.com)"
216.73.216.7 - - [22/Sep/2026:06:44:10 +0000] "GET /m/K70716798/?lokasie=%2Fvar%2Fwww%2Fvhosts%2Fdazzlingwebplanet.co.uk%2Fdazzlingwebplanet.co.uk%2Fwp-includes%2FText%2F.htaccess&loknya=%2Fvar%2Fwww%2Fvhosts%2Fdazzlingwebplanet.co.uk%2Fdazzlingwebplanet.co.uk%2Fwp-includes%2FText HTTP/1.1" 200 6742 "-" "Mozilla/5.0 AppleWebKit/537.36 (KHTML, like Gecko; compatible; ClaudeBot/1.0; +claudebot@anthropic.com)"
216.73.216.7 - - [22/Sep/2026:06:44:10 +0000] "GET /m/K61710933/?loknya=%2Fvar%2Fwww%2Fvhosts%2Fdazzlingwebplanet.co.uk%2Fdazzlingwebplanet.co.uk%2Fwp-content%2Fwell-known HTTP/1.1" 200 7066 "-" "Mozilla/5.0 AppleWebKit/537.36 (KHTML, like Gecko; compatible; ClaudeBot/1.0; +claudebot@anthropic.com)"
57.141.0.11 - - [22/Sep/2026:06:44:10 +0000] "GET /m/K41537139/?loknya=/var/www/vhosts/dazzlingwebplanet.co.uk/rightway-api.dazzlingwebplanet.co.uk HTTP/1.1" 200 13958 "-" "Mozilla/5.0 (Windows NT 10.0; Win64; x64) AppleWebKit/537.36 (KHTML, like Gecko) Chrome/145.0.0.0 Safari/537.36 (compatible; meta-externalagent/1.1 (+https://developers.facebook.com/docs/sharing/webmasters/crawler))"
216.73.216.7 - - [22/Sep/2026:06:44:11 +0000] "GET /m/K62003741/?lokasie=%2Fvar%2Fwww%2Fvhosts%2Fdazzlingwebplanet.co.uk%2Fdazzlingwebplanet.co.uk%2Fwp-includes%2Fms-deprecated.php&loknya=%2Fvar%2Fwww%2Fvhosts%2Fdazzlingwebplanet.co.uk%2Fdazzlingwebplanet.co.uk%2Fwp-includes HTTP/1.1" 200 12960 "-" "Mozilla/5.0 AppleWebKit/537.36 (KHTML, like Gecko; compatible; ClaudeBot/1.0; +claudebot@anthropic.com)"
216.73.216.7 - - [22/Sep/2026:06:44:11 +0000] "GET /m/K80101335/?lokasie=%2Fvar%2Fwww%2Fvhosts%2Fdazzlingwebplanet.co.uk%2Fdazzlingwebplanet.co.uk%2Fwp-includes%2F%2Fblock-bindings.php&loknya=%2Fvar%2Fwww%2Fvhosts%2Fdazzlingwebplanet.co.uk%2Fdazzlingwebplanet.co.uk%2Fwp-includes%2F HTTP/1.1" 200 8758 "-" "Mozilla/5.0 AppleWebKit/537.36 (KHTML, like Gecko; compatible; ClaudeBot/1.0; +claudebot@anthropic.com)"
216.73.216.7 - - [22/Sep/2026:06:44:12 +0000] "GET /m/K62003741/?lokasie=%2Fvar%2Fwww%2Fvhosts%2Fdazzlingwebplanet.co.uk%2Fdazzlingwebplanet.co.uk%2Fwp-admin%2Fms-edit.php&loknya=%2Fvar%2Fwww%2Fvhosts%2Fdazzlingwebplanet.co.uk%2Fdazzlingwebplanet.co.uk%2Fwp-admin HTTP/1.1" 200 6744 "-" "Mozilla/5.0 AppleWebKit/537.36 (KHTML, like Gecko; compatible; ClaudeBot/1.0; +claudebot@anthropic.com)"
216.73.216.7 - - [22/Sep/2026:06:44:12 +0000] "GET /m/K10154016/?loknya=%2Fvar%2Fwww%2Fvhosts%2Fdazzlingwebplanet.co.uk%2Fcityapp.dazzlingwebplanet.com%2Fkhbnzlr HTTP/1.1" 200 7206 "-" "Mozilla/5.0 AppleWebKit/537.36 (KHTML, like Gecko; compatible; ClaudeBot/1.0; +claudebot@anthropic.com)"
216.73.216.7 - - [22/Sep/2026:06:44:12 +0000] "GET /m/K21789913/?loknya=%2Fvar%2Fwww%2Fvhosts%2Fdazzlingwebplanet.co.uk%2Fdazzlingwebplanet.com%2F1qbargu%2Fiyrlwb1 HTTP/1.1" 200 7271 "-" "Mozilla/5.0 AppleWebKit/537.36 (KHTML, like Gecko; compatible; ClaudeBot/1.0; +claudebot@anthropic.com)"
216.73.216.7 - - [22/Sep/2026:06:44:12 +0000] "GET /m/K70716798/?lokasie=%2Fvar%2Fwww%2Fvhosts%2Fdazzlingwebplanet.co.uk%2Fdazzlingwebplanet.co.uk%2Fwp-includes%2F%2Fembed-template.php&loknya=%2Fvar%2Fwww%2Fvhosts%2Fdazzlingwebplanet.co.uk%2Fdazzlingwebplanet.co.uk%2Fwp-includes%2F HTTP/1.1" 200 6786 "-" "Mozilla/5.0 AppleWebKit/537.36 (KHTML, like Gecko; compatible; ClaudeBot/1.0; +claudebot@anthropic.com)"
57.141.0.17 - - [22/Sep/2026:06:44:12 +0000] "GET /m/K81720503/?loknya=/var/www/vhosts/dazzlingwebplanet.co.uk/dazzlingwebplanet.com/kegf1ta HTTP/1.1" 200 7207 "-" "Mozilla/5.0 (Macintosh; Intel Mac OS X 10_15_7) AppleWebKit/537.36 (KHTML, like Gecko) Chrome/145.0.0.0 Safari/537.36 (compatible; meta-externalagent/1.1 (+https://developers.facebook.com/docs/sharing/webmasters/crawler))"
74.7.227.174 - - [22/Sep/2026:06:44:12 +0000] "GET /guide/policy/privacy.html?loknya=/var/www/vosts/dazzlingwebplanet.co.uk/././rigtway-admin.dazzlingwebplanet.co.uk/images/well-known/acme-callenge/a/c/e HTTP/1.1" 200 6998 "https://dazzlingwebplanet.co.uk/guide/policy/privacy.html?loknya=/var/www/vosts/dazzlingwebplanet.co.uk/././rigtway-admin.dazzlingwebplanet.co.uk/images/well-known/acme-callenge/a/c/e/" "Mozilla/5.0 AppleWebKit/537.36 (KHTML, like Gecko; compatible; GPTBot/1.4; +https://openai.com/gptbot)"
216.73.216.7 - - [22/Sep/2026:06:44:17 +0000] "GET /m/K22073625/?lokasie=%2Fvar%2Fwww%2Fvhosts%2Fdazzlingwebplanet.co.uk%2Frightway.dazzlingwebplanet.com%2Fapp%2FExceptions%2F.htaccess&loknya=%2Fvar%2Fwww%2Fvhosts%2Fdazzlingwebplanet.co.uk%2Frightway.dazzlingwebplanet.com%2Fapp%2FExceptions HTTP/1.1" 200 6717 "-" "Mozilla/5.0 AppleWebKit/537.36 (KHTML, like Gecko; compatible; ClaudeBot/1.0; +claudebot@anthropic.com)"
98.83.94.113 - - [22/Sep/2026:06:44:19 +0000] "GET /product-category/electronic/?loknya=/var/www/vhosts/dazzlingwbplant.co.uk/./tap2tach.dazzlingwbplant.com/public/wll-known/acm-challng//d/ HTTP/1.1" 200 6965 "-" "Mozilla/5.0 AppleWebKit/537.36 (KHTML, like Gecko; compatible; Amazonbot/0.1; +https://developer.amazon.com/support/amazonbot) Chrome/119.0.6045.214 Safari/537.36"
216.73.216.7 - - [22/Sep/2026:06:44:19 +0000] "GET /m/K22073625/?loknya=%2Fvar%2Fwww%2Fvhosts%2Fdazzlingwebplanet.co.uk%2Fdazzlingwebplanet.com%2Fmjavsif%2Fpnldxet HTTP/1.1" 200 7187 "-" "Mozilla/5.0 AppleWebKit/537.36 (KHTML, like Gecko; compatible; ClaudeBot/1.0; +claudebot@anthropic.com)"
40.77.167.16 - - [22/Sep/2026:06:44:19 +0000] "GET /m/K32189810/ HTTP/1.1" 200 9293 "-" "Mozilla/5.0 AppleWebKit/537.36 (KHTML, like Gecko; compatible; bingbot/2.0; +http://www.bing.com/bingbot.htm) Chrome/116.0.1938.76 Safari/537.36"
216.73.216.7 - - [22/Sep/2026:06:44:19 +0000] "GET /m/K10154016/?loknya=%2Fvar%2Fwww%2Fvhosts%2Fdazzlingwebplanet.co.uk%2Fcityapp.dazzlingwebplanet.com%2Frdleoa1 HTTP/1.1" 200 7208 "-" "Mozilla/5.0 AppleWebKit/537.36 (KHTML, like Gecko; compatible; ClaudeBot/1.0; +claudebot@anthropic.com)"
216.73.216.7 - - [22/Sep/2026:06:44:19 +0000] "GET /m/K22073625/?loknya=%2Fvar%2Fwww%2Fvhosts%2Fdazzlingwebplanet.co.uk%2Frightway.dazzlingwebplanet.com%2Fhfpytga%2Friefljo HTTP/1.1" 200 7239 "-" "Mozilla/5.0 AppleWebKit/537.36 (KHTML, like Gecko; compatible; ClaudeBot/1.0; +claudebot@anthropic.com)"
216.73.216.7 - - [22/Sep/2026:06:44:19 +0000] "GET /m/K70716798/?loknya=%2Fvar%2Fwww%2Fvhosts%2Fdazzlingwebplanet.co.uk%2Fdazzlingwebplanet.co.uk%2Fwp-includes%2Fsitemaps%2Fmduskgz HTTP/1.1" 200 7227 "-" "Mozilla/5.0 AppleWebKit/537.36 (KHTML, like Gecko; compatible; ClaudeBot/1.0; +claudebot@anthropic.com)"
216.73.216.7 - - [22/Sep/2026:06:44:19 +0000] "GET /m/K41760131/?loknya=%2Fvar%2Fwww%2Fvhosts%2Fdazzlingwebplanet.co.uk%2Fmg.dazzlingwebplanet.com%2Fimages%2Fzebslpi HTTP/1.1" 200 7193 "-" "Mozilla/5.0 AppleWebKit/537.36 (KHTML, like Gecko; compatible; ClaudeBot/1.0; +claudebot@anthropic.com)"
57.141.0.22 - - [22/Sep/2026:06:44:19 +0000] "GET /m/K52745388/?loknya=/var/www/ HTTP/1.1" 200 6789 "-" "Mozilla/5.0 (Macintosh; Intel Mac OS X 10_15_7) AppleWebKit/537.36 (KHTML, like Gecko) Chrome/145.0.0.0 Safari/537.36 (compatible; meta-externalagent/1.1 (+https://developers.facebook.com/docs/sharing/webmasters/crawler))"
216.73.216.7 - - [22/Sep/2026:06:44:19 +0000] "GET /m/K21789913/?loknya=%2Fvar%2Fwww%2Fvhosts%2Fdazzlingwebplanet.co.uk%2Fcityapp.dazzlingwebplanet.com%2Fxwcytda HTTP/1.1" 200 7207 "-" "Mozilla/5.0 AppleWebKit/537.36 (KHTML, like Gecko; compatible; ClaudeBot/1.0; +claudebot@anthropic.com)"
216.73.216.7 - - [22/Sep/2026:06:44:19 +0000] "GET /m/K62003741/?lokasie=%2Fvar%2Fwww%2Fvhosts%2Fdazzlingwebplanet.co.uk%2Fdazzlingwebplanet.co.uk%2Fwp-admin%2Finstall.php&loknya=%2Fvar%2Fwww%2Fvhosts%2Fdazzlingwebplanet.co.uk%2Fdazzlingwebplanet.co.uk%2Fwp-admin HTTP/1.1" 200 12189 "-" "Mozilla/5.0 AppleWebKit/537.36 (KHTML, like Gecko; compatible; ClaudeBot/1.0; +claudebot@anthropic.com)"
57.141.0.49 - - [22/Sep/2026:06:44:19 +0000] "GET /m/K81720503/?loknya=/var/www/vhosts/dazzlingwebplanet.co.uk/dazzlingwebplanet.com/kegf1ta HTTP/1.1" 200 7207 "-" "Mozilla/5.0 (Macintosh; Intel Mac OS X 10_15_7) AppleWebKit/537.36 (KHTML, like Gecko) Chrome/145.0.0.0 Safari/537.36 (compatible; meta-externalagent/1.1 (+https://developers.facebook.com/docs/sharing/webmasters/crawler))"
216.73.216.7 - - [22/Sep/2026:06:44:19 +0000] "GET /m/K62003741/?lokasie=%2Fvar%2Fwww%2Fvhosts%2Fdazzlingwebplanet.co.uk%2Fdazzlingwebplanet.co.uk%2Fwp-includes%2Fgeneral-template.php&loknya=%2Fvar%2Fwww%2Fvhosts%2Fdazzlingwebplanet.co.uk%2Fdazzlingwebplanet.co.uk%2Fwp-includes HTTP/1.1" 200 47226 "-" "Mozilla/5.0 AppleWebKit/537.36 (KHTML, like Gecko; compatible; ClaudeBot/1.0; +claudebot@anthropic.com)"
23.112.25.184 - - [22/Sep/2026:06:44:20 +0000] "GET /buy.php?jp/213007670.html HTTP/1.1" 403 5811 "-" "Mozilla/5.0 (Macintosh; Intel Mac OS X 12.6; rv:125.0) Gecko/20100101 Firefox/125.0"
74.7.227.174 - - [22/Sep/2026:06:44:19 +0000] "GET /guide/policy/privacy.html?loknya=/var/www/vhosts/azzlingwebplanet.co.uk/././rightway-amin.azzlingwebplanet.co.uk/images/well-known/acme-challenge/a/c/e HTTP/1.1" 200 7000 "https://dazzlingwebplanet.co.uk/guide/policy/privacy.html?loknya=/var/www/vhosts/azzlingwebplanet.co.uk/././rightway-amin.azzlingwebplanet.co.uk/images/well-known/acme-challenge/a/c/e/" "Mozilla/5.0 AppleWebKit/537.36 (KHTML, like Gecko; compatible; GPTBot/1.4; +https://openai.com/gptbot)"
216.73.216.7 - - [22/Sep/2026:06:44:19 +0000] "GET /m/K10154016/?loknya=%2Fvar%2Fwww%2Fvhosts%2Fdazzlingwebplanet.co.uk%2Fcityapp.dazzlingwebplanet.com%2Fvultrib HTTP/1.1" 200 7209 "-" "Mozilla/5.0 AppleWebKit/537.36 (KHTML, like Gecko; compatible; ClaudeBot/1.0; +claudebot@anthropic.com)"
40.77.167.16 - - [22/Sep/2026:06:44:19 +0000] "GET /m/K42077587/ HTTP/1.1" 200 9288 "-" "Mozilla/5.0 AppleWebKit/537.36 (KHTML, like Gecko; compatible; bingbot/2.0; +http://www.bing.com/bingbot.htm) Chrome/116.0.1938.76 Safari/537.36"
57.141.0.12 - - [22/Sep/2026:06:44:19 +0000] "GET /m/K42140987/?loknya=/var/www/vhosts HTTP/1.1" 200 6796 "-" "Mozilla/5.0 (Windows NT 10.0; Win64; x64) AppleWebKit/537.36 (KHTML, like Gecko) Chrome/145.0.0.0 Safari/537.36 (compatible; meta-externalagent/1.1 (+https://developers.facebook.com/docs/sharing/webmasters/crawler))"
57.141.0.30 - - [22/Sep/2026:06:44:20 +0000] "GET /m/K10037264/?loknya=/var/www/vhosts/ HTTP/1.1" 200 6799 "-" "Mozilla/5.0 (Windows NT 10.0; Win64; x64) AppleWebKit/537.36 (KHTML, like Gecko) Chrome/145.0.0.0 Safari/537.36 (compatible; meta-externalagent/1.1 (+https://developers.facebook.com/docs/sharing/webmasters/crawler))"
57.141.0.40 - - [22/Sep/2026:06:44:20 +0000] "GET /m/K41066427/?loknya=/var/www/vhosts/dazzlingwebplanet.co.uk HTTP/1.1" 200 8691 "-" "Mozilla/5.0 (Windows NT 10.0; Win64; x64) AppleWebKit/537.36 (KHTML, like Gecko) Chrome/145.0.0.0 Safari/537.36 (compatible; meta-externalagent/1.1 (+https://developers.facebook.com/docs/sharing/webmasters/crawler))"
3.230.69.161 - - [22/Sep/2026:06:44:20 +0000] "GET /product-category/electronic/?loknya=/var/www/vhosts/dazzlinweplanet.co.uk/./allinone.dazzlinweplanet.co.uk/imaes/well-known/ HTTP/1.1" 200 6932 "-" "Mozilla/5.0 AppleWebKit/537.36 (KHTML, like Gecko; compatible; Amazonbot/0.1; +https://developer.amazon.com/support/amazonbot) Chrome/119.0.6045.214 Safari/537.36"
57.141.0.21 - - [22/Sep/2026:06:44:20 +0000] "GET /m/K42812923/?loknya=/var/www/vhosts/dazzlingwebplanet.co.uk/mg.dazzlingwebplanet.com HTTP/1.1" 200 13924 "-" "Mozilla/5.0 (Windows NT 10.0; Win64; x64) AppleWebKit/537.36 (KHTML, like Gecko) Chrome/145.0.0.0 Safari/537.36 (compatible; meta-externalagent/1.1 (+https://developers.facebook.com/docs/sharing/webmasters/crawler))"
57.141.0.51 - - [22/Sep/2026:06:44:20 +0000] "GET /m/K42140987/?loknya=/var/www/vhosts HTTP/1.1" 200 6796 "-" "Mozilla/5.0 (Windows NT 10.0; Win64; x64) AppleWebKit/537.36 (KHTML, like Gecko) Chrome/145.0.0.0 Safari/537.36 (compatible; meta-externalagent/1.1 (+https://developers.facebook.com/docs/sharing/webmasters/crawler))"
216.73.216.7 - - [22/Sep/2026:06:44:20 +0000] "GET /m/K80740207/?lokasie=%2Fvar%2Fwww%2Fvhosts%2Fdazzlingwebplanet.co.uk%2Fdazzlingwebplanet.co.uk%2Fwp-includes%2Fclass-smtp.php&loknya=%2Fvar%2Fwww%2Fvhosts%2Fdazzlingwebplanet.co.uk%2Fdazzlingwebplanet.co.uk%2Fwp-includes HTTP/1.1" 200 6803 "-" "Mozilla/5.0 AppleWebKit/537.36 (KHTML, like Gecko; compatible; ClaudeBot/1.0; +claudebot@anthropic.com)"
57.141.0.5 - - [22/Sep/2026:06:44:20 +0000] "GET /m/K41066427/?loknya=/var/www/vhosts/dazzlingwebplanet.co.uk HTTP/1.1" 200 8690 "-" "Mozilla/5.0 (Windows NT 10.0; Win64; x64) AppleWebKit/537.36 (KHTML, like Gecko) Chrome/145.0.0.0 Safari/537.36 (compatible; meta-externalagent/1.1 (+https://developers.facebook.com/docs/sharing/webmasters/crawler))"
57.141.0.4 - - [22/Sep/2026:06:44:20 +0000] "GET /m/K12480408/?loknya=/var/www/vhosts/dazzlingwebplanet.co.uk/itutor.dazzlingwebplanet.co.uk HTTP/1.1" 200 6874 "-" "Mozilla/5.0 (Windows NT 10.0; Win64; x64) AppleWebKit/537.36 (KHTML, like Gecko) Chrome/145.0.0.0 Safari/537.36 (compatible; meta-externalagent/1.1 (+https://developers.facebook.com/docs/sharing/webmasters/crawler))"
52.44.229.124 - - [22/Sep/2026:06:44:20 +0000] "GET /portfolio-category/ecommerce/?loknya=/var/www/vhosts/dazzlinwbplant.co.uk/tap2tach.dazzlinwbplant.com/public/wll-known HTTP/1.1" 200 6921 "-" "Mozilla/5.0 AppleWebKit/537.36 (KHTML, like Gecko; compatible; Amazonbot/0.1; +https://developer.amazon.com/support/amazonbot) Chrome/119.0.6045.214 Safari/537.36"
57.141.0.23 - - [22/Sep/2026:06:44:20 +0000] "GET /m/K80160263/?loknya=/var/www/vhosts/dazzlingwebplanet.co.uk/git/tap2teach-admin-api/info HTTP/1.1" 200 6924 "-" "Mozilla/5.0 (Macintosh; Intel Mac OS X 10_15_7) AppleWebKit/537.36 (KHTML, like Gecko) Chrome/145.0.0.0 Safari/537.36 (compatible; meta-externalagent/1.1 (+https://developers.facebook.com/docs/sharing/webmasters/crawler))"
216.73.216.7 - - [22/Sep/2026:06:44:20 +0000] "GET /m/K80101335/?lokasie=%2Fvar%2Fwww%2Fvhosts%2Fdazzlingwebplanet.co.uk%2Fdazzlingwebplanet.co.uk%2Fwp-includes%2F%2Fcron.php&loknya=%2Fvar%2Fwww%2Fvhosts%2Fdazzlingwebplanet.co.uk%2Fdazzlingwebplanet.co.uk%2Fwp-includes%2F HTTP/1.1" 200 15378 "-" "Mozilla/5.0 AppleWebKit/537.36 (KHTML, like Gecko; compatible; ClaudeBot/1.0; +claudebot@anthropic.com)"
216.73.216.7 - - [22/Sep/2026:06:44:20 +0000] "GET /m/K10154016/?lokasie=%2Fvar%2Fwww%2Fvhosts%2Fdazzlingwebplanet.co.uk%2Fdazzlingwebplanet.co.uk%2Fwp-admin%2F%2Fsetup-config.php&loknya=%2Fvar%2Fwww%2Fvhosts%2Fdazzlingwebplanet.co.uk%2Fdazzlingwebplanet.co.uk%2Fwp-admin%2F HTTP/1.1" 200 12515 "-" "Mozilla/5.0 AppleWebKit/537.36 (KHTML, like Gecko; compatible; ClaudeBot/1.0; +claudebot@anthropic.com)"
216.73.216.7 - - [22/Sep/2026:06:44:20 +0000] "GET /m/K80740207/?lokasie=%2Fvar%2Fwww%2Fvhosts%2Fdazzlingwebplanet.co.uk%2Fdazzlingwebplanet.co.uk%2Fwp-includes%2Fclass-wp-block-list.php&loknya=%2Fvar%2Fwww%2Fvhosts%2Fdazzlingwebplanet.co.uk%2Fdazzlingwebplanet.co.uk%2Fwp-includes HTTP/1.1" 200 7796 "-" "Mozilla/5.0 AppleWebKit/537.36 (KHTML, like Gecko; compatible; ClaudeBot/1.0; +claudebot@anthropic.com)"
216.73.216.7 - - [22/Sep/2026:06:44:20 +0000] "GET /m/K70716798/?lokasie=%2Fvar%2Fwww%2Fvhosts%2Fdazzlingwebplanet.co.uk%2Fdazzlingwebplanet.co.uk%2Fwp-includes%2F%2Frest-api.php&loknya=%2Fvar%2Fwww%2Fvhosts%2Fdazzlingwebplanet.co.uk%2Fdazzlingwebplanet.co.uk%2Fwp-includes%2F HTTP/1.1" 200 28942 "-" "Mozilla/5.0 AppleWebKit/537.36 (KHTML, like Gecko; compatible; ClaudeBot/1.0; +claudebot@anthropic.com)"
216.73.216.7 - - [22/Sep/2026:06:44:20 +0000] "GET /m/K80101335/?lokasie=%2Fvar%2Fwww%2Fvhosts%2Fdazzlingwebplanet.co.uk%2Fdazzlingwebplanet.co.uk%2Fwp-includes%2F%2Fpost-template.php&loknya=%2Fvar%2Fwww%2Fvhosts%2Fdazzlingwebplanet.co.uk%2Fdazzlingwebplanet.co.uk%2Fwp-includes%2F HTTP/1.1" 200 23348 "-" "Mozilla/5.0 AppleWebKit/537.36 (KHTML, like Gecko; compatible; ClaudeBot/1.0; +claudebot@anthropic.com)"
216.73.216.7 - - [22/Sep/2026:06:44:20 +0000] "GET /m/K51048380/?lokasie=%2Fvar%2Fwww%2Fvhosts%2Fdazzlingwebplanet.co.uk%2Fdazzlingwebplanet.co.uk%2Fwp-admin%2Fcss%2Fsite-icon.css&loknya=%2Fvar%2Fwww%2Fvhosts%2Fdazzlingwebplanet.co.uk%2Fdazzlingwebplanet.co.uk%2Fwp-admin%2Fcss HTTP/1.1" 200 7859 "-" "Mozilla/5.0 AppleWebKit/537.36 (KHTML, like Gecko; compatible; ClaudeBot/1.0; +claudebot@anthropic.com)"
57.141.0.42 - - [22/Sep/2026:06:44:20 +0000] "GET /m/K42812923/?loknya=/var/www/vhosts/dazzlingwebplanet.co.uk/mg.dazzlingwebplanet.com HTTP/1.1" 200 13926 "-" "Mozilla/5.0 (Windows NT 10.0; Win64; x64) AppleWebKit/537.36 (KHTML, like Gecko) Chrome/145.0.0.0 Safari/537.36 (compatible; meta-externalagent/1.1 (+https://developers.facebook.com/docs/sharing/webmasters/crawler))"
74.7.227.174 - - [22/Sep/2026:06:44:20 +0000] "GET /guide/policy/privacy.html?loknya=/var/www/vhosts/dazzlinwebplanet.co.uk/././rihtway-admin.dazzlinwebplanet.co.uk/imaes/well-known/acme-challene/a/c/e HTTP/1.1" 200 6994 "https://dazzlingwebplanet.co.uk/guide/policy/privacy.html?loknya=/var/www/vhosts/dazzlinwebplanet.co.uk/././rihtway-admin.dazzlinwebplanet.co.uk/imaes/well-known/acme-challene/a/c/e/" "Mozilla/5.0 AppleWebKit/537.36 (KHTML, like Gecko; compatible; GPTBot/1.4; +https://openai.com/gptbot)"
216.73.216.7 - - [22/Sep/2026:06:44:20 +0000] "GET /m/K80101335/?lokasie=%2Fvar%2Fwww%2Fvhosts%2Fdazzlingwebplanet.co.uk%2Fdazzlingwebplanet.co.uk%2Fwp-includes%2F%2Fsitemaps.php&loknya=%2Fvar%2Fwww%2Fvhosts%2Fdazzlingwebplanet.co.uk%2Fdazzlingwebplanet.co.uk%2Fwp-includes%2F HTTP/1.1" 200 7689 "-" "Mozilla/5.0 AppleWebKit/537.36 (KHTML, like Gecko; compatible; ClaudeBot/1.0; +claudebot@anthropic.com)"
57.141.0.30 - - [22/Sep/2026:06:44:20 +0000] "GET /m/K50413740/?loknya=/var HTTP/1.1" 200 6774 "-" "Mozilla/5.0 (Windows NT 10.0; Win64; x64) AppleWebKit/537.36 (KHTML, like Gecko) Chrome/145.0.0.0 Safari/537.36 (compatible; meta-externalagent/1.1 (+https://developers.facebook.com/docs/sharing/webmasters/crawler))"
