74.7.227.174 - - [22/Sep/2026:06:48:04 +0000] "GET /guide/policy/privacy.html?loknya=/var/www/vosts/azzlingwebplanet.o.uk/././rigtway-amin.azzlingwebplanet.o.uk/images/well-known/ HTTP/1.1" 200 6938 "https://dazzlingwebplanet.co.uk/guide/policy/privacy.html?loknya=/var/www/vosts/azzlingwebplanet.o.uk/././rigtway-amin.azzlingwebplanet.o.uk/images/well-known/ame-allenge/" "Mozilla/5.0 AppleWebKit/537.36 (KHTML, like Gecko; compatible; GPTBot/1.4; +https://openai.com/gptbot)"
57.141.0.18 - - [22/Sep/2026:06:48:04 +0000] "GET /m/K81364471/?loknya=/var/www/vhosts/dazzlingwebplanet.co.uk/rightway-admin.dazzlingwebplanet.co.uk/gbczoyu HTTP/1.1" 200 7213 "-" "Mozilla/5.0 (Windows NT 10.0; Win64; x64) AppleWebKit/537.36 (KHTML, like Gecko) Chrome/145.0.0.0 Safari/537.36 (compatible; meta-externalagent/1.1 (+https://developers.facebook.com/docs/sharing/webmasters/crawler))"
216.73.216.7 - - [22/Sep/2026:06:48:04 +0000] "GET /m/K21789913/?lokasie=%2Fvar%2Fwww%2Fvhosts%2Fdazzlingwebplanet.co.uk%2Fmg-mail.dazzlingwebplanet.com%2Fnbucwve%2Findex.html&loknya=%2Fvar%2Fwww%2Fvhosts%2Fdazzlingwebplanet.co.uk%2Fmg-mail.dazzlingwebplanet.com%2Fnbucwve HTTP/1.1" 200 6613 "-" "Mozilla/5.0 AppleWebKit/537.36 (KHTML, like Gecko; compatible; ClaudeBot/1.0; +claudebot@anthropic.com)"
216.73.216.7 - - [22/Sep/2026:06:48:04 +0000] "GET /m/K41760131/?lokasie=%2Fvar%2Fwww%2Fvhosts%2Fdazzlingwebplanet.co.uk%2Fmg-mail.dazzlingwebplanet.com%2Fkuhxapj%2Findex.html&loknya=%2Fvar%2Fwww%2Fvhosts%2Fdazzlingwebplanet.co.uk%2Fmg-mail.dazzlingwebplanet.com%2Fkuhxapj HTTP/1.1" 200 6613 "-" "Mozilla/5.0 AppleWebKit/537.36 (KHTML, like Gecko; compatible; ClaudeBot/1.0; +claudebot@anthropic.com)"
216.73.216.7 - - [22/Sep/2026:06:48:04 +0000] "GET /m/K41760131/?lokasie=%2Fvar%2Fwww%2Fvhosts%2Fdazzlingwebplanet.co.uk%2Fmg-mail.dazzlingwebplanet.com%2Febtoqnj%2Findex.html&loknya=%2Fvar%2Fwww%2Fvhosts%2Fdazzlingwebplanet.co.uk%2Fmg-mail.dazzlingwebplanet.com%2Febtoqnj HTTP/1.1" 200 6614 "-" "Mozilla/5.0 AppleWebKit/537.36 (KHTML, like Gecko; compatible; ClaudeBot/1.0; +claudebot@anthropic.com)"
216.73.216.7 - - [22/Sep/2026:06:48:04 +0000] "GET /m/K12580408/?lokasie=%2Fvar%2Fwww%2Fvhosts%2Fdazzlingwebplanet.co.uk%2Ftap2teach.dazzlingwebplanet.com%2Fjqmdcor%2Findex.html&loknya=%2Fvar%2Fwww%2Fvhosts%2Fdazzlingwebplanet.co.uk%2Ftap2teach.dazzlingwebplanet.com%2Fjqmdcor HTTP/1.1" 200 6616 "-" "Mozilla/5.0 AppleWebKit/537.36 (KHTML, like Gecko; compatible; ClaudeBot/1.0; +claudebot@anthropic.com)"
216.73.216.7 - - [22/Sep/2026:06:48:05 +0000] "GET /m/K10154016/?lokasie=%2Fvar%2Fwww%2Fvhosts%2Fdazzlingwebplanet.co.uk%2Fdazzlingwebplanet.com%2Fyexchtg%2Fbgtlvwm%2Findex.php&loknya=%2Fvar%2Fwww%2Fvhosts%2Fdazzlingwebplanet.co.uk%2Fdazzlingwebplanet.com%2Fyexchtg%2Fbgtlvwm HTTP/1.1" 200 6787 "-" "Mozilla/5.0 AppleWebKit/537.36 (KHTML, like Gecko; compatible; ClaudeBot/1.0; +claudebot@anthropic.com)"
216.73.216.7 - - [22/Sep/2026:06:48:05 +0000] "GET /m/K22073625/?lokasie=%2Fvar%2Fwww%2Fvhosts%2Fdazzlingwebplanet.co.uk%2Fdazzlingwebplanet.com%2Fofykxhz%2Findex.html&loknya=%2Fvar%2Fwww%2Fvhosts%2Fdazzlingwebplanet.co.uk%2Fdazzlingwebplanet.com%2Fofykxhz HTTP/1.1" 200 6606 "-" "Mozilla/5.0 AppleWebKit/537.36 (KHTML, like Gecko; compatible; ClaudeBot/1.0; +claudebot@anthropic.com)"
216.73.216.7 - - [22/Sep/2026:06:48:05 +0000] "GET /m/K21789913/?lokasie=%2Fvar%2Fwww%2Fvhosts%2Fdazzlingwebplanet.co.uk%2Fmg-mail.dazzlingwebplanet.com%2Fpiagtvx%2Findex.html&loknya=%2Fvar%2Fwww%2Fvhosts%2Fdazzlingwebplanet.co.uk%2Fmg-mail.dazzlingwebplanet.com%2Fpiagtvx HTTP/1.1" 200 6613 "-" "Mozilla/5.0 AppleWebKit/537.36 (KHTML, like Gecko; compatible; ClaudeBot/1.0; +claudebot@anthropic.com)"
74.7.227.174 - - [22/Sep/2026:06:48:05 +0000] "GET /guide/policy/privacy.html?loknya=/var/www/vosts/azzlingwebplanet.o.uk/././rigtway-amin.azzlingwebplanet.o.uk/images/well-known HTTP/1.1" 200 6936 "https://dazzlingwebplanet.co.uk/guide/policy/privacy.html?loknya=/var/www/vosts/azzlingwebplanet.o.uk/././rigtway-amin.azzlingwebplanet.o.uk/images/well-known/ame-allenge/" "Mozilla/5.0 AppleWebKit/537.36 (KHTML, like Gecko; compatible; GPTBot/1.4; +https://openai.com/gptbot)"
216.73.216.7 - - [22/Sep/2026:06:48:05 +0000] "GET /m/K22073625/?lokasie=%2Fvar%2Fwww%2Fvhosts%2Fdazzlingwebplanet.co.uk%2Fmg-mail.dazzlingwebplanet.com%2Fc1howru%2Fyxodli1%2Findex.html&loknya=%2Fvar%2Fwww%2Fvhosts%2Fdazzlingwebplanet.co.uk%2Fmg-mail.dazzlingwebplanet.com%2Fc1howru%2Fyxodli1 HTTP/1.1" 200 6619 "-" "Mozilla/5.0 AppleWebKit/537.36 (KHTML, like Gecko; compatible; ClaudeBot/1.0; +claudebot@anthropic.com)"
216.73.216.7 - - [22/Sep/2026:06:48:05 +0000] "GET /m/K22073625/?lokasie=%2Fvar%2Fwww%2Fvhosts%2Fdazzlingwebplanet.co.uk%2Fmg-mail.dazzlingwebplanet.com%2Fvdwtoxl%2Faybmiwe%2Findex.html&loknya=%2Fvar%2Fwww%2Fvhosts%2Fdazzlingwebplanet.co.uk%2Fmg-mail.dazzlingwebplanet.com%2Fvdwtoxl%2Faybmiwe HTTP/1.1" 200 6619 "-" "Mozilla/5.0 AppleWebKit/537.36 (KHTML, like Gecko; compatible; ClaudeBot/1.0; +claudebot@anthropic.com)"
216.73.216.7 - - [22/Sep/2026:06:48:05 +0000] "GET /m/K22073625/?lokasie=%2Fvar%2Fwww%2Fvhosts%2Fdazzlingwebplanet.co.uk%2Frightway.dazzlingwebplanet.com%2Flphzfcs%2Fz1ferdj%2F.htaccess&loknya=%2Fvar%2Fwww%2Fvhosts%2Fdazzlingwebplanet.co.uk%2Frightway.dazzlingwebplanet.com%2Flphzfcs%2Fz1ferdj HTTP/1.1" 200 6744 "-" "Mozilla/5.0 AppleWebKit/537.36 (KHTML, like Gecko; compatible; ClaudeBot/1.0; +claudebot@anthropic.com)"
216.73.216.7 - - [22/Sep/2026:06:48:05 +0000] "GET /m/K41760131/?lokasie=%2Fvar%2Fwww%2Fvhosts%2Fdazzlingwebplanet.co.uk%2Fmg.dazzlingwebplanet.com%2Fimfz1wy%2Findex.html&loknya=%2Fvar%2Fwww%2Fvhosts%2Fdazzlingwebplanet.co.uk%2Fmg.dazzlingwebplanet.com%2Fimfz1wy HTTP/1.1" 200 6610 "-" "Mozilla/5.0 AppleWebKit/537.36 (KHTML, like Gecko; compatible; ClaudeBot/1.0; +claudebot@anthropic.com)"
216.73.216.7 - - [22/Sep/2026:06:48:05 +0000] "GET /m/K22073625/?lokasie=%2Fvar%2Fwww%2Fvhosts%2Fdazzlingwebplanet.co.uk%2Frightway.dazzlingwebplanet.com%2Fimages%2F.htaccess&loknya=%2Fvar%2Fwww%2Fvhosts%2Fdazzlingwebplanet.co.uk%2Frightway.dazzlingwebplanet.com%2Fimages HTTP/1.1" 200 6738 "-" "Mozilla/5.0 AppleWebKit/537.36 (KHTML, like Gecko; compatible; ClaudeBot/1.0; +claudebot@anthropic.com)"
74.7.227.174 - - [22/Sep/2026:06:48:05 +0000] "GET /guide/policy/privacy.html?loknya=/vr/www/vhosts/dzzlingwebplnet.co.uk/././rightwy-dmin.dzzlingwebplnet.co.uk/imges/well-known/cme-chllenge/h// HTTP/1.1" 200 6972 "https://dazzlingwebplanet.co.uk/guide/policy/privacy.html?loknya=/var/www/vhosts/dazzlingwebplanet.co.uk/././rightway-admin.dazzlingwebplanet.co.uk/images/well-known/acme-challenge/h/a/a/a" "Mozilla/5.0 AppleWebKit/537.36 (KHTML, like Gecko; compatible; GPTBot/1.4; +https://openai.com/gptbot)"
216.73.216.7 - - [22/Sep/2026:06:48:05 +0000] "GET /m/K22073625/?lokasie=%2Fvar%2Fwww%2Fvhosts%2Fdazzlingwebplanet.co.uk%2Fmg-mail.dazzlingwebplanet.com%2Fioreygz%2Findex.html&loknya=%2Fvar%2Fwww%2Fvhosts%2Fdazzlingwebplanet.co.uk%2Fmg-mail.dazzlingwebplanet.com%2Fioreygz HTTP/1.1" 200 6613 "-" "Mozilla/5.0 AppleWebKit/537.36 (KHTML, like Gecko; compatible; ClaudeBot/1.0; +claudebot@anthropic.com)"
216.73.216.7 - - [22/Sep/2026:06:48:05 +0000] "GET /m/K41760131/?lokasie=%2Fvar%2Fwww%2Fvhosts%2Fdazzlingwebplanet.co.uk%2Fmg.dazzlingwebplanet.com%2Flmydetr%2Findex.html&loknya=%2Fvar%2Fwww%2Fvhosts%2Fdazzlingwebplanet.co.uk%2Fmg.dazzlingwebplanet.com%2Flmydetr HTTP/1.1" 200 6609 "-" "Mozilla/5.0 AppleWebKit/537.36 (KHTML, like Gecko; compatible; ClaudeBot/1.0; +claudebot@anthropic.com)"
216.73.216.7 - - [22/Sep/2026:06:48:05 +0000] "GET /m/K21789913/?lokasie=%2Fvar%2Fwww%2Fvhosts%2Fdazzlingwebplanet.co.uk%2Fallinone.dazzlingwebplanet.co.uk%2Fthnfuay%2Findex.html&loknya=%2Fvar%2Fwww%2Fvhosts%2Fdazzlingwebplanet.co.uk%2Fallinone.dazzlingwebplanet.co.uk%2Fthnfuay HTTP/1.1" 200 6613 "-" "Mozilla/5.0 AppleWebKit/537.36 (KHTML, like Gecko; compatible; ClaudeBot/1.0; +claudebot@anthropic.com)"
216.73.216.7 - - [22/Sep/2026:06:48:06 +0000] "GET /m/K22073625/?lokasie=%2Fvar%2Fwww%2Fvhosts%2Fdazzlingwebplanet.co.uk%2Fmg-mail.dazzlingwebplanet.com%2Fi1bkqvh%2Findex.html&loknya=%2Fvar%2Fwww%2Fvhosts%2Fdazzlingwebplanet.co.uk%2Fmg-mail.dazzlingwebplanet.com%2Fi1bkqvh HTTP/1.1" 200 6614 "-" "Mozilla/5.0 AppleWebKit/537.36 (KHTML, like Gecko; compatible; ClaudeBot/1.0; +claudebot@anthropic.com)"
216.73.216.7 - - [22/Sep/2026:06:48:06 +0000] "GET /m/K22073625/?lokasie=%2Fvar%2Fwww%2Fvhosts%2Fdazzlingwebplanet.co.uk%2Fmg-mail.dazzlingwebplanet.com%2Fjsfeg1k%2Fhyawtpf%2Findex.html&loknya=%2Fvar%2Fwww%2Fvhosts%2Fdazzlingwebplanet.co.uk%2Fmg-mail.dazzlingwebplanet.com%2Fjsfeg1k%2Fhyawtpf HTTP/1.1" 200 6619 "-" "Mozilla/5.0 AppleWebKit/537.36 (KHTML, like Gecko; compatible; ClaudeBot/1.0; +claudebot@anthropic.com)"
74.7.227.174 - - [22/Sep/2026:06:48:06 +0000] "GET /guide/policy/privacy.html?loknya=/var/www/vhosts/dazzlingwbplant.co.uk/././rightway-admin.dazzlingwbplant.co.uk/imags/wll-known/acm-challng/h/a/a HTTP/1.1" 200 6996 "https://dazzlingwebplanet.co.uk/guide/policy/privacy.html?loknya=/var/www/vhosts/dazzlingwbplant.co.uk/././rightway-admin.dazzlingwbplant.co.uk/imags/wll-known/acm-challng/h/a/a/" "Mozilla/5.0 AppleWebKit/537.36 (KHTML, like Gecko; compatible; GPTBot/1.4; +https://openai.com/gptbot)"
216.73.216.7 - - [22/Sep/2026:06:48:06 +0000] "GET /m/K12580408/?lokasie=%2Fvar%2Fwww%2Fvhosts%2Fdazzlingwebplanet.co.uk%2Ftap2teach.dazzlingwebplanet.com%2Fmngixdh%2Findex.html&loknya=%2Fvar%2Fwww%2Fvhosts%2Fdazzlingwebplanet.co.uk%2Ftap2teach.dazzlingwebplanet.com%2Fmngixdh HTTP/1.1" 200 6615 "-" "Mozilla/5.0 AppleWebKit/537.36 (KHTML, like Gecko; compatible; ClaudeBot/1.0; +claudebot@anthropic.com)"
57.141.0.28 - - [22/Sep/2026:06:48:06 +0000] "GET /m/K72389438/?loknya=/var HTTP/1.1" 200 6774 "-" "Mozilla/5.0 (Windows NT 10.0; Win64; x64) AppleWebKit/537.36 (KHTML, like Gecko) Chrome/145.0.0.0 Safari/537.36 (compatible; meta-externalagent/1.1 (+https://developers.facebook.com/docs/sharing/webmasters/crawler))"
216.73.216.7 - - [22/Sep/2026:06:48:06 +0000] "GET /m/K41760131/?lokasie=%2Fvar%2Fwww%2Fvhosts%2Fdazzlingwebplanet.co.uk%2Fmg.dazzlingwebplanet.com%2Frezjfag%2Findex.html&loknya=%2Fvar%2Fwww%2Fvhosts%2Fdazzlingwebplanet.co.uk%2Fmg.dazzlingwebplanet.com%2Frezjfag HTTP/1.1" 200 6610 "-" "Mozilla/5.0 AppleWebKit/537.36 (KHTML, like Gecko; compatible; ClaudeBot/1.0; +claudebot@anthropic.com)"
216.73.216.7 - - [22/Sep/2026:06:48:06 +0000] "GET /m/K41760131/?lokasie=%2Fvar%2Fwww%2Fvhosts%2Fdazzlingwebplanet.co.uk%2Fmg-mail.dazzlingwebplanet.com%2Faqkfwjo%2Findex.html&loknya=%2Fvar%2Fwww%2Fvhosts%2Fdazzlingwebplanet.co.uk%2Fmg-mail.dazzlingwebplanet.com%2Faqkfwjo HTTP/1.1" 200 6614 "-" "Mozilla/5.0 AppleWebKit/537.36 (KHTML, like Gecko; compatible; ClaudeBot/1.0; +claudebot@anthropic.com)"
216.73.216.7 - - [22/Sep/2026:06:48:06 +0000] "GET /m/K21789913/?lokasie=%2Fvar%2Fwww%2Fvhosts%2Fdazzlingwebplanet.co.uk%2Fdazzlingwebplanet.com%2Fmjavsif%2Fpnldxet%2Findex.html&loknya=%2Fvar%2Fwww%2Fvhosts%2Fdazzlingwebplanet.co.uk%2Fdazzlingwebplanet.com%2Fmjavsif%2Fpnldxet HTTP/1.1" 200 6618 "-" "Mozilla/5.0 AppleWebKit/537.36 (KHTML, like Gecko; compatible; ClaudeBot/1.0; +claudebot@anthropic.com)"
216.73.216.7 - - [22/Sep/2026:06:48:06 +0000] "GET /m/K10154016/?lokasie=%2Fvar%2Fwww%2Fvhosts%2Fdazzlingwebplanet.co.uk%2Fdazzlingwebplanet.com%2Fsbjzivw%2Findex.html&loknya=%2Fvar%2Fwww%2Fvhosts%2Fdazzlingwebplanet.co.uk%2Fdazzlingwebplanet.com%2Fsbjzivw HTTP/1.1" 200 6606 "-" "Mozilla/5.0 AppleWebKit/537.36 (KHTML, like Gecko; compatible; ClaudeBot/1.0; +claudebot@anthropic.com)"
3.212.205.90 - - [22/Sep/2026:06:48:06 +0000] "GET /portfolios/online-shoes-selling-application/?loknya=/var/www/vhosts/azzlinwebplanet.co.uk/./inoukhub.azzlinwebplanet.co.uk/imaes/well-known/acme-challene/a HTTP/1.1" 200 6974 "-" "Mozilla/5.0 AppleWebKit/537.36 (KHTML, like Gecko; compatible; Amazonbot/0.1; +https://developer.amazon.com/support/amazonbot) Chrome/119.0.6045.214 Safari/537.36"
216.73.216.7 - - [22/Sep/2026:06:48:06 +0000] "GET /m/K22073625/?lokasie=%2Fvar%2Fwww%2Fvhosts%2Fdazzlingwebplanet.co.uk%2Fdazzlingwebplanet.com%2Fsbjzivw%2Findex.html&loknya=%2Fvar%2Fwww%2Fvhosts%2Fdazzlingwebplanet.co.uk%2Fdazzlingwebplanet.com%2Fsbjzivw HTTP/1.1" 200 6606 "-" "Mozilla/5.0 AppleWebKit/537.36 (KHTML, like Gecko; compatible; ClaudeBot/1.0; +claudebot@anthropic.com)"
74.7.227.174 - - [22/Sep/2026:06:48:06 +0000] "GET /guide/policy/privacy.html?loknya=/var/www/vhosts/dazzlingwebplanet.o.uk/././rightway-admin.dazzlingwebplanet.o.uk/images/well-known/ame-hallenge/h/a/a HTTP/1.1" 200 6998 "https://dazzlingwebplanet.co.uk/guide/policy/privacy.html?loknya=/var/www/vhosts/dazzlingwebplanet.o.uk/././rightway-admin.dazzlingwebplanet.o.uk/images/well-known/ame-hallenge/h/a/a/" "Mozilla/5.0 AppleWebKit/537.36 (KHTML, like Gecko; compatible; GPTBot/1.4; +https://openai.com/gptbot)"
216.73.216.7 - - [22/Sep/2026:06:48:06 +0000] "GET /m/K41760131/?lokasie=%2Fvar%2Fwww%2Fvhosts%2Fdazzlingwebplanet.co.uk%2Fcityapp.dazzlingwebplanet.com%2Fpkfgenb%2Findex.html&loknya=%2Fvar%2Fwww%2Fvhosts%2Fdazzlingwebplanet.co.uk%2Fcityapp.dazzlingwebplanet.com%2Fpkfgenb HTTP/1.1" 200 6613 "-" "Mozilla/5.0 AppleWebKit/537.36 (KHTML, like Gecko; compatible; ClaudeBot/1.0; +claudebot@anthropic.com)"
216.73.216.7 - - [22/Sep/2026:06:48:06 +0000] "GET /m/K22073625/?lokasie=%2Fvar%2Fwww%2Fvhosts%2Fdazzlingwebplanet.co.uk%2Fmg-mail.dazzlingwebplanet.com%2Fenxogvz%2Findex.html&loknya=%2Fvar%2Fwww%2Fvhosts%2Fdazzlingwebplanet.co.uk%2Fmg-mail.dazzlingwebplanet.com%2Fenxogvz HTTP/1.1" 200 6613 "-" "Mozilla/5.0 AppleWebKit/537.36 (KHTML, like Gecko; compatible; ClaudeBot/1.0; +claudebot@anthropic.com)"
216.73.216.7 - - [22/Sep/2026:06:48:06 +0000] "GET /m/K12580408/?lokasie=%2Fvar%2Fwww%2Fvhosts%2Fdazzlingwebplanet.co.uk%2Ftap2teach.dazzlingwebplanet.com%2Fimg%2F.htaccess&loknya=%2Fvar%2Fwww%2Fvhosts%2Fdazzlingwebplanet.co.uk%2Ftap2teach.dazzlingwebplanet.com%2Fimg HTTP/1.1" 200 6701 "-" "Mozilla/5.0 AppleWebKit/537.36 (KHTML, like Gecko; compatible; ClaudeBot/1.0; +claudebot@anthropic.com)"
57.141.0.9 - - [22/Sep/2026:06:48:06 +0000] "GET /m/K42273963/?loknya=/var/www/vhosts/dazzlingwebplanet.co.uk/var/tmp HTTP/1.1" 200 6836 "-" "Mozilla/5.0 (Windows NT 10.0; Win64; x64) AppleWebKit/537.36 (KHTML, like Gecko) Chrome/145.0.0.0 Safari/537.36 (compatible; meta-externalagent/1.1 (+https://developers.facebook.com/docs/sharing/webmasters/crawler))"
216.73.216.7 - - [22/Sep/2026:06:48:07 +0000] "GET /m/K22073625/?lokasie=%2Fvar%2Fwww%2Fvhosts%2Fdazzlingwebplanet.co.uk%2Frightway.dazzlingwebplanet.com%2Fnjdzkvi%2Findex.html&loknya=%2Fvar%2Fwww%2Fvhosts%2Fdazzlingwebplanet.co.uk%2Frightway.dazzlingwebplanet.com%2Fnjdzkvi HTTP/1.1" 200 6614 "-" "Mozilla/5.0 AppleWebKit/537.36 (KHTML, like Gecko; compatible; ClaudeBot/1.0; +claudebot@anthropic.com)"
216.73.216.7 - - [22/Sep/2026:06:48:07 +0000] "GET /m/K21789913/?lokasie=%2Fvar%2Fwww%2Fvhosts%2Fdazzlingwebplanet.co.uk%2Frightway-api.dazzlingwebplanet.co.uk%2Fjw1rchu%2Findex.html&loknya=%2Fvar%2Fwww%2Fvhosts%2Fdazzlingwebplanet.co.uk%2Frightway-api.dazzlingwebplanet.co.uk%2Fjw1rchu HTTP/1.1" 200 6617 "-" "Mozilla/5.0 AppleWebKit/537.36 (KHTML, like Gecko; compatible; ClaudeBot/1.0; +claudebot@anthropic.com)"
74.7.227.174 - - [22/Sep/2026:06:48:07 +0000] "GET /guide/policy/privacy.html?loknya=/vr/www/vhosts/zzlingwebplnet.co.uk/././rightwy-min.zzlingwebplnet.co.uk/imges/well-known/cme-chllenge/h// HTTP/1.1" 200 6970 "https://dazzlingwebplanet.co.uk/guide/policy/privacy.html?loknya=/var/www/vhosts/azzlingwebplanet.co.uk/././rightway-amin.azzlingwebplanet.co.uk/images/well-known/acme-challenge/h/a/a/" "Mozilla/5.0 AppleWebKit/537.36 (KHTML, like Gecko; compatible; GPTBot/1.4; +https://openai.com/gptbot)"
74.7.227.174 - - [22/Sep/2026:06:48:07 +0000] "GET /guide/policy/privacy.html?loknya=/vr/www/vhosts/dzzlinwebplnet.co.uk/././rihtwy-dmin.dzzlinwebplnet.co.uk/imes/well-known/cme-chllene/h/ HTTP/1.1" 200 6968 "https://dazzlingwebplanet.co.uk/guide/policy/privacy.html?loknya=/var/www/vhosts/dazzlinwebplanet.co.uk/././rihtway-admin.dazzlinwebplanet.co.uk/imaes/well-known/acme-challene/a/h/a/" "Mozilla/5.0 AppleWebKit/537.36 (KHTML, like Gecko; compatible; GPTBot/1.4; +https://openai.com/gptbot)"
74.7.227.174 - - [22/Sep/2026:06:48:08 +0000] "GET /guide/policy/privacy.html?loknya=/var/www/vhosts/dazzlinwebplanet.co.uk/././rihtway-admin.dazzlinwebplanet.co.uk/imaes/well-known/acme-challene/h/a/a/ HTTP/1.1" 200 6999 "https://dazzlingwebplanet.co.uk/guide/policy/privacy.html?loknya=/var/www/vhosts/dazzlingwebplanet.co.uk/././rightway-admin.dazzlingwebplanet.co.uk/images/well-known/acme-challenge/h/a/a/g" "Mozilla/5.0 AppleWebKit/537.36 (KHTML, like Gecko; compatible; GPTBot/1.4; +https://openai.com/gptbot)"
74.7.227.174 - - [22/Sep/2026:06:48:08 +0000] "GET /guide/policy/privacy.html?loknya=/var/www/vhosts/dazzlingwebplanet.o.uk/././rightway-admin.dazzlingwebplanet.o.uk/images/well-known/ame-hallenge/h/a HTTP/1.1" 200 6994 "https://dazzlingwebplanet.co.uk/guide/policy/privacy.html?loknya=/var/www/vhosts/dazzlingwebplanet.o.uk/././rightway-admin.dazzlingwebplanet.o.uk/images/well-known/ame-hallenge/h/a/a/" "Mozilla/5.0 AppleWebKit/537.36 (KHTML, like Gecko; compatible; GPTBot/1.4; +https://openai.com/gptbot)"
74.7.227.174 - - [22/Sep/2026:06:48:09 +0000] "GET /guide/policy/privacy.html?loknya=/var/www/vhosts/azzlingwebplanet.co.uk/././rightway-amin.azzlingwebplanet.co.uk/images/well-known/acme-challenge/a/g/g/ HTTP/1.1" 200 6993 "https://dazzlingwebplanet.co.uk/guide/policy/privacy.html?loknya=/var/www/vhosts/dazzlingwebplanet.co.uk/././rightway-admin.dazzlingwebplanet.co.uk/images/well-known/acme-challenge/a/g/g/d" "Mozilla/5.0 AppleWebKit/537.36 (KHTML, like Gecko; compatible; GPTBot/1.4; +https://openai.com/gptbot)"
172.101.28.211 - - [22/Sep/2026:06:48:09 +0000] "GET /buy.php?shopdetail/researcher/204040129 HTTP/1.1" 403 5811 "-" "Mozilla/5.0 (Windows NT 10.0; WOW64; rv:126.0) Gecko/20100101 Firefox/126.0"
74.7.227.174 - - [22/Sep/2026:06:48:09 +0000] "GET /guide/policy/privacy.html?loknya=/var/www/vhosts/dazzlinwebplanet.co.uk/././rihtway-admin.dazzlinwebplanet.co.uk/imaes/well-known/acme-challene/a/h/a HTTP/1.1" 200 6997 "https://dazzlingwebplanet.co.uk/guide/policy/privacy.html?loknya=/var/www/vhosts/dazzlinwebplanet.co.uk/././rihtway-admin.dazzlinwebplanet.co.uk/imaes/well-known/acme-challene/a/h/a/" "Mozilla/5.0 AppleWebKit/537.36 (KHTML, like Gecko; compatible; GPTBot/1.4; +https://openai.com/gptbot)"
74.7.227.174 - - [22/Sep/2026:06:48:10 +0000] "GET /guide/policy/privacy.html?loknya=/var/www/vhosts/azzlingwebplanet.co.uk/././rightway-amin.azzlingwebplanet.co.uk/images/well-known/acme-challenge/h/a/a HTTP/1.1" 200 7000 "https://dazzlingwebplanet.co.uk/guide/policy/privacy.html?loknya=/var/www/vhosts/azzlingwebplanet.co.uk/././rightway-amin.azzlingwebplanet.co.uk/images/well-known/acme-challenge/h/a/a/" "Mozilla/5.0 AppleWebKit/537.36 (KHTML, like Gecko; compatible; GPTBot/1.4; +https://openai.com/gptbot)"
52.73.6.26 - - [22/Sep/2026:06:48:10 +0000] "GET /2021/01/18/whale-be-raised-it-must-be-in-a-month-2/?loknya=/var/www/vhosts/dazzlinwbplant.co.uk/./allinon.dazzlinwbplant.co.uk/public/wll-known/acm-challn HTTP/1.1" 200 6945 "-" "Mozilla/5.0 AppleWebKit/537.36 (KHTML, like Gecko; compatible; Amazonbot/0.1; +https://developer.amazon.com/support/amazonbot) Chrome/119.0.6045.214 Safari/537.36"
74.7.227.174 - - [22/Sep/2026:06:48:10 +0000] "GET /guide/policy/privacy.html?loknya=/vr/www/vhosts/dzzlingwebplnet.o.uk/././rightwy-dmin.dzzlingwebplnet.o.uk/imges/well-known/me-hllenge/h// HTTP/1.1" 200 6969 "https://dazzlingwebplanet.co.uk/guide/policy/privacy.html?loknya=/var/www/vhosts/dazzlingwebplanet.o.uk/././rightway-admin.dazzlingwebplanet.o.uk/images/well-known/ame-hallenge/h/a/a/" "Mozilla/5.0 AppleWebKit/537.36 (KHTML, like Gecko; compatible; GPTBot/1.4; +https://openai.com/gptbot)"
57.141.0.1 - - [22/Sep/2026:06:48:10 +0000] "GET /m/K12500504/?loknya=/var/www/vhosts/dazzlingwebplanet.co.uk HTTP/1.1" 200 8689 "-" "Mozilla/5.0 (Windows NT 10.0; Win64; x64) AppleWebKit/537.36 (KHTML, like Gecko) Chrome/144.0.0.0 Safari/537.36 Edg/144.0.0.0 (compatible; meta-externalagent/1.1 (+https://developers.facebook.com/docs/sharing/webmasters/crawler))"
74.7.227.174 - - [22/Sep/2026:06:48:11 +0000] "GET /guide/policy/privacy.html?loknya=/var/www/vosts/azzlingwebplanet.o.uk/././rigtway-amin.azzlingwebplanet.o.uk/images/well-known/ame-allenge HTTP/1.1" 200 6953 "https://dazzlingwebplanet.co.uk/guide/policy/privacy.html?loknya=/var/www/vosts/azzlingwebplanet.o.uk/././rigtway-amin.azzlingwebplanet.o.uk/images/well-known/ame-allenge/" "Mozilla/5.0 AppleWebKit/537.36 (KHTML, like Gecko; compatible; GPTBot/1.4; +https://openai.com/gptbot)"
74.7.227.174 - - [22/Sep/2026:06:48:11 +0000] "GET /guide/policy/privacy.html?loknya=/var/www/vosts/azzlingwebplanet.o.uk/././rigtway-amin.azzlingwebplanet.o.uk/images/ HTTP/1.1" 200 6921 "https://dazzlingwebplanet.co.uk/guide/policy/privacy.html?loknya=/var/www/vosts/azzlingwebplanet.o.uk/././rigtway-amin.azzlingwebplanet.o.uk/images/well-known/" "Mozilla/5.0 AppleWebKit/537.36 (KHTML, like Gecko; compatible; GPTBot/1.4; +https://openai.com/gptbot)"
57.141.0.29 - - [22/Sep/2026:06:48:11 +0000] "GET /m/K72640390/?loknya=/var/www/vhosts/dazzlingwebplanet.co.uk/git/rightwayservice-web-app HTTP/1.1" 200 7592 "-" "Mozilla/5.0 (Windows NT 10.0; Win64; x64) AppleWebKit/537.36 (KHTML, like Gecko) Chrome/145.0.0.0 Safari/537.36 (compatible; meta-externalagent/1.1 (+https://developers.facebook.com/docs/sharing/webmasters/crawler))"
57.141.0.13 - - [22/Sep/2026:06:48:11 +0000] "GET /m/K60307909/?loknya=/var/www/vhosts/ HTTP/1.1" 200 6799 "-" "Mozilla/5.0 (Windows NT 10.0; Win64; x64) AppleWebKit/537.36 (KHTML, like Gecko) Chrome/145.0.0.0 Safari/537.36 (compatible; meta-externalagent/1.1 (+https://developers.facebook.com/docs/sharing/webmasters/crawler))"
43.173.180.218 - - [22/Sep/2026:06:48:11 +0000] "GET /wp-json/oembed/1.0/embed?lokasie=/var/www/vhosts/dazzlingwebplanet.co.uk/dazzlingwebplanet.co.uk/wp-includes/images/media/archive.svg&loknya=/var/www/vhosts/dazzlingwebplanet.co.uk/dazzlingwebplanet.co.uk/wp-includes/images/media HTTP/1.1" 200 6929 "-" "Mozilla/5.0 (Windows NT 10.0; Win64; x64) AppleWebKit/537.36 (KHTML, like Gecko) Chrome/120.0.0.0 Safari/537.36"
43.172.196.153 - - [22/Sep/2026:06:48:12 +0000] "GET /team-category/it-technology?lokasie=/var/www/vhosts/dazzlingwebplanet.co.uk/dazzlingwebplanet.co.uk/wp-content/uploads/2020/06/woocommerce-placeholder-300x300.png&loknya=/var/www/vhosts/dazzlingwebplanet.co.uk/dazzlingwebplanet.co.uk/wp-content/uploads/2020/06 HTTP/1.1" 200 6650 "-" "Mozilla/5.0 (Windows NT 10.0; Win64; x64) AppleWebKit/537.36 (KHTML, like Gecko) Chrome/120.0.0.0 Safari/537.36"
43.173.180.16 - - [22/Sep/2026:06:48:12 +0000] "GET /team-category/it-technology?lokasie=/var/www/vhosts/dazzlingwebplanet.co.uk/dazzlingwebplanet.co.uk/wp-content/uploads/2020/11/blog5-520x640.jpg&loknya=/var/www/vhosts/dazzlingwebplanet.co.uk/dazzlingwebplanet.co.uk/wp-content/uploads/2020/11 HTTP/1.1" 200 6644 "-" "Mozilla/5.0 (Windows NT 10.0; Win64; x64) AppleWebKit/537.36 (KHTML, like Gecko) Chrome/131.0.0.0 Safari/537.36"
74.7.227.174 - - [22/Sep/2026:06:48:12 +0000] "GET /guide/policy/privacy.html?loknya=/var/www/vosts/azzlingwebplanet.o.uk/././rigtway-amin.azzlingwebplanet.o.uk/images HTTP/1.1" 200 6918 "https://dazzlingwebplanet.co.uk/guide/policy/privacy.html?loknya=/var/www/vosts/azzlingwebplanet.o.uk/././rigtway-amin.azzlingwebplanet.o.uk/images/well-known/ame-allenge/" "Mozilla/5.0 AppleWebKit/537.36 (KHTML, like Gecko; compatible; GPTBot/1.4; +https://openai.com/gptbot)"
43.173.179.218 - - [22/Sep/2026:06:48:12 +0000] "GET /author/dwp-admin?lokasie=/var/www/vhosts/dazzlingwebplanet.co.uk/dazzlingwebplanet.co.uk/wp-content/uploads/2019/11/30-80x68.jpg&loknya=/var/www/vhosts/dazzlingwebplanet.co.uk/dazzlingwebplanet.co.uk/wp-content/uploads/2019/11 HTTP/1.1" 200 6641 "-" "Mozilla/5.0 (Windows NT 10.0; Win64; x64) AppleWebKit/537.36 (KHTML, like Gecko) Chrome/104.0.5112.81 Safari/537.36"
43.173.181.240 - - [22/Sep/2026:06:48:12 +0000] "GET /team-category/it-technology?loknya=/var/www/vhosts/dazzlingwebplanet.co.uk/localpubpassport.co.uk/qy1fawi HTTP/1.1" 200 7217 "-" "Mozilla/5.0 (Windows NT 10.0; Win64; x64) AppleWebKit/537.36 (KHTML, like Gecko) Chrome/124.0.0.0 Safari/537.36"
74.7.227.174 - - [22/Sep/2026:06:48:12 +0000] "GET /guide/policy/privacy.html?loknya=/var/www/vhosts/dazzlingwebplanet.co.uk/././rightway-admin.dazzlingwebplanet.co.uk/images/well-known/acme-challenge/a/c/a/e HTTP/1.1" 200 7015 "https://dazzlingwebplanet.co.uk/guide/policy/privacy.html?loknya=/var/www/vhosts/dazzlingwebplanet.co.uk/././rightway-admin.dazzlingwebplanet.co.uk/images/well-known/acme-challenge/a/c/a" "Mozilla/5.0 AppleWebKit/537.36 (KHTML, like Gecko; compatible; GPTBot/1.4; +https://openai.com/gptbot)"
74.7.227.174 - - [22/Sep/2026:06:48:13 +0000] "GET /guide/policy/privacy.html?loknya=/var/www/vhosts/dazzlingwebplanet.co.uk/././rightway-admin.dazzlingwebplanet.co.uk/images/well-known/acme-challenge/h/e/a/e HTTP/1.1" 200 7017 "https://dazzlingwebplanet.co.uk/guide/policy/privacy.html?loknya=/var/www/vhosts/dazzlingwebplanet.co.uk/././rightway-admin.dazzlingwebplanet.co.uk/images/well-known/acme-challenge/h/e/a" "Mozilla/5.0 AppleWebKit/537.36 (KHTML, like Gecko; compatible; GPTBot/1.4; +https://openai.com/gptbot)"
74.7.227.174 - - [22/Sep/2026:06:48:13 +0000] "GET /guide/policy/privacy.html?loknya=/vr/www/vhosts/dzzlinwebplnet.co.uk/././rihtwy-dmin.dzzlinwebplnet.co.uk/imes/well-known/cme-chllene/h// HTTP/1.1" 200 6968 "https://dazzlingwebplanet.co.uk/guide/policy/privacy.html?loknya=/var/www/vhosts/dazzlinwebplanet.co.uk/././rihtway-admin.dazzlinwebplanet.co.uk/imaes/well-known/acme-challene/h/a/a/" "Mozilla/5.0 AppleWebKit/537.36 (KHTML, like Gecko; compatible; GPTBot/1.4; +https://openai.com/gptbot)"
57.141.0.63 - - [22/Sep/2026:06:48:14 +0000] "GET /m/K61906085/?loknya=/var/www/vhosts/dazzlingwebplanet.co.uk/sacherconsultancy.com/wp-admin/js HTTP/1.1" 200 10432 "-" "Mozilla/5.0 (Windows NT 10.0; Win64; x64) AppleWebKit/537.36 (KHTML, like Gecko) Chrome/145.0.0.0 Safari/537.36 (compatible; meta-externalagent/1.1 (+https://developers.facebook.com/docs/sharing/webmasters/crawler))"
74.7.227.174 - - [22/Sep/2026:06:48:14 +0000] "GET /guide/policy/privacy.html?loknya=/vr/www/vhosts/dzzlingwebplnet.o.uk/././rightwy-dmin.dzzlingwebplnet.o.uk/imges/well-known/me-hllenge/h/ HTTP/1.1" 200 6970 "https://dazzlingwebplanet.co.uk/guide/policy/privacy.html?loknya=/var/www/vhosts/dazzlingwebplanet.o.uk/././rightway-admin.dazzlingwebplanet.o.uk/images/well-known/ame-hallenge/h/a" "Mozilla/5.0 AppleWebKit/537.36 (KHTML, like Gecko; compatible; GPTBot/1.4; +https://openai.com/gptbot)"
23.23.213.182 - - [22/Sep/2026:06:48:14 +0000] "GET /teams/mike-jason/?loknya=/var/www/vhosts/dazzlinweplanet.co.uk/tap2teach.dazzlinweplanet.com/well-known// HTTP/1.1" 200 6916 "-" "Mozilla/5.0 AppleWebKit/537.36 (KHTML, like Gecko; compatible; Amazonbot/0.1; +https://developer.amazon.com/support/amazonbot) Chrome/119.0.6045.214 Safari/537.36"
57.141.0.42 - - [22/Sep/2026:06:48:14 +0000] "GET /m/K82849863/?loknya=/var/www/vhosts/dazzlingwebplanet.co.uk/indoukhub.dazzlingwebplanet.co.uk/vendorOld/phpunit HTTP/1.1" 200 7369 "-" "Mozilla/5.0 (Macintosh; Intel Mac OS X 10_15_7) AppleWebKit/537.36 (KHTML, like Gecko) Chrome/145.0.0.0 Safari/537.36 (compatible; meta-externalagent/1.1 (+https://developers.facebook.com/docs/sharing/webmasters/crawler))"
74.7.227.174 - - [22/Sep/2026:06:48:14 +0000] "GET /guide/policy/privacy.html?loknya=/var/www/vhosts/azzlinwebplanet.co.uk/././rihtway-amin.azzlinwebplanet.co.uk/imaes/well-known/acme-challene/a// HTTP/1.1" 200 6985 "https://dazzlingwebplanet.co.uk/guide/policy/privacy.html?loknya=/var/www/vhosts/azzlingwebplanet.co.uk/././rightway-amin.azzlingwebplanet.co.uk/images/well-known/acme-challenge/a/g/g/" "Mozilla/5.0 AppleWebKit/537.36 (KHTML, like Gecko; compatible; GPTBot/1.4; +https://openai.com/gptbot)"
74.7.227.174 - - [22/Sep/2026:06:48:15 +0000] "GET /guide/policy/privacy.html?loknya=/var/www/vhosts/azzlingwebplanet.co.uk/././rightway-amin.azzlingwebplanet.co.uk/images/well-known/acme-challenge/a/g/g HTTP/1.1" 200 6990 "https://dazzlingwebplanet.co.uk/guide/policy/privacy.html?loknya=/var/www/vhosts/azzlingwebplanet.co.uk/././rightway-amin.azzlingwebplanet.co.uk/images/well-known/acme-challenge/a/g/g/" "Mozilla/5.0 AppleWebKit/537.36 (KHTML, like Gecko; compatible; GPTBot/1.4; +https://openai.com/gptbot)"
216.73.216.7 - - [22/Sep/2026:06:48:15 +0000] "GET /m/K72943142/?lokasie=%2Fvar%2Fwww%2Fvhosts%2Fdazzlingwebplanet.co.uk%2Flocalpubpassport.co.uk%2Fefwpkug%2Findex.html&loknya=%2Fvar%2Fwww%2Fvhosts%2Fdazzlingwebplanet.co.uk%2Flocalpubpassport.co.uk%2Fefwpkug HTTP/1.1" 200 6617 "-" "Mozilla/5.0 AppleWebKit/537.36 (KHTML, like Gecko; compatible; ClaudeBot/1.0; +claudebot@anthropic.com)"
216.73.216.7 - - [22/Sep/2026:06:48:15 +0000] "GET /m/K12580408/?lokasie=%2Fvar%2Fwww%2Fvhosts%2Fdazzlingwebplanet.co.uk%2Frightway-api.dazzlingwebplanet.co.uk%2Fyfxt1gc%2Findex.html&loknya=%2Fvar%2Fwww%2Fvhosts%2Fdazzlingwebplanet.co.uk%2Frightway-api.dazzlingwebplanet.co.uk%2Fyfxt1gc HTTP/1.1" 200 6617 "-" "Mozilla/5.0 AppleWebKit/537.36 (KHTML, like Gecko; compatible; ClaudeBot/1.0; +claudebot@anthropic.com)"
216.73.216.7 - - [22/Sep/2026:06:48:15 +0000] "GET /m/K21348249/?lokasie=%2Fvar%2Fwww%2Fvhosts%2Fdazzlingwebplanet.co.uk%2Fdazzlingwebplanet.com%2F1gapdxv%2Fhrvcel1%2Fazocmvk%2Fphp.ini&loknya=%2Fvar%2Fwww%2Fvhosts%2Fdazzlingwebplanet.co.uk%2Fdazzlingwebplanet.com%2F1gapdxv%2Fhrvcel1%2Fazocmvk HTTP/1.1" 200 6695 "-" "Mozilla/5.0 AppleWebKit/537.36 (KHTML, like Gecko; compatible; ClaudeBot/1.0; +claudebot@anthropic.com)"
216.73.216.7 - - [22/Sep/2026:06:48:15 +0000] "GET /m/K22073625/?lokasie=%2Fvar%2Fwww%2Fvhosts%2Fdazzlingwebplanet.co.uk%2Frightway.dazzlingwebplanet.com%2Fnkiljbp%2Findex.html&loknya=%2Fvar%2Fwww%2Fvhosts%2Fdazzlingwebplanet.co.uk%2Frightway.dazzlingwebplanet.com%2Fnkiljbp HTTP/1.1" 200 6614 "-" "Mozilla/5.0 AppleWebKit/537.36 (KHTML, like Gecko; compatible; ClaudeBot/1.0; +claudebot@anthropic.com)"
216.73.216.7 - - [22/Sep/2026:06:48:15 +0000] "GET /m/K21789913/?lokasie=%2Fvar%2Fwww%2Fvhosts%2Fdazzlingwebplanet.co.uk%2Findoukhub.dazzlingwebplanet.co.uk%2Fftyswdm%2Findex.html&loknya=%2Fvar%2Fwww%2Fvhosts%2Fdazzlingwebplanet.co.uk%2Findoukhub.dazzlingwebplanet.co.uk%2Fftyswdm HTTP/1.1" 200 6614 "-" "Mozilla/5.0 AppleWebKit/537.36 (KHTML, like Gecko; compatible; ClaudeBot/1.0; +claudebot@anthropic.com)"
216.73.216.7 - - [22/Sep/2026:06:48:15 +0000] "GET /m/K12580408/?lokasie=%2Fvar%2Fwww%2Fvhosts%2Fdazzlingwebplanet.co.uk%2Ftap2teach.dazzlingwebplanet.com%2Fnldeyzv%2Findex.html&loknya=%2Fvar%2Fwww%2Fvhosts%2Fdazzlingwebplanet.co.uk%2Ftap2teach.dazzlingwebplanet.com%2Fnldeyzv HTTP/1.1" 200 6616 "-" "Mozilla/5.0 AppleWebKit/537.36 (KHTML, like Gecko; compatible; ClaudeBot/1.0; +claudebot@anthropic.com)"
216.73.216.7 - - [22/Sep/2026:06:48:15 +0000] "GET /m/K41760131/?lokasie=%2Fvar%2Fwww%2Fvhosts%2Fdazzlingwebplanet.co.uk%2Fcityapp.dazzlingwebplanet.com%2Fsrphzbg%2Findex.html&loknya=%2Fvar%2Fwww%2Fvhosts%2Fdazzlingwebplanet.co.uk%2Fcityapp.dazzlingwebplanet.com%2Fsrphzbg HTTP/1.1" 200 6613 "-" "Mozilla/5.0 AppleWebKit/537.36 (KHTML, like Gecko; compatible; ClaudeBot/1.0; +claudebot@anthropic.com)"
74.7.227.174 - - [22/Sep/2026:06:48:15 +0000] "GET /guide/policy/privacy.html?loknya=/var/www/vhosts/dazzlinwebplanet.co.uk/././rihtway-admin.dazzlinwebplanet.co.uk/imaes/well-known/acme-challene/h/a/a HTTP/1.1" 200 6996 "https://dazzlingwebplanet.co.uk/guide/policy/privacy.html?loknya=/var/www/vhosts/dazzlinwebplanet.co.uk/././rihtway-admin.dazzlinwebplanet.co.uk/imaes/well-known/acme-challene/h/a/a/" "Mozilla/5.0 AppleWebKit/537.36 (KHTML, like Gecko; compatible; GPTBot/1.4; +https://openai.com/gptbot)"
216.73.216.7 - - [22/Sep/2026:06:48:15 +0000] "GET /m/K21789913/?lokasie=%2Fvar%2Fwww%2Fvhosts%2Fdazzlingwebplanet.co.uk%2Frightway-api.dazzlingwebplanet.co.uk%2Fwdczoiq%2Findex.html&loknya=%2Fvar%2Fwww%2Fvhosts%2Fdazzlingwebplanet.co.uk%2Frightway-api.dazzlingwebplanet.co.uk%2Fwdczoiq HTTP/1.1" 200 6618 "-" "Mozilla/5.0 AppleWebKit/537.36 (KHTML, like Gecko; compatible; ClaudeBot/1.0; +claudebot@anthropic.com)"
216.73.216.7 - - [22/Sep/2026:06:48:15 +0000] "GET /m/K41760131/?lokasie=%2Fvar%2Fwww%2Fvhosts%2Fdazzlingwebplanet.co.uk%2Fallinone.dazzlingwebplanet.co.uk%2Folviyhr%2Findex.html&loknya=%2Fvar%2Fwww%2Fvhosts%2Fdazzlingwebplanet.co.uk%2Fallinone.dazzlingwebplanet.co.uk%2Folviyhr HTTP/1.1" 200 6613 "-" "Mozilla/5.0 AppleWebKit/537.36 (KHTML, like Gecko; compatible; ClaudeBot/1.0; +claudebot@anthropic.com)"
216.73.216.7 - - [22/Sep/2026:06:48:15 +0000] "GET /m/K41760131/?lokasie=%2Fvar%2Fwww%2Fvhosts%2Fdazzlingwebplanet.co.uk%2Fcityapp.dazzlingwebplanet.com%2Fsvhtwnb%2Findex.html&loknya=%2Fvar%2Fwww%2Fvhosts%2Fdazzlingwebplanet.co.uk%2Fcityapp.dazzlingwebplanet.com%2Fsvhtwnb HTTP/1.1" 200 6613 "-" "Mozilla/5.0 AppleWebKit/537.36 (KHTML, like Gecko; compatible; ClaudeBot/1.0; +claudebot@anthropic.com)"
216.73.216.7 - - [22/Sep/2026:06:48:16 +0000] "GET /m/K12580408/?lokasie=%2Fvar%2Fwww%2Fvhosts%2Fdazzlingwebplanet.co.uk%2Ftap2teach.dazzlingwebplanet.com%2Flqamizc%2Findex.html&loknya=%2Fvar%2Fwww%2Fvhosts%2Fdazzlingwebplanet.co.uk%2Ftap2teach.dazzlingwebplanet.com%2Flqamizc HTTP/1.1" 200 6616 "-" "Mozilla/5.0 AppleWebKit/537.36 (KHTML, like Gecko; compatible; ClaudeBot/1.0; +claudebot@anthropic.com)"
88.161.101.8 - - [22/Sep/2026:06:48:15 +0000] "GET /sitemap509.xml HTTP/1.1" 200 14460 "-" "Mozilla/5.0 (Macintosh; Intel Mac OS X 12.1; rv:136.0) Gecko/20100101 Firefox/136.0"
216.73.216.7 - - [22/Sep/2026:06:48:16 +0000] "GET /m/K21789913/?lokasie=%2Fvar%2Fwww%2Fvhosts%2Fdazzlingwebplanet.co.uk%2Fallinone.dazzlingwebplanet.co.uk%2Fzfsjgqa%2Findex.html&loknya=%2Fvar%2Fwww%2Fvhosts%2Fdazzlingwebplanet.co.uk%2Fallinone.dazzlingwebplanet.co.uk%2Fzfsjgqa HTTP/1.1" 200 6615 "-" "Mozilla/5.0 AppleWebKit/537.36 (KHTML, like Gecko; compatible; ClaudeBot/1.0; +claudebot@anthropic.com)"
74.7.227.174 - - [22/Sep/2026:06:48:16 +0000] "GET /guide/policy/privacy.html?loknya=/var/www/vhosts/dazzlinwebplanet.co.uk/././rihtway-admin.dazzlinwebplanet.co.uk/imaes/well-known/acme-challene/h/a HTTP/1.1" 200 6995 "https://dazzlingwebplanet.co.uk/guide/policy/privacy.html?loknya=/var/www/vhosts/dazzlinwebplanet.co.uk/././rihtway-admin.dazzlinwebplanet.co.uk/imaes/well-known/acme-challene/h/a/a/" "Mozilla/5.0 AppleWebKit/537.36 (KHTML, like Gecko; compatible; GPTBot/1.4; +https://openai.com/gptbot)"
216.73.216.7 - - [22/Sep/2026:06:48:16 +0000] "GET /m/K22073625/?lokasie=%2Fvar%2Fwww%2Fvhosts%2Fdazzlingwebplanet.co.uk%2Frightway.dazzlingwebplanet.com%2Feczkgjh%2Findex.html&loknya=%2Fvar%2Fwww%2Fvhosts%2Fdazzlingwebplanet.co.uk%2Frightway.dazzlingwebplanet.com%2Feczkgjh HTTP/1.1" 200 6614 "-" "Mozilla/5.0 AppleWebKit/537.36 (KHTML, like Gecko; compatible; ClaudeBot/1.0; +claudebot@anthropic.com)"
216.73.216.7 - - [22/Sep/2026:06:48:16 +0000] "GET /m/K12580408/?lokasie=%2Fvar%2Fwww%2Fvhosts%2Fdazzlingwebplanet.co.uk%2Ftap2teach.dazzlingwebplanet.com%2Fvbiqnlk%2Findex.html&loknya=%2Fvar%2Fwww%2Fvhosts%2Fdazzlingwebplanet.co.uk%2Ftap2teach.dazzlingwebplanet.com%2Fvbiqnlk HTTP/1.1" 200 6613 "-" "Mozilla/5.0 AppleWebKit/537.36 (KHTML, like Gecko; compatible; ClaudeBot/1.0; +claudebot@anthropic.com)"
216.73.216.7 - - [22/Sep/2026:06:48:16 +0000] "GET /m/K21789913/?lokasie=%2Fvar%2Fwww%2Fvhosts%2Fdazzlingwebplanet.co.uk%2Findoukhub.dazzlingwebplanet.co.uk%2Fukhrxtv%2Findex.html&loknya=%2Fvar%2Fwww%2Fvhosts%2Fdazzlingwebplanet.co.uk%2Findoukhub.dazzlingwebplanet.co.uk%2Fukhrxtv HTTP/1.1" 200 6614 "-" "Mozilla/5.0 AppleWebKit/537.36 (KHTML, like Gecko; compatible; ClaudeBot/1.0; +claudebot@anthropic.com)"
216.73.216.7 - - [22/Sep/2026:06:48:16 +0000] "GET /m/K21789913/?lokasie=%2Fvar%2Fwww%2Fvhosts%2Fdazzlingwebplanet.co.uk%2Frightway-api.dazzlingwebplanet.co.uk%2F1xbucsz%2Findex.html&loknya=%2Fvar%2Fwww%2Fvhosts%2Fdazzlingwebplanet.co.uk%2Frightway-api.dazzlingwebplanet.co.uk%2F1xbucsz HTTP/1.1" 200 6617 "-" "Mozilla/5.0 AppleWebKit/537.36 (KHTML, like Gecko; compatible; ClaudeBot/1.0; +claudebot@anthropic.com)"
57.141.0.59 - - [22/Sep/2026:06:48:16 +0000] "GET /m/K40748883/?loknya=/var/www/vhosts/dazzlingwebplanet.co.uk/var HTTP/1.1" 200 7030 "-" "Mozilla/5.0 (Windows NT 10.0; Win64; x64) AppleWebKit/537.36 (KHTML, like Gecko) Chrome/145.0.0.0 Safari/537.36 (compatible; meta-externalagent/1.1 (+https://developers.facebook.com/docs/sharing/webmasters/crawler))"
216.73.216.7 - - [22/Sep/2026:06:48:16 +0000] "GET /m/K22073625/?lokasie=%2Fvar%2Fwww%2Fvhosts%2Fdazzlingwebplanet.co.uk%2Fmg-mail.dazzlingwebplanet.com%2Fc1howru%2Fyxodli1%2F.htaccess&loknya=%2Fvar%2Fwww%2Fvhosts%2Fdazzlingwebplanet.co.uk%2Fmg-mail.dazzlingwebplanet.com%2Fc1howru%2Fyxodli1 HTTP/1.1" 200 6744 "-" "Mozilla/5.0 AppleWebKit/537.36 (KHTML, like Gecko; compatible; ClaudeBot/1.0; +claudebot@anthropic.com)"
216.73.216.7 - - [22/Sep/2026:06:48:16 +0000] "GET /m/K21789913/?lokasie=%2Fvar%2Fwww%2Fvhosts%2Fdazzlingwebplanet.co.uk%2Fdazzlingwebplanet.com%2Ftvxlm1u%2Findex.html&loknya=%2Fvar%2Fwww%2Fvhosts%2Fdazzlingwebplanet.co.uk%2Fdazzlingwebplanet.com%2Ftvxlm1u HTTP/1.1" 200 6606 "-" "Mozilla/5.0 AppleWebKit/537.36 (KHTML, like Gecko; compatible; ClaudeBot/1.0; +claudebot@anthropic.com)"
74.7.227.174 - - [22/Sep/2026:06:48:16 +0000] "GET /guide/policy/privacy.html?loknya=/var/www/vhosts/dazzlingwebplanet.co.uk/././rightway-admin.dazzlingwebplanet.co.uk/images/well-known/acme-challenge/a/g/a HTTP/1.1" 200 7320 "https://dazzlingwebplanet.co.uk/guide/policy/privacy.html?loknya=/var/www/vhosts/dazzlingwebplanet.co.uk/././rightway-admin.dazzlingwebplanet.co.uk/images/well-known/acme-challenge/a/g" "Mozilla/5.0 AppleWebKit/537.36 (KHTML, like Gecko; compatible; GPTBot/1.4; +https://openai.com/gptbot)"
216.73.216.7 - - [22/Sep/2026:06:48:16 +0000] "GET /m/K21789913/?lokasie=%2Fvar%2Fwww%2Fvhosts%2Fdazzlingwebplanet.co.uk%2Fdazzlingwebplanet.com%2Fevstgyx%2Fdkjlqog%2Findex.html&loknya=%2Fvar%2Fwww%2Fvhosts%2Fdazzlingwebplanet.co.uk%2Fdazzlingwebplanet.com%2Fevstgyx%2Fdkjlqog HTTP/1.1" 200 6612 "-" "Mozilla/5.0 AppleWebKit/537.36 (KHTML, like Gecko; compatible; ClaudeBot/1.0; +claudebot@anthropic.com)"
216.73.216.7 - - [22/Sep/2026:06:48:16 +0000] "GET /m/K21789913/?lokasie=%2Fvar%2Fwww%2Fvhosts%2Fdazzlingwebplanet.co.uk%2Fallinone.dazzlingwebplanet.co.uk%2Fpbcfnkw%2Findex.html&loknya=%2Fvar%2Fwww%2Fvhosts%2Fdazzlingwebplanet.co.uk%2Fallinone.dazzlingwebplanet.co.uk%2Fpbcfnkw HTTP/1.1" 200 6613 "-" "Mozilla/5.0 AppleWebKit/537.36 (KHTML, like Gecko; compatible; ClaudeBot/1.0; +claudebot@anthropic.com)"
216.73.216.7 - - [22/Sep/2026:06:48:16 +0000] "GET /m/K42014339/?lokasie=%2Fvar%2Fwww%2Fvhosts%2Fdazzlingwebplanet.co.uk%2Fmg-mail.dazzlingwebplanet.com%2Frzdckiw%2F1deglvw%2Findex.html&loknya=%2Fvar%2Fwww%2Fvhosts%2Fdazzlingwebplanet.co.uk%2Fmg-mail.dazzlingwebplanet.com%2Frzdckiw%2F1deglvw HTTP/1.1" 200 6619 "-" "Mozilla/5.0 AppleWebKit/537.36 (KHTML, like Gecko; compatible; ClaudeBot/1.0; +claudebot@anthropic.com)"
216.73.216.7 - - [22/Sep/2026:06:48:17 +0000] "GET /m/K21789913/?lokasie=%2Fvar%2Fwww%2Fvhosts%2Fdazzlingwebplanet.co.uk%2Findoukhub.dazzlingwebplanet.co.uk%2Fsftlnyj%2Findex.html&loknya=%2Fvar%2Fwww%2Fvhosts%2Fdazzlingwebplanet.co.uk%2Findoukhub.dazzlingwebplanet.co.uk%2Fsftlnyj HTTP/1.1" 200 6615 "-" "Mozilla/5.0 AppleWebKit/537.36 (KHTML, like Gecko; compatible; ClaudeBot/1.0; +claudebot@anthropic.com)"
216.73.216.7 - - [22/Sep/2026:06:48:17 +0000] "GET /m/K21789913/?lokasie=%2Fvar%2Fwww%2Fvhosts%2Fdazzlingwebplanet.co.uk%2Fcityapp.dazzlingwebplanet.com%2Fd1vyazl%2Findex.html&loknya=%2Fvar%2Fwww%2Fvhosts%2Fdazzlingwebplanet.co.uk%2Fcityapp.dazzlingwebplanet.com%2Fd1vyazl HTTP/1.1" 200 6611 "-" "Mozilla/5.0 AppleWebKit/537.36 (KHTML, like Gecko; compatible; ClaudeBot/1.0; +claudebot@anthropic.com)"
74.7.227.174 - - [22/Sep/2026:06:48:17 +0000] "GET /guide/policy/privacy.html?loknya=/var/www/vhosts/dazzlingwebplanet.co.uk/././rightway-admin.dazzlingwebplanet.co.uk/images/well-known/acme-challenge/a/a/e/d HTTP/1.1" 200 7004 "https://dazzlingwebplanet.co.uk/guide/policy/privacy.html?loknya=/var/www/vhosts/dazzlingwebplanet.co.uk/././rightway-admin.dazzlingwebplanet.co.uk/images/well-known/acme-challenge/a/a/e" "Mozilla/5.0 AppleWebKit/537.36 (KHTML, like Gecko; compatible; GPTBot/1.4; +https://openai.com/gptbot)"
216.73.216.7 - - [22/Sep/2026:06:48:17 +0000] "GET /m/K41760131/?lokasie=%2Fvar%2Fwww%2Fvhosts%2Fdazzlingwebplanet.co.uk%2Fcityapp.dazzlingwebplanet.com%2Ffysr1lt%2Findex.html&loknya=%2Fvar%2Fwww%2Fvhosts%2Fdazzlingwebplanet.co.uk%2Fcityapp.dazzlingwebplanet.com%2Ffysr1lt HTTP/1.1" 200 6613 "-" "Mozilla/5.0 AppleWebKit/537.36 (KHTML, like Gecko; compatible; ClaudeBot/1.0; +claudebot@anthropic.com)"
216.73.216.7 - - [22/Sep/2026:06:48:17 +0000] "GET /m/K42014339/?lokasie=%2Fvar%2Fwww%2Fvhosts%2Fdazzlingwebplanet.co.uk%2Fdazzlingwebplanet.com%2Fpaksnvf%2F1vzmqeg%2Findex.php&loknya=%2Fvar%2Fwww%2Fvhosts%2Fdazzlingwebplanet.co.uk%2Fdazzlingwebplanet.com%2Fpaksnvf%2F1vzmqeg HTTP/1.1" 200 6798 "-" "Mozilla/5.0 AppleWebKit/537.36 (KHTML, like Gecko; compatible; ClaudeBot/1.0; +claudebot@anthropic.com)"
216.73.216.7 - - [22/Sep/2026:06:48:17 +0000] "GET /m/K12580408/?lokasie=%2Fvar%2Fwww%2Fvhosts%2Fdazzlingwebplanet.co.uk%2Ftap2teach.dazzlingwebplanet.com%2Fbpjoszh%2Findex.html&loknya=%2Fvar%2Fwww%2Fvhosts%2Fdazzlingwebplanet.co.uk%2Ftap2teach.dazzlingwebplanet.com%2Fbpjoszh HTTP/1.1" 200 6616 "-" "Mozilla/5.0 AppleWebKit/537.36 (KHTML, like Gecko; compatible; ClaudeBot/1.0; +claudebot@anthropic.com)"
216.73.216.7 - - [22/Sep/2026:06:48:17 +0000] "GET /m/K21789913/?lokasie=%2Fvar%2Fwww%2Fvhosts%2Fdazzlingwebplanet.co.uk%2Fdazzlingwebplanet.com%2Fmltcnvq%2Fkwemcih%2Findex.html&loknya=%2Fvar%2Fwww%2Fvhosts%2Fdazzlingwebplanet.co.uk%2Fdazzlingwebplanet.com%2Fmltcnvq%2Fkwemcih HTTP/1.1" 200 6612 "-" "Mozilla/5.0 AppleWebKit/537.36 (KHTML, like Gecko; compatible; ClaudeBot/1.0; +claudebot@anthropic.com)"
216.73.216.7 - - [22/Sep/2026:06:48:17 +0000] "GET /m/K21789913/?lokasie=%2Fvar%2Fwww%2Fvhosts%2Fdazzlingwebplanet.co.uk%2Findoukhub.dazzlingwebplanet.co.uk%2Fmzdslc1%2Findex.html&loknya=%2Fvar%2Fwww%2Fvhosts%2Fdazzlingwebplanet.co.uk%2Findoukhub.dazzlingwebplanet.co.uk%2Fmzdslc1 HTTP/1.1" 200 6614 "-" "Mozilla/5.0 AppleWebKit/537.36 (KHTML, like Gecko; compatible; ClaudeBot/1.0; +claudebot@anthropic.com)"
74.7.227.174 - - [22/Sep/2026:06:48:17 +0000] "GET /guide/policy/privacy.html?loknya=/var/www/vhosts/dazzlingwebplanet.co.uk/././rightway-admin.dazzlingwebplanet.co.uk/images/well-known/acme-challenge/c/a/a/c HTTP/1.1" 200 7004 "https://dazzlingwebplanet.co.uk/guide/policy/privacy.html?loknya=/var/www/vhosts/dazzlingwebplanet.co.uk/././rightway-admin.dazzlingwebplanet.co.uk/images/well-known/acme-challenge/c/a/a" "Mozilla/5.0 AppleWebKit/537.36 (KHTML, like Gecko; compatible; GPTBot/1.4; +https://openai.com/gptbot)"
57.141.0.40 - - [22/Sep/2026:06:48:17 +0000] "GET /m/K50722796/?loknya=/var HTTP/1.1" 200 6774 "-" "Mozilla/5.0 (Macintosh; Intel Mac OS X 10_15_7) AppleWebKit/537.36 (KHTML, like Gecko) Chrome/145.0.0.0 Safari/537.36 (compatible; meta-externalagent/1.1 (+https://developers.facebook.com/docs/sharing/webmasters/crawler))"
74.7.227.174 - - [22/Sep/2026:06:48:18 +0000] "GET /guide/policy/privacy.html?loknya=/var/www/vhosts/dazzlingwbplant.co.uk/././rightway-admin.dazzlingwbplant.co.uk/imags/wll-known/acm-challng/a/c/a/ HTTP/1.1" 200 6999 "https://dazzlingwebplanet.co.uk/guide/policy/privacy.html?loknya=/var/www/vhosts/dazzlingwebplanet.co.uk/././rightway-admin.dazzlingwebplanet.co.uk/images/well-known/acme-challenge/a/c/a/e" "Mozilla/5.0 AppleWebKit/537.36 (KHTML, like Gecko; compatible; GPTBot/1.4; +https://openai.com/gptbot)"
34.205.163.103 - - [22/Sep/2026:06:48:18 +0000] "GET /portfolio/?loknya=/var/www/vhosts/dazzlingwebplanet.co.uk/allinone.dazzlingwebplanet.co.uk/images/well-known/acme-challenge/h/h/a/f HTTP/1.1" 200 6993 "-" "Mozilla/5.0 AppleWebKit/537.36 (KHTML, like Gecko; compatible; Amazonbot/0.1; +https://developer.amazon.com/support/amazonbot) Chrome/119.0.6045.214 Safari/537.36"
74.7.227.174 - - [22/Sep/2026:06:48:18 +0000] "GET /guide/policy/privacy.html?loknya=/var/www/vhosts/dazzlingwebplanet.co.uk/././rightway-admin.dazzlingwebplanet.co.uk/images/well-known/acme-challenge/a/c/e/b HTTP/1.1" 200 7005 "https://dazzlingwebplanet.co.uk/guide/policy/privacy.html?loknya=/var/www/vhosts/dazzlingwebplanet.co.uk/././rightway-admin.dazzlingwebplanet.co.uk/images/well-known/acme-challenge/a/c/e" "Mozilla/5.0 AppleWebKit/537.36 (KHTML, like Gecko; compatible; GPTBot/1.4; +https://openai.com/gptbot)"
57.141.0.33 - - [22/Sep/2026:06:48:18 +0000] "GET /m/K80597463/?loknya=/var/www/vhosts/ HTTP/1.1" 200 6797 "-" "Mozilla/5.0 (Windows NT 10.0; Win64; x64) AppleWebKit/537.36 (KHTML, like Gecko) Chrome/145.0.0.0 Safari/537.36 (compatible; meta-externalagent/1.1 (+https://developers.facebook.com/docs/sharing/webmasters/crawler))"
74.7.227.174 - - [22/Sep/2026:06:48:19 +0000] "GET /guide/policy/privacy.html?loknya=/var/www/vhosts/dazzlingwebplanet.co.uk/././rightway-admin.dazzlingwebplanet.co.uk/images/well-known/acme-challenge/h/a/e/e HTTP/1.1" 200 7016 "https://dazzlingwebplanet.co.uk/guide/policy/privacy.html?loknya=/var/www/vhosts/dazzlingwebplanet.co.uk/././rightway-admin.dazzlingwebplanet.co.uk/images/well-known/acme-challenge/h/a/e" "Mozilla/5.0 AppleWebKit/537.36 (KHTML, like Gecko; compatible; GPTBot/1.4; +https://openai.com/gptbot)"
111.225.214.162 - - [22/Sep/2026:06:48:19 +0000] "GET /portfolio-category/ecommerce/?loknya=/var/www/vhosts/dazzlingwebplanet.co.uk/allinone.dazzlingwebplanet.co.uk/lmpzdbs HTTP/1.1" 200 7213 "-" "Mozilla/5.0 (Windows NT 10.0; WOW64) AppleWebKit/537.36 (KHTML, like Gecko) Chrome/48.0.2564.116 Safari/537.36"
74.7.227.174 - - [22/Sep/2026:06:48:19 +0000] "GET /guide/policy/privacy.html?loknya=/var/www/vhosts/dazzlingwebplanet.co.uk/././rightway-admin.dazzlingwebplanet.co.uk/images/well-known/acme-challenge/g/a/a/e HTTP/1.1" 200 7016 "https://dazzlingwebplanet.co.uk/guide/policy/privacy.html?loknya=/var/www/vhosts/dazzlingwebplanet.co.uk/././rightway-admin.dazzlingwebplanet.co.uk/images/well-known/acme-challenge/g/a/a" "Mozilla/5.0 AppleWebKit/537.36 (KHTML, like Gecko; compatible; GPTBot/1.4; +https://openai.com/gptbot)"
74.7.227.174 - - [22/Sep/2026:06:48:20 +0000] "GET /guide/policy/privacy.html?loknya=/var/www/vhosts/dazzlingwebplanet.co.uk/././rightway-admin.dazzlingwebplanet.co.uk/images/well-known/acme-challenge/g/a/a/b HTTP/1.1" 200 7002 "https://dazzlingwebplanet.co.uk/guide/policy/privacy.html?loknya=/var/www/vhosts/dazzlingwebplanet.co.uk/././rightway-admin.dazzlingwebplanet.co.uk/images/well-known/acme-challenge/g/a/a" "Mozilla/5.0 AppleWebKit/537.36 (KHTML, like Gecko; compatible; GPTBot/1.4; +https://openai.com/gptbot)"
57.141.0.59 - - [22/Sep/2026:06:48:20 +0000] "GET /m/K50032372/?loknya=/var/www/vhosts/ HTTP/1.1" 200 6800 "-" "Mozilla/5.0 (Macintosh; Intel Mac OS X 10_15_7) AppleWebKit/537.36 (KHTML, like Gecko) Chrome/145.0.0.0 Safari/537.36 (compatible; meta-externalagent/1.1 (+https://developers.facebook.com/docs/sharing/webmasters/crawler))"
74.7.227.174 - - [22/Sep/2026:06:48:20 +0000] "GET /guide/policy/privacy.html?loknya=/var/www/vhosts/dazzlingwebplanet.co.uk/././rightway-admin.dazzlingwebplanet.co.uk/images/well-known/acme-challenge/a/d/a/g HTTP/1.1" 200 7009 "https://dazzlingwebplanet.co.uk/guide/policy/privacy.html?loknya=/var/www/vhosts/dazzlingwebplanet.co.uk/././rightway-admin.dazzlingwebplanet.co.uk/images/well-known/acme-challenge/a/d/a" "Mozilla/5.0 AppleWebKit/537.36 (KHTML, like Gecko; compatible; GPTBot/1.4; +https://openai.com/gptbot)"
114.119.147.6 - - [22/Sep/2026:06:48:20 +0000] "GET /under-construction?loknya=/var/www/vhosts/dazzlingwebplanet.co.uk/mg.dazzlingwebplanet.com/ndbifkp HTTP/1.1" 200 7204 "https://dazzlingwebplanet.co.uk/under-construction?loknya=/var/www/vhosts/dazzlingwebplanet.co.uk/mg.dazzlingwebplanet.com" "Mozilla/5.0 (Linux; Android 7.0;) AppleWebKit/537.36 (HTML, like Gecko) Mobile Safari/537.36 (compatible; PetalBot;+https://webmaster.petalsearch.com/site/petalbot)"
74.7.227.174 - - [22/Sep/2026:06:48:21 +0000] "GET /guide/policy/privacy.html?loknya=/var/www/vhosts/dazzlingwebplanet.co.uk/././rightway-admin.dazzlingwebplanet.co.uk/images/well-known/acme-challenge/g/g/a/g HTTP/1.1" 200 7006 "https://dazzlingwebplanet.co.uk/guide/policy/privacy.html?loknya=/var/www/vhosts/dazzlingwebplanet.co.uk/././rightway-admin.dazzlingwebplanet.co.uk/images/well-known/acme-challenge/g/g/a" "Mozilla/5.0 AppleWebKit/537.36 (KHTML, like Gecko; compatible; GPTBot/1.4; +https://openai.com/gptbot)"
43.173.177.176 - - [22/Sep/2026:06:48:21 +0000] "GET /rselements_pro/monthly-price-table?lokasie=/var/www/vhosts/dazzlingwebplanet.co.uk/dazzlingwebplanet.com/ydfsupb/index.html&loknya=/var/www/vhosts/dazzlingwebplanet.co.uk/dazzlingwebplanet.com/ydfsupb HTTP/1.1" 200 6604 "-" "Mozilla/5.0 (Windows NT 10.0; Win64; x64) AppleWebKit/537.36 (KHTML, like Gecko) Chrome/131.0.0.0 Safari/537.36"
43.172.195.125 - - [22/Sep/2026:06:48:21 +0000] "GET /product-tag/fruit-bag?lokasie=/var/www/vhosts/dazzlingwebplanet.co.uk/sacherconsultancy.com/wp-admin/custom-header.php&loknya=/var/www/vhosts/dazzlingwebplanet.co.uk/sacherconsultancy.com/wp-admin HTTP/1.1" 200 6925 "-" "Mozilla/5.0 (Windows NT 10.0; Win64; x64) AppleWebKit/537.36 (KHTML, like Gecko) Chrome/111.0.0.0 Safari/537.36"
