74.7.227.174 - - [22/Sep/2026:06:42:42 +0000] "GET /guide/policy/privacy.html?loknya=/var/www/vhosts/dazzlinwbplant.co.uk/././rihtway-admin.dazzlinwbplant.co.uk/imas/wll-known/acm-challn/c/a/ HTTP/1.1" 200 6987 "https://dazzlingwebplanet.co.uk/guide/policy/privacy.html?loknya=/var/www/vhosts/dazzlinwebplanet.co.uk/././rihtway-admin.dazzlinwebplanet.co.uk/imaes/well-known/acme-challene/c/a/e/" "Mozilla/5.0 AppleWebKit/537.36 (KHTML, like Gecko; compatible; GPTBot/1.4; +https://openai.com/gptbot)"
43.172.194.197 - - [22/Sep/2026:06:42:42 +0000] "GET /product/table-lamp?lokasie=/var/www/vhosts/dazzlingwebplanet.co.uk/dazzlingwebplanet.co.uk/wp-includes/images/icon-library/group.svg&loknya=/var/www/vhosts/dazzlingwebplanet.co.uk/dazzlingwebplanet.co.uk/wp-includes/images/icon-library HTTP/1.1" 200 6935 "-" "Mozilla/5.0 (Windows NT 10.0; Win64; x64) AppleWebKit/537.36 (KHTML, like Gecko) Chrome/124.0.0.0 Safari/537.36"
57.141.0.43 - - [22/Sep/2026:06:42:42 +0000] "GET /m/K11055688/ HTTP/1.1" 200 9291 "-" "Mozilla/5.0 (Windows NT 10.0; Win64; x64) AppleWebKit/537.36 (KHTML, like Gecko) Chrome/145.0.0.0 Safari/537.36 (compatible; meta-externalagent/1.1 (+https://developers.facebook.com/docs/sharing/webmasters/crawler))"
43.173.182.206 - - [22/Sep/2026:06:42:42 +0000] "GET /teams/isabella-croline?loknya=/var/www/vhosts/dazzlingwebplanet.co.uk/mg.dazzlingwebplanet.com/endujlp HTTP/1.1" 200 7204 "-" "Mozilla/5.0 (Windows NT 10.0; Win64; x64) AppleWebKit/537.36 (KHTML, like Gecko) Chrome/109.0.0.0 Safari/537.36"
43.173.182.108 - - [22/Sep/2026:06:42:42 +0000] "GET /category/development?lokasie=/var/www/vhosts/dazzlingwebplanet.co.uk/localpubpassport.co.uk/wordpress/wp-includes/class-wp-http-streams.php&loknya=/var/www/vhosts/dazzlingwebplanet.co.uk/localpubpassport.co.uk/wordpress/wp-includes HTTP/1.1" 200 11388 "-" "Mozilla/5.0 (Windows NT 10.0; Win64; x64) AppleWebKit/537.36 (KHTML, like Gecko) Chrome/131.0.0.0 Safari/537.36"
74.7.227.174 - - [22/Sep/2026:06:42:42 +0000] "GET /guide/policy/privacy.html?loknya=/vr/www/vosts/dzzlingwebplnet.co.uk/././rigtwy-dmin.dzzlingwebplnet.co.uk/imges/well-known/cme-cllenge/e/d/ HTTP/1.1" 200 6976 "https://dazzlingwebplanet.co.uk/guide/policy/privacy.html?loknya=/var/www/vosts/dazzlingwebplanet.co.uk/././rigtway-admin.dazzlingwebplanet.co.uk/images/well-known/acme-callenge/e/d/a/" "Mozilla/5.0 AppleWebKit/537.36 (KHTML, like Gecko; compatible; GPTBot/1.4; +https://openai.com/gptbot)"
74.7.227.174 - - [22/Sep/2026:06:42:42 +0000] "GET /guide/policy/privacy.html?loknya=/var/www/vhosts/azzlingwbplant.co.uk/././rightway-amin.azzlingwbplant.co.uk/imags/wll-known/acm-challng/c/a/ HTTP/1.1" 200 6991 "https://dazzlingwebplanet.co.uk/guide/policy/privacy.html?loknya=/var/www/vhosts/azzlingwebplanet.co.uk/././rightway-amin.azzlingwebplanet.co.uk/images/well-known/acme-challenge/c/a/e/" "Mozilla/5.0 AppleWebKit/537.36 (KHTML, like Gecko; compatible; GPTBot/1.4; +https://openai.com/gptbot)"
3.214.176.44 - - [22/Sep/2026:06:42:43 +0000] "GET /?loknya=/var/www/vosts/dazzlingwbplant.co.uk/./allinon.dazzlingwbplant.co.uk/wll-known/pki-validation/b/b/ HTTP/1.1" 200 6953 "-" "Mozilla/5.0 AppleWebKit/537.36 (KHTML, like Gecko; compatible; Amazonbot/0.1; +https://developer.amazon.com/support/amazonbot) Chrome/119.0.6045.214 Safari/537.36"
74.7.227.174 - - [22/Sep/2026:06:42:43 +0000] "GET /guide/policy/privacy.html?loknya=/var/www/vhosts/dazzlinwebplanet.co.uk/././rihtway-admin.dazzlinwebplanet.co.uk/imaes/well-known/acme-challene/e/d HTTP/1.1" 200 6980 "https://dazzlingwebplanet.co.uk/guide/policy/privacy.html?loknya=/var/www/vhosts/dazzlinwebplanet.co.uk/././rihtway-admin.dazzlinwebplanet.co.uk/imaes/well-known/acme-challene/e/d/a/" "Mozilla/5.0 AppleWebKit/537.36 (KHTML, like Gecko; compatible; GPTBot/1.4; +https://openai.com/gptbot)"
57.141.0.12 - - [22/Sep/2026:06:42:43 +0000] "GET /m/K70836702/?loknya=/var/www/vhosts/ HTTP/1.1" 200 6799 "-" "Mozilla/5.0 (Macintosh; Intel Mac OS X 10_15_7) AppleWebKit/537.36 (KHTML, like Gecko) Chrome/145.0.0.0 Safari/537.36 (compatible; meta-externalagent/1.1 (+https://developers.facebook.com/docs/sharing/webmasters/crawler))"
74.7.227.174 - - [22/Sep/2026:06:42:44 +0000] "GET /guide/policy/privacy.html?loknya=/var/www/vhosts/dazzlinwebplanet.co.uk/././rihtway-admin.dazzlinwebplanet.co.uk/imaes/well-known/acme-challene/c/a/e HTTP/1.1" 200 6995 "https://dazzlingwebplanet.co.uk/guide/policy/privacy.html?loknya=/var/www/vhosts/dazzlinwebplanet.co.uk/././rihtway-admin.dazzlinwebplanet.co.uk/imaes/well-known/acme-challene/c/a/e/" "Mozilla/5.0 AppleWebKit/537.36 (KHTML, like Gecko; compatible; GPTBot/1.4; +https://openai.com/gptbot)"
74.7.227.174 - - [22/Sep/2026:06:42:44 +0000] "GET /guide/policy/privacy.html?loknya=/var/www/vhosts/dazzlingweplanet.co.uk/././rightway-admin.dazzlingweplanet.co.uk/images/well-known/acme-challenge/a/e/d/ HTTP/1.1" 200 6992 "https://dazzlingwebplanet.co.uk/guide/policy/privacy.html?loknya=/var/www/vhosts/dazzlingwebplanet.co.uk/././rightway-admin.dazzlingwebplanet.co.uk/images/well-known/acme-challenge/a/e/d/b" "Mozilla/5.0 AppleWebKit/537.36 (KHTML, like Gecko; compatible; GPTBot/1.4; +https://openai.com/gptbot)"
46.224.147.152 - - [22/Sep/2026:06:42:44 +0000] "GET /admin-post.php HTTP/1.1" 200 9294 "-" "Mozilla/5.0 (Linux; Android 10; K) AppleWebKit/537.36 (KHTML, like Gecko) Chrome/145.0.0.0 Mobile Safari/537.36"
74.7.227.174 - - [22/Sep/2026:06:42:45 +0000] "GET /guide/policy/privacy.html?loknya=/var/www/vhosts/dazzlinwebplanet.co.uk/././rihtway-admin.dazzlinwebplanet.co.uk/imaes/well-known/acme-challene/e/d/a HTTP/1.1" 200 6997 "https://dazzlingwebplanet.co.uk/guide/policy/privacy.html?loknya=/var/www/vhosts/dazzlinwebplanet.co.uk/././rihtway-admin.dazzlinwebplanet.co.uk/imaes/well-known/acme-challene/e/d/a/" "Mozilla/5.0 AppleWebKit/537.36 (KHTML, like Gecko; compatible; GPTBot/1.4; +https://openai.com/gptbot)"
74.7.227.174 - - [22/Sep/2026:06:42:45 +0000] "GET /guide/policy/privacy.html?loknya=/var/www/vosts/dazzlingwebplanet.co.uk/././rigtway-admin.dazzlingwebplanet.co.uk/images/well-known/acme-callenge/c/c/a/ HTTP/1.1" 200 7000 "https://dazzlingwebplanet.co.uk/guide/policy/privacy.html?loknya=/var/www/vhosts/dazzlingwebplanet.co.uk/././rightway-admin.dazzlingwebplanet.co.uk/images/well-known/acme-challenge/c/c/a/h" "Mozilla/5.0 AppleWebKit/537.36 (KHTML, like Gecko; compatible; GPTBot/1.4; +https://openai.com/gptbot)"
57.141.0.25 - - [22/Sep/2026:06:42:45 +0000] "GET /m/K71560950/?loknya=/var/www/vhosts/dazzlingwebplanet.co.uk/var HTTP/1.1" 200 7029 "-" "Mozilla/5.0 (Windows NT 10.0; Win64; x64) AppleWebKit/537.36 (KHTML, like Gecko) Chrome/145.0.0.0 Safari/537.36 Edg/145.0.0.0 (compatible; meta-externalagent/1.1 (+https://developers.facebook.com/docs/sharing/webmasters/crawler))"
74.7.227.174 - - [22/Sep/2026:06:42:46 +0000] "GET /guide/policy/privacy.html?loknya=/vr/www/vhosts/dzzlinwebplnet.co.uk/././rihtwy-dmin.dzzlinwebplnet.co.uk/imes/well-known/cme-chllene/e/d HTTP/1.1" 200 6972 "https://dazzlingwebplanet.co.uk/guide/policy/privacy.html?loknya=/vr/www/vhosts/dzzlinwebplnet.co.uk/././rihtwy-dmin.dzzlinwebplnet.co.uk/imes/well-known/cme-chllene/e/d/" "Mozilla/5.0 AppleWebKit/537.36 (KHTML, like Gecko; compatible; GPTBot/1.4; +https://openai.com/gptbot)"
74.7.227.174 - - [22/Sep/2026:06:42:46 +0000] "GET /guide/policy/privacy.html?loknya=/vr/www/vhosts/zzlinwebplnet.co.uk/././rihtwy-min.zzlinwebplnet.co.uk/imes/well-known/cme-chllene/e/ HTTP/1.1" 200 6973 "https://dazzlingwebplanet.co.uk/guide/policy/privacy.html?loknya=/vr/www/vhosts/dzzlinwebplnet.co.uk/././rihtwy-dmin.dzzlinwebplnet.co.uk/imes/well-known/cme-chllene/e/d/" "Mozilla/5.0 AppleWebKit/537.36 (KHTML, like Gecko; compatible; GPTBot/1.4; +https://openai.com/gptbot)"
98.82.59.253 - - [22/Sep/2026:06:42:46 +0000] "GET /2021/01/18/whale-be-raised-it-must-be-in-a-month-2/?loknya=/vr/www/vhosts/dzzlingwebplnet.co.uk/./llinone.dzzlingwebplnet.co.uk/imges/well-known/cme-chllenge/c/g/h/ HTTP/1.1" 200 6979 "-" "Mozilla/5.0 AppleWebKit/537.36 (KHTML, like Gecko; compatible; Amazonbot/0.1; +https://developer.amazon.com/support/amazonbot) Chrome/119.0.6045.214 Safari/537.36"
57.141.0.33 - - [22/Sep/2026:06:42:46 +0000] "GET /m/K11306784/?loknya=/var/www HTTP/1.1" 200 6784 "-" "Mozilla/5.0 (Windows NT 10.0; Win64; x64) AppleWebKit/537.36 (KHTML, like Gecko) Chrome/145.0.0.0 Safari/537.36 (compatible; meta-externalagent/1.1 (+https://developers.facebook.com/docs/sharing/webmasters/crawler))"
74.7.227.174 - - [22/Sep/2026:06:42:46 +0000] "GET /guide/policy/privacy.html?loknya=/vr/www/vhosts/zzlingwebplnet.o.uk/././rightwy-min.zzlingwebplnet.o.uk/imges/well-known/me-hllenge/e/ HTTP/1.1" 200 6977 "https://dazzlingwebplanet.co.uk/guide/policy/privacy.html?loknya=/vr/www/vhosts/dzzlingwebplnet.o.uk/././rightwy-dmin.dzzlingwebplnet.o.uk/imges/well-known/me-hllenge/e/d/" "Mozilla/5.0 AppleWebKit/537.36 (KHTML, like Gecko; compatible; GPTBot/1.4; +https://openai.com/gptbot)"
209.38.113.189 - - [22/Sep/2026:06:42:47 +0000] "GET /admin-post.php HTTP/1.1" 200 9292 "-" "Mozilla/5.0 (Linux; Android 10; K) AppleWebKit/537.36 (KHTML, like Gecko) Chrome/145.0.0.0 Mobile Safari/537.36"
74.7.227.174 - - [22/Sep/2026:06:42:47 +0000] "GET /guide/policy/privacy.html?loknya=/vr/www/vhosts/dzzlinwbplnt.co.uk/././rihtwy-dmin.dzzlinwbplnt.co.uk/ims/wll-known/cm-chlln/c/ HTTP/1.1" 200 6961 "https://dazzlingwebplanet.co.uk/guide/policy/privacy.html?loknya=/var/www/vhosts/dazzlinwbplant.co.uk/././rihtway-admin.dazzlinwbplant.co.uk/imas/wll-known/acm-challn/c/a/" "Mozilla/5.0 AppleWebKit/537.36 (KHTML, like Gecko; compatible; GPTBot/1.4; +https://openai.com/gptbot)"
68.183.245.101 - - [22/Sep/2026:06:42:47 +0000] "GET /admin-post.php HTTP/1.1" 200 9290 "-" "Mozilla/5.0 (Linux; Android 10; K) AppleWebKit/537.36 (KHTML, like Gecko) Chrome/145.0.0.0 Mobile Safari/537.36"
74.7.227.174 - - [22/Sep/2026:06:42:47 +0000] "GET /guide/policy/privacy.html?loknya=/vr/www/vosts/dzzlingwebplnet.co.uk/././rigtwy-dmin.dzzlingwebplnet.co.uk/imges/well-known/cme-cllenge/e/d HTTP/1.1" 200 6974 "https://dazzlingwebplanet.co.uk/guide/policy/privacy.html?loknya=/vr/www/vosts/dzzlingwebplnet.co.uk/././rigtwy-dmin.dzzlingwebplnet.co.uk/imges/well-known/cme-cllenge/e/d/" "Mozilla/5.0 AppleWebKit/537.36 (KHTML, like Gecko; compatible; GPTBot/1.4; +https://openai.com/gptbot)"
74.7.227.174 - - [22/Sep/2026:06:42:48 +0000] "GET /guide/policy/privacy.html?loknya=/vr/www/vhosts/zzlingwbplnt.co.uk/././rightwy-min.zzlingwbplnt.co.uk/imgs/wll-known/cm-chllng/c/ HTTP/1.1" 200 6966 "https://dazzlingwebplanet.co.uk/guide/policy/privacy.html?loknya=/var/www/vhosts/azzlingwbplant.co.uk/././rightway-amin.azzlingwbplant.co.uk/imags/wll-known/acm-challng/c/a/" "Mozilla/5.0 AppleWebKit/537.36 (KHTML, like Gecko; compatible; GPTBot/1.4; +https://openai.com/gptbot)"
18.132.13.121 - - [22/Sep/2026:06:42:48 +0000] "GET /admin-post.php HTTP/1.1" 200 9294 "-" "Mozilla/5.0 (Linux; Android 10; K) AppleWebKit/537.36 (KHTML, like Gecko) Chrome/145.0.0.0 Mobile Safari/537.36"
57.141.0.60 - - [22/Sep/2026:06:42:48 +0000] "GET /m/K21095617/?loknya=/var/www/vhosts/dazzlingwebplanet.co.uk/rightway-admin.dazzlingwebplanet.co.uk/images HTTP/1.1" 200 7971 "-" "Mozilla/5.0 (Windows NT 10.0; Win64; x64) AppleWebKit/537.36 (KHTML, like Gecko) Chrome/145.0.0.0 Safari/537.36 (compatible; meta-externalagent/1.1 (+https://developers.facebook.com/docs/sharing/webmasters/crawler))"
74.7.227.174 - - [22/Sep/2026:06:42:49 +0000] "GET /guide/policy/privacy.html?loknya=/var/www/vhosts/azzlingwbplant.co.uk/././rightway-amin.azzlingwbplant.co.uk/imags/wll-known/acm-challng/c/a HTTP/1.1" 200 6988 "https://dazzlingwebplanet.co.uk/guide/policy/privacy.html?loknya=/var/www/vhosts/azzlingwbplant.co.uk/././rightway-amin.azzlingwbplant.co.uk/imags/wll-known/acm-challng/c/a/" "Mozilla/5.0 AppleWebKit/537.36 (KHTML, like Gecko; compatible; GPTBot/1.4; +https://openai.com/gptbot)"
74.7.227.174 - - [22/Sep/2026:06:42:49 +0000] "GET /guide/policy/privacy.html?loknya=/var/www/vhosts/dazzlinwbplant.co.uk/././rihtway-admin.dazzlinwbplant.co.uk/imas/wll-known/acm-challn/c/a HTTP/1.1" 200 6984 "https://dazzlingwebplanet.co.uk/guide/policy/privacy.html?loknya=/var/www/vhosts/dazzlinwbplant.co.uk/././rihtway-admin.dazzlinwbplant.co.uk/imas/wll-known/acm-challn/c/a/" "Mozilla/5.0 AppleWebKit/537.36 (KHTML, like Gecko; compatible; GPTBot/1.4; +https://openai.com/gptbot)"
74.7.227.174 - - [22/Sep/2026:06:42:49 +0000] "GET /guide/policy/privacy.html?loknya=/var/www/vhosts/dazzlingweplanet.co.uk/././rightway-admin.dazzlingweplanet.co.uk/images/well-known/acme-challenge/a/e HTTP/1.1" 200 6992 "https://dazzlingwebplanet.co.uk/guide/policy/privacy.html?loknya=/var/www/vhosts/dazzlingweplanet.co.uk/././rightway-admin.dazzlingweplanet.co.uk/images/well-known/acme-challenge/a/e/d/" "Mozilla/5.0 AppleWebKit/537.36 (KHTML, like Gecko; compatible; GPTBot/1.4; +https://openai.com/gptbot)"
57.141.0.3 - - [22/Sep/2026:06:42:50 +0000] "GET /m/K42449955/?loknya=/var/www/vhosts/dazzlingwebplanet.co.uk/httpdocs HTTP/1.1" 200 7267 "-" "Mozilla/5.0 (Windows NT 10.0; Win64; x64) AppleWebKit/537.36 (KHTML, like Gecko) Chrome/145.0.0.0 Safari/537.36 (compatible; meta-externalagent/1.1 (+https://developers.facebook.com/docs/sharing/webmasters/crawler))"
74.7.227.174 - - [22/Sep/2026:06:42:50 +0000] "GET /guide/policy/privacy.html?loknya=/var/www/vhosts/azzlingweplanet.co.uk/././rightway-amin.azzlingweplanet.co.uk/images/well-known/acme-challenge/a/e/ HTTP/1.1" 200 6993 "https://dazzlingwebplanet.co.uk/guide/policy/privacy.html?loknya=/var/www/vhosts/dazzlingweplanet.co.uk/././rightway-admin.dazzlingweplanet.co.uk/images/well-known/acme-challenge/a/e/d/" "Mozilla/5.0 AppleWebKit/537.36 (KHTML, like Gecko; compatible; GPTBot/1.4; +https://openai.com/gptbot)"
52.3.102.51 - - [22/Sep/2026:06:42:50 +0000] "GET /portfolios/autodata-online-garage-management/?loknya=/vr/www/vosts/dzzlingwebplnet.co.uk/indoukub.dzzlingwebplnet.co.uk/well-known/pki-vlidtion/e/d/ HTTP/1.1" 200 6960 "-" "Mozilla/5.0 AppleWebKit/537.36 (KHTML, like Gecko; compatible; Amazonbot/0.1; +https://developer.amazon.com/support/amazonbot) Chrome/119.0.6045.214 Safari/537.36"
74.7.227.174 - - [22/Sep/2026:06:42:50 +0000] "GET /guide/policy/privacy.html?loknya=/var/www/vosts/dazzlingwebplanet.co.uk/././rigtway-admin.dazzlingwebplanet.co.uk/images/well-known/acme-callenge/c/c HTTP/1.1" 200 6979 "https://dazzlingwebplanet.co.uk/guide/policy/privacy.html?loknya=/var/www/vosts/dazzlingwebplanet.co.uk/././rigtway-admin.dazzlingwebplanet.co.uk/images/well-known/acme-callenge/c/c/a/" "Mozilla/5.0 AppleWebKit/537.36 (KHTML, like Gecko; compatible; GPTBot/1.4; +https://openai.com/gptbot)"
216.73.216.7 - - [22/Sep/2026:06:42:51 +0000] "GET /m/K10154016/?loknya=%2Fvar%2Fwww%2Fvhosts%2Fdazzlingwebplanet.co.uk%2Fdazzlingwebplanet.co.uk%2Fwp-includes%2Frest-api%2Fuhi1fjg HTTP/1.1" 200 7228 "-" "Mozilla/5.0 AppleWebKit/537.36 (KHTML, like Gecko; compatible; ClaudeBot/1.0; +claudebot@anthropic.com)"
216.73.216.7 - - [22/Sep/2026:06:42:51 +0000] "GET /m/K11190280/?loknya=%2Fvar%2Fwww%2Fvhosts%2Fdazzlingwebplanet.co.uk%2Flogs HTTP/1.1" 200 9650 "-" "Mozilla/5.0 AppleWebKit/537.36 (KHTML, like Gecko; compatible; ClaudeBot/1.0; +claudebot@anthropic.com)"
216.73.216.7 - - [22/Sep/2026:06:42:51 +0000] "GET /m/K62003741/?loknya=%2Fvar%2Fwww%2Fvhosts%2Fdazzlingwebplanet.co.uk%2Fdazzlingwebplanet.co.uk%2Fwp-includes%2Fjsfbaa43 HTTP/1.1" 200 7296 "-" "Mozilla/5.0 AppleWebKit/537.36 (KHTML, like Gecko; compatible; ClaudeBot/1.0; +claudebot@anthropic.com)"
216.73.216.7 - - [22/Sep/2026:06:42:51 +0000] "GET /m/K10154016/?loknya=%2Fvar%2Fwww%2Fvhosts%2Fdazzlingwebplanet.co.uk%2Fdazzlingwebplanet.co.uk%2Fwp-includes%2Frest-api%2Fsr1txcz HTTP/1.1" 200 7222 "-" "Mozilla/5.0 AppleWebKit/537.36 (KHTML, like Gecko; compatible; ClaudeBot/1.0; +claudebot@anthropic.com)"
57.141.0.19 - - [22/Sep/2026:06:42:51 +0000] "GET /m/K22251649/?loknya=/var/www/ HTTP/1.1" 200 6789 "-" "Mozilla/5.0 (Windows NT 10.0; Win64; x64) AppleWebKit/537.36 (KHTML, like Gecko) Chrome/145.0.0.0 Safari/537.36 (compatible; meta-externalagent/1.1 (+https://developers.facebook.com/docs/sharing/webmasters/crawler))"
216.73.216.7 - - [22/Sep/2026:06:42:51 +0000] "GET /m/K70716798/?loknya=%2Fvar%2Fwww%2Fvhosts%2Fdazzlingwebplanet.co.uk%2Fdazzlingwebplanet.co.uk%2Fwp-includes%2FText%2Fjry1ixt HTTP/1.1" 200 7213 "-" "Mozilla/5.0 AppleWebKit/537.36 (KHTML, like Gecko; compatible; ClaudeBot/1.0; +claudebot@anthropic.com)"
216.73.216.7 - - [22/Sep/2026:06:42:51 +0000] "GET /m/K70716798/?loknya=%2Fvar%2Fwww%2Fvhosts%2Fdazzlingwebplanet.co.uk%2Fdazzlingwebplanet.co.uk%2Fwp-includes%2FText%2Fco1pidx HTTP/1.1" 200 7222 "-" "Mozilla/5.0 AppleWebKit/537.36 (KHTML, like Gecko; compatible; ClaudeBot/1.0; +claudebot@anthropic.com)"
216.73.216.7 - - [22/Sep/2026:06:42:51 +0000] "GET /m/K80740207/?loknya=%2Fvar%2Fwww%2Fvhosts%2Fdazzlingwebplanet.co.uk%2Fdazzlingwebplanet.co.uk%2Fwp-includes%2Fsitemaps HTTP/1.1" 200 9757 "-" "Mozilla/5.0 AppleWebKit/537.36 (KHTML, like Gecko; compatible; ClaudeBot/1.0; +claudebot@anthropic.com)"
216.73.216.7 - - [22/Sep/2026:06:42:51 +0000] "GET /m/K21789913/?loknya=%2Fvar%2Fwww%2Fvhosts%2Fdazzlingwebplanet.co.uk%2Fdazzlingwebplanet.co.uk%2Fwp-includes%2Fai-client%2Fadapters HTTP/1.1" 200 7302 "-" "Mozilla/5.0 AppleWebKit/537.36 (KHTML, like Gecko; compatible; ClaudeBot/1.0; +claudebot@anthropic.com)"
216.73.216.7 - - [22/Sep/2026:06:42:51 +0000] "GET /m/K62003741/?loknya=%2Fvar%2Fwww%2Fvhosts%2Fdazzlingwebplanet.co.uk%2Fdazzlingwebplanet.co.uk%2Fwp-includes%2Fsitemaps HTTP/1.1" 200 9757 "-" "Mozilla/5.0 AppleWebKit/537.36 (KHTML, like Gecko; compatible; ClaudeBot/1.0; +claudebot@anthropic.com)"
216.73.216.7 - - [22/Sep/2026:06:42:51 +0000] "GET /m/K10154016/?loknya=%2Fvar%2Fwww%2Fvhosts%2Fdazzlingwebplanet.co.uk%2Fcityapp.dazzlingwebplanet.com%2Fuwap1vd HTTP/1.1" 200 7207 "-" "Mozilla/5.0 AppleWebKit/537.36 (KHTML, like Gecko; compatible; ClaudeBot/1.0; +claudebot@anthropic.com)"
216.73.216.7 - - [22/Sep/2026:06:42:51 +0000] "GET /m/K41760131/?loknya=%2Fvar%2Fwww%2Fvhosts%2Fdazzlingwebplanet.co.uk%2Fmg.dazzlingwebplanet.com%2F1vowpki%2Ftmwjphf HTTP/1.1" 200 7276 "-" "Mozilla/5.0 AppleWebKit/537.36 (KHTML, like Gecko; compatible; ClaudeBot/1.0; +claudebot@anthropic.com)"
74.7.227.174 - - [22/Sep/2026:06:42:51 +0000] "GET /guide/policy/privacy.html?loknya=/vr/www/vosts/dzzlingwebplnet.co.uk/././rigtwy-dmin.dzzlingwebplnet.co.uk/imges/well-known/cme-cllenge/c/c/ HTTP/1.1" 200 6976 "https://dazzlingwebplanet.co.uk/guide/policy/privacy.html?loknya=/var/www/vosts/dazzlingwebplanet.co.uk/././rigtway-admin.dazzlingwebplanet.co.uk/images/well-known/acme-callenge/c/c/a/" "Mozilla/5.0 AppleWebKit/537.36 (KHTML, like Gecko; compatible; GPTBot/1.4; +https://openai.com/gptbot)"
216.73.216.7 - - [22/Sep/2026:06:42:51 +0000] "GET /m/K10154016/?loknya=%2Fvar%2Fwww%2Fvhosts%2Fdazzlingwebplanet.co.uk%2Fdazzlingwebplanet.com%2Fwp-admin__63960d3%2Fjs HTTP/1.1" 200 10891 "-" "Mozilla/5.0 AppleWebKit/537.36 (KHTML, like Gecko; compatible; ClaudeBot/1.0; +claudebot@anthropic.com)"
216.73.216.7 - - [22/Sep/2026:06:42:51 +0000] "GET /m/K11190280/?loknya=%2Fvar%2Fwww%2Fvhosts%2Fdazzlingwebplanet.co.uk%2Fvar HTTP/1.1" 200 7028 "-" "Mozilla/5.0 AppleWebKit/537.36 (KHTML, like Gecko; compatible; ClaudeBot/1.0; +claudebot@anthropic.com)"
216.73.216.7 - - [22/Sep/2026:06:42:52 +0000] "GET /m/K11190280/?loknya=%2Fvar%2Fwww%2Fvhosts%2Fdazzlingwebplanet.co.uk%2Fmg-mail.dazzlingwebplanet.com HTTP/1.1" 200 13710 "-" "Mozilla/5.0 AppleWebKit/537.36 (KHTML, like Gecko; compatible; ClaudeBot/1.0; +claudebot@anthropic.com)"
152.245.39.17 - - [22/Sep/2026:06:42:52 +0000] "GET /buy.php?jp/059021004.html HTTP/1.1" 403 5811 "-" "Mozilla/5.0 (Windows NT 10.0; Win64; x64; rv:129.0) Gecko/20100101 Firefox/129.0"
74.7.227.174 - - [22/Sep/2026:06:42:52 +0000] "GET /guide/policy/privacy.html?loknya=/vr/www/vhosts/zzlinwebplnet.co.uk/././rihtwy-min.zzlinwebplnet.co.uk/imes/well-known/cme-chllene/e HTTP/1.1" 200 6971 "https://dazzlingwebplanet.co.uk/guide/policy/privacy.html?loknya=/vr/www/vhosts/zzlinwebplnet.co.uk/././rihtwy-min.zzlinwebplnet.co.uk/imes/well-known/cme-chllene/e/" "Mozilla/5.0 AppleWebKit/537.36 (KHTML, like Gecko; compatible; GPTBot/1.4; +https://openai.com/gptbot)"
216.73.216.7 - - [22/Sep/2026:06:42:52 +0000] "GET /m/K41495499/?loknya=%2Fvar%2Fwww%2Fvhosts%2Fdazzlingwebplanet.co.uk%2Fdazzlingwebplanet.co.uk%2Fwp-content%2Flanguages HTTP/1.1" 200 11137 "-" "Mozilla/5.0 AppleWebKit/537.36 (KHTML, like Gecko; compatible; ClaudeBot/1.0; +claudebot@anthropic.com)"
216.73.216.7 - - [22/Sep/2026:06:42:52 +0000] "GET /m/K80101335/?loknya=%2Fvar%2Fwww%2Fvhosts%2Fdazzlingwebplanet.co.uk%2Fdazzlingwebplanet.co.uk%2Fwp-includes%2Fsodium_compat HTTP/1.1" 200 7441 "-" "Mozilla/5.0 AppleWebKit/537.36 (KHTML, like Gecko; compatible; ClaudeBot/1.0; +claudebot@anthropic.com)"
216.73.216.7 - - [22/Sep/2026:06:42:52 +0000] "GET /m/K51048380/?lokasie=%2Fvar%2Fwww%2Fvhosts%2Fdazzlingwebplanet.co.uk%2Fdazzlingwebplanet.co.uk%2Fwp-admin%2Fcss%2Fcode-editor-rtl.css&loknya=%2Fvar%2Fwww%2Fvhosts%2Fdazzlingwebplanet.co.uk%2Fdazzlingwebplanet.co.uk%2Fwp-admin%2Fcss HTTP/1.1" 200 7153 "-" "Mozilla/5.0 AppleWebKit/537.36 (KHTML, like Gecko; compatible; ClaudeBot/1.0; +claudebot@anthropic.com)"
216.73.216.7 - - [22/Sep/2026:06:42:52 +0000] "GET /m/K70716798/?loknya=%2Fvar%2Fwww%2Fvhosts%2Fdazzlingwebplanet.co.uk%2Fdazzlingwebplanet.co.uk%2Fwp-includes%2FText%2Finatz1m HTTP/1.1" 200 7223 "-" "Mozilla/5.0 AppleWebKit/537.36 (KHTML, like Gecko; compatible; ClaudeBot/1.0; +claudebot@anthropic.com)"
216.73.216.7 - - [22/Sep/2026:06:42:52 +0000] "GET /m/K10154016/?loknya=%2Fvar%2Fwww%2Fvhosts%2Fdazzlingwebplanet.co.uk%2Fdazzlingwebplanet.co.uk%2Fwp-admin%2Fmaint HTTP/1.1" 200 7200 "-" "Mozilla/5.0 AppleWebKit/537.36 (KHTML, like Gecko; compatible; ClaudeBot/1.0; +claudebot@anthropic.com)"
216.73.216.7 - - [22/Sep/2026:06:42:52 +0000] "GET /m/K11190280/?loknya=%2Fvar%2Fwww%2Fvhosts%2Fdazzlingwebplanet.co.uk%2F.trash HTTP/1.1" 200 6876 "-" "Mozilla/5.0 AppleWebKit/537.36 (KHTML, like Gecko; compatible; ClaudeBot/1.0; +claudebot@anthropic.com)"
216.73.216.7 - - [22/Sep/2026:06:42:52 +0000] "GET /m/K42014339/?loknya=%2Fvar%2Fwww%2Fvhosts%2Fdazzlingwebplanet.co.uk%2Fallinone.dazzlingwebplanet.co.uk%2Fresources%2Fviews%2Fauth HTTP/1.1" 200 7409 "-" "Mozilla/5.0 AppleWebKit/537.36 (KHTML, like Gecko; compatible; ClaudeBot/1.0; +claudebot@anthropic.com)"
74.7.227.174 - - [22/Sep/2026:06:42:52 +0000] "GET /guide/policy/privacy.html?loknya=/vr/www/vhosts/zzlingwebplnet.o.uk/././rightwy-min.zzlingwebplnet.o.uk/imges/well-known/me-hllenge/e HTTP/1.1" 200 6974 "https://dazzlingwebplanet.co.uk/guide/policy/privacy.html?loknya=/vr/www/vhosts/zzlingwebplnet.o.uk/././rightwy-min.zzlingwebplnet.o.uk/imges/well-known/me-hllenge/e/" "Mozilla/5.0 AppleWebKit/537.36 (KHTML, like Gecko; compatible; GPTBot/1.4; +https://openai.com/gptbot)"
216.73.216.7 - - [22/Sep/2026:06:42:52 +0000] "GET /m/K11190280/?loknya=%2Fvar%2Fwww%2Fvhosts%2Fdazzlingwebplanet.co.uk%2Fetc HTTP/1.1" 200 7132 "-" "Mozilla/5.0 AppleWebKit/537.36 (KHTML, like Gecko; compatible; ClaudeBot/1.0; +claudebot@anthropic.com)"
216.73.216.7 - - [22/Sep/2026:06:42:52 +0000] "GET /m/K22043009/?loknya=%2Fvar%2Fwww%2Fvhosts%2Fdazzlingwebplanet.co.uk%2Fsacherconsultancy.com%2Fwp-includes%2Fai-client%2Fadapters HTTP/1.1" 200 7340 "-" "Mozilla/5.0 AppleWebKit/537.36 (KHTML, like Gecko; compatible; ClaudeBot/1.0; +claudebot@anthropic.com)"
216.73.216.7 - - [22/Sep/2026:06:42:52 +0000] "GET /m/K41945811/?loknya=%2Fvar%2Fwww%2Fvhosts%2Fdazzlingwebplanet.co.uk%2Frightway.dazzlingwebplanet.com HTTP/1.1" 200 14451 "-" "Mozilla/5.0 AppleWebKit/537.36 (KHTML, like Gecko; compatible; ClaudeBot/1.0; +claudebot@anthropic.com)"
216.73.216.7 - - [22/Sep/2026:06:42:53 +0000] "GET /m/K22073625/?loknya=%2Fvar%2Fwww%2Fvhosts%2Fdazzlingwebplanet.co.uk%2Frightway.dazzlingwebplanet.com%2Fresources%2Fjs HTTP/1.1" 200 7228 "-" "Mozilla/5.0 AppleWebKit/537.36 (KHTML, like Gecko; compatible; ClaudeBot/1.0; +claudebot@anthropic.com)"
216.73.216.7 - - [22/Sep/2026:06:42:53 +0000] "GET /m/K60254789/?loknya=%2Fvar%2Fwww%2Fvhosts%2Fdazzlingwebplanet.co.uk%2Fdazzlingwebplanet.co.uk%2Fwp-content%2Fuploads HTTP/1.1" 200 8185 "-" "Mozilla/5.0 AppleWebKit/537.36 (KHTML, like Gecko; compatible; ClaudeBot/1.0; +claudebot@anthropic.com)"
74.7.227.174 - - [22/Sep/2026:06:42:53 +0000] "GET /guide/policy/privacy.html?loknya=/vr/www/vhosts/dzzlingwebplnet.o.uk/././rightwy-dmin.dzzlingwebplnet.o.uk/imges/well-known/me-hllenge/e/d HTTP/1.1" 200 6974 "https://dazzlingwebplanet.co.uk/guide/policy/privacy.html?loknya=/vr/www/vhosts/dzzlingwebplnet.o.uk/././rightwy-dmin.dzzlingwebplnet.o.uk/imges/well-known/me-hllenge/e/d/" "Mozilla/5.0 AppleWebKit/537.36 (KHTML, like Gecko; compatible; GPTBot/1.4; +https://openai.com/gptbot)"
216.73.216.7 - - [22/Sep/2026:06:42:53 +0000] "GET /m/K80740207/?loknya=%2Fvar%2Fwww%2Fvhosts%2Fdazzlingwebplanet.co.uk%2Fdazzlingwebplanet.co.uk%2Fwp-includes%2Fbuild HTTP/1.1" 200 7336 "-" "Mozilla/5.0 AppleWebKit/537.36 (KHTML, like Gecko; compatible; ClaudeBot/1.0; +claudebot@anthropic.com)"
216.73.216.7 - - [22/Sep/2026:06:42:53 +0000] "GET /m/K41760131/?loknya=%2Fvar%2Fwww%2Fvhosts%2Fdazzlingwebplanet.co.uk%2Ftap2teach.dazzlingwebplanet.com%2Fresources%2Fviews%2Ferrors HTTP/1.1" 200 7507 "-" "Mozilla/5.0 AppleWebKit/537.36 (KHTML, like Gecko; compatible; ClaudeBot/1.0; +claudebot@anthropic.com)"
216.73.216.7 - - [22/Sep/2026:06:42:53 +0000] "GET /m/K80740207/?loknya=%2Fvar%2Fwww%2Fvhosts%2Fdazzlingwebplanet.co.uk%2Fdazzlingwebplanet.co.uk%2Fwp-includes%2Fassets HTTP/1.1" 200 7241 "-" "Mozilla/5.0 AppleWebKit/537.36 (KHTML, like Gecko; compatible; ClaudeBot/1.0; +claudebot@anthropic.com)"
57.141.0.22 - - [22/Sep/2026:06:42:53 +0000] "GET /m/K72804326/?loknya=/var HTTP/1.1" 200 6774 "-" "Mozilla/5.0 (Macintosh; Intel Mac OS X 10_15_7) AppleWebKit/537.36 (KHTML, like Gecko) Chrome/145.0.0.0 Safari/537.36 (compatible; meta-externalagent/1.1 (+https://developers.facebook.com/docs/sharing/webmasters/crawler))"
216.73.216.7 - - [22/Sep/2026:06:42:53 +0000] "GET /m/K71078006/?loknya=%2Fvar%2Fwww%2Fvosts%2Fdazzlingwebplanet.co.uk HTTP/1.1" 200 6819 "-" "Mozilla/5.0 AppleWebKit/537.36 (KHTML, like Gecko; compatible; ClaudeBot/1.0; +claudebot@anthropic.com)"
216.73.216.7 - - [22/Sep/2026:06:42:53 +0000] "GET /m/K11190280/?loknya=%2Fvar%2Fwww%2Fvhosts%2Fdazzlingwebplanet.co.uk%2F.config HTTP/1.1" 200 7087 "-" "Mozilla/5.0 AppleWebKit/537.36 (KHTML, like Gecko; compatible; ClaudeBot/1.0; +claudebot@anthropic.com)"
216.73.216.7 - - [22/Sep/2026:06:42:53 +0000] "GET /m/K11190280/?loknya=%2Fvar%2Fwww%2Fvhosts%2Fdazzlingwebplanet.co.uk%2Flib HTTP/1.1" 200 9349 "-" "Mozilla/5.0 AppleWebKit/537.36 (KHTML, like Gecko; compatible; ClaudeBot/1.0; +claudebot@anthropic.com)"
74.7.227.174 - - [22/Sep/2026:06:42:53 +0000] "GET /guide/policy/privacy.html?loknya=/var/www/vhosts/azzlingwebplanet.co.uk/././rightway-amin.azzlingwebplanet.co.uk/images/well-known/acme-challenge/c/a/e HTTP/1.1" 200 7001 "https://dazzlingwebplanet.co.uk/guide/policy/privacy.html?loknya=/var/www/vhosts/azzlingwebplanet.co.uk/././rightway-amin.azzlingwebplanet.co.uk/images/well-known/acme-challenge/c/a/e/" "Mozilla/5.0 AppleWebKit/537.36 (KHTML, like Gecko; compatible; GPTBot/1.4; +https://openai.com/gptbot)"
216.73.216.7 - - [22/Sep/2026:06:42:53 +0000] "GET /m/K80101335/?loknya=%2Fvar%2Fwww%2Fvhosts%2Fdazzlingwebplanet.co.uk%2Fdazzlingwebplanet.co.uk%2Fwp-includes%2Fsitemaps%2Fyap1mdw HTTP/1.1" 200 7222 "-" "Mozilla/5.0 AppleWebKit/537.36 (KHTML, like Gecko; compatible; ClaudeBot/1.0; +claudebot@anthropic.com)"
216.73.216.7 - - [22/Sep/2026:06:42:53 +0000] "GET /m/K41945811/?loknya=%2Fvar%2Fwww%2Fvhosts%2Fdazzlingwebplanet.co.uk%2Fmg-mail.dazzlingwebplanet.com HTTP/1.1" 200 13710 "-" "Mozilla/5.0 AppleWebKit/537.36 (KHTML, like Gecko; compatible; ClaudeBot/1.0; +claudebot@anthropic.com)"
216.73.216.7 - - [22/Sep/2026:06:42:53 +0000] "GET /m/K80101335/?loknya=%2Fvar%2Fwww%2Fvhosts%2Fdazzlingwebplanet.co.uk%2Fdazzlingwebplanet.co.uk%2Fwp-includes%2Fsitemaps%2Fthvdups HTTP/1.1" 200 7212 "-" "Mozilla/5.0 AppleWebKit/537.36 (KHTML, like Gecko; compatible; ClaudeBot/1.0; +claudebot@anthropic.com)"
216.73.216.7 - - [22/Sep/2026:06:42:54 +0000] "GET /m/K51048380/?loknya=%2Fvar%2Fwww%2Fvhosts%2Fdazzlingwebplanet.co.uk%2Fdazzlingwebplanet.co.uk%2Fwp-admin%2Fcss%2Fcolors HTTP/1.1" 200 7613 "-" "Mozilla/5.0 AppleWebKit/537.36 (KHTML, like Gecko; compatible; ClaudeBot/1.0; +claudebot@anthropic.com)"
57.141.0.71 - - [22/Sep/2026:06:42:54 +0000] "GET /m/K42881027/?loknya=/var/ HTTP/1.1" 200 6777 "-" "Mozilla/5.0 (Macintosh; Intel Mac OS X 10_15_7) AppleWebKit/537.36 (KHTML, like Gecko) Chrome/145.0.0.0 Safari/537.36 (compatible; meta-externalagent/1.1 (+https://developers.facebook.com/docs/sharing/webmasters/crawler))"
216.73.216.7 - - [22/Sep/2026:06:42:54 +0000] "GET /m/K12580408/?loknya=%2Fvar%2Fwww%2Fvhosts%2Fdazzlingwebplanet.co.uk%2Ftap2teach.dazzlingwebplanet.com%2Fdatabase%2Fseeders HTTP/1.1" 200 7192 "-" "Mozilla/5.0 AppleWebKit/537.36 (KHTML, like Gecko; compatible; ClaudeBot/1.0; +claudebot@anthropic.com)"
74.7.227.174 - - [22/Sep/2026:06:42:54 +0000] "GET /guide/policy/privacy.html?loknya=/vr/www/vhosts/zzlingwbplnt.co.uk/././rightwy-min.zzlingwbplnt.co.uk/imgs/wll-known/cm-chllng/c HTTP/1.1" 200 6963 "https://dazzlingwebplanet.co.uk/guide/policy/privacy.html?loknya=/vr/www/vhosts/zzlingwbplnt.co.uk/././rightwy-min.zzlingwbplnt.co.uk/imgs/wll-known/cm-chllng/c/" "Mozilla/5.0 AppleWebKit/537.36 (KHTML, like Gecko; compatible; GPTBot/1.4; +https://openai.com/gptbot)"
216.73.216.7 - - [22/Sep/2026:06:42:54 +0000] "GET /m/K42014339/?loknya=%2Fvar%2Fwww%2Fvhosts%2Fdazzlingwebplanet.co.uk%2Fallinone.dazzlingwebplanet.co.uk%2Fresources%2F HTTP/1.1" 200 7363 "-" "Mozilla/5.0 AppleWebKit/537.36 (KHTML, like Gecko; compatible; ClaudeBot/1.0; +claudebot@anthropic.com)"
216.73.216.7 - - [22/Sep/2026:06:42:54 +0000] "GET /m/K21789913/?loknya=%2Fvar%2Fwww%2Fvhosts%2Fdazzlingwebplanet.co.uk%2Fdazzlingwebplanet.com%2Fydfsupb%2Ffmlsw1e HTTP/1.1" 200 7233 "-" "Mozilla/5.0 AppleWebKit/537.36 (KHTML, like Gecko; compatible; ClaudeBot/1.0; +claudebot@anthropic.com)"
216.73.216.7 - - [22/Sep/2026:06:42:54 +0000] "GET /m/K21789913/?loknya=%2Fvar%2Fwww%2Fvhosts%2Fdazzlingwebplanet.co.uk%2Frightway-api.dazzlingwebplanet.co.uk%2F HTTP/1.1" 200 13968 "-" "Mozilla/5.0 AppleWebKit/537.36 (KHTML, like Gecko; compatible; ClaudeBot/1.0; +claudebot@anthropic.com)"
44.221.37.41 - - [22/Sep/2026:06:42:54 +0000] "GET /portfolio/?loknya=/vr/www/vhosts/dzzlingwebplnet.co.uk/ HTTP/1.1" 200 6824 "-" "Mozilla/5.0 AppleWebKit/537.36 (KHTML, like Gecko; compatible; Amazonbot/0.1; +https://developer.amazon.com/support/amazonbot) Chrome/119.0.6045.214 Safari/537.36"
216.73.216.7 - - [22/Sep/2026:06:42:54 +0000] "GET /m/K70716798/?loknya=%2Fvar%2Fwww%2Fvhosts%2Fdazzlingwebplanet.co.uk%2Fdazzlingwebplanet.co.uk%2Fwp-includes%2FText%2Ffbypljg HTTP/1.1" 200 7223 "-" "Mozilla/5.0 AppleWebKit/537.36 (KHTML, like Gecko; compatible; ClaudeBot/1.0; +claudebot@anthropic.com)"
216.73.216.7 - - [22/Sep/2026:06:42:54 +0000] "GET /m/K10154016/?loknya=%2Fvar%2Fwww%2Fvhosts%2Fdazzlingwebplanet.co.uk%2Fdazzlingwebplanet.com%2Fixlpdsn%2Fozbedvt HTTP/1.1" 200 7270 "-" "Mozilla/5.0 AppleWebKit/537.36 (KHTML, like Gecko; compatible; ClaudeBot/1.0; +claudebot@anthropic.com)"
216.73.216.7 - - [22/Sep/2026:06:42:54 +0000] "GET /m/K21789913/?loknya=%2Fvar%2Fwww%2Fvhosts%2Fdazzlingwebplanet.co.uk%2Findoukhub.dazzlingwebplanet.co.uk%2Ftest%2Ffcgi HTTP/1.1" 200 7400 "-" "Mozilla/5.0 AppleWebKit/537.36 (KHTML, like Gecko; compatible; ClaudeBot/1.0; +claudebot@anthropic.com)"
74.7.227.174 - - [22/Sep/2026:06:42:54 +0000] "GET /guide/policy/privacy.html?loknya=/var/www/vosts/dazzlingwebplanet.co.uk/././rigtway-admin.dazzlingwebplanet.co.uk/images/well-known/acme-callenge/c/c/a HTTP/1.1" 200 6998 "https://dazzlingwebplanet.co.uk/guide/policy/privacy.html?loknya=/var/www/vosts/dazzlingwebplanet.co.uk/././rigtway-admin.dazzlingwebplanet.co.uk/images/well-known/acme-callenge/c/c/a/" "Mozilla/5.0 AppleWebKit/537.36 (KHTML, like Gecko; compatible; GPTBot/1.4; +https://openai.com/gptbot)"
216.73.216.7 - - [22/Sep/2026:06:42:54 +0000] "GET /m/K80740207/?loknya=%2Fvar%2Fwww%2Fvhosts%2Fdazzlingwebplanet.co.uk%2Fdazzlingwebplanet.co.uk%2Fwp-content HTTP/1.1" 200 7970 "-" "Mozilla/5.0 AppleWebKit/537.36 (KHTML, like Gecko; compatible; ClaudeBot/1.0; +claudebot@anthropic.com)"
216.73.216.7 - - [22/Sep/2026:06:42:54 +0000] "GET /m/K10154016/?loknya=%2Fvar%2Fwww%2Fvhosts%2Fdazzlingwebplanet.co.uk%2Fcityapp.dazzlingwebplanet.com%2Fcityapp-admin-api HTTP/1.1" 200 7270 "-" "Mozilla/5.0 AppleWebKit/537.36 (KHTML, like Gecko; compatible; ClaudeBot/1.0; +claudebot@anthropic.com)"
216.73.216.7 - - [22/Sep/2026:06:42:54 +0000] "GET /m/K80101335/?loknya=%2Fvar%2Fwww%2Fvhosts%2Fdazzlingwebplanet.co.uk%2Fdazzlingwebplanet.co.uk%2Fwp-includes%2Fsitemaps%2Fltmdnsa HTTP/1.1" 200 7220 "-" "Mozilla/5.0 AppleWebKit/537.36 (KHTML, like Gecko; compatible; ClaudeBot/1.0; +claudebot@anthropic.com)"
216.73.216.7 - - [22/Sep/2026:06:42:55 +0000] "GET /m/K70716798/?loknya=%2Fvar%2Fwww%2Fvhosts%2Fdazzlingwebplanet.co.uk%2Fdazzlingwebplanet.co.uk%2Fwp-includes%2FText%2Fxrfhbej HTTP/1.1" 200 7224 "-" "Mozilla/5.0 AppleWebKit/537.36 (KHTML, like Gecko; compatible; ClaudeBot/1.0; +claudebot@anthropic.com)"
216.73.216.7 - - [22/Sep/2026:06:42:55 +0000] "GET /m/K22073625/?loknya=%2Fvar%2Fwww%2Fvhosts%2Fdazzlingwebplanet.co.uk%2Fdazzlingwebplanet.com%2Flctsebr%2Filkdjpy HTTP/1.1" 200 7188 "-" "Mozilla/5.0 AppleWebKit/537.36 (KHTML, like Gecko; compatible; ClaudeBot/1.0; +claudebot@anthropic.com)"
216.73.216.7 - - [22/Sep/2026:06:42:55 +0000] "GET /m/K10154016/?loknya=%2Fvar%2Fwww%2Fvhosts%2Fdazzlingwebplanet.co.uk%2Fdazzlingwebplanet.com%2Fhxaeqkd%2Fmlofbtu HTTP/1.1" 200 7234 "-" "Mozilla/5.0 AppleWebKit/537.36 (KHTML, like Gecko; compatible; ClaudeBot/1.0; +claudebot@anthropic.com)"
74.7.227.174 - - [22/Sep/2026:06:42:55 +0000] "GET /guide/policy/privacy.html?loknya=/var/www/vhosts/dazzlingweplanet.co.uk/././rightway-admin.dazzlingweplanet.co.uk/images/well-known/acme-challenge/a/e/d HTTP/1.1" 200 6993 "https://dazzlingwebplanet.co.uk/guide/policy/privacy.html?loknya=/var/www/vhosts/dazzlingweplanet.co.uk/././rightway-admin.dazzlingweplanet.co.uk/images/well-known/acme-challenge/a/e/d/" "Mozilla/5.0 AppleWebKit/537.36 (KHTML, like Gecko; compatible; GPTBot/1.4; +https://openai.com/gptbot)"
216.73.216.7 - - [22/Sep/2026:06:42:55 +0000] "GET /m/K80101335/?loknya=%2Fvar%2Fwww%2Fvhosts%2Fdazzlingwebplanet.co.uk%2Fdazzlingwebplanet.co.uk%2Fwp-includes%2Fsitemaps%2Fcntvfmp HTTP/1.1" 200 7222 "-" "Mozilla/5.0 AppleWebKit/537.36 (KHTML, like Gecko; compatible; ClaudeBot/1.0; +claudebot@anthropic.com)"
216.73.216.7 - - [22/Sep/2026:06:42:55 +0000] "GET /m/K80101335/?loknya=%2Fvar%2Fwww%2Fvhosts%2Fdazzlingwebplanet.co.uk%2Fdazzlingwebplanet.co.uk%2Fwp-includes%2FPHPMailer HTTP/1.1" 200 7424 "-" "Mozilla/5.0 AppleWebKit/537.36 (KHTML, like Gecko; compatible; ClaudeBot/1.0; +claudebot@anthropic.com)"
216.73.216.7 - - [22/Sep/2026:06:42:55 +0000] "GET /m/K80101335/?loknya=%2Fvar%2Fwww%2Fvhosts%2Fdazzlingwebplanet.co.uk%2Fdazzlingwebplanet.co.uk%2Fwp-includes%2Fsitemaps%2Fproviders HTTP/1.1" 200 7265 "-" "Mozilla/5.0 AppleWebKit/537.36 (KHTML, like Gecko; compatible; ClaudeBot/1.0; +claudebot@anthropic.com)"
216.73.216.7 - - [22/Sep/2026:06:42:55 +0000] "GET /m/K70716798/?loknya=%2Fvar%2Fwww%2Fvhosts%2Fdazzlingwebplanet.co.uk%2Fdazzlingwebplanet.co.uk%2Fwp-includes%2FText%2Fdr1sxlf HTTP/1.1" 200 7224 "-" "Mozilla/5.0 AppleWebKit/537.36 (KHTML, like Gecko; compatible; ClaudeBot/1.0; +claudebot@anthropic.com)"
216.73.216.7 - - [22/Sep/2026:06:42:55 +0000] "GET /m/K22073625/?loknya=%2Fvar%2Fwww%2Fvhosts%2Fdazzlingwebplanet.co.uk%2Frightway.dazzlingwebplanet.com%2Fresources%2Fviews HTTP/1.1" 200 7755 "-" "Mozilla/5.0 AppleWebKit/537.36 (KHTML, like Gecko; compatible; ClaudeBot/1.0; +claudebot@anthropic.com)"
74.7.227.174 - - [22/Sep/2026:06:42:55 +0000] "GET /guide/policy/privacy.html?loknya=/var/www/vosts/dazzlingwebplanet.co.uk/././rigtway-admin.dazzlingwebplanet.co.uk/images/well-known/acme-callenge/e/d/a HTTP/1.1" 200 7000 "https://dazzlingwebplanet.co.uk/guide/policy/privacy.html?loknya=/var/www/vosts/dazzlingwebplanet.co.uk/././rigtway-admin.dazzlingwebplanet.co.uk/images/well-known/acme-callenge/e/d/a/" "Mozilla/5.0 AppleWebKit/537.36 (KHTML, like Gecko; compatible; GPTBot/1.4; +https://openai.com/gptbot)"
216.73.216.7 - - [22/Sep/2026:06:42:55 +0000] "GET /m/K80740207/?loknya=%2Fvar%2Fwww%2Fvhosts%2Fdazzlingwebplanet.co.uk%2Fdazzlingwebplanet.co.uk%2Fwp-includes%2Fxff132c HTTP/1.1" 200 7181 "-" "Mozilla/5.0 AppleWebKit/537.36 (KHTML, like Gecko; compatible; ClaudeBot/1.0; +claudebot@anthropic.com)"
57.141.0.13 - - [22/Sep/2026:06:42:55 +0000] "GET /m/K21938257/?loknya=/var/www/vhosts/dazzlingwebplanet.co.uk/mg.dazzlingwebplanet.com/iawydbn HTTP/1.1" 200 7201 "-" "Mozilla/5.0 (X11; Linux x86_64) AppleWebKit/537.36 (KHTML, like Gecko) Chrome/145.0.0.0 Safari/537.36 (compatible; meta-externalagent/1.1 (+https://developers.facebook.com/docs/sharing/webmasters/crawler))"
216.73.216.7 - - [22/Sep/2026:06:42:55 +0000] "GET /m/K80740207/?lokasie=%2Fvar%2Fwww%2Fvhosts%2Fdazzlingwebplanet.co.uk%2Fdazzlingwebplanet.co.uk%2Fwp-includes%2Fclass.wp-scripts.php&loknya=%2Fvar%2Fwww%2Fvhosts%2Fdazzlingwebplanet.co.uk%2Fdazzlingwebplanet.co.uk%2Fwp-includes HTTP/1.1" 200 6787 "-" "Mozilla/5.0 AppleWebKit/537.36 (KHTML, like Gecko; compatible; ClaudeBot/1.0; +claudebot@anthropic.com)"
216.73.216.7 - - [22/Sep/2026:06:42:55 +0000] "GET /m/K70716798/?loknya=%2Fvar%2Fwww%2Fvhosts%2Fdazzlingwebplanet.co.uk%2Fdazzlingwebplanet.co.uk%2Fwp-includes%2FText%2Fbwgnvku HTTP/1.1" 200 7215 "-" "Mozilla/5.0 AppleWebKit/537.36 (KHTML, like Gecko; compatible; ClaudeBot/1.0; +claudebot@anthropic.com)"
216.73.216.7 - - [22/Sep/2026:06:42:56 +0000] "GET /m/K80740207/?loknya=%2Fvar%2Fwww%2Fvhosts%2Fdazzlingwebplanet.co.uk%2Fdazzlingwebplanet.co.uk%2Fwp-includes%2Fad9665eb HTTP/1.1" 200 7283 "-" "Mozilla/5.0 AppleWebKit/537.36 (KHTML, like Gecko; compatible; ClaudeBot/1.0; +claudebot@anthropic.com)"
216.73.216.7 - - [22/Sep/2026:06:42:56 +0000] "GET /m/K80101335/?loknya=%2Fvar%2Fwww%2Fvhosts%2Fdazzlingwebplanet.co.uk%2Fdazzlingwebplanet.co.uk%2Fwp-includes%2Fpomo HTTP/1.1" 200 7374 "-" "Mozilla/5.0 AppleWebKit/537.36 (KHTML, like Gecko; compatible; ClaudeBot/1.0; +claudebot@anthropic.com)"
216.73.216.7 - - [22/Sep/2026:06:42:56 +0000] "GET /m/K80101335/?loknya=%2Fvar%2Fwww%2Fvhosts%2Fdazzlingwebplanet.co.uk%2Fdazzlingwebplanet.co.uk%2Fwp-content%2Fuploads%2F2019 HTTP/1.1" 200 7277 "-" "Mozilla/5.0 AppleWebKit/537.36 (KHTML, like Gecko; compatible; ClaudeBot/1.0; +claudebot@anthropic.com)"
74.7.227.174 - - [22/Sep/2026:06:42:56 +0000] "GET /guide/policy/privacy.html?loknya=/var/www/vhosts/azzlingwplant.co.uk/././rightway-amin.azzlingwplant.co.uk/imags/wll-known/acm-challng/a/ HTTP/1.1" 200 6984 "https://dazzlingwebplanet.co.uk/guide/policy/privacy.html?loknya=/var/www/vhosts/azzlingweplanet.co.uk/././rightway-amin.azzlingweplanet.co.uk/images/well-known/acme-challenge/a/e/" "Mozilla/5.0 AppleWebKit/537.36 (KHTML, like Gecko; compatible; GPTBot/1.4; +https://openai.com/gptbot)"
216.73.216.7 - - [22/Sep/2026:06:42:56 +0000] "GET /m/K80101335/?loknya=%2Fvar%2Fwww%2Fvhosts%2Fdazzlingwebplanet.co.uk%2Fdazzlingwebplanet.co.uk%2Fwp-includes%2Fsitemaps%2Fu1ksabo HTTP/1.1" 200 7223 "-" "Mozilla/5.0 AppleWebKit/537.36 (KHTML, like Gecko; compatible; ClaudeBot/1.0; +claudebot@anthropic.com)"
216.73.216.7 - - [22/Sep/2026:06:42:56 +0000] "GET /m/K61710933/?loknya=%2Fvar%2Fwww%2Fvhosts%2Fdazzlingwebplanet.co.uk%2F.config HTTP/1.1" 200 7087 "-" "Mozilla/5.0 AppleWebKit/537.36 (KHTML, like Gecko; compatible; ClaudeBot/1.0; +claudebot@anthropic.com)"
216.73.216.7 - - [22/Sep/2026:06:42:56 +0000] "GET /m/K61710933/?loknya=%2Fvar%2Fwww%2Fvhosts%2Fdazzlingwebplanet.co.uk%2Flib HTTP/1.1" 200 9349 "-" "Mozilla/5.0 AppleWebKit/537.36 (KHTML, like Gecko; compatible; ClaudeBot/1.0; +claudebot@anthropic.com)"
216.73.216.7 - - [22/Sep/2026:06:42:56 +0000] "GET /m/K22073625/?loknya=%2Fvar%2Fwww%2Fvhosts%2Fdazzlingwebplanet.co.uk%2Frightway.dazzlingwebplanet.com%2Fapp%2F HTTP/1.1" 200 7440 "-" "Mozilla/5.0 AppleWebKit/537.36 (KHTML, like Gecko; compatible; ClaudeBot/1.0; +claudebot@anthropic.com)"
216.73.216.7 - - [22/Sep/2026:06:42:56 +0000] "GET /m/K10154016/?loknya=%2Fvar%2Fwww%2Fvhosts%2Fdazzlingwebplanet.co.uk%2Fdazzlingwebplanet.co.uk%2Fwp-includes%2Frest-api%2Fn1fcqiz HTTP/1.1" 200 7228 "-" "Mozilla/5.0 AppleWebKit/537.36 (KHTML, like Gecko; compatible; ClaudeBot/1.0; +claudebot@anthropic.com)"
216.73.216.7 - - [22/Sep/2026:06:42:56 +0000] "GET /m/K62003741/?loknya=%2Fvar%2Fwww%2Fvhosts%2Fdazzlingwebplanet.co.uk%2Fdazzlingwebplanet.co.uk%2Fwp-includes%2Fad9665eb HTTP/1.1" 200 7283 "-" "Mozilla/5.0 AppleWebKit/537.36 (KHTML, like Gecko; compatible; ClaudeBot/1.0; +claudebot@anthropic.com)"
74.7.227.174 - - [22/Sep/2026:06:42:56 +0000] "GET /guide/policy/privacy.html?loknya=/var/www/vhosts/azzlingweplanet.co.uk/././rightway-amin.azzlingweplanet.co.uk/images/well-known/acme-challenge/a/e HTTP/1.1" 200 6991 "https://dazzlingwebplanet.co.uk/guide/policy/privacy.html?loknya=/var/www/vhosts/azzlingweplanet.co.uk/././rightway-amin.azzlingweplanet.co.uk/images/well-known/acme-challenge/a/e/" "Mozilla/5.0 AppleWebKit/537.36 (KHTML, like Gecko; compatible; GPTBot/1.4; +https://openai.com/gptbot)"
216.73.216.7 - - [22/Sep/2026:06:42:56 +0000] "GET /m/K80101335/?lokasie=%2Fvar%2Fwww%2Fvhosts%2Fdazzlingwebplanet.co.uk%2Fdazzlingwebplanet.co.uk%2Fwp-includes%2F%2Fscript-loader.php&loknya=%2Fvar%2Fwww%2Fvhosts%2Fdazzlingwebplanet.co.uk%2Fdazzlingwebplanet.co.uk%2Fwp-includes%2F HTTP/1.1" 200 46152 "-" "Mozilla/5.0 AppleWebKit/537.36 (KHTML, like Gecko; compatible; ClaudeBot/1.0; +claudebot@anthropic.com)"
216.73.216.7 - - [22/Sep/2026:06:42:56 +0000] "GET /m/K11190280/?loknya=%2Fvar%2Fwww%2Fvhosts%2Fdazzlingwebplanet.co.uk%2Flib64 HTTP/1.1" 200 7095 "-" "Mozilla/5.0 AppleWebKit/537.36 (KHTML, like Gecko; compatible; ClaudeBot/1.0; +claudebot@anthropic.com)"
216.73.216.7 - - [22/Sep/2026:06:42:57 +0000] "GET /m/K62003741/?loknya=%2Fvar%2Fwww%2Fvhosts%2Fdazzlingwebplanet.co.uk%2Fdazzlingwebplanet.co.uk%2Fwp-includes%2Ffonts HTTP/1.1" 200 7542 "-" "Mozilla/5.0 AppleWebKit/537.36 (KHTML, like Gecko; compatible; ClaudeBot/1.0; +claudebot@anthropic.com)"
216.73.216.7 - - [22/Sep/2026:06:42:57 +0000] "GET /m/K80101335/?loknya=%2Fvar%2Fwww%2Fvhosts%2Fdazzlingwebplanet.co.uk%2Fdazzlingwebplanet.co.uk%2Fwp-includes%2Fsitemaps%2Fjvrhaet HTTP/1.1" 200 7220 "-" "Mozilla/5.0 AppleWebKit/537.36 (KHTML, like Gecko; compatible; ClaudeBot/1.0; +claudebot@anthropic.com)"
57.141.0.23 - - [22/Sep/2026:06:42:57 +0000] "GET /m/K81606751/?loknya=/var/www/vhosts/dazzlingwebplanet.co.uk/.wp-cli/cache HTTP/1.1" 200 7046 "-" "Mozilla/5.0 (Macintosh; Intel Mac OS X 10_15_7) AppleWebKit/537.36 (KHTML, like Gecko) Chrome/145.0.0.0 Safari/537.36 (compatible; meta-externalagent/1.1 (+https://developers.facebook.com/docs/sharing/webmasters/crawler))"
216.73.216.7 - - [22/Sep/2026:06:42:57 +0000] "GET /m/K42014339/?loknya=%2Fvar%2Fwww%2Fvhosts%2Fdazzlingwebplanet.co.uk%2Fallinone.dazzlingwebplanet.co.uk%2Fapp%2F HTTP/1.1" 200 7387 "-" "Mozilla/5.0 AppleWebKit/537.36 (KHTML, like Gecko; compatible; ClaudeBot/1.0; +claudebot@anthropic.com)"
74.7.227.174 - - [22/Sep/2026:06:42:57 +0000] "GET /guide/policy/privacy.html?loknya=/vr/www/vosts/dzzlingwebplnet.co.uk/././rigtwy-dmin.dzzlingwebplnet.co.uk/imges/well-known/cme-cllenge/c/c HTTP/1.1" 200 6973 "https://dazzlingwebplanet.co.uk/guide/policy/privacy.html?loknya=/vr/www/vosts/dzzlingwebplnet.co.uk/././rigtwy-dmin.dzzlingwebplnet.co.uk/imges/well-known/cme-cllenge/c/c/" "Mozilla/5.0 AppleWebKit/537.36 (KHTML, like Gecko; compatible; GPTBot/1.4; +https://openai.com/gptbot)"
216.73.216.7 - - [22/Sep/2026:06:42:57 +0000] "GET /m/K80101335/?loknya=%2Fvar%2Fwww%2Fvhosts%2Fdazzlingwebplanet.co.uk%2Fdazzlingwebplanet.co.uk%2Fwp-includes%2Fqqe64f42 HTTP/1.1" 200 7174 "-" "Mozilla/5.0 AppleWebKit/537.36 (KHTML, like Gecko; compatible; ClaudeBot/1.0; +claudebot@anthropic.com)"
216.73.216.7 - - [22/Sep/2026:06:42:57 +0000] "GET /m/K22073625/?loknya=%2Fvar%2Fwww%2Fvhosts%2Fdazzlingwebplanet.co.uk%2Fdazzlingwebplanet.com%2Fixlpdsn%2Fozbedvt HTTP/1.1" 200 7270 "-" "Mozilla/5.0 AppleWebKit/537.36 (KHTML, like Gecko; compatible; ClaudeBot/1.0; +claudebot@anthropic.com)"
216.73.216.7 - - [22/Sep/2026:06:42:57 +0000] "GET /m/K80740207/?loknya=%2Fvar%2Fwww%2Fvhosts%2Fdazzlingwebplanet.co.uk%2Fdazzlingwebplanet.co.uk%2Fwp-includes%2FPHPMailer HTTP/1.1" 200 7424 "-" "Mozilla/5.0 AppleWebKit/537.36 (KHTML, like Gecko; compatible; ClaudeBot/1.0; +claudebot@anthropic.com)"
216.73.216.7 - - [22/Sep/2026:06:42:57 +0000] "GET /m/K41495499/?loknya=%2Fvar%2Fwww%2Fvhosts%2Fdazzlingwebplanet.co.uk%2Fdazzlingwebplanet.co.uk%2Fwp-content%2Fwp4fee66 HTTP/1.1" 200 7283 "-" "Mozilla/5.0 AppleWebKit/537.36 (KHTML, like Gecko; compatible; ClaudeBot/1.0; +claudebot@anthropic.com)"
74.7.227.174 - - [22/Sep/2026:06:42:57 +0000] "GET /guide/policy/privacy.html?loknya=/var/www/vhosts/dazzlingwbplant.co.uk/././rightway-admin.dazzlingwbplant.co.uk/imags/wll-known/acm-challng/a/a/a/ HTTP/1.1" 200 6995 "https://dazzlingwebplanet.co.uk/guide/policy/privacy.html?loknya=/var/www/vhosts/dazzlingwebplanet.co.uk/././rightway-admin.dazzlingwebplanet.co.uk/images/well-known/acme-challenge/a/a/a/e" "Mozilla/5.0 AppleWebKit/537.36 (KHTML, like Gecko; compatible; GPTBot/1.4; +https://openai.com/gptbot)"
216.73.216.7 - - [22/Sep/2026:06:42:57 +0000] "GET /m/K11190280/?loknya=%2Fvar%2Fwww%2Fvhosts%2Fdazzlingwebplanet.co.uk%2Fdazzlingwebplanet.co.uk HTTP/1.1" 200 9289 "-" "Mozilla/5.0 AppleWebKit/537.36 (KHTML, like Gecko; compatible; ClaudeBot/1.0; +claudebot@anthropic.com)"
216.73.216.7 - - [22/Sep/2026:06:42:57 +0000] "GET /m/K12580408/?loknya=%2Fvar%2Fwww%2Fvhosts%2Fdazzlingwebplanet.co.uk%2Ftap2teach.dazzlingwebplanet.com%2Fdatabase%2Ffactories HTTP/1.1" 200 7663 "-" "Mozilla/5.0 AppleWebKit/537.36 (KHTML, like Gecko; compatible; ClaudeBot/1.0; +claudebot@anthropic.com)"
216.73.216.7 - - [22/Sep/2026:06:42:57 +0000] "GET /m/K70716798/?loknya=%2Fvar%2Fwww%2Fvhosts%2Fdazzlingwebplanet.co.uk%2Fdazzlingwebplanet.co.uk%2Fwp-includes%2FText%2Fkdlojur HTTP/1.1" 200 7223 "-" "Mozilla/5.0 AppleWebKit/537.36 (KHTML, like Gecko; compatible; ClaudeBot/1.0; +claudebot@anthropic.com)"
216.73.216.7 - - [22/Sep/2026:06:42:57 +0000] "GET /m/K22073625/?lokasie=%2Fvar%2Fwww%2Fvhosts%2Fdazzlingwebplanet.co.uk%2Frightway.dazzlingwebplanet.com%2Fapp%2FExceptions%2FHandler.php&loknya=%2Fvar%2Fwww%2Fvhosts%2Fdazzlingwebplanet.co.uk%2Frightway.dazzlingwebplanet.com%2Fapp%2FExceptions HTTP/1.1" 200 7066 "-" "Mozilla/5.0 AppleWebKit/537.36 (KHTML, like Gecko; compatible; ClaudeBot/1.0; +claudebot@anthropic.com)"
216.73.216.7 - - [22/Sep/2026:06:42:58 +0000] "GET /m/K41760131/?loknya=%2Fvar%2Fwww%2Fvhosts%2Fdazzlingwebplanet.co.uk%2Ftap2teach.dazzlingwebplanet.com%2Fresources%2Fviews%2Fschools HTTP/1.1" 200 7470 "-" "Mozilla/5.0 AppleWebKit/537.36 (KHTML, like Gecko; compatible; ClaudeBot/1.0; +claudebot@anthropic.com)"
216.73.216.7 - - [22/Sep/2026:06:42:58 +0000] "GET /m/K11190280/?loknya=%2Fvar%2Fwww%2Fvhosts%2Fdazzlingwebplanet.co.uk%2Frightway-api.dazzlingwebplanet.co.uk HTTP/1.1" 200 13958 "-" "Mozilla/5.0 AppleWebKit/537.36 (KHTML, like Gecko; compatible; ClaudeBot/1.0; +claudebot@anthropic.com)"
74.7.227.174 - - [22/Sep/2026:06:42:58 +0000] "GET /guide/policy/privacy.html?loknya=/var/www/vhosts/dazzlingwbplant.co.uk/././rightway-admin.dazzlingwbplant.co.uk/imags/wll-known/acm-challng/a/a/d/ HTTP/1.1" 200 6984 "https://dazzlingwebplanet.co.uk/guide/policy/privacy.html?loknya=/var/www/vhosts/dazzlingwebplanet.co.uk/././rightway-admin.dazzlingwebplanet.co.uk/images/well-known/acme-challenge/a/a/d/e" "Mozilla/5.0 AppleWebKit/537.36 (KHTML, like Gecko; compatible; GPTBot/1.4; +https://openai.com/gptbot)"
216.73.216.7 - - [22/Sep/2026:06:42:58 +0000] "GET /m/K70716798/?loknya=%2Fvar%2Fwww%2Fvhosts%2Fdazzlingwebplanet.co.uk%2Fdazzlingwebplanet.co.uk%2Fwp-includes%2FText%2Fjcfxart HTTP/1.1" 200 7074 "-" "Mozilla/5.0 AppleWebKit/537.36 (KHTML, like Gecko; compatible; ClaudeBot/1.0; +claudebot@anthropic.com)"
216.73.216.7 - - [22/Sep/2026:06:42:58 +0000] "GET /m/K62003741/?loknya=%2Fvar%2Fwww%2Fvhosts%2Fdazzlingwebplanet.co.uk%2Fdazzlingwebplanet.co.uk%2Fwp-includes%2FPHPMailer HTTP/1.1" 200 7424 "-" "Mozilla/5.0 AppleWebKit/537.36 (KHTML, like Gecko; compatible; ClaudeBot/1.0; +claudebot@anthropic.com)"
23.23.180.225 - - [22/Sep/2026:06:42:58 +0000] "GET /portfolio-category/ecommerce/?loknya=/vr/www/vhosts/dzzlinwebplnet.co.uk/rihtwy.dzzlinwebplnet.com/public/well-known/pki-vlidtion/b/h/ HTTP/1.1" 200 6964 "-" "Mozilla/5.0 AppleWebKit/537.36 (KHTML, like Gecko; compatible; Amazonbot/0.1; +https://developer.amazon.com/support/amazonbot) Chrome/119.0.6045.214 Safari/537.36"
216.73.216.7 - - [22/Sep/2026:06:42:58 +0000] "GET /m/K22073625/?loknya=%2Fvar%2Fwww%2Fvhosts%2Fdazzlingwebplanet.co.uk%2Frightway.dazzlingwebplanet.com%2Ftest%2Fssi HTTP/1.1" 200 7225 "-" "Mozilla/5.0 AppleWebKit/537.36 (KHTML, like Gecko; compatible; ClaudeBot/1.0; +claudebot@anthropic.com)"
216.73.216.7 - - [22/Sep/2026:06:42:58 +0000] "GET /m/K10154016/?loknya=%2Fvar%2Fwww%2Fvhosts%2Fdazzlingwebplanet.co.uk%2Fdazzlingwebplanet.com%2Fwlevzpc%2Fquevfzc HTTP/1.1" 200 7231 "-" "Mozilla/5.0 AppleWebKit/537.36 (KHTML, like Gecko; compatible; ClaudeBot/1.0; +claudebot@anthropic.com)"
