74.7.227.174 - - [22/Sep/2026:06:42:25 +0000] "GET /guide/policy/privacy.html?loknya=/vr/www/vosts/dzzlingwebplnet.co.uk/././rigtwy-dmin.dzzlingwebplnet.co.uk/imges/well-known/cme-cllenge/e/e HTTP/1.1" 200 6980 "https://dazzlingwebplanet.co.uk/guide/policy/privacy.html?loknya=/vr/www/vosts/dzzlingwebplnet.co.uk/././rigtwy-dmin.dzzlingwebplnet.co.uk/imges/well-known/cme-cllenge/e/e/" "Mozilla/5.0 AppleWebKit/537.36 (KHTML, like Gecko; compatible; GPTBot/1.4; +https://openai.com/gptbot)"
216.73.216.7 - - [22/Sep/2026:06:42:25 +0000] "GET /m/K80740207/?lokasie=%2Fvar%2Fwww%2Fvhosts%2Fdazzlingwebplanet.co.uk%2Fdazzlingwebplanet.co.uk%2Fwp-includes%2Fhttps-migration.php&loknya=%2Fvar%2Fwww%2Fvhosts%2Fdazzlingwebplanet.co.uk%2Fdazzlingwebplanet.co.uk%2Fwp-includes HTTP/1.1" 200 8210 "-" "Mozilla/5.0 AppleWebKit/537.36 (KHTML, like Gecko; compatible; ClaudeBot/1.0; +claudebot@anthropic.com)"
57.141.0.21 - - [22/Sep/2026:06:42:25 +0000] "GET /m/K32091970/?loknya=/var/www/vhosts/ HTTP/1.1" 200 6799 "-" "Mozilla/5.0 (Windows NT 10.0; Win64; x64) AppleWebKit/537.36 (KHTML, like Gecko) Chrome/145.0.0.0 Safari/537.36 (compatible; meta-externalagent/1.1 (+https://developers.facebook.com/docs/sharing/webmasters/crawler))"
216.73.216.7 - - [22/Sep/2026:06:42:25 +0000] "GET /m/K80740207/?loknya=%2Fvar%2Fwww%2Fvhosts%2Fdazzlingwebplanet.co.uk%2Fdazzlingwebplanet.co.uk%2Fwp-includes%2Fblock-patterns HTTP/1.1" 200 7622 "-" "Mozilla/5.0 AppleWebKit/537.36 (KHTML, like Gecko; compatible; ClaudeBot/1.0; +claudebot@anthropic.com)"
216.73.216.7 - - [22/Sep/2026:06:42:25 +0000] "GET /m/K10154016/?loknya=%2Fvar%2Fwww%2Fvhosts%2Fdazzlingwebplanet.co.uk%2Fdazzlingwebplanet.co.uk%2Fwp-admin%2Fcss HTTP/1.1" 200 10443 "-" "Mozilla/5.0 AppleWebKit/537.36 (KHTML, like Gecko; compatible; ClaudeBot/1.0; +claudebot@anthropic.com)"
74.7.227.174 - - [22/Sep/2026:06:42:26 +0000] "GET /guide/policy/privacy.html?loknya=/var/www/vosts/dazzlingwebplanet.o.uk/././rigtway-admin.dazzlingwebplanet.o.uk/images/well-known/ame-allenge/a/g HTTP/1.1" 200 6981 "https://dazzlingwebplanet.co.uk/guide/policy/privacy.html?loknya=/var/www/vosts/dazzlingwebplanet.o.uk/././rigtway-admin.dazzlingwebplanet.o.uk/images/well-known/ame-allenge/a/g/" "Mozilla/5.0 AppleWebKit/537.36 (KHTML, like Gecko; compatible; GPTBot/1.4; +https://openai.com/gptbot)"
216.73.216.7 - - [22/Sep/2026:06:42:26 +0000] "GET /m/K10497488/?loknya=%2Fvar%2Fwww%2F HTTP/1.1" 200 6787 "-" "Mozilla/5.0 AppleWebKit/537.36 (KHTML, like Gecko; compatible; ClaudeBot/1.0; +claudebot@anthropic.com)"
216.73.216.7 - - [22/Sep/2026:06:42:26 +0000] "GET /m/K62003741/?lokasie=%2Fvar%2Fwww%2Fvhosts%2Fdazzlingwebplanet.co.uk%2Fdazzlingwebplanet.co.uk%2Fwp-includes%2Fhttps-migration.php&loknya=%2Fvar%2Fwww%2Fvhosts%2Fdazzlingwebplanet.co.uk%2Fdazzlingwebplanet.co.uk%2Fwp-includes HTTP/1.1" 200 8210 "-" "Mozilla/5.0 AppleWebKit/537.36 (KHTML, like Gecko; compatible; ClaudeBot/1.0; +claudebot@anthropic.com)"
52.4.213.199 - - [22/Sep/2026:06:42:26 +0000] "GET /portfolios/online-shoes-selling-application/?loknya=/vr/www/vhosts/zzlingwebplnet.o.uk/./rightwy.zzlingwebplnet.om/well-known/pki-vlition// HTTP/1.1" 200 6937 "-" "Mozilla/5.0 AppleWebKit/537.36 (KHTML, like Gecko; compatible; Amazonbot/0.1; +https://developer.amazon.com/support/amazonbot) Chrome/119.0.6045.214 Safari/537.36"
216.73.216.7 - - [22/Sep/2026:06:42:26 +0000] "GET /m/K80740207/?loknya=%2Fvar%2Fwww HTTP/1.1" 200 6784 "-" "Mozilla/5.0 AppleWebKit/537.36 (KHTML, like Gecko; compatible; ClaudeBot/1.0; +claudebot@anthropic.com)"
74.7.227.174 - - [22/Sep/2026:06:42:26 +0000] "GET /guide/policy/privacy.html?loknya=/var/www/vosts/dazzlingwebplanet.co.uk/././rigtway-admin.dazzlingwebplanet.co.uk/images/well-known/acme-callenge/a/g/c HTTP/1.1" 200 6989 "https://dazzlingwebplanet.co.uk/guide/policy/privacy.html?loknya=/var/www/vosts/dazzlingwebplanet.co.uk/././rigtway-admin.dazzlingwebplanet.co.uk/images/well-known/acme-callenge/a/g/c/" "Mozilla/5.0 AppleWebKit/537.36 (KHTML, like Gecko; compatible; GPTBot/1.4; +https://openai.com/gptbot)"
216.73.216.7 - - [22/Sep/2026:06:42:26 +0000] "GET /m/K80740207/?lokasie=%2Fvar%2Fwww%2Fvhosts%2Fdazzlingwebplanet.co.uk%2Fdazzlingwebplanet.co.uk%2Fwp-includes%2Fhttps-detection.php&loknya=%2Fvar%2Fwww%2Fvhosts%2Fdazzlingwebplanet.co.uk%2Fdazzlingwebplanet.co.uk%2Fwp-includes HTTP/1.1" 200 8612 "-" "Mozilla/5.0 AppleWebKit/537.36 (KHTML, like Gecko; compatible; ClaudeBot/1.0; +claudebot@anthropic.com)"
216.73.216.7 - - [22/Sep/2026:06:42:26 +0000] "GET /m/K80740207/?loknya=%2Fvar%2Fwww%2Fvhosts%2Fdazzlingwebplanet.co.uk%2Fdazzlingwebplanet.co.uk%2Fwp-includes%2Fabilities-api HTTP/1.1" 200 7355 "-" "Mozilla/5.0 AppleWebKit/537.36 (KHTML, like Gecko; compatible; ClaudeBot/1.0; +claudebot@anthropic.com)"
216.73.216.7 - - [22/Sep/2026:06:42:26 +0000] "GET /m/K10497488/?loknya=%2Fvar%2Fwww HTTP/1.1" 200 6784 "-" "Mozilla/5.0 AppleWebKit/537.36 (KHTML, like Gecko; compatible; ClaudeBot/1.0; +claudebot@anthropic.com)"
74.7.227.174 - - [22/Sep/2026:06:42:27 +0000] "GET /guide/policy/privacy.html?loknya=/var/www/vhosts/dazzlinwebplanet.co.uk/././rihtway-admin.dazzlinwebplanet.co.uk/imaes/well-known/acme-challene/e/c/c HTTP/1.1" 200 6983 "https://dazzlingwebplanet.co.uk/guide/policy/privacy.html?loknya=/var/www/vhosts/dazzlinwebplanet.co.uk/././rihtway-admin.dazzlinwebplanet.co.uk/imaes/well-known/acme-challene/e/c/c/" "Mozilla/5.0 AppleWebKit/537.36 (KHTML, like Gecko; compatible; GPTBot/1.4; +https://openai.com/gptbot)"
216.73.216.7 - - [22/Sep/2026:06:42:27 +0000] "GET /m/K62003741/?lokasie=%2Fvar%2Fwww%2Fvhosts%2Fdazzlingwebplanet.co.uk%2Fdazzlingwebplanet.co.uk%2Fwp-includes%2Fhttps-detection.php&loknya=%2Fvar%2Fwww%2Fvhosts%2Fdazzlingwebplanet.co.uk%2Fdazzlingwebplanet.co.uk%2Fwp-includes HTTP/1.1" 200 8612 "-" "Mozilla/5.0 AppleWebKit/537.36 (KHTML, like Gecko; compatible; ClaudeBot/1.0; +claudebot@anthropic.com)"
216.73.216.7 - - [22/Sep/2026:06:42:27 +0000] "GET /m/K70716798/?loknya=%2Fvar%2Fwww%2Fvhosts%2Fdazzlingwebplanet.co.uk%2Fdazzlingwebplanet.co.uk%2Fwp-includes%2FText%2Fcodrn1i HTTP/1.1" 200 7213 "-" "Mozilla/5.0 AppleWebKit/537.36 (KHTML, like Gecko; compatible; ClaudeBot/1.0; +claudebot@anthropic.com)"
216.73.216.7 - - [22/Sep/2026:06:42:27 +0000] "GET /m/K11190280/?loknya=%2Fvar%2Fwww%2Fvhosts HTTP/1.1" 200 6795 "-" "Mozilla/5.0 AppleWebKit/537.36 (KHTML, like Gecko; compatible; ClaudeBot/1.0; +claudebot@anthropic.com)"
216.73.216.7 - - [22/Sep/2026:06:42:27 +0000] "GET /m/K41945811/?loknya=%2Fvar%2Fwww%2Fvhosts%2Fdazzlingwebplanet.co.uk%2Fwordpress-backups HTTP/1.1" 200 6914 "-" "Mozilla/5.0 AppleWebKit/537.36 (KHTML, like Gecko; compatible; ClaudeBot/1.0; +claudebot@anthropic.com)"
74.7.227.174 - - [22/Sep/2026:06:42:27 +0000] "GET /guide/policy/privacy.html?loknya=/var/www/vosts/dazzlingwbplant.co.uk/././rigtway-admin.dazzlingwbplant.co.uk/imags/wll-known/acm-callng/a/d HTTP/1.1" 200 6973 "https://dazzlingwebplanet.co.uk/guide/policy/privacy.html?loknya=/var/www/vosts/dazzlingwbplant.co.uk/././rigtway-admin.dazzlingwbplant.co.uk/imags/wll-known/acm-callng/a/d/" "Mozilla/5.0 AppleWebKit/537.36 (KHTML, like Gecko; compatible; GPTBot/1.4; +https://openai.com/gptbot)"
216.73.216.7 - - [22/Sep/2026:06:42:27 +0000] "GET /m/K80101335/?lokasie=%2Fvar%2Fwww%2Fvhosts%2Fdazzlingwebplanet.co.uk%2Fdazzlingwebplanet.co.uk%2Fwp-includes%2F%2Fhttps-migration.php&loknya=%2Fvar%2Fwww%2Fvhosts%2Fdazzlingwebplanet.co.uk%2Fdazzlingwebplanet.co.uk%2Fwp-includes%2F HTTP/1.1" 200 8211 "-" "Mozilla/5.0 AppleWebKit/537.36 (KHTML, like Gecko; compatible; ClaudeBot/1.0; +claudebot@anthropic.com)"
216.73.216.7 - - [22/Sep/2026:06:42:27 +0000] "GET /m/K70716798/?loknya=%2Fvar%2Fwww%2Fvhosts%2Fdazzlingwebplanet.co.uk%2Fdazzlingwebplanet.co.uk%2Fwp-includes%2Fphp-compat HTTP/1.1" 200 7120 "-" "Mozilla/5.0 AppleWebKit/537.36 (KHTML, like Gecko; compatible; ClaudeBot/1.0; +claudebot@anthropic.com)"
57.141.0.27 - - [22/Sep/2026:06:42:27 +0000] "GET /m/K11661816/?loknya=/var/www/vhosts/dazzlingwebplanet.co.uk/httpdocs HTTP/1.1" 200 7269 "-" "Mozilla/5.0 (X11; Linux x86_64) AppleWebKit/537.36 (KHTML, like Gecko) Chrome/145.0.0.0 Safari/537.36 (compatible; meta-externalagent/1.1 (+https://developers.facebook.com/docs/sharing/webmasters/crawler))"
216.73.216.7 - - [22/Sep/2026:06:42:27 +0000] "GET /m/K61710933/?loknya=%2Fvar%2Fwww%2Fvhosts%2Fdazzlingwebplanet.co.uk%2F.ssh HTTP/1.1" 200 7214 "-" "Mozilla/5.0 AppleWebKit/537.36 (KHTML, like Gecko; compatible; ClaudeBot/1.0; +claudebot@anthropic.com)"
74.7.227.174 - - [22/Sep/2026:06:42:28 +0000] "GET /guide/policy/privacy.html?loknya=/var/www/vosts/dazzlingwebplanet.co.uk/././rigtway-admin.dazzlingwebplanet.co.uk/images/well-known/acme-callenge/a/d/e HTTP/1.1" 200 6998 "https://dazzlingwebplanet.co.uk/guide/policy/privacy.html?loknya=/var/www/vosts/dazzlingwebplanet.co.uk/././rigtway-admin.dazzlingwebplanet.co.uk/images/well-known/acme-callenge/a/d/e/" "Mozilla/5.0 AppleWebKit/537.36 (KHTML, like Gecko; compatible; GPTBot/1.4; +https://openai.com/gptbot)"
216.73.216.7 - - [22/Sep/2026:06:42:28 +0000] "GET /m/K10154016/?loknya=%2Fvar%2Fwww%2Fvhosts%2Fdazzlingwebplanet.co.uk%2Fdazzlingwebplanet.co.uk%2Fwp-includes%2Frest-api%2Fendpoints HTTP/1.1" 200 9052 "-" "Mozilla/5.0 AppleWebKit/537.36 (KHTML, like Gecko; compatible; ClaudeBot/1.0; +claudebot@anthropic.com)"
216.73.216.7 - - [22/Sep/2026:06:42:28 +0000] "GET /m/K22073625/?loknya=%2Fvar%2Fwww%2Fvhosts%2Fdazzlingwebplanet.co.uk%2Frightway.dazzlingwebplanet.com%2Fvendor%2Fphpdocumentor HTTP/1.1" 200 7124 "-" "Mozilla/5.0 AppleWebKit/537.36 (KHTML, like Gecko; compatible; ClaudeBot/1.0; +claudebot@anthropic.com)"
216.73.216.7 - - [22/Sep/2026:06:42:28 +0000] "GET /m/K80101335/?loknya=%2Fvar%2Fwww%2Fvhosts%2Fdazzlingwebplanet.co.uk%2Fdazzlingwebplanet.co.uk%2Fwp-admin%2Fnetwork%2Fnetwork HTTP/1.1" 200 7245 "-" "Mozilla/5.0 AppleWebKit/537.36 (KHTML, like Gecko; compatible; ClaudeBot/1.0; +claudebot@anthropic.com)"
216.73.216.7 - - [22/Sep/2026:06:42:28 +0000] "GET /m/K21789913/?loknya=%2Fvar%2Fwww%2Fvhosts%2Fdazzlingwebplanet.co.uk%2Findoukhub.dazzlingwebplanet.co.uk%2Ftest%2Fphp HTTP/1.1" 200 7318 "-" "Mozilla/5.0 AppleWebKit/537.36 (KHTML, like Gecko; compatible; ClaudeBot/1.0; +claudebot@anthropic.com)"
74.7.227.174 - - [22/Sep/2026:06:42:28 +0000] "GET /guide/policy/privacy.html?loknya=/vr/www/vhosts/dzzlingwebplnet.co.uk/././rightwy-dmin.dzzlingwebplnet.co.uk/imges/well-known/cme-chllenge/g/c HTTP/1.1" 200 6979 "https://dazzlingwebplanet.co.uk/guide/policy/privacy.html?loknya=/vr/www/vhosts/dzzlingwebplnet.co.uk/././rightwy-dmin.dzzlingwebplnet.co.uk/imges/well-known/cme-chllenge/g/c/" "Mozilla/5.0 AppleWebKit/537.36 (KHTML, like Gecko; compatible; GPTBot/1.4; +https://openai.com/gptbot)"
216.73.216.7 - - [22/Sep/2026:06:42:28 +0000] "GET /m/K80101335/?loknya=%2Fvar%2Fwww%2Fvhosts%2Fdazzlingwebplanet.co.uk%2Fdazzlingwebplanet.co.uk%2Fwp-includes%2Frest-api HTTP/1.1" 200 7691 "-" "Mozilla/5.0 AppleWebKit/537.36 (KHTML, like Gecko; compatible; ClaudeBot/1.0; +claudebot@anthropic.com)"
57.141.0.56 - - [22/Sep/2026:06:42:28 +0000] "GET /m/K71280398/?loknya=/var/www/vhosts/dazzlingwebplanet.co.uk/etc HTTP/1.1" 200 7135 "-" "Mozilla/5.0 (Windows NT 10.0; Win64; x64) AppleWebKit/537.36 (KHTML, like Gecko) Chrome/145.0.0.0 Safari/537.36 (compatible; meta-externalagent/1.1 (+https://developers.facebook.com/docs/sharing/webmasters/crawler))"
216.73.216.7 - - [22/Sep/2026:06:42:28 +0000] "GET /m/K80740207/?loknya=%2Fvar%2Fwww%2Fvhosts%2Fdazzlingwebplanet.co.uk%2Fdazzlingwebplanet.co.uk%2Fwp-includes%2FText HTTP/1.1" 200 9632 "-" "Mozilla/5.0 AppleWebKit/537.36 (KHTML, like Gecko; compatible; ClaudeBot/1.0; +claudebot@anthropic.com)"
216.73.216.7 - - [22/Sep/2026:06:42:28 +0000] "GET /m/K61710933/?loknya=%2Fvar%2Fwww%2Fvhosts%2Fdazzlingwebplanet.co.uk%2Ftmp HTTP/1.1" 200 6874 "-" "Mozilla/5.0 AppleWebKit/537.36 (KHTML, like Gecko; compatible; ClaudeBot/1.0; +claudebot@anthropic.com)"
216.73.216.7 - - [22/Sep/2026:06:42:28 +0000] "GET /m/K61710933/?loknya=%2Fvar%2Fwww HTTP/1.1" 200 6784 "-" "Mozilla/5.0 AppleWebKit/537.36 (KHTML, like Gecko; compatible; ClaudeBot/1.0; +claudebot@anthropic.com)"
216.73.216.7 - - [22/Sep/2026:06:42:28 +0000] "GET /m/K62003741/?loknya=%2Fvar%2Fwww%2Fvhosts HTTP/1.1" 200 6795 "-" "Mozilla/5.0 AppleWebKit/537.36 (KHTML, like Gecko; compatible; ClaudeBot/1.0; +claudebot@anthropic.com)"
74.7.227.174 - - [22/Sep/2026:06:42:28 +0000] "GET /guide/policy/privacy.html?loknya=/var/www/vosts/dazzlingwebplanet.co.uk/././rigtway-admin.dazzlingwebplanet.co.uk/images/well-known/acme-callenge/g/a/g HTTP/1.1" 200 6989 "https://dazzlingwebplanet.co.uk/guide/policy/privacy.html?loknya=/var/www/vosts/dazzlingwebplanet.co.uk/././rigtway-admin.dazzlingwebplanet.co.uk/images/well-known/acme-callenge/g/a/g/" "Mozilla/5.0 AppleWebKit/537.36 (KHTML, like Gecko; compatible; GPTBot/1.4; +https://openai.com/gptbot)"
216.73.216.7 - - [22/Sep/2026:06:42:29 +0000] "GET /m/K80740207/?loknya=%2Fvar%2Fwww%2Fvhosts%2Fdazzlingwebplanet.co.uk%2Fdazzlingwebplanet.co.uk%2Fwp-includes%2Fphp-ai-client HTTP/1.1" 200 7248 "-" "Mozilla/5.0 AppleWebKit/537.36 (KHTML, like Gecko; compatible; ClaudeBot/1.0; +claudebot@anthropic.com)"
216.73.216.7 - - [22/Sep/2026:06:42:29 +0000] "GET /m/K80740207/?loknya=%2Fvar%2Fwww%2Fvhosts%2Fdazzlingwebplanet.co.uk%2Fdazzlingwebplanet.co.uk%2Fwp-includes%2Frest-api HTTP/1.1" 200 7691 "-" "Mozilla/5.0 AppleWebKit/537.36 (KHTML, like Gecko; compatible; ClaudeBot/1.0; +claudebot@anthropic.com)"
216.73.216.7 - - [22/Sep/2026:06:42:29 +0000] "GET /m/K62003741/?loknya=%2Fvar%2Fwww%2Fvhosts%2Fdazzlingwebplanet.co.uk%2Fdazzlingwebplanet.co.uk%2Fwp-includes%2Fphp-ai-client HTTP/1.1" 200 7248 "-" "Mozilla/5.0 AppleWebKit/537.36 (KHTML, like Gecko; compatible; ClaudeBot/1.0; +claudebot@anthropic.com)"
216.73.216.7 - - [22/Sep/2026:06:42:29 +0000] "GET /m/K22073625/?loknya=%2Fvar%2Fwww%2Fvhosts%2Fdazzlingwebplanet.co.uk%2Frightway.dazzlingwebplanet.com%2Fvendor%2Fphpunit HTTP/1.1" 200 7213 "-" "Mozilla/5.0 AppleWebKit/537.36 (KHTML, like Gecko; compatible; ClaudeBot/1.0; +claudebot@anthropic.com)"
216.73.216.7 - - [22/Sep/2026:06:42:29 +0000] "GET /m/K10154016/?loknya=%2Fvar%2Fwww%2Fvhosts%2Fdazzlingwebplanet.co.uk%2Fdazzlingwebplanet.co.uk%2Fwp-includes%2Fsodium_compat%2Fsrc HTTP/1.1" 200 7501 "-" "Mozilla/5.0 AppleWebKit/537.36 (KHTML, like Gecko; compatible; ClaudeBot/1.0; +claudebot@anthropic.com)"
74.7.227.174 - - [22/Sep/2026:06:42:29 +0000] "GET /guide/policy/privacy.html?loknya=/var/www/vhosts/dazzlingwebplanet.co.uk/././rightway-admin.dazzlingwebplanet.co.uk/images/well-known/acme-challenge/e/d/a/g HTTP/1.1" 200 7010 "https://dazzlingwebplanet.co.uk/guide/policy/privacy.html?loknya=/var/www/vhosts/dazzlingwebplanet.co.uk/././rightway-admin.dazzlingwebplanet.co.uk/images/well-known/acme-challenge/e/d/a" "Mozilla/5.0 AppleWebKit/537.36 (KHTML, like Gecko; compatible; GPTBot/1.4; +https://openai.com/gptbot)"
216.73.216.7 - - [22/Sep/2026:06:42:29 +0000] "GET /m/K70716798/?loknya=%2Fvar%2Fwww%2Fvhosts%2Fdazzlingwebplanet.co.uk%2Fdazzlingwebplanet.co.uk%2Fwp-includes%2Fcss HTTP/1.1" 200 8770 "-" "Mozilla/5.0 AppleWebKit/537.36 (KHTML, like Gecko; compatible; ClaudeBot/1.0; +claudebot@anthropic.com)"
216.73.216.7 - - [22/Sep/2026:06:42:29 +0000] "GET /m/K41495499/?loknya=%2Fvar%2Fwww%2Fvhosts%2Fdazzlingwebplanet.co.uk%2Fdazzlingwebplanet.co.uk%2Fwp-content%2Fplugins HTTP/1.1" 200 7808 "-" "Mozilla/5.0 AppleWebKit/537.36 (KHTML, like Gecko; compatible; ClaudeBot/1.0; +claudebot@anthropic.com)"
216.73.216.7 - - [22/Sep/2026:06:42:29 +0000] "GET /m/K80740207/?loknya=%2Fvar%2Fwww%2Fvhosts%2Fdazzlingwebplanet.co.uk%2Fdazzlingwebplanet.co.uk%2Fwp-includes%2FSimplePie HTTP/1.1" 200 7250 "-" "Mozilla/5.0 AppleWebKit/537.36 (KHTML, like Gecko; compatible; ClaudeBot/1.0; +claudebot@anthropic.com)"
216.73.216.7 - - [22/Sep/2026:06:42:29 +0000] "GET /m/K11190280/?loknya=%2Fvar%2Fwww%2Fvhosts%2Fdazzlingwebplanet.co.uk%2Fusr HTTP/1.1" 200 7033 "-" "Mozilla/5.0 AppleWebKit/537.36 (KHTML, like Gecko; compatible; ClaudeBot/1.0; +claudebot@anthropic.com)"
216.73.216.7 - - [22/Sep/2026:06:42:29 +0000] "GET /m/K62003741/?loknya=%2Fvar%2Fwww%2Fvhosts%2Fdazzlingwebplanet.co.uk%2Fdazzlingwebplanet.co.uk%2Fwp-includes%2FSimplePie HTTP/1.1" 200 7250 "-" "Mozilla/5.0 AppleWebKit/537.36 (KHTML, like Gecko; compatible; ClaudeBot/1.0; +claudebot@anthropic.com)"
216.73.216.7 - - [22/Sep/2026:06:42:29 +0000] "GET /m/K21789913/?loknya=%2Fvar%2Fwww%2Fvhosts%2Fdazzlingwebplanet.co.uk%2Fallinone.dazzlingwebplanet.co.uk%2Ftests%2FRepositories HTTP/1.1" 200 7244 "-" "Mozilla/5.0 AppleWebKit/537.36 (KHTML, like Gecko; compatible; ClaudeBot/1.0; +claudebot@anthropic.com)"
74.7.227.174 - - [22/Sep/2026:06:42:29 +0000] "GET /guide/policy/privacy.html?loknya=/var/www/vhosts/dazzlingwebplanet.co.uk/././rightway-admin.dazzlingwebplanet.co.uk/images/well-known/acme-challenge/e/d/a/c HTTP/1.1" 200 7007 "https://dazzlingwebplanet.co.uk/guide/policy/privacy.html?loknya=/var/www/vhosts/dazzlingwebplanet.co.uk/././rightway-admin.dazzlingwebplanet.co.uk/images/well-known/acme-challenge/e/d/a" "Mozilla/5.0 AppleWebKit/537.36 (KHTML, like Gecko; compatible; GPTBot/1.4; +https://openai.com/gptbot)"
216.73.216.7 - - [22/Sep/2026:06:42:30 +0000] "GET /m/K70716798/?lokasie=%2Fvar%2Fwww%2Fvhosts%2Fdazzlingwebplanet.co.uk%2Fdazzlingwebplanet.co.uk%2Fwp-includes%2F%2Fhttps-detection.php&loknya=%2Fvar%2Fwww%2Fvhosts%2Fdazzlingwebplanet.co.uk%2Fdazzlingwebplanet.co.uk%2Fwp-includes%2F HTTP/1.1" 200 8613 "-" "Mozilla/5.0 AppleWebKit/537.36 (KHTML, like Gecko; compatible; ClaudeBot/1.0; +claudebot@anthropic.com)"
216.73.216.7 - - [22/Sep/2026:06:42:30 +0000] "GET /m/K80101335/?loknya=%2Fvar%2Fwww%2Fvhosts%2Fdazzlingwebplanet.co.uk%2Fdazzlingwebplanet.co.uk%2Fwp-includes%2Fwidgets HTTP/1.1" 200 7958 "-" "Mozilla/5.0 AppleWebKit/537.36 (KHTML, like Gecko; compatible; ClaudeBot/1.0; +claudebot@anthropic.com)"
216.73.216.7 - - [22/Sep/2026:06:42:30 +0000] "GET /m/K80740207/?loknya=%2Fvar%2Fwww%2Fvhosts%2Fdazzlingwebplanet.co.uk%2Fdazzlingwebplanet.co.uk%2Fwp-includes%2FRequests HTTP/1.1" 200 7094 "-" "Mozilla/5.0 AppleWebKit/537.36 (KHTML, like Gecko; compatible; ClaudeBot/1.0; +claudebot@anthropic.com)"
57.141.0.8 - - [22/Sep/2026:06:42:30 +0000] "GET /m/K40786547/?loknya=/ HTTP/1.1" 200 6762 "-" "Mozilla/5.0 (Windows NT 10.0; Win64; x64) AppleWebKit/537.36 (KHTML, like Gecko) Chrome/145.0.0.0 Safari/537.36 (compatible; meta-externalagent/1.1 (+https://developers.facebook.com/docs/sharing/webmasters/crawler))"
216.73.216.7 - - [22/Sep/2026:06:42:30 +0000] "GET /m/K62003741/?loknya=%2Fvar%2Fwww%2Fvhosts%2Fdazzlingwebplanet.co.uk%2Fdazzlingwebplanet.co.uk%2Fwp-includes%2FRequests HTTP/1.1" 200 7094 "-" "Mozilla/5.0 AppleWebKit/537.36 (KHTML, like Gecko; compatible; ClaudeBot/1.0; +claudebot@anthropic.com)"
216.73.216.7 - - [22/Sep/2026:06:42:30 +0000] "GET /m/K41760131/?loknya=%2Fvar%2Fwww%2Fvhosts%2Fdazzlingwebplanet.co.uk%2Ftap2teach.dazzlingwebplanet.com%2Fresources%2Fviews%2Fusers HTTP/1.1" 200 7630 "-" "Mozilla/5.0 AppleWebKit/537.36 (KHTML, like Gecko; compatible; ClaudeBot/1.0; +claudebot@anthropic.com)"
74.7.227.174 - - [22/Sep/2026:06:42:30 +0000] "GET /guide/policy/privacy.html?loknya=/var/www/vosts/dazzlingwebplanet.co.uk/././rigtway-admin.dazzlingwebplanet.co.uk/images/well-known/acme-callenge/a/a/g HTTP/1.1" 200 6988 "https://dazzlingwebplanet.co.uk/guide/policy/privacy.html?loknya=/var/www/vosts/dazzlingwebplanet.co.uk/././rigtway-admin.dazzlingwebplanet.co.uk/images/well-known/acme-callenge/a/a/g/" "Mozilla/5.0 AppleWebKit/537.36 (KHTML, like Gecko; compatible; GPTBot/1.4; +https://openai.com/gptbot)"
216.73.216.7 - - [22/Sep/2026:06:42:30 +0000] "GET /m/K10154016/?loknya=%2Fvar%2Fwww%2Fvhosts%2Fdazzlingwebplanet.co.uk%2Fdazzlingwebplanet.co.uk%2Fwp-admin%2Fnetwork HTTP/1.1" 200 8369 "-" "Mozilla/5.0 AppleWebKit/537.36 (KHTML, like Gecko; compatible; ClaudeBot/1.0; +claudebot@anthropic.com)"
44.221.180.179 - - [22/Sep/2026:06:42:30 +0000] "GET /?loknya=/var/www/vhosts/dazzlingwebplanet.co.uk/allinone.dazzlingwebplanet.co.uk/thdypo1 HTTP/1.1" 200 7212 "-" "Mozilla/5.0 AppleWebKit/537.36 (KHTML, like Gecko; compatible; Amazonbot/0.1; +https://developer.amazon.com/support/amazonbot) Chrome/119.0.6045.214 Safari/537.36"
216.73.216.7 - - [22/Sep/2026:06:42:30 +0000] "GET /m/K80101335/?loknya=%2Fvar%2Fwww%2Fvhosts%2Fdazzlingwebplanet.co.uk%2Fdazzlingwebplanet.co.uk%2Fwp-includes%2Fstyle-engine HTTP/1.1" 200 7294 "-" "Mozilla/5.0 AppleWebKit/537.36 (KHTML, like Gecko; compatible; ClaudeBot/1.0; +claudebot@anthropic.com)"
216.73.216.7 - - [22/Sep/2026:06:42:30 +0000] "GET /m/K42014339/?loknya=%2Fvar%2Fwww%2Fvhosts%2Fdazzlingwebplanet.co.uk%2Fsacherconsultancy.com%2Fwp-includes%2F HTTP/1.1" 200 17233 "-" "Mozilla/5.0 AppleWebKit/537.36 (KHTML, like Gecko; compatible; ClaudeBot/1.0; +claudebot@anthropic.com)"
216.73.216.7 - - [22/Sep/2026:06:42:30 +0000] "GET /m/K70716798/?loknya=%2Fvar%2Fwww%2Fvhosts%2Fdazzlingwebplanet.co.uk%2Fdazzlingwebplanet.co.uk%2Fwp-includes%2Fphp-ai-client HTTP/1.1" 200 7248 "-" "Mozilla/5.0 AppleWebKit/537.36 (KHTML, like Gecko; compatible; ClaudeBot/1.0; +claudebot@anthropic.com)"
216.73.216.7 - - [22/Sep/2026:06:42:30 +0000] "GET /m/K70716798/?loknya=%2Fvar%2Fwww%2Fvhosts%2Fdazzlingwebplanet.co.uk%2Fdazzlingwebplanet.co.uk%2Fwp-includes%2Frest-api HTTP/1.1" 200 7691 "-" "Mozilla/5.0 AppleWebKit/537.36 (KHTML, like Gecko; compatible; ClaudeBot/1.0; +claudebot@anthropic.com)"
216.73.216.7 - - [22/Sep/2026:06:42:30 +0000] "GET /m/K10154016/?loknya=%2Fvar%2Fwww%2Fvhosts%2Fdazzlingwebplanet.co.uk%2Fdazzlingwebplanet.com%2F HTTP/1.1" 200 15497 "-" "Mozilla/5.0 AppleWebKit/537.36 (KHTML, like Gecko; compatible; ClaudeBot/1.0; +claudebot@anthropic.com)"
74.7.227.174 - - [22/Sep/2026:06:42:31 +0000] "GET /guide/policy/privacy.html?loknya=/var/www/vhosts/dazzlingwebplanet.co.uk/././rightway-admin.dazzlingwebplanet.co.uk/images/well-known/acme-challenge/c/a/e/g HTTP/1.1" 200 7013 "https://dazzlingwebplanet.co.uk/guide/policy/privacy.html?loknya=/var/www/vhosts/dazzlingwebplanet.co.uk/././rightway-admin.dazzlingwebplanet.co.uk/images/well-known/acme-challenge/c/a/e" "Mozilla/5.0 AppleWebKit/537.36 (KHTML, like Gecko; compatible; GPTBot/1.4; +https://openai.com/gptbot)"
216.73.216.7 - - [22/Sep/2026:06:42:31 +0000] "GET /m/K80740207/?loknya=%2Fvar%2Fwww%2Fvhosts%2Fdazzlingwebplanet.co.uk%2Fdazzlingwebplanet.co.uk%2Fwp-includes%2Fstyle-engine HTTP/1.1" 200 7294 "-" "Mozilla/5.0 AppleWebKit/537.36 (KHTML, like Gecko; compatible; ClaudeBot/1.0; +claudebot@anthropic.com)"
216.73.216.7 - - [22/Sep/2026:06:42:31 +0000] "GET /m/K10154016/?loknya=%2Fvar%2Fwww%2Fvhosts%2Fdazzlingwebplanet.co.uk%2Fdazzlingwebplanet.co.uk%2Fwp-includes%2Frest-api%2Fzuperhm HTTP/1.1" 200 7206 "-" "Mozilla/5.0 AppleWebKit/537.36 (KHTML, like Gecko; compatible; ClaudeBot/1.0; +claudebot@anthropic.com)"
216.73.216.7 - - [22/Sep/2026:06:42:31 +0000] "GET /m/K21789913/?loknya=%2Fvar%2Fwww%2Fvhosts%2Fdazzlingwebplanet.co.uk%2Findoukhub.dazzlingwebplanet.co.uk%2Fapp%2FExceptions HTTP/1.1" 200 7186 "-" "Mozilla/5.0 AppleWebKit/537.36 (KHTML, like Gecko; compatible; ClaudeBot/1.0; +claudebot@anthropic.com)"
216.73.216.7 - - [22/Sep/2026:06:42:31 +0000] "GET /m/K11190280/?loknya=%2Fvar%2Fwww%2Fvhosts%2Fdazzlingwebplanet.co.uk%2Fmg.dazzlingwebplanet.com HTTP/1.1" 200 13924 "-" "Mozilla/5.0 AppleWebKit/537.36 (KHTML, like Gecko; compatible; ClaudeBot/1.0; +claudebot@anthropic.com)"
216.73.216.7 - - [22/Sep/2026:06:42:31 +0000] "GET /m/K22073625/?loknya=%2Fvar%2Fwww%2Fvhosts%2Fdazzlingwebplanet.co.uk%2Frightway.dazzlingwebplanet.com%2Fdoc%2Fdoc%2Fdoc HTTP/1.1" 200 7277 "-" "Mozilla/5.0 AppleWebKit/537.36 (KHTML, like Gecko; compatible; ClaudeBot/1.0; +claudebot@anthropic.com)"
74.7.227.174 - - [22/Sep/2026:06:42:31 +0000] "GET /guide/policy/privacy.html?loknya=/var/www/vhosts/dazzlingwebplanet.co.uk/././rightway-admin.dazzlingwebplanet.co.uk/images/well-known/acme-challenge/e/d/a/h HTTP/1.1" 200 7006 "https://dazzlingwebplanet.co.uk/guide/policy/privacy.html?loknya=/var/www/vhosts/dazzlingwebplanet.co.uk/././rightway-admin.dazzlingwebplanet.co.uk/images/well-known/acme-challenge/e/d/a" "Mozilla/5.0 AppleWebKit/537.36 (KHTML, like Gecko; compatible; GPTBot/1.4; +https://openai.com/gptbot)"
216.73.216.7 - - [22/Sep/2026:06:42:31 +0000] "GET /m/K51048380/?loknya=%2Fvar%2Fwww%2Fvhosts%2Fdazzlingwebplanet.co.uk%2Fdazzlingwebplanet.co.uk%2Fwp-content%2Fplugins%2Frs_framework%2Finc HTTP/1.1" 200 7087 "-" "Mozilla/5.0 AppleWebKit/537.36 (KHTML, like Gecko; compatible; ClaudeBot/1.0; +claudebot@anthropic.com)"
216.73.216.7 - - [22/Sep/2026:06:42:31 +0000] "GET /m/K80101335/?loknya=%2Fvar%2Fwww%2Fvhosts%2Fdazzlingwebplanet.co.uk%2Fdazzlingwebplanet.co.uk%2Fwp-includes%2Fblocks HTTP/1.1" 200 13751 "-" "Mozilla/5.0 AppleWebKit/537.36 (KHTML, like Gecko; compatible; ClaudeBot/1.0; +claudebot@anthropic.com)"
216.73.216.7 - - [22/Sep/2026:06:42:31 +0000] "GET /m/K80101335/?loknya=%2Fvar%2Fwww%2Fvhosts%2Fdazzlingwebplanet.co.uk%2Fdazzlingwebplanet.co.uk%2Fwp-includes%2Fsitemaps%2Ftmj1uaz HTTP/1.1" 200 7228 "-" "Mozilla/5.0 AppleWebKit/537.36 (KHTML, like Gecko; compatible; ClaudeBot/1.0; +claudebot@anthropic.com)"
216.73.216.7 - - [22/Sep/2026:06:42:31 +0000] "GET /m/K21789913/?loknya=%2Fvar%2Fwww%2Fvhosts%2Fdazzlingwebplanet.co.uk%2Findoukhub.dazzlingwebplanet.co.uk%2Ftests%2FUnit HTTP/1.1" 200 7186 "-" "Mozilla/5.0 AppleWebKit/537.36 (KHTML, like Gecko; compatible; ClaudeBot/1.0; +claudebot@anthropic.com)"
216.73.216.7 - - [22/Sep/2026:06:42:31 +0000] "GET /m/K10154016/?loknya=%2Fvar%2Fwww%2Fvhosts%2Fdazzlingwebplanet.co.uk%2Fdazzlingwebplanet.co.uk%2Fwp-includes%2FText%2Fjry1ixt%2F HTTP/1.1" 200 7216 "-" "Mozilla/5.0 AppleWebKit/537.36 (KHTML, like Gecko; compatible; ClaudeBot/1.0; +claudebot@anthropic.com)"
216.73.216.7 - - [22/Sep/2026:06:42:31 +0000] "GET /m/K42014339/?loknya=%2Fvar%2Fwww%2Fvhosts%2Fdazzlingwebplanet.co.uk%2Fdazzlingwebplanet.com%2Febmhkf1%2F HTTP/1.1" 200 7197 "-" "Mozilla/5.0 AppleWebKit/537.36 (KHTML, like Gecko; compatible; ClaudeBot/1.0; +claudebot@anthropic.com)"
74.7.227.174 - - [22/Sep/2026:06:42:32 +0000] "GET /guide/policy/privacy.html?loknya=/var/www/vhosts/dazzlingwebplanet.co.uk/././rightway-admin.dazzlingwebplanet.co.uk/images/well-known/acme-challenge/c/a/e/d HTTP/1.1" 200 7008 "https://dazzlingwebplanet.co.uk/guide/policy/privacy.html?loknya=/var/www/vhosts/dazzlingwebplanet.co.uk/././rightway-admin.dazzlingwebplanet.co.uk/images/well-known/acme-challenge/c/a/e" "Mozilla/5.0 AppleWebKit/537.36 (KHTML, like Gecko; compatible; GPTBot/1.4; +https://openai.com/gptbot)"
216.73.216.7 - - [22/Sep/2026:06:42:32 +0000] "GET /m/K70716798/?loknya=%2Fvar%2Fwww%2Fvhosts%2Fdazzlingwebplanet.co.uk%2Fdazzlingwebplanet.co.uk%2Fwp-includes%2FText%2Fozkdaft HTTP/1.1" 200 7075 "-" "Mozilla/5.0 AppleWebKit/537.36 (KHTML, like Gecko; compatible; ClaudeBot/1.0; +claudebot@anthropic.com)"
57.141.0.38 - - [22/Sep/2026:06:42:32 +0000] "GET /m/K52359756/?loknya=/var/www/vhosts/dazzlingwebplanet.co.uk/allinone.dazzlingwebplanet.co.uk/epruzoq HTTP/1.1" 200 7211 "-" "Mozilla/5.0 (Windows NT 10.0; Win64; x64) AppleWebKit/537.36 (KHTML, like Gecko) Chrome/145.0.0.0 Safari/537.36 (compatible; meta-externalagent/1.1 (+https://developers.facebook.com/docs/sharing/webmasters/crawler))"
216.73.216.7 - - [22/Sep/2026:06:42:32 +0000] "GET /m/K21789913/?loknya=%2Fvar%2Fwww%2Fvhosts%2Fdazzlingwebplanet.co.uk%2Findoukhub.dazzlingwebplanet.co.uk%2Ftests%2FRepositories HTTP/1.1" 200 7582 "-" "Mozilla/5.0 AppleWebKit/537.36 (KHTML, like Gecko; compatible; ClaudeBot/1.0; +claudebot@anthropic.com)"
216.73.216.7 - - [22/Sep/2026:06:42:32 +0000] "GET /m/K22043009/?loknya=%2Fvar%2Fwww%2Fvhosts%2Fdazzlingwebplanet.co.uk%2Frightway-admin.dazzlingwebplanet.co.uk%2Fbootstrap%2F HTTP/1.1" 200 7304 "-" "Mozilla/5.0 AppleWebKit/537.36 (KHTML, like Gecko; compatible; ClaudeBot/1.0; +claudebot@anthropic.com)"
216.73.216.7 - - [22/Sep/2026:06:42:32 +0000] "GET /m/K62003741/?loknya=%2Fvar%2Fwww%2Fvhosts%2Fdazzlingwebplanet.co.uk%2Fdazzlingwebplanet.co.uk%2Fwp-admin%2Fjs HTTP/1.1" 200 10789 "-" "Mozilla/5.0 AppleWebKit/537.36 (KHTML, like Gecko; compatible; ClaudeBot/1.0; +claudebot@anthropic.com)"
216.73.216.7 - - [22/Sep/2026:06:42:32 +0000] "GET /m/K51048380/?lokasie=%2Fvar%2Fwww%2Fvhosts%2Fdazzlingwebplanet.co.uk%2Fdazzlingwebplanet.co.uk%2Fwp-admin%2Fcss%2Fcode-editor.min.css&loknya=%2Fvar%2Fwww%2Fvhosts%2Fdazzlingwebplanet.co.uk%2Fdazzlingwebplanet.co.uk%2Fwp-admin%2Fcss HTTP/1.1" 200 7102 "-" "Mozilla/5.0 AppleWebKit/537.36 (KHTML, like Gecko; compatible; ClaudeBot/1.0; +claudebot@anthropic.com)"
74.7.227.174 - - [22/Sep/2026:06:42:32 +0000] "GET /guide/policy/privacy.html?loknya=/var/www/vhosts/dazzlingwebplanet.co.uk/././rightway-admin.dazzlingwebplanet.co.uk/images/well-known/acme-challenge/c/a/e/c HTTP/1.1" 200 7009 "https://dazzlingwebplanet.co.uk/guide/policy/privacy.html?loknya=/var/www/vhosts/dazzlingwebplanet.co.uk/././rightway-admin.dazzlingwebplanet.co.uk/images/well-known/acme-challenge/c/a/e" "Mozilla/5.0 AppleWebKit/537.36 (KHTML, like Gecko; compatible; GPTBot/1.4; +https://openai.com/gptbot)"
216.73.216.7 - - [22/Sep/2026:06:42:32 +0000] "GET /m/K80740207/?loknya=%2Fvar%2Fwww%2Fvhosts%2Fdazzlingwebplanet.co.uk%2Fdazzlingwebplanet.co.uk%2Fwp-includes%2Fblocks HTTP/1.1" 200 13751 "-" "Mozilla/5.0 AppleWebKit/537.36 (KHTML, like Gecko; compatible; ClaudeBot/1.0; +claudebot@anthropic.com)"
216.73.216.7 - - [22/Sep/2026:06:42:32 +0000] "GET /m/K70716798/?loknya=%2Fvar%2Fwww%2Fvhosts%2Fdazzlingwebplanet.co.uk%2Fdazzlingwebplanet.co.uk%2Fwp-includes%2FRequests HTTP/1.1" 200 7094 "-" "Mozilla/5.0 AppleWebKit/537.36 (KHTML, like Gecko; compatible; ClaudeBot/1.0; +claudebot@anthropic.com)"
216.73.216.7 - - [22/Sep/2026:06:42:32 +0000] "GET /m/K10154016/?loknya=%2Fvar%2Fwww%2Fvhosts%2Fdazzlingwebplanet.co.uk%2Fdazzlingwebplanet.com%2Fwp-admin__63960d3%2Fnetwork HTTP/1.1" 200 8354 "-" "Mozilla/5.0 AppleWebKit/537.36 (KHTML, like Gecko; compatible; ClaudeBot/1.0; +claudebot@anthropic.com)"
216.73.216.7 - - [22/Sep/2026:06:42:32 +0000] "GET /m/K11190280/?loknya=%2Fvar%2Fwww%2Fvhosts%2Fdazzlingwebplanet.co.uk%2F.composer HTTP/1.1" 200 7369 "-" "Mozilla/5.0 AppleWebKit/537.36 (KHTML, like Gecko; compatible; ClaudeBot/1.0; +claudebot@anthropic.com)"
216.73.216.7 - - [22/Sep/2026:06:42:32 +0000] "GET /m/K80740207/?loknya=%2Fvar%2Fwww%2Fvhosts%2Fdazzlingwebplanet.co.uk HTTP/1.1" 200 8689 "-" "Mozilla/5.0 AppleWebKit/537.36 (KHTML, like Gecko; compatible; ClaudeBot/1.0; +claudebot@anthropic.com)"
74.7.227.174 - - [22/Sep/2026:06:42:32 +0000] "GET /guide/policy/privacy.html?loknya=/var/www/vhosts/dazzlingwebplanet.co.uk/././rightway-admin.dazzlingwebplanet.co.uk/images/well-known/acme-challenge/e/d/a/a HTTP/1.1" 200 7016 "https://dazzlingwebplanet.co.uk/guide/policy/privacy.html?loknya=/var/www/vhosts/dazzlingwebplanet.co.uk/././rightway-admin.dazzlingwebplanet.co.uk/images/well-known/acme-challenge/e/d/a" "Mozilla/5.0 AppleWebKit/537.36 (KHTML, like Gecko; compatible; GPTBot/1.4; +https://openai.com/gptbot)"
216.73.216.7 - - [22/Sep/2026:06:42:32 +0000] "GET /m/K61710933/?loknya=%2Fvar%2Fwww%2Fvhosts%2Fdazzlingwebplanet.co.uk%2Fmg.dazzlingwebplanet.com HTTP/1.1" 200 13924 "-" "Mozilla/5.0 AppleWebKit/537.36 (KHTML, like Gecko; compatible; ClaudeBot/1.0; +claudebot@anthropic.com)"
216.73.216.7 - - [22/Sep/2026:06:42:33 +0000] "GET /m/K80740207/?loknya=%2Fvar%2Fwww%2Fvhosts%2Fdazzlingwebplanet.co.uk%2Fdazzlingwebplanet.co.uk%2Fwp-includes%2Fblock-bindings HTTP/1.1" 200 7277 "-" "Mozilla/5.0 AppleWebKit/537.36 (KHTML, like Gecko; compatible; ClaudeBot/1.0; +claudebot@anthropic.com)"
216.73.216.7 - - [22/Sep/2026:06:42:33 +0000] "GET /m/K62003741/?loknya=%2Fvar%2Fwww%2Fvhosts%2Fdazzlingwebplanet.co.uk HTTP/1.1" 200 8689 "-" "Mozilla/5.0 AppleWebKit/537.36 (KHTML, like Gecko; compatible; ClaudeBot/1.0; +claudebot@anthropic.com)"
16.216.88.198 - - [22/Sep/2026:06:42:33 +0000] "GET /services/?loknya=/var/www/vhosts/dazzlingwebplanet.co.uk/rightway-admin.dazzlingwebplanet.co.uk/vendor/monolog HTTP/1.1" 200 7199 "-" "Mozilla/5.0 AppleWebKit/537.36 (KHTML, like Gecko; compatible; Reflectionbot/1.0; +https://reflection.ai/bot) Chrome/151.0.0.0 Safari/537.36"
216.73.216.7 - - [22/Sep/2026:06:42:33 +0000] "GET /m/K41760131/?loknya=%2Fvar%2Fwww%2Fvhosts%2Fdazzlingwebplanet.co.uk%2Ftap2teach.dazzlingwebplanet.com%2Fresources%2F HTTP/1.1" 200 7371 "-" "Mozilla/5.0 AppleWebKit/537.36 (KHTML, like Gecko; compatible; ClaudeBot/1.0; +claudebot@anthropic.com)"
216.73.216.7 - - [22/Sep/2026:06:42:33 +0000] "GET /m/K41760131/?loknya=%2Fvar%2Fwww%2Fvhosts%2Fdazzlingwebplanet.co.uk%2Ftap2teach.dazzlingwebplanet.com%2Fztpqobj%2F HTTP/1.1" 200 7214 "-" "Mozilla/5.0 AppleWebKit/537.36 (KHTML, like Gecko; compatible; ClaudeBot/1.0; +claudebot@anthropic.com)"
216.73.216.7 - - [22/Sep/2026:06:42:33 +0000] "GET /m/K10154016/?loknya=%2Fvar%2Fwww%2Fvhosts%2Fdazzlingwebplanet.co.uk%2Fdazzlingwebplanet.com%2Fwp-admin__63960d3%2Fincludes HTTP/1.1" 200 11222 "-" "Mozilla/5.0 AppleWebKit/537.36 (KHTML, like Gecko; compatible; ClaudeBot/1.0; +claudebot@anthropic.com)"
216.73.216.7 - - [22/Sep/2026:06:42:33 +0000] "GET /m/K22073625/?loknya=%2Fvar%2Fwww%2Fvhosts%2Fdazzlingwebplanet.co.uk%2Frightway.dazzlingwebplanet.com%2Ftest%2Ffcgi HTTP/1.1" 200 7313 "-" "Mozilla/5.0 AppleWebKit/537.36 (KHTML, like Gecko; compatible; ClaudeBot/1.0; +claudebot@anthropic.com)"
74.7.227.174 - - [22/Sep/2026:06:42:33 +0000] "GET /guide/policy/privacy.html?loknya=/var/www/vhosts/dazzlingwebplanet.co.uk/././rightway-admin.dazzlingwebplanet.co.uk/images/well-known/acme-challenge/e/d/a/d HTTP/1.1" 200 7004 "https://dazzlingwebplanet.co.uk/guide/policy/privacy.html?loknya=/var/www/vhosts/dazzlingwebplanet.co.uk/././rightway-admin.dazzlingwebplanet.co.uk/images/well-known/acme-challenge/e/d/a" "Mozilla/5.0 AppleWebKit/537.36 (KHTML, like Gecko; compatible; GPTBot/1.4; +https://openai.com/gptbot)"
216.73.216.7 - - [22/Sep/2026:06:42:33 +0000] "GET /m/K80740207/?loknya=%2Fvar%2Fwww%2Fvhosts%2Fdazzlingwebplanet.co.uk%2Fdazzlingwebplanet.co.uk%2Fwp-includes%2FIXR HTTP/1.1" 200 7538 "-" "Mozilla/5.0 AppleWebKit/537.36 (KHTML, like Gecko; compatible; ClaudeBot/1.0; +claudebot@anthropic.com)"
216.73.216.7 - - [22/Sep/2026:06:42:33 +0000] "GET /m/K22043009/?loknya=%2Fvar%2Fwww%2Fvhosts%2Fdazzlingwebplanet.co.uk%2Fmg.dazzlingwebplanet.com%2Fxonidyf%2F HTTP/1.1" 200 7205 "-" "Mozilla/5.0 AppleWebKit/537.36 (KHTML, like Gecko; compatible; ClaudeBot/1.0; +claudebot@anthropic.com)"
216.73.216.7 - - [22/Sep/2026:06:42:33 +0000] "GET /m/K70716798/?loknya=%2Fvar%2Fwww%2Fvhosts%2Fdazzlingwebplanet.co.uk%2Fdazzlingwebplanet.co.uk%2Fwp-includes%2FText%2Foct1vus HTTP/1.1" 200 7215 "-" "Mozilla/5.0 AppleWebKit/537.36 (KHTML, like Gecko; compatible; ClaudeBot/1.0; +claudebot@anthropic.com)"
216.73.216.7 - - [22/Sep/2026:06:42:33 +0000] "GET /m/K22073625/?loknya=%2Fvar%2Fwww%2Fvhosts%2Fdazzlingwebplanet.co.uk%2Fdazzlingwebplanet.com%2Fwp-admin__63960d3%2Fnetwork HTTP/1.1" 200 8354 "-" "Mozilla/5.0 AppleWebKit/537.36 (KHTML, like Gecko; compatible; ClaudeBot/1.0; +claudebot@anthropic.com)"
74.7.227.174 - - [22/Sep/2026:06:42:33 +0000] "GET /guide/policy/privacy.html?loknya=/var/www/vhosts/dazzlingwebplanet.co.uk/././rightway-admin.dazzlingwebplanet.co.uk/images/well-known/acme-challenge/a/a/c/c HTTP/1.1" 200 7003 "https://dazzlingwebplanet.co.uk/guide/policy/privacy.html?loknya=/var/www/vhosts/dazzlingwebplanet.co.uk/././rightway-admin.dazzlingwebplanet.co.uk/images/well-known/acme-challenge/a/a/c" "Mozilla/5.0 AppleWebKit/537.36 (KHTML, like Gecko; compatible; GPTBot/1.4; +https://openai.com/gptbot)"
216.73.216.7 - - [22/Sep/2026:06:42:33 +0000] "GET /m/K61710933/?loknya=%2Fvar%2Fwww%2Fvhosts%2Fdazzlingwebplanet.co.uk%2Ftap2teach.dazzlingwebplanet.com HTTP/1.1" 200 14571 "-" "Mozilla/5.0 AppleWebKit/537.36 (KHTML, like Gecko; compatible; ClaudeBot/1.0; +claudebot@anthropic.com)"
216.73.216.7 - - [22/Sep/2026:06:42:34 +0000] "GET /m/K10154016/?loknya=%2Fvar%2Fwww%2Fvhosts%2Fdazzlingwebplanet.co.uk%2Fdazzlingwebplanet.com%2Fwp-admin__63960d3%2Fuser HTTP/1.1" 200 7502 "-" "Mozilla/5.0 AppleWebKit/537.36 (KHTML, like Gecko; compatible; ClaudeBot/1.0; +claudebot@anthropic.com)"
57.141.0.62 - - [22/Sep/2026:06:42:34 +0000] "GET /m/K70910918/?loknya=/var/www/vhosts/dazzlingwebplanet.co.uk HTTP/1.1" 200 8690 "-" "Mozilla/5.0 (Windows NT 10.0; Win64; x64) AppleWebKit/537.36 (KHTML, like Gecko) Chrome/145.0.0.0 Safari/537.36 (compatible; meta-externalagent/1.1 (+https://developers.facebook.com/docs/sharing/webmasters/crawler))"
74.7.227.174 - - [22/Sep/2026:06:42:34 +0000] "GET /guide/policy/privacy.html?loknya=/var/www/vhosts/dazzlingwebplanet.co.uk/././rightway-admin.dazzlingwebplanet.co.uk/images/well-known/acme-challenge/e/h/a/a HTTP/1.1" 200 7016 "https://dazzlingwebplanet.co.uk/guide/policy/privacy.html?loknya=/var/www/vhosts/dazzlingwebplanet.co.uk/././rightway-admin.dazzlingwebplanet.co.uk/images/well-known/acme-challenge/e/h/a" "Mozilla/5.0 AppleWebKit/537.36 (KHTML, like Gecko; compatible; GPTBot/1.4; +https://openai.com/gptbot)"
18.235.158.19 - - [22/Sep/2026:06:42:34 +0000] "GET /portfolios/autodata-online-garage-management/?loknya=/var/www/vosts/dazzlingwbplant.co.uk/indoukub.dazzlingwbplant.co.uk/public/wll-known/acm-callng HTTP/1.1" 200 6941 "-" "Mozilla/5.0 AppleWebKit/537.36 (KHTML, like Gecko; compatible; Amazonbot/0.1; +https://developer.amazon.com/support/amazonbot) Chrome/119.0.6045.214 Safari/537.36"
57.141.0.18 - - [22/Sep/2026:06:42:34 +0000] "GET /m/K41389723/?loknya=/var/www/vhosts/dazzlingwebplanet.co.uk/usr HTTP/1.1" 200 7035 "-" "Mozilla/5.0 (Windows NT 10.0; Win64; x64) AppleWebKit/537.36 (KHTML, like Gecko) Chrome/145.0.0.0 Safari/537.36 (compatible; meta-externalagent/1.1 (+https://developers.facebook.com/docs/sharing/webmasters/crawler))"
74.7.227.174 - - [22/Sep/2026:06:42:35 +0000] "GET /guide/policy/privacy.html?loknya=/var/www/vhosts/dazzlinwebplanet.co.uk/././rihtway-admin.dazzlinwebplanet.co.uk/imaes/well-known/acme-challene/e/d/a/ HTTP/1.1" 200 7000 "https://dazzlingwebplanet.co.uk/guide/policy/privacy.html?loknya=/var/www/vhosts/dazzlingwebplanet.co.uk/././rightway-admin.dazzlingwebplanet.co.uk/images/well-known/acme-challenge/e/d/a/g" "Mozilla/5.0 AppleWebKit/537.36 (KHTML, like Gecko; compatible; GPTBot/1.4; +https://openai.com/gptbot)"
43.172.195.250 - - [22/Sep/2026:06:42:35 +0000] "GET /author/dwp-admin?loknya=/var/www/vhosts/dazzlingwebplanet.co.uk/rightway-admin.dazzlingwebplanet.co.uk/rnizsej/1hlbmxk HTTP/1.1" 200 7246 "-" "Mozilla/5.0 (Windows NT 10.0; Win64; x64) AppleWebKit/537.36 (KHTML, like Gecko) Chrome/104.0.5112.81 Safari/537.36"
43.172.197.148 - - [22/Sep/2026:06:42:35 +0000] "GET /wp-json/oembed/1.0/embed?lokasie=/var/www/vhosts/dazzlingwebplanet.co.uk/rightway-admin.dazzlingwebplanet.co.uk/public/storage/assesment/1644959329.png&loknya=/var/www/vhosts/dazzlingwebplanet.co.uk/rightway-admin.dazzlingwebplanet.co.uk/public/storage/assesment HTTP/1.1" 200 6656 "-" "Mozilla/5.0 (Windows NT 10.0; Win64; x64) AppleWebKit/537.36 (KHTML, like Gecko) Chrome/124.0.0.0 Safari/537.36"
74.7.227.174 - - [22/Sep/2026:06:42:35 +0000] "GET /guide/policy/privacy.html?loknya=/var/www/vhosts/dazzlingwebplanet.o.uk/././rightway-admin.dazzlingwebplanet.o.uk/images/well-known/ame-hallenge/e/d/a/ HTTP/1.1" 200 7002 "https://dazzlingwebplanet.co.uk/guide/policy/privacy.html?loknya=/var/www/vhosts/dazzlingwebplanet.co.uk/././rightway-admin.dazzlingwebplanet.co.uk/images/well-known/acme-challenge/e/d/a/c" "Mozilla/5.0 AppleWebKit/537.36 (KHTML, like Gecko; compatible; GPTBot/1.4; +https://openai.com/gptbot)"
43.173.174.7 - - [22/Sep/2026:06:42:35 +0000] "GET /product-tag/headphone?loknya=/var/www/vhosts/dazzlingwebplanet.co.uk/rightway-admin.dazzlingwebplanet.co.uk/axnbkvw/jagtlmd/vxkmieg HTTP/1.1" 200 7175 "-" "Mozilla/5.0 (Windows NT 10.0; Win64; x64) AppleWebKit/537.36 (KHTML, like Gecko) Chrome/117.0.0.0 Safari/537.36"
43.173.178.38 - - [22/Sep/2026:06:42:35 +0000] "GET /product-tag/fruit-bag?lokasie=/var/www/vhosts/dazzlingwebplanet.co.uk/dazzlingwebplanet.co.uk/wp-content/uploads/2019/11/gallery2-500x500.jpg&loknya=/var/www/vhosts/dazzlingwebplanet.co.uk/dazzlingwebplanet.co.uk/wp-content/uploads/2019/11 HTTP/1.1" 200 6645 "-" "Mozilla/5.0 (Windows NT 10.0; Win64; x64) AppleWebKit/537.36 (KHTML, like Gecko) Chrome/104.0.5112.81 Safari/537.36"
43.173.180.151 - - [22/Sep/2026:06:42:35 +0000] "GET /product-tag/fruit-bag?lokasie=/var/www/vhosts/dazzlingwebplanet.co.uk/logs/allinone.dazzlingwebplanet.co.uk/access_ssl_log.webstat&loknya=/var/www/vhosts/dazzlingwebplanet.co.uk/logs/allinone.dazzlingwebplanet.co.uk HTTP/1.1" 200 6618 "-" "Mozilla/5.0 (Windows NT 10.0; Win64; x64) AppleWebKit/537.36 (KHTML, like Gecko) Chrome/120.0.0.0 Safari/537.36"
74.7.227.174 - - [22/Sep/2026:06:42:35 +0000] "GET /guide/policy/privacy.html?loknya=/var/www/vhosts/dazzlingwebplanet.co.uk/././rightway-admin.dazzlingwebplanet.co.uk/images/well-known/acme-challenge/c/a/c/c HTTP/1.1" 200 7004 "https://dazzlingwebplanet.co.uk/guide/policy/privacy.html?loknya=/var/www/vhosts/dazzlingwebplanet.co.uk/././rightway-admin.dazzlingwebplanet.co.uk/images/well-known/acme-challenge/c/a/c" "Mozilla/5.0 AppleWebKit/537.36 (KHTML, like Gecko; compatible; GPTBot/1.4; +https://openai.com/gptbot)"
74.7.227.174 - - [22/Sep/2026:06:42:36 +0000] "GET /guide/policy/privacy.html?loknya=/var/www/vhosts/dazzlinwebplanet.co.uk/././rihtway-admin.dazzlinwebplanet.co.uk/imaes/well-known/acme-challene/c/a/e/ HTTP/1.1" 200 6997 "https://dazzlingwebplanet.co.uk/guide/policy/privacy.html?loknya=/var/www/vhosts/dazzlingwebplanet.co.uk/././rightway-admin.dazzlingwebplanet.co.uk/images/well-known/acme-challenge/c/a/e/g" "Mozilla/5.0 AppleWebKit/537.36 (KHTML, like Gecko; compatible; GPTBot/1.4; +https://openai.com/gptbot)"
57.141.0.3 - - [22/Sep/2026:06:42:36 +0000] "GET /m/K62293205/?loknya=/var/www/vhosts HTTP/1.1" 200 6795 "-" "Mozilla/5.0 (Macintosh; Intel Mac OS X 10_15_7) AppleWebKit/537.36 (KHTML, like Gecko) Chrome/145.0.0.0 Safari/537.36 (compatible; meta-externalagent/1.1 (+https://developers.facebook.com/docs/sharing/webmasters/crawler))"
74.7.227.174 - - [22/Sep/2026:06:42:37 +0000] "GET /guide/policy/privacy.html?loknya=/var/www/vosts/dazzlingwebplanet.co.uk/././rigtway-admin.dazzlingwebplanet.co.uk/images/well-known/acme-callenge/e/d/a/ HTTP/1.1" 200 7003 "https://dazzlingwebplanet.co.uk/guide/policy/privacy.html?loknya=/var/www/vhosts/dazzlingwebplanet.co.uk/././rightway-admin.dazzlingwebplanet.co.uk/images/well-known/acme-challenge/e/d/a/h" "Mozilla/5.0 AppleWebKit/537.36 (KHTML, like Gecko; compatible; GPTBot/1.4; +https://openai.com/gptbot)"
74.7.227.174 - - [22/Sep/2026:06:42:37 +0000] "GET /guide/policy/privacy.html?loknya=/var/www/vhosts/azzlingwebplanet.co.uk/././rightway-amin.azzlingwebplanet.co.uk/images/well-known/acme-challenge/c/a/e/ HTTP/1.1" 200 7003 "https://dazzlingwebplanet.co.uk/guide/policy/privacy.html?loknya=/var/www/vhosts/dazzlingwebplanet.co.uk/././rightway-admin.dazzlingwebplanet.co.uk/images/well-known/acme-challenge/c/a/e/d" "Mozilla/5.0 AppleWebKit/537.36 (KHTML, like Gecko; compatible; GPTBot/1.4; +https://openai.com/gptbot)"
57.141.0.46 - - [22/Sep/2026:06:42:37 +0000] "GET /m/K20608761/?loknya=/var/www/vhosts/dazzlingwebplanet.co.uk HTTP/1.1" 200 8690 "-" "Mozilla/5.0 (Windows NT 10.0; Win64; x64) AppleWebKit/537.36 (KHTML, like Gecko) Chrome/145.0.0.0 Safari/537.36 (compatible; meta-externalagent/1.1 (+https://developers.facebook.com/docs/sharing/webmasters/crawler))"
74.7.227.174 - - [22/Sep/2026:06:42:37 +0000] "GET /guide/policy/privacy.html?loknya=/var/www/vhosts/dazzlingwebplanet.o.uk/././rightway-admin.dazzlingwebplanet.o.uk/images/well-known/ame-hallenge/a/e/ HTTP/1.1" 200 6993 "https://dazzlingwebplanet.co.uk/guide/policy/privacy.html?loknya=/var/www/vhosts/dazzlingwebplanet.co.uk/././rightway-admin.dazzlingwebplanet.co.uk/images/well-known/acme-challenge/c/a/e/c" "Mozilla/5.0 AppleWebKit/537.36 (KHTML, like Gecko; compatible; GPTBot/1.4; +https://openai.com/gptbot)"
57.131.13.95 - - [22/Sep/2026:06:42:38 +0000] "GET /wp-includes/home.html HTTP/1.1" 200 9293 "-" "Mozilla/5.0 (Linux; Android 10; K) AppleWebKit/537.36 (KHTML, like Gecko) Chrome/147.0.0.0 Mobile Safari/537.36"
74.7.227.174 - - [22/Sep/2026:06:42:38 +0000] "GET /guide/policy/privacy.html?loknya=/var/www/vhosts/dazzlingwebplanet.co.uk/././rightway-admin.dazzlingwebplanet.co.uk/images/well-known/acme-challenge/a/a/a/e HTTP/1.1" 200 7012 "https://dazzlingwebplanet.co.uk/guide/policy/privacy.html?loknya=/var/www/vhosts/dazzlingwebplanet.co.uk/././rightway-admin.dazzlingwebplanet.co.uk/images/well-known/acme-challenge/a/a/a" "Mozilla/5.0 AppleWebKit/537.36 (KHTML, like Gecko; compatible; GPTBot/1.4; +https://openai.com/gptbot)"
3.90.73.206 - - [22/Sep/2026:06:42:38 +0000] "GET /?loknya=/vr/www/vosts/zzlingwebplnet.co.uk/./zzlingwebplnet.com/well-known/pki-vlition/ HTTP/1.1" 200 6928 "-" "Mozilla/5.0 AppleWebKit/537.36 (KHTML, like Gecko; compatible; Amazonbot/0.1; +https://developer.amazon.com/support/amazonbot) Chrome/119.0.6045.214 Safari/537.36"
135.136.23.210 - - [22/Sep/2026:06:42:38 +0000] "GET /wp-includes/home.html HTTP/1.1" 200 9294 "-" "Mozilla/5.0 (Linux; Android 10; K) AppleWebKit/537.36 (KHTML, like Gecko) Chrome/147.0.0.0 Mobile Safari/537.36"
51.91.156.252 - - [22/Sep/2026:06:42:38 +0000] "GET /wp-includes/home.html HTTP/1.1" 200 9293 "-" "Mozilla/5.0 (Linux; Android 10; K) AppleWebKit/537.36 (KHTML, like Gecko) Chrome/147.0.0.0 Mobile Safari/537.36"
74.7.227.174 - - [22/Sep/2026:06:42:39 +0000] "GET /guide/policy/privacy.html?loknya=/var/www/vhosts/dazzlingwebplanet.co.uk/././rightway-admin.dazzlingwebplanet.co.uk/images/well-known/acme-challenge/a/e/d/b HTTP/1.1" 200 7006 "https://dazzlingwebplanet.co.uk/guide/policy/privacy.html?loknya=/var/www/vhosts/dazzlingwebplanet.co.uk/././rightway-admin.dazzlingwebplanet.co.uk/images/well-known/acme-challenge/a/e/d" "Mozilla/5.0 AppleWebKit/537.36 (KHTML, like Gecko; compatible; GPTBot/1.4; +https://openai.com/gptbot)"
74.7.227.174 - - [22/Sep/2026:06:42:39 +0000] "GET /guide/policy/privacy.html?loknya=/var/www/vhosts/dazzlingwebplanet.co.uk/././rightway-admin.dazzlingwebplanet.co.uk/images/well-known/acme-challenge/a/a/d/e HTTP/1.1" 200 7016 "https://dazzlingwebplanet.co.uk/guide/policy/privacy.html?loknya=/var/www/vhosts/dazzlingwebplanet.co.uk/././rightway-admin.dazzlingwebplanet.co.uk/images/well-known/acme-challenge/a/a/d" "Mozilla/5.0 AppleWebKit/537.36 (KHTML, like Gecko; compatible; GPTBot/1.4; +https://openai.com/gptbot)"
74.7.227.174 - - [22/Sep/2026:06:42:40 +0000] "GET /guide/policy/privacy.html?loknya=/var/www/vhosts/dazzlingwebplanet.co.uk/././rightway-admin.dazzlingwebplanet.co.uk/images/well-known/acme-challenge/c/c/a/h HTTP/1.1" 200 7003 "https://dazzlingwebplanet.co.uk/guide/policy/privacy.html?loknya=/var/www/vhosts/dazzlingwebplanet.co.uk/././rightway-admin.dazzlingwebplanet.co.uk/images/well-known/acme-challenge/c/c/a" "Mozilla/5.0 AppleWebKit/537.36 (KHTML, like Gecko; compatible; GPTBot/1.4; +https://openai.com/gptbot)"
57.141.0.54 - - [22/Sep/2026:06:42:40 +0000] "GET /m/K30836498/?loknya=/var/ HTTP/1.1" 200 6776 "-" "Mozilla/5.0 (X11; Linux x86_64) AppleWebKit/537.36 (KHTML, like Gecko) Chrome/145.0.0.0 Safari/537.36 (compatible; meta-externalagent/1.1 (+https://developers.facebook.com/docs/sharing/webmasters/crawler))"
74.7.227.174 - - [22/Sep/2026:06:42:40 +0000] "GET /guide/policy/privacy.html?loknya=/vr/www/vhosts/dzzlinwebplnet.co.uk/././rihtwy-dmin.dzzlinwebplnet.co.uk/imes/well-known/cme-chllene/e/d/ HTTP/1.1" 200 6974 "https://dazzlingwebplanet.co.uk/guide/policy/privacy.html?loknya=/var/www/vhosts/dazzlinwebplanet.co.uk/././rihtway-admin.dazzlinwebplanet.co.uk/imaes/well-known/acme-challene/e/d/a/" "Mozilla/5.0 AppleWebKit/537.36 (KHTML, like Gecko; compatible; GPTBot/1.4; +https://openai.com/gptbot)"
57.141.0.31 - - [22/Sep/2026:06:42:40 +0000] "GET /m/K42805227/?loknya=/var/www/vhosts/dazzlingwebplanet.co.uk HTTP/1.1" 200 8690 "-" "Mozilla/5.0 (Windows NT 10.0; Win64; x64) AppleWebKit/537.36 (KHTML, like Gecko) Chrome/145.0.0.0 Safari/537.36 (compatible; meta-externalagent/1.1 (+https://developers.facebook.com/docs/sharing/webmasters/crawler))"
74.7.227.174 - - [22/Sep/2026:06:42:40 +0000] "GET /guide/policy/privacy.html?loknya=/var/www/vhosts/dazzlingwebplanet.o.uk/././rightway-admin.dazzlingwebplanet.o.uk/images/well-known/ame-hallenge/e/d/a HTTP/1.1" 200 7000 "https://dazzlingwebplanet.co.uk/guide/policy/privacy.html?loknya=/var/www/vhosts/dazzlingwebplanet.o.uk/././rightway-admin.dazzlingwebplanet.o.uk/images/well-known/ame-hallenge/e/d/a/" "Mozilla/5.0 AppleWebKit/537.36 (KHTML, like Gecko; compatible; GPTBot/1.4; +https://openai.com/gptbot)"
57.131.13.107 - - [22/Sep/2026:06:42:41 +0000] "GET /wp-includes/home.html HTTP/1.1" 200 9294 "-" "Mozilla/5.0 (Linux; Android 10; K) AppleWebKit/537.36 (KHTML, like Gecko) Chrome/147.0.0.0 Mobile Safari/537.36"
74.7.227.174 - - [22/Sep/2026:06:42:41 +0000] "GET /guide/policy/privacy.html?loknya=/vr/www/vhosts/dzzlingwebplnet.o.uk/././rightwy-dmin.dzzlingwebplnet.o.uk/imges/well-known/me-hllenge/e/d/ HTTP/1.1" 200 6976 "https://dazzlingwebplanet.co.uk/guide/policy/privacy.html?loknya=/var/www/vhosts/dazzlingwebplanet.o.uk/././rightway-admin.dazzlingwebplanet.o.uk/images/well-known/ame-hallenge/e/d/a/" "Mozilla/5.0 AppleWebKit/537.36 (KHTML, like Gecko; compatible; GPTBot/1.4; +https://openai.com/gptbot)"
43.172.198.88 - - [22/Sep/2026:06:42:41 +0000] "GET /product/table-lamp?loknya=/var/www/vhosts/dazzlingwebplanet.co.uk/rightway.dazzlingwebplanet.com/keotnfy/mxcfqiw/vjrtcxh HTTP/1.1" 200 7319 "-" "Mozilla/5.0 (Windows NT 10.0; Win64; x64) AppleWebKit/537.36 (KHTML, like Gecko) Chrome/107.0.0.0 Safari/537.36"
