52.247.239.25 - - [24/Jan/2025:05:39:29 +0000] "GET / HTTP/1.1" 200 5454 "-" "Mozilla/5.0 (Windows NT 10.0; Win64; x64) AppleWebKit/537.36 (KHTML, like Gecko) Chrome/125.0.6422.114 Safari/537.36"
52.247.239.25 - - [24/Jan/2025:05:39:30 +0000] "GET /css/style.css HTTP/1.1" 200 7366 "http://mg-mail.dazzlingwebplanet.com/" "Mozilla/5.0 (Windows NT 10.0; Win64; x64) AppleWebKit/537.36 (KHTML, like Gecko) Chrome/125.0.6422.114 Safari/537.36"
52.247.239.25 - - [24/Jan/2025:05:39:30 +0000] "GET /img/logo.png HTTP/1.1" 200 18187 "http://mg-mail.dazzlingwebplanet.com/" "Mozilla/5.0 (Windows NT 10.0; Win64; x64) AppleWebKit/537.36 (KHTML, like Gecko) Chrome/125.0.6422.114 Safari/537.36"
52.247.239.25 - - [24/Jan/2025:05:39:30 +0000] "GET /img/globe.png HTTP/1.1" 200 49609 "http://mg-mail.dazzlingwebplanet.com/css/style.css" "Mozilla/5.0 (Windows NT 10.0; Win64; x64) AppleWebKit/537.36 (KHTML, like Gecko) Chrome/125.0.6422.114 Safari/537.36"
52.247.239.25 - - [24/Jan/2025:05:39:30 +0000] "GET /img/blog.png HTTP/1.1" 200 2328 "http://mg-mail.dazzlingwebplanet.com/css/style.css" "Mozilla/5.0 (Windows NT 10.0; Win64; x64) AppleWebKit/537.36 (KHTML, like Gecko) Chrome/125.0.6422.114 Safari/537.36"
52.247.239.25 - - [24/Jan/2025:05:39:30 +0000] "GET /img/ssi.png HTTP/1.1" 200 1706 "http://mg-mail.dazzlingwebplanet.com/css/style.css" "Mozilla/5.0 (Windows NT 10.0; Win64; x64) AppleWebKit/537.36 (KHTML, like Gecko) Chrome/125.0.6422.114 Safari/537.36"
52.247.239.25 - - [24/Jan/2025:05:39:30 +0000] "GET /img/fastcgi.png HTTP/1.1" 200 3521 "http://mg-mail.dazzlingwebplanet.com/css/style.css" "Mozilla/5.0 (Windows NT 10.0; Win64; x64) AppleWebKit/537.36 (KHTML, like Gecko) Chrome/125.0.6422.114 Safari/537.36"
52.247.239.25 - - [24/Jan/2025:05:39:30 +0000] "GET /img/php.png HTTP/1.1" 200 2695 "http://mg-mail.dazzlingwebplanet.com/css/style.css" "Mozilla/5.0 (Windows NT 10.0; Win64; x64) AppleWebKit/537.36 (KHTML, like Gecko) Chrome/125.0.6422.114 Safari/537.36"
52.247.239.25 - - [24/Jan/2025:05:39:30 +0000] "GET /img/forum.png HTTP/1.1" 200 3425 "http://mg-mail.dazzlingwebplanet.com/css/style.css" "Mozilla/5.0 (Windows NT 10.0; Win64; x64) AppleWebKit/537.36 (KHTML, like Gecko) Chrome/125.0.6422.114 Safari/537.36"
52.247.239.25 - - [24/Jan/2025:05:39:31 +0000] "GET /img/knowledge-base.png HTTP/1.1" 200 1495 "http://mg-mail.dazzlingwebplanet.com/css/style.css" "Mozilla/5.0 (Windows NT 10.0; Win64; x64) AppleWebKit/537.36 (KHTML, like Gecko) Chrome/125.0.6422.114 Safari/537.36"
52.247.239.25 - - [24/Jan/2025:05:39:31 +0000] "GET /img/facebook.png HTTP/1.1" 200 1933 "http://mg-mail.dazzlingwebplanet.com/css/style.css" "Mozilla/5.0 (Windows NT 10.0; Win64; x64) AppleWebKit/537.36 (KHTML, like Gecko) Chrome/125.0.6422.114 Safari/537.36"
52.247.239.25 - - [24/Jan/2025:05:39:31 +0000] "GET /img/twitter.png HTTP/1.1" 200 2302 "http://mg-mail.dazzlingwebplanet.com/css/style.css" "Mozilla/5.0 (Windows NT 10.0; Win64; x64) AppleWebKit/537.36 (KHTML, like Gecko) Chrome/125.0.6422.114 Safari/537.36"
37.59.238.189 - - [24/Jan/2025:06:21:26 +0000] "GET / HTTP/1.1" 200 5454 "-" "Mozilla/5.0 (Windows NT 10.0; Win64; x64) AppleWebKit/537.36 (KHTML, like Gecko)"
37.59.238.189 - - [24/Jan/2025:06:24:24 +0000] "GET /test/ssi/test.html HTTP/1.1" 200 1950 "-" "Mozilla/5.0 (Windows NT 10.0; Win64; x64) AppleWebKit/537.36 (KHTML, like Gecko)"
37.59.238.189 - - [24/Jan/2025:06:24:25 +0000] "GET /test/php/test.html HTTP/1.1" 200 1945 "-" "Mozilla/5.0 (Windows NT 10.0; Win64; x64) AppleWebKit/537.36 (KHTML, like Gecko)"
37.59.238.189 - - [24/Jan/2025:06:27:10 +0000] "GET /index.html HTTP/1.1" 200 5454 "-" "Mozilla/5.0 (Windows NT 10.0; Win64; x64) AppleWebKit/537.36 (KHTML, like Gecko)"
193.9.35.13 - - [24/Jan/2025:09:47:40 +0000] "GET /favicon.ico HTTP/1.0" 200 236 "-" "Go-http-client/1.1"
159.223.47.1 - - [24/Jan/2025:09:48:00 +0000] "GET /wp-admin/install.php?step=1 HTTP/1.0" 404 1047 "-" "python-requests/2.22.0"
206.168.34.213 - - [24/Jan/2025:10:54:03 +0000] "GET / HTTP/1.0" 200 220 "-" "Mozilla/5.0 (compatible; CensysInspect/1.1; +https://about.censys.io/)"
206.168.34.213 - - [24/Jan/2025:10:54:05 +0000] "GET /favicon.ico HTTP/1.0" 200 236 "-" "Mozilla/5.0 (compatible; CensysInspect/1.1; +https://about.censys.io/)"
188.165.87.103 - - [24/Jan/2025:11:29:28 +0000] "GET / HTTP/1.0" 200 220 "-" "Mozilla/5.0 (X11; Ubuntu; Linux x86_64; rv:130.0) Gecko/20100101 Firefox/130.0"
37.65.166.141 - - [24/Jan/2025:14:00:26 +0000] "GET / HTTP/1.0" 200 220 "-" "Mozilla/5.0 (Windows NT 10.0; Win64; x64) AppleWebKit/537.36 (KHTML, like Gecko) Chrome/132.0.0.0 Safari/537.36 Edg/132.0.0.0"
128.90.104.224 - - [24/Jan/2025:14:00:26 +0000] "GET / HTTP/1.0" 200 220 "-" "Mozilla/5.0 (Linux; Android 10; K) AppleWebKit/537.36 (KHTML, like Gecko) Chrome/132.0.0.0 Safari/537.36"
104.168.34.154 - - [24/Jan/2025:14:00:27 +0000] "GET / HTTP/1.0" 200 220 "-" "Mozilla/5.0 (Macintosh; Intel Mac OS X 10_15_7) AppleWebKit/605.1.15 (KHTML, like Gecko) Version/17.5 Safari/605.1.15"
37.65.166.141 - - [24/Jan/2025:14:02:43 +0000] "GET /img/logo.png HTTP/1.0" 200 222 "-" "Mozilla/5.0 (Windows NT 10.0; Win64; x64) AppleWebKit/537.36 (KHTML, like Gecko) Chrome/132.0.0.0 Safari/537.36 Edg/132.0.0.0"
128.90.104.224 - - [24/Jan/2025:14:02:43 +0000] "GET /img/logo.png HTTP/1.0" 200 222 "-" "Mozilla/5.0 (Linux; Android 10; K) AppleWebKit/537.36 (KHTML, like Gecko) Chrome/132.0.0.0 Safari/537.36"
104.168.34.154 - - [24/Jan/2025:14:02:43 +0000] "GET /img/logo.png HTTP/1.0" 200 222 "-" "Mozilla/5.0 (Macintosh; Intel Mac OS X 10_15_7) AppleWebKit/605.1.15 (KHTML, like Gecko) Version/17.5 Safari/605.1.15"
37.65.166.141 - - [24/Jan/2025:14:04:41 +0000] "GET /favicon.ico HTTP/1.0" 200 236 "-" "Mozilla/5.0 (Windows NT 10.0; Win64; x64) AppleWebKit/537.36 (KHTML, like Gecko) Chrome/132.0.0.0 Safari/537.36 Edg/132.0.0.0"
185.247.137.77 - - [24/Jan/2025:20:21:45 +0000] "GET / HTTP/1.0" 200 220 "-" "Mozilla/5.0 (compatible; InternetMeasurement/1.0; +https://internet-measurement.com/)"
185.247.137.42 - - [24/Jan/2025:20:21:46 +0000] "GET /favicon.ico HTTP/1.0" 200 236 "-" "Mozilla/5.0 (compatible; InternetMeasurement/1.0; +https://internet-measurement.com/)"
193.9.35.13 - - [24/Jan/2025:09:47:40 +0000] "GET /favicon.ico HTTP/1.1" 200 113459 "-" "Go-http-client/1.1"
206.168.34.213 - - [24/Jan/2025:10:54:03 +0000] "GET / HTTP/1.1" 200 5454 "-" "Mozilla/5.0 (compatible; CensysInspect/1.1; +https://about.censys.io/)"
206.168.34.213 - - [24/Jan/2025:10:54:05 +0000] "GET /favicon.ico HTTP/1.1" 200 113459 "-" "Mozilla/5.0 (compatible; CensysInspect/1.1; +https://about.censys.io/)"
188.165.87.103 - - [24/Jan/2025:11:29:28 +0000] "GET / HTTP/1.1" 200 5454 "-" "Mozilla/5.0 (X11; Ubuntu; Linux x86_64; rv:130.0) Gecko/20100101 Firefox/130.0"
37.65.166.141 - - [24/Jan/2025:14:00:26 +0000] "GET / HTTP/1.1" 200 5454 "-" "Mozilla/5.0 (Windows NT 10.0; Win64; x64) AppleWebKit/537.36 (KHTML, like Gecko) Chrome/132.0.0.0 Safari/537.36 Edg/132.0.0.0"
128.90.104.224 - - [24/Jan/2025:14:00:26 +0000] "GET / HTTP/1.1" 200 5454 "-" "Mozilla/5.0 (Linux; Android 10; K) AppleWebKit/537.36 (KHTML, like Gecko) Chrome/132.0.0.0 Safari/537.36"
104.168.34.154 - - [24/Jan/2025:14:00:27 +0000] "GET / HTTP/1.1" 200 5454 "-" "Mozilla/5.0 (Macintosh; Intel Mac OS X 10_15_7) AppleWebKit/605.1.15 (KHTML, like Gecko) Version/17.5 Safari/605.1.15"
37.65.166.141 - - [24/Jan/2025:14:02:43 +0000] "GET /img/logo.png HTTP/1.1" 200 18187 "-" "Mozilla/5.0 (Windows NT 10.0; Win64; x64) AppleWebKit/537.36 (KHTML, like Gecko) Chrome/132.0.0.0 Safari/537.36 Edg/132.0.0.0"
128.90.104.224 - - [24/Jan/2025:14:02:43 +0000] "GET /img/logo.png HTTP/1.1" 200 18187 "-" "Mozilla/5.0 (Linux; Android 10; K) AppleWebKit/537.36 (KHTML, like Gecko) Chrome/132.0.0.0 Safari/537.36"
104.168.34.154 - - [24/Jan/2025:14:02:43 +0000] "GET /img/logo.png HTTP/1.1" 200 18187 "-" "Mozilla/5.0 (Macintosh; Intel Mac OS X 10_15_7) AppleWebKit/605.1.15 (KHTML, like Gecko) Version/17.5 Safari/605.1.15"
37.65.166.141 - - [24/Jan/2025:14:04:42 +0000] "GET /favicon.ico HTTP/1.1" 200 113459 "-" "Mozilla/5.0 (Windows NT 10.0; Win64; x64) AppleWebKit/537.36 (KHTML, like Gecko) Chrome/132.0.0.0 Safari/537.36 Edg/132.0.0.0"
185.247.137.77 - - [24/Jan/2025:20:21:45 +0000] "GET / HTTP/1.1" 200 5454 "-" "Mozilla/5.0 (compatible; InternetMeasurement/1.0; +https://internet-measurement.com/)"
185.247.137.42 - - [24/Jan/2025:20:21:46 +0000] "GET /favicon.ico HTTP/1.1" 200 113459 "-" "Mozilla/5.0 (compatible; InternetMeasurement/1.0; +https://internet-measurement.com/)"
159.89.85.70 - - [25/Jan/2025:07:46:38 +0000] "GET / HTTP/1.0" 200 220 "-" "Mozilla/5.0 (compatible)"
159.89.85.70 - - [25/Jan/2025:07:46:39 +0000] "GET /favicon.ico HTTP/1.0" 200 236 "http://mg-mail.dazzlingwebplanet.com/" "Mozilla/5.0 (compatible)"
129.146.112.142 - - [25/Jan/2025:07:47:28 +0000] "GET / HTTP/1.0" 200 220 "-" "Mozilla/5.0 (Windows NT 10.0; Win64; x64) AppleWebKit/537.36 (KHTML, like Gecko) Chrome/95.0.4638.69 Safari/537.36"
129.146.112.142 - - [25/Jan/2025:07:47:28 +0000] "GET /wp-includes/ID3/license.txt HTTP/1.0" 404 1047 "-" "Mozilla/5.0 (Windows NT 10.0; Win64; x64) AppleWebKit/537.36 (KHTML, like Gecko) Chrome/95.0.4638.69 Safari/537.36"
129.146.112.142 - - [25/Jan/2025:07:47:28 +0000] "GET /feed/ HTTP/1.0" 404 1047 "-" "Mozilla/5.0 (Windows NT 10.0; Win64; x64) AppleWebKit/537.36 (KHTML, like Gecko) Chrome/95.0.4638.69 Safari/537.36"
129.146.112.142 - - [25/Jan/2025:07:47:28 +0000] "GET /xmlrpc.php?rsd HTTP/1.0" 404 180 "-" "Mozilla/5.0 (Windows NT 10.0; Win64; x64) AppleWebKit/537.36 (KHTML, like Gecko) Chrome/95.0.4638.69 Safari/537.36"
129.146.112.142 - - [25/Jan/2025:07:47:28 +0000] "GET /blog/wp-includes/wlwmanifest.xml HTTP/1.0" 404 1047 "-" "Mozilla/5.0 (Windows NT 10.0; Win64; x64) AppleWebKit/537.36 (KHTML, like Gecko) Chrome/95.0.4638.69 Safari/537.36"
129.146.112.142 - - [25/Jan/2025:07:47:29 +0000] "GET /web/wp-includes/wlwmanifest.xml HTTP/1.0" 404 1047 "-" "Mozilla/5.0 (Windows NT 10.0; Win64; x64) AppleWebKit/537.36 (KHTML, like Gecko) Chrome/95.0.4638.69 Safari/537.36"
129.146.112.142 - - [25/Jan/2025:07:47:29 +0000] "GET /wordpress/wp-includes/wlwmanifest.xml HTTP/1.0" 404 1047 "-" "Mozilla/5.0 (Windows NT 10.0; Win64; x64) AppleWebKit/537.36 (KHTML, like Gecko) Chrome/95.0.4638.69 Safari/537.36"
129.146.112.142 - - [25/Jan/2025:07:47:29 +0000] "GET / HTTP/1.0" 200 220 "-" "Mozilla/5.0 (Windows NT 10.0; Win64; x64) AppleWebKit/537.36 (KHTML, like Gecko) Chrome/95.0.4638.69 Safari/537.36"
129.146.112.142 - - [25/Jan/2025:07:47:29 +0000] "GET /wp/wp-includes/wlwmanifest.xml HTTP/1.0" 404 1047 "-" "Mozilla/5.0 (Windows NT 10.0; Win64; x64) AppleWebKit/537.36 (KHTML, like Gecko) Chrome/95.0.4638.69 Safari/537.36"
129.146.112.142 - - [25/Jan/2025:07:47:29 +0000] "GET /2020/wp-includes/wlwmanifest.xml HTTP/1.0" 404 1047 "-" "Mozilla/5.0 (Windows NT 10.0; Win64; x64) AppleWebKit/537.36 (KHTML, like Gecko) Chrome/95.0.4638.69 Safari/537.36"
129.146.112.142 - - [25/Jan/2025:07:47:29 +0000] "GET /wp-includes/ID3/license.txt HTTP/1.0" 404 1047 "-" "Mozilla/5.0 (Windows NT 10.0; Win64; x64) AppleWebKit/537.36 (KHTML, like Gecko) Chrome/95.0.4638.69 Safari/537.36"
129.146.112.142 - - [25/Jan/2025:07:47:29 +0000] "GET /2019/wp-includes/wlwmanifest.xml HTTP/1.0" 404 1047 "-" "Mozilla/5.0 (Windows NT 10.0; Win64; x64) AppleWebKit/537.36 (KHTML, like Gecko) Chrome/95.0.4638.69 Safari/537.36"
129.146.112.142 - - [25/Jan/2025:07:47:29 +0000] "GET /feed/ HTTP/1.0" 404 1047 "-" "Mozilla/5.0 (Windows NT 10.0; Win64; x64) AppleWebKit/537.36 (KHTML, like Gecko) Chrome/95.0.4638.69 Safari/537.36"
129.146.112.142 - - [25/Jan/2025:07:47:29 +0000] "GET /2021/wp-includes/wlwmanifest.xml HTTP/1.0" 404 1047 "-" "Mozilla/5.0 (Windows NT 10.0; Win64; x64) AppleWebKit/537.36 (KHTML, like Gecko) Chrome/95.0.4638.69 Safari/537.36"
129.146.112.142 - - [25/Jan/2025:07:47:29 +0000] "GET /xmlrpc.php?rsd HTTP/1.0" 404 180 "-" "Mozilla/5.0 (Windows NT 10.0; Win64; x64) AppleWebKit/537.36 (KHTML, like Gecko) Chrome/95.0.4638.69 Safari/537.36"
129.146.112.142 - - [25/Jan/2025:07:47:29 +0000] "GET /shop/wp-includes/wlwmanifest.xml HTTP/1.0" 404 1047 "-" "Mozilla/5.0 (Windows NT 10.0; Win64; x64) AppleWebKit/537.36 (KHTML, like Gecko) Chrome/95.0.4638.69 Safari/537.36"
129.146.112.142 - - [25/Jan/2025:07:47:29 +0000] "GET /blog/wp-includes/wlwmanifest.xml HTTP/1.0" 404 1047 "-" "Mozilla/5.0 (Windows NT 10.0; Win64; x64) AppleWebKit/537.36 (KHTML, like Gecko) Chrome/95.0.4638.69 Safari/537.36"
129.146.112.142 - - [25/Jan/2025:07:47:30 +0000] "GET /wp1/wp-includes/wlwmanifest.xml HTTP/1.0" 404 1047 "-" "Mozilla/5.0 (Windows NT 10.0; Win64; x64) AppleWebKit/537.36 (KHTML, like Gecko) Chrome/95.0.4638.69 Safari/537.36"
129.146.112.142 - - [25/Jan/2025:07:47:30 +0000] "GET /web/wp-includes/wlwmanifest.xml HTTP/1.0" 404 1047 "-" "Mozilla/5.0 (Windows NT 10.0; Win64; x64) AppleWebKit/537.36 (KHTML, like Gecko) Chrome/95.0.4638.69 Safari/537.36"
129.146.112.142 - - [25/Jan/2025:07:47:30 +0000] "GET /test/wp-includes/wlwmanifest.xml HTTP/1.0" 404 1047 "-" "Mozilla/5.0 (Windows NT 10.0; Win64; x64) AppleWebKit/537.36 (KHTML, like Gecko) Chrome/95.0.4638.69 Safari/537.36"
129.146.112.142 - - [25/Jan/2025:07:47:30 +0000] "GET /wordpress/wp-includes/wlwmanifest.xml HTTP/1.0" 404 1047 "-" "Mozilla/5.0 (Windows NT 10.0; Win64; x64) AppleWebKit/537.36 (KHTML, like Gecko) Chrome/95.0.4638.69 Safari/537.36"
129.146.112.142 - - [25/Jan/2025:07:47:30 +0000] "GET /site/wp-includes/wlwmanifest.xml HTTP/1.0" 404 1047 "-" "Mozilla/5.0 (Windows NT 10.0; Win64; x64) AppleWebKit/537.36 (KHTML, like Gecko) Chrome/95.0.4638.69 Safari/537.36"
129.146.112.142 - - [25/Jan/2025:07:47:30 +0000] "GET /wp/wp-includes/wlwmanifest.xml HTTP/1.0" 404 1047 "-" "Mozilla/5.0 (Windows NT 10.0; Win64; x64) AppleWebKit/537.36 (KHTML, like Gecko) Chrome/95.0.4638.69 Safari/537.36"
129.146.112.142 - - [25/Jan/2025:07:47:30 +0000] "GET /cms/wp-includes/wlwmanifest.xml HTTP/1.0" 404 1047 "-" "Mozilla/5.0 (Windows NT 10.0; Win64; x64) AppleWebKit/537.36 (KHTML, like Gecko) Chrome/95.0.4638.69 Safari/537.36"
129.146.112.142 - - [25/Jan/2025:07:47:30 +0000] "GET /2020/wp-includes/wlwmanifest.xml HTTP/1.0" 404 1047 "-" "Mozilla/5.0 (Windows NT 10.0; Win64; x64) AppleWebKit/537.36 (KHTML, like Gecko) Chrome/95.0.4638.69 Safari/537.36"
129.146.112.142 - - [25/Jan/2025:07:47:30 +0000] "GET /2019/wp-includes/wlwmanifest.xml HTTP/1.0" 404 1047 "-" "Mozilla/5.0 (Windows NT 10.0; Win64; x64) AppleWebKit/537.36 (KHTML, like Gecko) Chrome/95.0.4638.69 Safari/537.36"
129.146.112.142 - - [25/Jan/2025:07:47:30 +0000] "GET /2021/wp-includes/wlwmanifest.xml HTTP/1.0" 404 1047 "-" "Mozilla/5.0 (Windows NT 10.0; Win64; x64) AppleWebKit/537.36 (KHTML, like Gecko) Chrome/95.0.4638.69 Safari/537.36"
129.146.112.142 - - [25/Jan/2025:07:47:30 +0000] "GET /shop/wp-includes/wlwmanifest.xml HTTP/1.0" 404 1047 "-" "Mozilla/5.0 (Windows NT 10.0; Win64; x64) AppleWebKit/537.36 (KHTML, like Gecko) Chrome/95.0.4638.69 Safari/537.36"
129.146.112.142 - - [25/Jan/2025:07:47:30 +0000] "GET /wp1/wp-includes/wlwmanifest.xml HTTP/1.0" 404 1047 "-" "Mozilla/5.0 (Windows NT 10.0; Win64; x64) AppleWebKit/537.36 (KHTML, like Gecko) Chrome/95.0.4638.69 Safari/537.36"
129.146.112.142 - - [25/Jan/2025:07:47:31 +0000] "GET /test/wp-includes/wlwmanifest.xml HTTP/1.0" 404 1047 "-" "Mozilla/5.0 (Windows NT 10.0; Win64; x64) AppleWebKit/537.36 (KHTML, like Gecko) Chrome/95.0.4638.69 Safari/537.36"
129.146.112.142 - - [25/Jan/2025:07:47:31 +0000] "GET /site/wp-includes/wlwmanifest.xml HTTP/1.0" 404 1047 "-" "Mozilla/5.0 (Windows NT 10.0; Win64; x64) AppleWebKit/537.36 (KHTML, like Gecko) Chrome/95.0.4638.69 Safari/537.36"
129.146.112.142 - - [25/Jan/2025:07:47:31 +0000] "GET /cms/wp-includes/wlwmanifest.xml HTTP/1.0" 404 1047 "-" "Mozilla/5.0 (Windows NT 10.0; Win64; x64) AppleWebKit/537.36 (KHTML, like Gecko) Chrome/95.0.4638.69 Safari/537.36"
129.146.112.142 - - [25/Jan/2025:07:47:34 +0000] "GET / HTTP/1.0" 200 220 "-" "Mozilla/5.0 (Windows NT 10.0; Win64; x64) AppleWebKit/537.36 (KHTML, like Gecko) Chrome/95.0.4638.69 Safari/537.36"
129.146.112.142 - - [25/Jan/2025:07:47:34 +0000] "GET /wp-includes/ID3/license.txt HTTP/1.0" 404 1047 "-" "Mozilla/5.0 (Windows NT 10.0; Win64; x64) AppleWebKit/537.36 (KHTML, like Gecko) Chrome/95.0.4638.69 Safari/537.36"
129.146.112.142 - - [25/Jan/2025:07:47:34 +0000] "GET /feed/ HTTP/1.0" 404 1047 "-" "Mozilla/5.0 (Windows NT 10.0; Win64; x64) AppleWebKit/537.36 (KHTML, like Gecko) Chrome/95.0.4638.69 Safari/537.36"
129.146.112.142 - - [25/Jan/2025:07:47:34 +0000] "GET /xmlrpc.php?rsd HTTP/1.0" 404 180 "-" "Mozilla/5.0 (Windows NT 10.0; Win64; x64) AppleWebKit/537.36 (KHTML, like Gecko) Chrome/95.0.4638.69 Safari/537.36"
129.146.112.142 - - [25/Jan/2025:07:47:35 +0000] "GET /blog/wp-includes/wlwmanifest.xml HTTP/1.0" 404 1047 "-" "Mozilla/5.0 (Windows NT 10.0; Win64; x64) AppleWebKit/537.36 (KHTML, like Gecko) Chrome/95.0.4638.69 Safari/537.36"
129.146.112.142 - - [25/Jan/2025:07:47:35 +0000] "GET /web/wp-includes/wlwmanifest.xml HTTP/1.0" 404 1047 "-" "Mozilla/5.0 (Windows NT 10.0; Win64; x64) AppleWebKit/537.36 (KHTML, like Gecko) Chrome/95.0.4638.69 Safari/537.36"
129.146.112.142 - - [25/Jan/2025:07:47:35 +0000] "GET /wordpress/wp-includes/wlwmanifest.xml HTTP/1.0" 404 1047 "-" "Mozilla/5.0 (Windows NT 10.0; Win64; x64) AppleWebKit/537.36 (KHTML, like Gecko) Chrome/95.0.4638.69 Safari/537.36"
129.146.112.142 - - [25/Jan/2025:07:47:35 +0000] "GET /wp/wp-includes/wlwmanifest.xml HTTP/1.0" 404 1047 "-" "Mozilla/5.0 (Windows NT 10.0; Win64; x64) AppleWebKit/537.36 (KHTML, like Gecko) Chrome/95.0.4638.69 Safari/537.36"
129.146.112.142 - - [25/Jan/2025:07:47:35 +0000] "GET /2020/wp-includes/wlwmanifest.xml HTTP/1.0" 404 1047 "-" "Mozilla/5.0 (Windows NT 10.0; Win64; x64) AppleWebKit/537.36 (KHTML, like Gecko) Chrome/95.0.4638.69 Safari/537.36"
129.146.112.142 - - [25/Jan/2025:07:47:35 +0000] "GET /2019/wp-includes/wlwmanifest.xml HTTP/1.0" 404 1047 "-" "Mozilla/5.0 (Windows NT 10.0; Win64; x64) AppleWebKit/537.36 (KHTML, like Gecko) Chrome/95.0.4638.69 Safari/537.36"
129.146.112.142 - - [25/Jan/2025:07:47:35 +0000] "GET /2021/wp-includes/wlwmanifest.xml HTTP/1.0" 404 1047 "-" "Mozilla/5.0 (Windows NT 10.0; Win64; x64) AppleWebKit/537.36 (KHTML, like Gecko) Chrome/95.0.4638.69 Safari/537.36"
129.146.112.142 - - [25/Jan/2025:07:47:35 +0000] "GET /shop/wp-includes/wlwmanifest.xml HTTP/1.0" 404 1047 "-" "Mozilla/5.0 (Windows NT 10.0; Win64; x64) AppleWebKit/537.36 (KHTML, like Gecko) Chrome/95.0.4638.69 Safari/537.36"
129.146.112.142 - - [25/Jan/2025:07:47:36 +0000] "GET /wp1/wp-includes/wlwmanifest.xml HTTP/1.0" 404 1047 "-" "Mozilla/5.0 (Windows NT 10.0; Win64; x64) AppleWebKit/537.36 (KHTML, like Gecko) Chrome/95.0.4638.69 Safari/537.36"
129.146.112.142 - - [25/Jan/2025:07:47:36 +0000] "GET /test/wp-includes/wlwmanifest.xml HTTP/1.0" 404 1047 "-" "Mozilla/5.0 (Windows NT 10.0; Win64; x64) AppleWebKit/537.36 (KHTML, like Gecko) Chrome/95.0.4638.69 Safari/537.36"
129.146.112.142 - - [25/Jan/2025:07:47:36 +0000] "GET /site/wp-includes/wlwmanifest.xml HTTP/1.0" 404 1047 "-" "Mozilla/5.0 (Windows NT 10.0; Win64; x64) AppleWebKit/537.36 (KHTML, like Gecko) Chrome/95.0.4638.69 Safari/537.36"
129.146.112.142 - - [25/Jan/2025:07:47:36 +0000] "GET /cms/wp-includes/wlwmanifest.xml HTTP/1.0" 404 1047 "-" "Mozilla/5.0 (Windows NT 10.0; Win64; x64) AppleWebKit/537.36 (KHTML, like Gecko) Chrome/95.0.4638.69 Safari/537.36"
129.146.112.142 - - [25/Jan/2025:07:54:24 +0000] "GET / HTTP/1.0" 200 220 "-" "Mozilla/5.0 (Windows NT 10.0; Win64; x64) AppleWebKit/537.36 (KHTML, like Gecko) Chrome/95.0.4638.69 Safari/537.36"
129.146.112.142 - - [25/Jan/2025:07:54:24 +0000] "GET /wp-includes/ID3/license.txt HTTP/1.0" 404 1047 "-" "Mozilla/5.0 (Windows NT 10.0; Win64; x64) AppleWebKit/537.36 (KHTML, like Gecko) Chrome/95.0.4638.69 Safari/537.36"
129.146.112.142 - - [25/Jan/2025:07:54:24 +0000] "GET /feed/ HTTP/1.0" 404 1047 "-" "Mozilla/5.0 (Windows NT 10.0; Win64; x64) AppleWebKit/537.36 (KHTML, like Gecko) Chrome/95.0.4638.69 Safari/537.36"
129.146.112.142 - - [25/Jan/2025:07:54:24 +0000] "GET /xmlrpc.php?rsd HTTP/1.0" 404 180 "-" "Mozilla/5.0 (Windows NT 10.0; Win64; x64) AppleWebKit/537.36 (KHTML, like Gecko) Chrome/95.0.4638.69 Safari/537.36"
129.146.112.142 - - [25/Jan/2025:07:54:25 +0000] "GET /blog/wp-includes/wlwmanifest.xml HTTP/1.0" 404 1047 "-" "Mozilla/5.0 (Windows NT 10.0; Win64; x64) AppleWebKit/537.36 (KHTML, like Gecko) Chrome/95.0.4638.69 Safari/537.36"
129.146.112.142 - - [25/Jan/2025:07:54:25 +0000] "GET /web/wp-includes/wlwmanifest.xml HTTP/1.0" 404 1047 "-" "Mozilla/5.0 (Windows NT 10.0; Win64; x64) AppleWebKit/537.36 (KHTML, like Gecko) Chrome/95.0.4638.69 Safari/537.36"
129.146.112.142 - - [25/Jan/2025:07:54:25 +0000] "GET /wordpress/wp-includes/wlwmanifest.xml HTTP/1.0" 404 1047 "-" "Mozilla/5.0 (Windows NT 10.0; Win64; x64) AppleWebKit/537.36 (KHTML, like Gecko) Chrome/95.0.4638.69 Safari/537.36"
129.146.112.142 - - [25/Jan/2025:07:54:25 +0000] "GET /wp/wp-includes/wlwmanifest.xml HTTP/1.0" 404 1047 "-" "Mozilla/5.0 (Windows NT 10.0; Win64; x64) AppleWebKit/537.36 (KHTML, like Gecko) Chrome/95.0.4638.69 Safari/537.36"
129.146.112.142 - - [25/Jan/2025:07:54:25 +0000] "GET /2020/wp-includes/wlwmanifest.xml HTTP/1.0" 404 1047 "-" "Mozilla/5.0 (Windows NT 10.0; Win64; x64) AppleWebKit/537.36 (KHTML, like Gecko) Chrome/95.0.4638.69 Safari/537.36"
129.146.112.142 - - [25/Jan/2025:07:54:25 +0000] "GET /2019/wp-includes/wlwmanifest.xml HTTP/1.0" 404 1047 "-" "Mozilla/5.0 (Windows NT 10.0; Win64; x64) AppleWebKit/537.36 (KHTML, like Gecko) Chrome/95.0.4638.69 Safari/537.36"
129.146.112.142 - - [25/Jan/2025:07:54:25 +0000] "GET /2021/wp-includes/wlwmanifest.xml HTTP/1.0" 404 1047 "-" "Mozilla/5.0 (Windows NT 10.0; Win64; x64) AppleWebKit/537.36 (KHTML, like Gecko) Chrome/95.0.4638.69 Safari/537.36"
129.146.112.142 - - [25/Jan/2025:07:54:26 +0000] "GET /shop/wp-includes/wlwmanifest.xml HTTP/1.0" 404 1047 "-" "Mozilla/5.0 (Windows NT 10.0; Win64; x64) AppleWebKit/537.36 (KHTML, like Gecko) Chrome/95.0.4638.69 Safari/537.36"
129.146.112.142 - - [25/Jan/2025:07:54:26 +0000] "GET /wp1/wp-includes/wlwmanifest.xml HTTP/1.0" 404 1047 "-" "Mozilla/5.0 (Windows NT 10.0; Win64; x64) AppleWebKit/537.36 (KHTML, like Gecko) Chrome/95.0.4638.69 Safari/537.36"
129.146.112.142 - - [25/Jan/2025:07:54:26 +0000] "GET /test/wp-includes/wlwmanifest.xml HTTP/1.0" 404 1047 "-" "Mozilla/5.0 (Windows NT 10.0; Win64; x64) AppleWebKit/537.36 (KHTML, like Gecko) Chrome/95.0.4638.69 Safari/537.36"
129.146.112.142 - - [25/Jan/2025:07:54:26 +0000] "GET /site/wp-includes/wlwmanifest.xml HTTP/1.0" 404 1047 "-" "Mozilla/5.0 (Windows NT 10.0; Win64; x64) AppleWebKit/537.36 (KHTML, like Gecko) Chrome/95.0.4638.69 Safari/537.36"
129.146.112.142 - - [25/Jan/2025:07:54:26 +0000] "GET /cms/wp-includes/wlwmanifest.xml HTTP/1.0" 404 1047 "-" "Mozilla/5.0 (Windows NT 10.0; Win64; x64) AppleWebKit/537.36 (KHTML, like Gecko) Chrome/95.0.4638.69 Safari/537.36"
193.56.113.27 - - [25/Jan/2025:13:48:25 +0000] "GET / HTTP/1.0" 200 220 "-" "Mozilla/5.0 (Windows NT 10.0; Win64; x64) AppleWebKit/537.36 (KHTML, like Gecko) Chrome/95.0.4638.69 Safari/537.36"
193.56.113.27 - - [25/Jan/2025:13:48:26 +0000] "GET /wp-includes/ID3/license.txt HTTP/1.0" 404 1047 "-" "Mozilla/5.0 (Windows NT 10.0; Win64; x64) AppleWebKit/537.36 (KHTML, like Gecko) Chrome/95.0.4638.69 Safari/537.36"
193.56.113.27 - - [25/Jan/2025:13:48:26 +0000] "GET /feed/ HTTP/1.0" 404 1047 "-" "Mozilla/5.0 (Windows NT 10.0; Win64; x64) AppleWebKit/537.36 (KHTML, like Gecko) Chrome/95.0.4638.69 Safari/537.36"
193.56.113.27 - - [25/Jan/2025:13:48:26 +0000] "GET /xmlrpc.php?rsd HTTP/1.0" 404 180 "-" "Mozilla/5.0 (Windows NT 10.0; Win64; x64) AppleWebKit/537.36 (KHTML, like Gecko) Chrome/95.0.4638.69 Safari/537.36"
193.56.113.27 - - [25/Jan/2025:13:48:26 +0000] "GET /blog/wp-includes/wlwmanifest.xml HTTP/1.0" 404 1047 "-" "Mozilla/5.0 (Windows NT 10.0; Win64; x64) AppleWebKit/537.36 (KHTML, like Gecko) Chrome/95.0.4638.69 Safari/537.36"
193.56.113.27 - - [25/Jan/2025:13:48:26 +0000] "GET /web/wp-includes/wlwmanifest.xml HTTP/1.0" 404 1047 "-" "Mozilla/5.0 (Windows NT 10.0; Win64; x64) AppleWebKit/537.36 (KHTML, like Gecko) Chrome/95.0.4638.69 Safari/537.36"
193.56.113.27 - - [25/Jan/2025:13:48:27 +0000] "GET /wordpress/wp-includes/wlwmanifest.xml HTTP/1.0" 404 1047 "-" "Mozilla/5.0 (Windows NT 10.0; Win64; x64) AppleWebKit/537.36 (KHTML, like Gecko) Chrome/95.0.4638.69 Safari/537.36"
193.56.113.27 - - [25/Jan/2025:13:48:27 +0000] "GET /wp/wp-includes/wlwmanifest.xml HTTP/1.0" 404 1047 "-" "Mozilla/5.0 (Windows NT 10.0; Win64; x64) AppleWebKit/537.36 (KHTML, like Gecko) Chrome/95.0.4638.69 Safari/537.36"
193.56.113.27 - - [25/Jan/2025:13:48:27 +0000] "GET /2020/wp-includes/wlwmanifest.xml HTTP/1.0" 404 1047 "-" "Mozilla/5.0 (Windows NT 10.0; Win64; x64) AppleWebKit/537.36 (KHTML, like Gecko) Chrome/95.0.4638.69 Safari/537.36"
193.56.113.27 - - [25/Jan/2025:13:48:27 +0000] "GET /2019/wp-includes/wlwmanifest.xml HTTP/1.0" 404 1047 "-" "Mozilla/5.0 (Windows NT 10.0; Win64; x64) AppleWebKit/537.36 (KHTML, like Gecko) Chrome/95.0.4638.69 Safari/537.36"
193.56.113.27 - - [25/Jan/2025:13:48:27 +0000] "GET /2021/wp-includes/wlwmanifest.xml HTTP/1.0" 404 1047 "-" "Mozilla/5.0 (Windows NT 10.0; Win64; x64) AppleWebKit/537.36 (KHTML, like Gecko) Chrome/95.0.4638.69 Safari/537.36"
193.56.113.27 - - [25/Jan/2025:13:48:28 +0000] "GET /shop/wp-includes/wlwmanifest.xml HTTP/1.0" 404 1047 "-" "Mozilla/5.0 (Windows NT 10.0; Win64; x64) AppleWebKit/537.36 (KHTML, like Gecko) Chrome/95.0.4638.69 Safari/537.36"
193.56.113.27 - - [25/Jan/2025:13:48:28 +0000] "GET /wp1/wp-includes/wlwmanifest.xml HTTP/1.0" 404 1047 "-" "Mozilla/5.0 (Windows NT 10.0; Win64; x64) AppleWebKit/537.36 (KHTML, like Gecko) Chrome/95.0.4638.69 Safari/537.36"
193.56.113.27 - - [25/Jan/2025:13:48:28 +0000] "GET /test/wp-includes/wlwmanifest.xml HTTP/1.0" 404 1047 "-" "Mozilla/5.0 (Windows NT 10.0; Win64; x64) AppleWebKit/537.36 (KHTML, like Gecko) Chrome/95.0.4638.69 Safari/537.36"
193.56.113.27 - - [25/Jan/2025:13:48:28 +0000] "GET /site/wp-includes/wlwmanifest.xml HTTP/1.0" 404 1047 "-" "Mozilla/5.0 (Windows NT 10.0; Win64; x64) AppleWebKit/537.36 (KHTML, like Gecko) Chrome/95.0.4638.69 Safari/537.36"
193.56.113.27 - - [25/Jan/2025:13:48:28 +0000] "GET /cms/wp-includes/wlwmanifest.xml HTTP/1.0" 404 1047 "-" "Mozilla/5.0 (Windows NT 10.0; Win64; x64) AppleWebKit/537.36 (KHTML, like Gecko) Chrome/95.0.4638.69 Safari/537.36"
192.145.127.217 - - [25/Jan/2025:14:02:49 +0000] "GET / HTTP/1.0" 200 220 "-" "Mozilla/5.0 (Windows NT 10.0; Win64; x64) AppleWebKit/537.36 (KHTML, like Gecko) Chrome/84.0.4147.89 Safari/537.36"
54.36.226.169 - - [25/Jan/2025:19:19:19 +0000] "GET /.env HTTP/1.0" 404 1047 "-" "Mozilla/5.0 (X11; Linux x86_64) AppleWebKit/537.36 (KHTML, like Gecko) Chrome/81.0.4044.129 Safari/537.36"
54.36.226.169 - - [25/Jan/2025:19:19:25 +0000] "GET /.env HTTP/1.0" 404 1047 "-" "Mozilla/5.0 (X11; Linux x86_64) AppleWebKit/537.36 (KHTML, like Gecko) Chrome/81.0.4044.129 Safari/537.36"
54.36.226.169 - - [25/Jan/2025:19:19:33 +0000] "POST / HTTP/1.0" 200 1932 "-" "Mozilla/5.0 (X11; Linux x86_64) AppleWebKit/537.36 (KHTML, like Gecko) Chrome/81.0.4044.129 Safari/537.36"
54.36.226.169 - - [25/Jan/2025:19:19:37 +0000] "POST / HTTP/1.0" 200 1932 "-" "Mozilla/5.0 (X11; Linux x86_64) AppleWebKit/537.36 (KHTML, like Gecko) Chrome/81.0.4044.129 Safari/537.36"
159.89.85.70 - - [25/Jan/2025:07:46:38 +0000] "GET / HTTP/1.1" 200 5454 "-" "Mozilla/5.0 (compatible)"
159.89.85.70 - - [25/Jan/2025:07:46:39 +0000] "GET /favicon.ico HTTP/1.1" 200 113459 "http://mg-mail.dazzlingwebplanet.com/" "Mozilla/5.0 (compatible)"
129.146.112.142 - - [25/Jan/2025:07:47:28 +0000] "GET / HTTP/1.1" 200 5454 "-" "Mozilla/5.0 (Windows NT 10.0; Win64; x64) AppleWebKit/537.36 (KHTML, like Gecko) Chrome/95.0.4638.69 Safari/537.36"
129.146.112.142 - - [25/Jan/2025:07:47:29 +0000] "GET / HTTP/1.1" 200 5454 "-" "Mozilla/5.0 (Windows NT 10.0; Win64; x64) AppleWebKit/537.36 (KHTML, like Gecko) Chrome/95.0.4638.69 Safari/537.36"
129.146.112.142 - - [25/Jan/2025:07:47:34 +0000] "GET / HTTP/1.1" 200 5454 "-" "Mozilla/5.0 (Windows NT 10.0; Win64; x64) AppleWebKit/537.36 (KHTML, like Gecko) Chrome/95.0.4638.69 Safari/537.36"
129.146.112.142 - - [25/Jan/2025:07:54:24 +0000] "GET / HTTP/1.1" 200 5454 "-" "Mozilla/5.0 (Windows NT 10.0; Win64; x64) AppleWebKit/537.36 (KHTML, like Gecko) Chrome/95.0.4638.69 Safari/537.36"
193.56.113.27 - - [25/Jan/2025:13:48:25 +0000] "GET / HTTP/1.1" 200 5454 "-" "Mozilla/5.0 (Windows NT 10.0; Win64; x64) AppleWebKit/537.36 (KHTML, like Gecko) Chrome/95.0.4638.69 Safari/537.36"
192.145.127.217 - - [25/Jan/2025:14:02:49 +0000] "GET / HTTP/1.1" 200 5454 "-" "Mozilla/5.0 (Windows NT 10.0; Win64; x64) AppleWebKit/537.36 (KHTML, like Gecko) Chrome/84.0.4147.89 Safari/537.36"
205.169.39.0 - - [26/Jan/2025:06:42:35 +0000] "GET / HTTP/1.0" 200 220 "-" "Mozilla/5.0 (Windows NT 10.0; Win64; x64) AppleWebKit/537.36 (KHTML, like Gecko) Chrome/117.0.5938.132 Safari/537.36"
205.169.39.0 - - [26/Jan/2025:06:42:35 +0000] "GET /css/style.css HTTP/1.0" 200 222 "http://mg-mail.dazzlingwebplanet.com/" "Mozilla/5.0 (Windows NT 10.0; Win64; x64) AppleWebKit/537.36 (KHTML, like Gecko) Chrome/117.0.5938.132 Safari/537.36"
205.169.39.0 - - [26/Jan/2025:06:42:35 +0000] "GET /img/logo.png HTTP/1.0" 200 222 "http://mg-mail.dazzlingwebplanet.com/" "Mozilla/5.0 (Windows NT 10.0; Win64; x64) AppleWebKit/537.36 (KHTML, like Gecko) Chrome/117.0.5938.132 Safari/537.36"
205.169.39.0 - - [26/Jan/2025:06:42:35 +0000] "GET /img/globe.png HTTP/1.0" 200 223 "http://mg-mail.dazzlingwebplanet.com/css/style.css" "Mozilla/5.0 (Windows NT 10.0; Win64; x64) AppleWebKit/537.36 (KHTML, like Gecko) Chrome/117.0.5938.132 Safari/537.36"
205.169.39.0 - - [26/Jan/2025:06:42:35 +0000] "GET /img/fastcgi.png HTTP/1.0" 200 225 "http://mg-mail.dazzlingwebplanet.com/css/style.css" "Mozilla/5.0 (Windows NT 10.0; Win64; x64) AppleWebKit/537.36 (KHTML, like Gecko) Chrome/117.0.5938.132 Safari/537.36"
205.169.39.0 - - [26/Jan/2025:06:42:35 +0000] "GET /img/linkedin.png HTTP/1.0" 200 992 "http://mg-mail.dazzlingwebplanet.com/css/style.css" "Mozilla/5.0 (Windows NT 10.0; Win64; x64) AppleWebKit/537.36 (KHTML, like Gecko) Chrome/117.0.5938.132 Safari/537.36"
205.169.39.0 - - [26/Jan/2025:06:42:35 +0000] "GET /img/twitter.png HTTP/1.0" 200 225 "http://mg-mail.dazzlingwebplanet.com/css/style.css" "Mozilla/5.0 (Windows NT 10.0; Win64; x64) AppleWebKit/537.36 (KHTML, like Gecko) Chrome/117.0.5938.132 Safari/537.36"
205.169.39.0 - - [26/Jan/2025:06:42:35 +0000] "GET /img/php.png HTTP/1.0" 200 221 "http://mg-mail.dazzlingwebplanet.com/css/style.css" "Mozilla/5.0 (Windows NT 10.0; Win64; x64) AppleWebKit/537.36 (KHTML, like Gecko) Chrome/117.0.5938.132 Safari/537.36"
205.169.39.0 - - [26/Jan/2025:06:42:35 +0000] "GET /img/ssi.png HTTP/1.0" 200 221 "http://mg-mail.dazzlingwebplanet.com/css/style.css" "Mozilla/5.0 (Windows NT 10.0; Win64; x64) AppleWebKit/537.36 (KHTML, like Gecko) Chrome/117.0.5938.132 Safari/537.36"
205.169.39.0 - - [26/Jan/2025:06:42:35 +0000] "GET /img/blog.png HTTP/1.0" 200 222 "http://mg-mail.dazzlingwebplanet.com/css/style.css" "Mozilla/5.0 (Windows NT 10.0; Win64; x64) AppleWebKit/537.36 (KHTML, like Gecko) Chrome/117.0.5938.132 Safari/537.36"
205.169.39.0 - - [26/Jan/2025:06:42:36 +0000] "GET /img/forum.png HTTP/1.0" 200 223 "http://mg-mail.dazzlingwebplanet.com/css/style.css" "Mozilla/5.0 (Windows NT 10.0; Win64; x64) AppleWebKit/537.36 (KHTML, like Gecko) Chrome/117.0.5938.132 Safari/537.36"
205.169.39.0 - - [26/Jan/2025:06:42:36 +0000] "GET /img/knowledge-base.png HTTP/1.0" 200 232 "http://mg-mail.dazzlingwebplanet.com/css/style.css" "Mozilla/5.0 (Windows NT 10.0; Win64; x64) AppleWebKit/537.36 (KHTML, like Gecko) Chrome/117.0.5938.132 Safari/537.36"
205.169.39.0 - - [26/Jan/2025:06:42:36 +0000] "GET /img/facebook.png HTTP/1.0" 200 226 "http://mg-mail.dazzlingwebplanet.com/css/style.css" "Mozilla/5.0 (Windows NT 10.0; Win64; x64) AppleWebKit/537.36 (KHTML, like Gecko) Chrome/117.0.5938.132 Safari/537.36"
34.72.176.129 - - [26/Jan/2025:06:42:36 +0000] "GET / HTTP/1.0" 200 220 "-" "Mozilla/5.0 (X11; Linux x86_64) AppleWebKit/537.36 (KHTML, like Gecko) HeadlessChrome/125.0.6422.60 Safari/537.36"
34.72.176.129 - - [26/Jan/2025:06:42:37 +0000] "GET /css/style.css HTTP/1.0" 200 222 "http://mg-mail.dazzlingwebplanet.com/" "Mozilla/5.0 (X11; Linux x86_64) AppleWebKit/537.36 (KHTML, like Gecko) HeadlessChrome/125.0.6422.60 Safari/537.36"
34.122.147.229 - - [26/Jan/2025:06:42:37 +0000] "GET /img/logo.png HTTP/1.0" 200 222 "http://mg-mail.dazzlingwebplanet.com/" "Mozilla/5.0 (X11; Linux x86_64) AppleWebKit/537.36 (KHTML, like Gecko) HeadlessChrome/125.0.6422.60 Safari/537.36"
34.72.176.129 - - [26/Jan/2025:06:42:37 +0000] "GET /img/globe.png HTTP/1.0" 200 223 "http://mg-mail.dazzlingwebplanet.com/css/style.css" "Mozilla/5.0 (X11; Linux x86_64) AppleWebKit/537.36 (KHTML, like Gecko) HeadlessChrome/125.0.6422.60 Safari/537.36"
34.122.147.229 - - [26/Jan/2025:06:42:38 +0000] "GET /img/fastcgi.png HTTP/1.0" 200 225 "http://mg-mail.dazzlingwebplanet.com/css/style.css" "Mozilla/5.0 (X11; Linux x86_64) AppleWebKit/537.36 (KHTML, like Gecko) HeadlessChrome/125.0.6422.60 Safari/537.36"
34.122.147.229 - - [26/Jan/2025:06:42:38 +0000] "GET /img/ssi.png HTTP/1.0" 200 221 "http://mg-mail.dazzlingwebplanet.com/css/style.css" "Mozilla/5.0 (X11; Linux x86_64) AppleWebKit/537.36 (KHTML, like Gecko) HeadlessChrome/125.0.6422.60 Safari/537.36"
34.122.147.229 - - [26/Jan/2025:06:42:38 +0000] "GET /img/php.png HTTP/1.0" 200 221 "http://mg-mail.dazzlingwebplanet.com/css/style.css" "Mozilla/5.0 (X11; Linux x86_64) AppleWebKit/537.36 (KHTML, like Gecko) HeadlessChrome/125.0.6422.60 Safari/537.36"
34.72.176.129 - - [26/Jan/2025:06:42:38 +0000] "GET /img/blog.png HTTP/1.0" 200 222 "http://mg-mail.dazzlingwebplanet.com/css/style.css" "Mozilla/5.0 (X11; Linux x86_64) AppleWebKit/537.36 (KHTML, like Gecko) HeadlessChrome/125.0.6422.60 Safari/537.36"
104.197.69.115 - - [26/Jan/2025:06:42:38 +0000] "GET /img/forum.png HTTP/1.0" 200 223 "http://mg-mail.dazzlingwebplanet.com/css/style.css" "Mozilla/5.0 (X11; Linux x86_64) AppleWebKit/537.36 (KHTML, like Gecko) HeadlessChrome/125.0.6422.60 Safari/537.36"
34.122.147.229 - - [26/Jan/2025:06:42:38 +0000] "GET /img/knowledge-base.png HTTP/1.0" 200 232 "http://mg-mail.dazzlingwebplanet.com/css/style.css" "Mozilla/5.0 (X11; Linux x86_64) AppleWebKit/537.36 (KHTML, like Gecko) HeadlessChrome/125.0.6422.60 Safari/537.36"
34.122.147.229 - - [26/Jan/2025:06:42:38 +0000] "GET /img/facebook.png HTTP/1.0" 200 226 "http://mg-mail.dazzlingwebplanet.com/css/style.css" "Mozilla/5.0 (X11; Linux x86_64) AppleWebKit/537.36 (KHTML, like Gecko) HeadlessChrome/125.0.6422.60 Safari/537.36"
34.72.176.129 - - [26/Jan/2025:06:42:38 +0000] "GET /img/twitter.png HTTP/1.0" 200 225 "http://mg-mail.dazzlingwebplanet.com/css/style.css" "Mozilla/5.0 (X11; Linux x86_64) AppleWebKit/537.36 (KHTML, like Gecko) HeadlessChrome/125.0.6422.60 Safari/537.36"
34.122.147.229 - - [26/Jan/2025:06:42:38 +0000] "GET /img/linkedin.png HTTP/1.0" 200 992 "http://mg-mail.dazzlingwebplanet.com/css/style.css" "Mozilla/5.0 (X11; Linux x86_64) AppleWebKit/537.36 (KHTML, like Gecko) HeadlessChrome/125.0.6422.60 Safari/537.36"
205.169.39.235 - - [26/Jan/2025:06:42:45 +0000] "GET / HTTP/1.0" 200 220 "-" "Mozilla/5.0 (Windows NT 6.1; Win64; x64) AppleWebKit/537.36 (KHTML, like Gecko) Chrome/83.0.4103.61 Safari/537.36"
205.169.39.7 - - [26/Jan/2025:06:42:52 +0000] "GET / HTTP/1.0" 200 220 "-" "Mozilla/5.0 (Windows NT 10.0) AppleWebKit/537.36 (KHTML, like Gecko) Chrome/106.0.0.0 Safari/537.36"
205.169.39.235 - - [26/Jan/2025:06:43:01 +0000] "GET / HTTP/1.0" 200 220 "-" "Mozilla/5.0 (Windows NT 10.0; Win64; x64) AppleWebKit/537.36 (KHTML, like Gecko) Chrome/79.0.3945.79 Safari/537.36"
205.169.39.235 - - [26/Jan/2025:06:43:02 +0000] "GET /css/style.css HTTP/1.0" 200 222 "http://mg-mail.dazzlingwebplanet.com/" "Mozilla/5.0 (Windows NT 10.0; Win64; x64) AppleWebKit/537.36 (KHTML, like Gecko) Chrome/79.0.3945.79 Safari/537.36"
205.169.39.235 - - [26/Jan/2025:06:43:02 +0000] "GET /img/logo.png HTTP/1.0" 200 222 "http://mg-mail.dazzlingwebplanet.com/" "Mozilla/5.0 (Windows NT 10.0; Win64; x64) AppleWebKit/537.36 (KHTML, like Gecko) Chrome/79.0.3945.79 Safari/537.36"
205.169.39.0 - - [26/Jan/2025:06:42:35 +0000] "GET / HTTP/1.1" 200 5454 "-" "Mozilla/5.0 (Windows NT 10.0; Win64; x64) AppleWebKit/537.36 (KHTML, like Gecko) Chrome/117.0.5938.132 Safari/537.36"
205.169.39.0 - - [26/Jan/2025:06:42:35 +0000] "GET /css/style.css HTTP/1.1" 200 7366 "http://mg-mail.dazzlingwebplanet.com/" "Mozilla/5.0 (Windows NT 10.0; Win64; x64) AppleWebKit/537.36 (KHTML, like Gecko) Chrome/117.0.5938.132 Safari/537.36"
205.169.39.0 - - [26/Jan/2025:06:42:35 +0000] "GET /img/logo.png HTTP/1.1" 200 18187 "http://mg-mail.dazzlingwebplanet.com/" "Mozilla/5.0 (Windows NT 10.0; Win64; x64) AppleWebKit/537.36 (KHTML, like Gecko) Chrome/117.0.5938.132 Safari/537.36"
205.169.39.0 - - [26/Jan/2025:06:42:35 +0000] "GET /img/globe.png HTTP/1.1" 200 49609 "http://mg-mail.dazzlingwebplanet.com/css/style.css" "Mozilla/5.0 (Windows NT 10.0; Win64; x64) AppleWebKit/537.36 (KHTML, like Gecko) Chrome/117.0.5938.132 Safari/537.36"
205.169.39.0 - - [26/Jan/2025:06:42:35 +0000] "GET /img/fastcgi.png HTTP/1.1" 200 3521 "http://mg-mail.dazzlingwebplanet.com/css/style.css" "Mozilla/5.0 (Windows NT 10.0; Win64; x64) AppleWebKit/537.36 (KHTML, like Gecko) Chrome/117.0.5938.132 Safari/537.36"
205.169.39.0 - - [26/Jan/2025:06:42:35 +0000] "GET /img/php.png HTTP/1.1" 200 2695 "http://mg-mail.dazzlingwebplanet.com/css/style.css" "Mozilla/5.0 (Windows NT 10.0; Win64; x64) AppleWebKit/537.36 (KHTML, like Gecko) Chrome/117.0.5938.132 Safari/537.36"
205.169.39.0 - - [26/Jan/2025:06:42:35 +0000] "GET /img/twitter.png HTTP/1.1" 200 2302 "http://mg-mail.dazzlingwebplanet.com/css/style.css" "Mozilla/5.0 (Windows NT 10.0; Win64; x64) AppleWebKit/537.36 (KHTML, like Gecko) Chrome/117.0.5938.132 Safari/537.36"
205.169.39.0 - - [26/Jan/2025:06:42:35 +0000] "GET /img/ssi.png HTTP/1.1" 200 1706 "http://mg-mail.dazzlingwebplanet.com/css/style.css" "Mozilla/5.0 (Windows NT 10.0; Win64; x64) AppleWebKit/537.36 (KHTML, like Gecko) Chrome/117.0.5938.132 Safari/537.36"
205.169.39.0 - - [26/Jan/2025:06:42:35 +0000] "GET /img/blog.png HTTP/1.1" 200 2328 "http://mg-mail.dazzlingwebplanet.com/css/style.css" "Mozilla/5.0 (Windows NT 10.0; Win64; x64) AppleWebKit/537.36 (KHTML, like Gecko) Chrome/117.0.5938.132 Safari/537.36"
205.169.39.0 - - [26/Jan/2025:06:42:36 +0000] "GET /img/forum.png HTTP/1.1" 200 3425 "http://mg-mail.dazzlingwebplanet.com/css/style.css" "Mozilla/5.0 (Windows NT 10.0; Win64; x64) AppleWebKit/537.36 (KHTML, like Gecko) Chrome/117.0.5938.132 Safari/537.36"
205.169.39.0 - - [26/Jan/2025:06:42:36 +0000] "GET /img/knowledge-base.png HTTP/1.1" 200 1495 "http://mg-mail.dazzlingwebplanet.com/css/style.css" "Mozilla/5.0 (Windows NT 10.0; Win64; x64) AppleWebKit/537.36 (KHTML, like Gecko) Chrome/117.0.5938.132 Safari/537.36"
205.169.39.0 - - [26/Jan/2025:06:42:36 +0000] "GET /img/facebook.png HTTP/1.1" 200 1933 "http://mg-mail.dazzlingwebplanet.com/css/style.css" "Mozilla/5.0 (Windows NT 10.0; Win64; x64) AppleWebKit/537.36 (KHTML, like Gecko) Chrome/117.0.5938.132 Safari/537.36"
34.72.176.129 - - [26/Jan/2025:06:42:36 +0000] "GET / HTTP/1.1" 200 5454 "-" "Mozilla/5.0 (X11; Linux x86_64) AppleWebKit/537.36 (KHTML, like Gecko) HeadlessChrome/125.0.6422.60 Safari/537.36"
34.72.176.129 - - [26/Jan/2025:06:42:37 +0000] "GET /css/style.css HTTP/1.1" 200 7366 "http://mg-mail.dazzlingwebplanet.com/" "Mozilla/5.0 (X11; Linux x86_64) AppleWebKit/537.36 (KHTML, like Gecko) HeadlessChrome/125.0.6422.60 Safari/537.36"
34.122.147.229 - - [26/Jan/2025:06:42:37 +0000] "GET /img/logo.png HTTP/1.1" 200 18187 "http://mg-mail.dazzlingwebplanet.com/" "Mozilla/5.0 (X11; Linux x86_64) AppleWebKit/537.36 (KHTML, like Gecko) HeadlessChrome/125.0.6422.60 Safari/537.36"
34.72.176.129 - - [26/Jan/2025:06:42:37 +0000] "GET /img/globe.png HTTP/1.1" 200 49609 "http://mg-mail.dazzlingwebplanet.com/css/style.css" "Mozilla/5.0 (X11; Linux x86_64) AppleWebKit/537.36 (KHTML, like Gecko) HeadlessChrome/125.0.6422.60 Safari/537.36"
34.122.147.229 - - [26/Jan/2025:06:42:38 +0000] "GET /img/fastcgi.png HTTP/1.1" 200 3521 "http://mg-mail.dazzlingwebplanet.com/css/style.css" "Mozilla/5.0 (X11; Linux x86_64) AppleWebKit/537.36 (KHTML, like Gecko) HeadlessChrome/125.0.6422.60 Safari/537.36"
34.122.147.229 - - [26/Jan/2025:06:42:38 +0000] "GET /img/ssi.png HTTP/1.1" 200 1706 "http://mg-mail.dazzlingwebplanet.com/css/style.css" "Mozilla/5.0 (X11; Linux x86_64) AppleWebKit/537.36 (KHTML, like Gecko) HeadlessChrome/125.0.6422.60 Safari/537.36"
34.122.147.229 - - [26/Jan/2025:06:42:38 +0000] "GET /img/php.png HTTP/1.1" 200 2695 "http://mg-mail.dazzlingwebplanet.com/css/style.css" "Mozilla/5.0 (X11; Linux x86_64) AppleWebKit/537.36 (KHTML, like Gecko) HeadlessChrome/125.0.6422.60 Safari/537.36"
34.72.176.129 - - [26/Jan/2025:06:42:38 +0000] "GET /img/blog.png HTTP/1.1" 200 2328 "http://mg-mail.dazzlingwebplanet.com/css/style.css" "Mozilla/5.0 (X11; Linux x86_64) AppleWebKit/537.36 (KHTML, like Gecko) HeadlessChrome/125.0.6422.60 Safari/537.36"
104.197.69.115 - - [26/Jan/2025:06:42:38 +0000] "GET /img/forum.png HTTP/1.1" 200 3425 "http://mg-mail.dazzlingwebplanet.com/css/style.css" "Mozilla/5.0 (X11; Linux x86_64) AppleWebKit/537.36 (KHTML, like Gecko) HeadlessChrome/125.0.6422.60 Safari/537.36"
34.122.147.229 - - [26/Jan/2025:06:42:38 +0000] "GET /img/knowledge-base.png HTTP/1.1" 200 1495 "http://mg-mail.dazzlingwebplanet.com/css/style.css" "Mozilla/5.0 (X11; Linux x86_64) AppleWebKit/537.36 (KHTML, like Gecko) HeadlessChrome/125.0.6422.60 Safari/537.36"
34.122.147.229 - - [26/Jan/2025:06:42:38 +0000] "GET /img/facebook.png HTTP/1.1" 200 1933 "http://mg-mail.dazzlingwebplanet.com/css/style.css" "Mozilla/5.0 (X11; Linux x86_64) AppleWebKit/537.36 (KHTML, like Gecko) HeadlessChrome/125.0.6422.60 Safari/537.36"
34.72.176.129 - - [26/Jan/2025:06:42:38 +0000] "GET /img/twitter.png HTTP/1.1" 200 2302 "http://mg-mail.dazzlingwebplanet.com/css/style.css" "Mozilla/5.0 (X11; Linux x86_64) AppleWebKit/537.36 (KHTML, like Gecko) HeadlessChrome/125.0.6422.60 Safari/537.36"
205.169.39.235 - - [26/Jan/2025:06:42:45 +0000] "GET / HTTP/1.1" 200 1350 "-" "Mozilla/5.0 (Windows NT 6.1; Win64; x64) AppleWebKit/537.36 (KHTML, like Gecko) Chrome/83.0.4103.61 Safari/537.36"
205.169.39.7 - - [26/Jan/2025:06:42:52 +0000] "GET / HTTP/1.1" 200 5454 "-" "Mozilla/5.0 (Windows NT 10.0) AppleWebKit/537.36 (KHTML, like Gecko) Chrome/106.0.0.0 Safari/537.36"
205.169.39.235 - - [26/Jan/2025:06:43:01 +0000] "GET / HTTP/1.1" 200 5454 "-" "Mozilla/5.0 (Windows NT 10.0; Win64; x64) AppleWebKit/537.36 (KHTML, like Gecko) Chrome/79.0.3945.79 Safari/537.36"
205.169.39.235 - - [26/Jan/2025:06:43:02 +0000] "GET /css/style.css HTTP/1.1" 200 7366 "http://mg-mail.dazzlingwebplanet.com/" "Mozilla/5.0 (Windows NT 10.0; Win64; x64) AppleWebKit/537.36 (KHTML, like Gecko) Chrome/79.0.3945.79 Safari/537.36"
205.169.39.235 - - [26/Jan/2025:06:43:02 +0000] "GET /img/logo.png HTTP/1.1" 200 18187 "http://mg-mail.dazzlingwebplanet.com/" "Mozilla/5.0 (Windows NT 10.0; Win64; x64) AppleWebKit/537.36 (KHTML, like Gecko) Chrome/79.0.3945.79 Safari/537.36"
104.248.207.150 - - [27/Jan/2025:07:50:31 +0000] "GET / HTTP/1.0" 200 220 "-" "Mozilla/5.0 (compatible)"
104.248.207.150 - - [27/Jan/2025:07:50:31 +0000] "GET /favicon.ico HTTP/1.0" 200 236 "http://mg-mail.dazzlingwebplanet.com/" "Mozilla/5.0 (compatible)"
104.248.207.150 - - [27/Jan/2025:07:50:31 +0000] "GET / HTTP/1.1" 200 5454 "-" "Mozilla/5.0 (compatible)"
104.248.207.150 - - [27/Jan/2025:07:50:31 +0000] "GET /favicon.ico HTTP/1.1" 200 113459 "http://mg-mail.dazzlingwebplanet.com/" "Mozilla/5.0 (compatible)"
68.183.90.0 - - [29/Jan/2025:07:26:39 +0000] "GET / HTTP/1.0" 200 220 "-" "Mozilla/5.0 (compatible)"
68.183.90.0 - - [29/Jan/2025:07:26:39 +0000] "GET /favicon.ico HTTP/1.0" 200 236 "http://mg-mail.dazzlingwebplanet.com/" "Mozilla/5.0 (compatible)"
45.144.227.79 - - [29/Jan/2025:17:54:53 +0000] "GET / HTTP/1.0" 200 220 "-" "Mozilla/5.0 (Windows NT 10.0; Win64; x64) AppleWebKit/537.36 (KHTML, like Gecko) Chrome/95.0.4638.69 Safari/537.36"
45.144.227.79 - - [29/Jan/2025:17:54:53 +0000] "GET /wp-includes/ID3/license.txt HTTP/1.0" 404 1047 "-" "Mozilla/5.0 (Windows NT 10.0; Win64; x64) AppleWebKit/537.36 (KHTML, like Gecko) Chrome/95.0.4638.69 Safari/537.36"
45.144.227.79 - - [29/Jan/2025:17:54:54 +0000] "GET /feed/ HTTP/1.0" 404 1047 "-" "Mozilla/5.0 (Windows NT 10.0; Win64; x64) AppleWebKit/537.36 (KHTML, like Gecko) Chrome/95.0.4638.69 Safari/537.36"
45.144.227.79 - - [29/Jan/2025:17:54:54 +0000] "GET /xmlrpc.php?rsd HTTP/1.0" 404 180 "-" "Mozilla/5.0 (Windows NT 10.0; Win64; x64) AppleWebKit/537.36 (KHTML, like Gecko) Chrome/95.0.4638.69 Safari/537.36"
45.144.227.79 - - [29/Jan/2025:17:54:54 +0000] "GET /blog/wp-includes/wlwmanifest.xml HTTP/1.0" 404 1047 "-" "Mozilla/5.0 (Windows NT 10.0; Win64; x64) AppleWebKit/537.36 (KHTML, like Gecko) Chrome/95.0.4638.69 Safari/537.36"
45.144.227.79 - - [29/Jan/2025:17:54:55 +0000] "GET /web/wp-includes/wlwmanifest.xml HTTP/1.0" 404 1047 "-" "Mozilla/5.0 (Windows NT 10.0; Win64; x64) AppleWebKit/537.36 (KHTML, like Gecko) Chrome/95.0.4638.69 Safari/537.36"
45.144.227.79 - - [29/Jan/2025:17:54:55 +0000] "GET /wordpress/wp-includes/wlwmanifest.xml HTTP/1.0" 404 1047 "-" "Mozilla/5.0 (Windows NT 10.0; Win64; x64) AppleWebKit/537.36 (KHTML, like Gecko) Chrome/95.0.4638.69 Safari/537.36"
45.144.227.79 - - [29/Jan/2025:17:54:55 +0000] "GET /wp/wp-includes/wlwmanifest.xml HTTP/1.0" 404 1047 "-" "Mozilla/5.0 (Windows NT 10.0; Win64; x64) AppleWebKit/537.36 (KHTML, like Gecko) Chrome/95.0.4638.69 Safari/537.36"
45.144.227.79 - - [29/Jan/2025:17:54:56 +0000] "GET /2020/wp-includes/wlwmanifest.xml HTTP/1.0" 404 1047 "-" "Mozilla/5.0 (Windows NT 10.0; Win64; x64) AppleWebKit/537.36 (KHTML, like Gecko) Chrome/95.0.4638.69 Safari/537.36"
45.144.227.79 - - [29/Jan/2025:17:54:56 +0000] "GET /2019/wp-includes/wlwmanifest.xml HTTP/1.0" 404 1047 "-" "Mozilla/5.0 (Windows NT 10.0; Win64; x64) AppleWebKit/537.36 (KHTML, like Gecko) Chrome/95.0.4638.69 Safari/537.36"
45.144.227.79 - - [29/Jan/2025:17:54:57 +0000] "GET /2021/wp-includes/wlwmanifest.xml HTTP/1.0" 404 1047 "-" "Mozilla/5.0 (Windows NT 10.0; Win64; x64) AppleWebKit/537.36 (KHTML, like Gecko) Chrome/95.0.4638.69 Safari/537.36"
45.144.227.79 - - [29/Jan/2025:17:54:57 +0000] "GET /shop/wp-includes/wlwmanifest.xml HTTP/1.0" 404 1047 "-" "Mozilla/5.0 (Windows NT 10.0; Win64; x64) AppleWebKit/537.36 (KHTML, like Gecko) Chrome/95.0.4638.69 Safari/537.36"
45.144.227.79 - - [29/Jan/2025:17:54:57 +0000] "GET /wp1/wp-includes/wlwmanifest.xml HTTP/1.0" 404 1047 "-" "Mozilla/5.0 (Windows NT 10.0; Win64; x64) AppleWebKit/537.36 (KHTML, like Gecko) Chrome/95.0.4638.69 Safari/537.36"
45.144.227.79 - - [29/Jan/2025:17:54:58 +0000] "GET /test/wp-includes/wlwmanifest.xml HTTP/1.0" 404 1047 "-" "Mozilla/5.0 (Windows NT 10.0; Win64; x64) AppleWebKit/537.36 (KHTML, like Gecko) Chrome/95.0.4638.69 Safari/537.36"
45.144.227.79 - - [29/Jan/2025:17:54:58 +0000] "GET /site/wp-includes/wlwmanifest.xml HTTP/1.0" 404 1047 "-" "Mozilla/5.0 (Windows NT 10.0; Win64; x64) AppleWebKit/537.36 (KHTML, like Gecko) Chrome/95.0.4638.69 Safari/537.36"
45.144.227.79 - - [29/Jan/2025:17:54:59 +0000] "GET /cms/wp-includes/wlwmanifest.xml HTTP/1.0" 404 1047 "-" "Mozilla/5.0 (Windows NT 10.0; Win64; x64) AppleWebKit/537.36 (KHTML, like Gecko) Chrome/95.0.4638.69 Safari/537.36"
68.183.90.0 - - [29/Jan/2025:07:26:39 +0000] "GET / HTTP/1.1" 200 5454 "-" "Mozilla/5.0 (compatible)"
68.183.90.0 - - [29/Jan/2025:07:26:39 +0000] "GET /favicon.ico HTTP/1.1" 200 113459 "http://mg-mail.dazzlingwebplanet.com/" "Mozilla/5.0 (compatible)"
45.144.227.79 - - [29/Jan/2025:17:54:53 +0000] "GET / HTTP/1.1" 200 5454 "-" "Mozilla/5.0 (Windows NT 10.0; Win64; x64) AppleWebKit/537.36 (KHTML, like Gecko) Chrome/95.0.4638.69 Safari/537.36"
18.208.156.167 - - [31/Jan/2025:04:21:06 +0000] "GET / HTTP/1.0" 200 220 "-" "Mozilla/5.0 (Windows NT 10.0; Win64; x64) AppleWebKit/537.36 (KHTML, like Gecko) Chrome/100.0.4896.75 Safari/537.36"
158.220.108.107 - - [31/Jan/2025:05:59:51 +0000] "GET /.env HTTP/1.0" 404 1047 "-" "Mozilla/5.0 (MSIE 9.0; Windows NT 10.0; Win64; x64) AppleWebKit/537.36 (KHTML, like Gecko) Chrome/51.0.2704.79 Safari/537.36 Edge/14.14931"
152.42.137.122 - - [31/Jan/2025:06:12:40 +0000] "GET / HTTP/1.0" 200 220 "-" "Mozilla/5.0 (compatible)"
152.42.137.122 - - [31/Jan/2025:06:12:40 +0000] "GET /favicon.ico HTTP/1.0" 200 236 "http://mg-mail.dazzlingwebplanet.com/" "Mozilla/5.0 (compatible)"
18.208.156.167 - - [31/Jan/2025:04:21:06 +0000] "GET / HTTP/1.1" 200 5454 "-" "Mozilla/5.0 (Windows NT 10.0; Win64; x64) AppleWebKit/537.36 (KHTML, like Gecko) Chrome/100.0.4896.75 Safari/537.36"
152.42.137.122 - - [31/Jan/2025:06:12:40 +0000] "GET / HTTP/1.1" 200 5454 "-" "Mozilla/5.0 (compatible)"
152.42.137.122 - - [31/Jan/2025:06:12:40 +0000] "GET /favicon.ico HTTP/1.1" 200 113459 "http://mg-mail.dazzlingwebplanet.com/" "Mozilla/5.0 (compatible)"
198.235.24.49 - - [01/Feb/2025:01:59:37 +0000] "GET / HTTP/1.0" 200 220 "-" "-"
198.235.24.49 - - [01/Feb/2025:01:59:37 +0000] "GET / HTTP/1.1" 200 5454 "-" "-"
104.131.98.107 - - [02/Feb/2025:06:35:47 +0000] "GET / HTTP/1.0" 200 220 "-" "Mozilla/5.0 (compatible)"
104.131.98.107 - - [02/Feb/2025:06:35:47 +0000] "GET /favicon.ico HTTP/1.0" 200 236 "http://mg-mail.dazzlingwebplanet.com/" "Mozilla/5.0 (compatible)"
