54.213.164.107 - - [23/Jan/2025:23:55:11 +0000] "GET /img/linkedin.png HTTP/1.0" 200 992 "http://mg-mail.dazzlingwebplanet.com/css/style.css" "Mozilla/5.0 (Linux; Android 8.0.0; SM-G965U Build/R16NW) AppleWebKit/537.36 (KHTML, like Gecko) Chrome/63.0.3239.111 Mobile Safari/537.36"
54.213.164.107 - - [23/Jan/2025:23:55:11 +0000] "GET /img/forum.png HTTP/1.0" 200 223 "http://mg-mail.dazzlingwebplanet.com/css/style.css" "Mozilla/5.0 (Linux; Android 8.0.0; SM-G965U Build/R16NW) AppleWebKit/537.36 (KHTML, like Gecko) Chrome/63.0.3239.111 Mobile Safari/537.36"
54.213.164.107 - - [23/Jan/2025:23:55:11 +0000] "GET /img/knowledge-base.png HTTP/1.0" 200 232 "http://mg-mail.dazzlingwebplanet.com/css/style.css" "Mozilla/5.0 (Linux; Android 8.0.0; SM-G965U Build/R16NW) AppleWebKit/537.36 (KHTML, like Gecko) Chrome/63.0.3239.111 Mobile Safari/537.36"
54.213.164.107 - - [23/Jan/2025:23:55:11 +0000] "GET /img/facebook.png HTTP/1.0" 200 226 "http://mg-mail.dazzlingwebplanet.com/css/style.css" "Mozilla/5.0 (Linux; Android 8.0.0; SM-G965U Build/R16NW) AppleWebKit/537.36 (KHTML, like Gecko) Chrome/63.0.3239.111 Mobile Safari/537.36"
54.213.164.107 - - [23/Jan/2025:23:55:11 +0000] "GET /img/twitter.png HTTP/1.0" 200 225 "http://mg-mail.dazzlingwebplanet.com/css/style.css" "Mozilla/5.0 (Linux; Android 8.0.0; SM-G965U Build/R16NW) AppleWebKit/537.36 (KHTML, like Gecko) Chrome/63.0.3239.111 Mobile Safari/537.36"
54.213.164.107 - - [23/Jan/2025:23:55:11 +0000] "GET /img/fastcgi.png HTTP/1.0" 200 225 "http://mg-mail.dazzlingwebplanet.com/css/style.css" "Mozilla/5.0 (Linux; Android 8.0.0; SM-G965U Build/R16NW) AppleWebKit/537.36 (KHTML, like Gecko) Chrome/63.0.3239.111 Mobile Safari/537.36"
54.213.164.107 - - [23/Jan/2025:23:55:11 +0000] "GET /img/php.png HTTP/1.0" 200 221 "http://mg-mail.dazzlingwebplanet.com/css/style.css" "Mozilla/5.0 (Linux; Android 8.0.0; SM-G965U Build/R16NW) AppleWebKit/537.36 (KHTML, like Gecko) Chrome/63.0.3239.111 Mobile Safari/537.36"
54.213.164.107 - - [23/Jan/2025:23:55:11 +0000] "GET /img/ssi.png HTTP/1.0" 200 221 "http://mg-mail.dazzlingwebplanet.com/css/style.css" "Mozilla/5.0 (Linux; Android 8.0.0; SM-G965U Build/R16NW) AppleWebKit/537.36 (KHTML, like Gecko) Chrome/63.0.3239.111 Mobile Safari/537.36"
198.44.129.50 - - [24/Jan/2025:01:02:43 +0000] "GET / HTTP/1.0" 200 220 "-" "Python/3.9 aiohttp/3.8.1"
98.159.226.27 - - [24/Jan/2025:01:03:10 +0000] "GET / HTTP/1.0" 200 220 "-" "Mozilla/5.0 (Windows NT 10.0; Win64; x64) AppleWebKit/537.36 (KHTML, like Gecko) Chrome/98.0.4758.102 Safari/537.36"
89.208.29.122 - - [24/Jan/2025:01:03:10 +0000] "GET /css/style.css HTTP/1.0" 200 222 "http://mg-mail.dazzlingwebplanet.com/" "Mozilla/5.0 (Windows NT 10.0; Win64; x64) AppleWebKit/537.36 (KHTML, like Gecko) Chrome/98.0.4758.102 Safari/537.36"
89.208.29.122 - - [24/Jan/2025:01:03:10 +0000] "GET /img/logo.png HTTP/1.0" 200 222 "http://mg-mail.dazzlingwebplanet.com/" "Mozilla/5.0 (Windows NT 10.0; Win64; x64) AppleWebKit/537.36 (KHTML, like Gecko) Chrome/98.0.4758.102 Safari/537.36"
98.159.226.27 - - [24/Jan/2025:01:03:13 +0000] "GET /img/facebook.png HTTP/1.0" 200 226 "http://mg-mail.dazzlingwebplanet.com/css/style.css" "Mozilla/5.0 (Windows NT 10.0; Win64; x64) AppleWebKit/537.36 (KHTML, like Gecko) Chrome/98.0.4758.102 Safari/537.36"
45.130.83.59 - - [24/Jan/2025:01:03:13 +0000] "GET /img/knowledge-base.png HTTP/1.0" 200 232 "http://mg-mail.dazzlingwebplanet.com/css/style.css" "Mozilla/5.0 (Windows NT 10.0; Win64; x64) AppleWebKit/537.36 (KHTML, like Gecko) Chrome/98.0.4758.102 Safari/537.36"
64.64.117.8 - - [24/Jan/2025:01:03:13 +0000] "GET /img/globe.png HTTP/1.0" 200 223 "http://mg-mail.dazzlingwebplanet.com/css/style.css" "Mozilla/5.0 (Windows NT 10.0; Win64; x64) AppleWebKit/537.36 (KHTML, like Gecko) Chrome/98.0.4758.102 Safari/537.36"
64.64.117.8 - - [24/Jan/2025:01:03:13 +0000] "GET /img/blog.png HTTP/1.0" 200 222 "http://mg-mail.dazzlingwebplanet.com/css/style.css" "Mozilla/5.0 (Windows NT 10.0; Win64; x64) AppleWebKit/537.36 (KHTML, like Gecko) Chrome/98.0.4758.102 Safari/537.36"
64.64.117.8 - - [24/Jan/2025:01:03:13 +0000] "GET /img/twitter.png HTTP/1.0" 200 225 "http://mg-mail.dazzlingwebplanet.com/css/style.css" "Mozilla/5.0 (Windows NT 10.0; Win64; x64) AppleWebKit/537.36 (KHTML, like Gecko) Chrome/98.0.4758.102 Safari/537.36"
98.159.226.27 - - [24/Jan/2025:01:03:13 +0000] "GET /img/linkedin.png HTTP/1.0" 200 992 "http://mg-mail.dazzlingwebplanet.com/css/style.css" "Mozilla/5.0 (Windows NT 10.0; Win64; x64) AppleWebKit/537.36 (KHTML, like Gecko) Chrome/98.0.4758.102 Safari/537.36"
89.208.29.122 - - [24/Jan/2025:01:03:13 +0000] "GET /img/fastcgi.png HTTP/1.0" 200 225 "http://mg-mail.dazzlingwebplanet.com/css/style.css" "Mozilla/5.0 (Windows NT 10.0; Win64; x64) AppleWebKit/537.36 (KHTML, like Gecko) Chrome/98.0.4758.102 Safari/537.36"
98.159.226.27 - - [24/Jan/2025:01:03:13 +0000] "GET /img/ssi.png HTTP/1.0" 200 221 "http://mg-mail.dazzlingwebplanet.com/css/style.css" "Mozilla/5.0 (Windows NT 10.0; Win64; x64) AppleWebKit/537.36 (KHTML, like Gecko) Chrome/98.0.4758.102 Safari/537.36"
45.130.83.59 - - [24/Jan/2025:01:03:13 +0000] "GET /img/php.png HTTP/1.0" 200 221 "http://mg-mail.dazzlingwebplanet.com/css/style.css" "Mozilla/5.0 (Windows NT 10.0; Win64; x64) AppleWebKit/537.36 (KHTML, like Gecko) Chrome/98.0.4758.102 Safari/537.36"
89.208.29.122 - - [24/Jan/2025:01:03:13 +0000] "GET /img/forum.png HTTP/1.0" 200 223 "http://mg-mail.dazzlingwebplanet.com/css/style.css" "Mozilla/5.0 (Windows NT 10.0; Win64; x64) AppleWebKit/537.36 (KHTML, like Gecko) Chrome/98.0.4758.102 Safari/537.36"
45.132.186.111 - - [24/Jan/2025:01:03:35 +0000] "GET / HTTP/1.0" 200 220 "-" "Mozilla/5.0 (Windows NT 6.1; WOW64) AppleWebKit/537.36 (KHTML, like Gecko) Chrome/45.0.2454.85 Safari/537.36"
45.132.186.111 - - [24/Jan/2025:01:03:41 +0000] "GET / HTTP/1.0" 200 220 "-" "Mozilla/5.0 (Windows NT 6.1; WOW64) AppleWebKit/537.36 (KHTML, like Gecko) Chrome/45.0.2454.85 Safari/537.36"
45.132.186.111 - - [24/Jan/2025:01:03:41 +0000] "GET /css/style.css HTTP/1.0" 200 222 "http://mg-mail.dazzlingwebplanet.com/" "Mozilla/5.0 (Windows NT 6.1; WOW64) AppleWebKit/537.36 (KHTML, like Gecko) Chrome/45.0.2454.85 Safari/537.36"
45.132.186.111 - - [24/Jan/2025:01:03:42 +0000] "GET /img/logo.png HTTP/1.0" 200 222 "http://mg-mail.dazzlingwebplanet.com/" "Mozilla/5.0 (Windows NT 6.1; WOW64) AppleWebKit/537.36 (KHTML, like Gecko) Chrome/45.0.2454.85 Safari/537.36"
212.143.94.254 - - [24/Jan/2025:01:03:52 +0000] "GET / HTTP/1.0" 200 220 "https://www.google.ie/" "Mozilla/5.0 (Windows NT 6.1; Win64; x64) AppleWebKit/537.36 (KHTML, like Gecko) Chrome/111.0.5563.65 Safari/537.36"
136.0.100.86 - - [24/Jan/2025:01:04:01 +0000] "GET / HTTP/1.0" 200 220 "-" "Mozilla/5.0 (Macintosh; Intel Mac OS X 10_15_7) AppleWebKit/537.36 (KHTML, like Gecko) Chrome/128.0.0.0 Safari/537.36"
185.253.96.34 - - [24/Jan/2025:01:05:34 +0000] "GET / HTTP/1.0" 200 220 "-" "Mozilla/5.0 (Macintosh; Intel Mac OS X 10_15_7) AppleWebKit/605.1.15 (KHTML, like Gecko) Version/18.0 Safari/605.1.15"
192.42.116.216 - - [24/Jan/2025:01:05:34 +0000] "GET / HTTP/1.0" 200 220 "-" "Mozilla/5.0 (Windows NT 10.0; Win64; x64) AppleWebKit/537.36 (KHTML, like Gecko) Chrome/130.0.0.0 Safari/537.36 Edg/130.0.0.0"
128.90.104.239 - - [24/Jan/2025:01:05:34 +0000] "GET / HTTP/1.0" 200 220 "-" "Mozilla/5.0 (iPhone; CPU iPhone OS 17_6_1 like Mac OS X) AppleWebKit/605.1.15 (KHTML, like Gecko) Version/17.6 Mobile/15E148 Safari/604.1"
185.253.96.34 - - [24/Jan/2025:01:05:34 +0000] "GET /img/logo.png HTTP/1.0" 200 222 "-" "Mozilla/5.0 (Macintosh; Intel Mac OS X 10_15_7) AppleWebKit/605.1.15 (KHTML, like Gecko) Version/18.0 Safari/605.1.15"
192.42.116.216 - - [24/Jan/2025:01:05:34 +0000] "GET /img/logo.png HTTP/1.0" 200 222 "-" "Mozilla/5.0 (Windows NT 10.0; Win64; x64) AppleWebKit/537.36 (KHTML, like Gecko) Chrome/130.0.0.0 Safari/537.36 Edg/130.0.0.0"
128.90.104.239 - - [24/Jan/2025:01:05:34 +0000] "GET /img/logo.png HTTP/1.0" 200 222 "-" "Mozilla/5.0 (iPhone; CPU iPhone OS 17_6_1 like Mac OS X) AppleWebKit/605.1.15 (KHTML, like Gecko) Version/17.6 Mobile/15E148 Safari/604.1"
185.253.96.34 - - [24/Jan/2025:01:05:37 +0000] "GET /favicon.ico HTTP/1.0" 200 236 "-" "Mozilla/5.0 (Macintosh; Intel Mac OS X 10_15_7) AppleWebKit/605.1.15 (KHTML, like Gecko) Version/18.0 Safari/605.1.15"
86.147.82.162 - - [24/Jan/2025:01:09:11 +0000] "GET / HTTP/1.0" 200 220 "-" "Mozilla/5.0 (Macintosh; Intel Mac OS X 10_15_7) AppleWebKit/605.1.15 (KHTML, like Gecko) Version/18.0 Safari/605.1.15"
86.147.82.162 - - [24/Jan/2025:01:09:12 +0000] "GET /img/logo.png HTTP/1.0" 200 222 "-" "Mozilla/5.0 (Macintosh; Intel Mac OS X 10_15_7) AppleWebKit/605.1.15 (KHTML, like Gecko) Version/18.0 Safari/605.1.15"
185.213.22.95 - - [24/Jan/2025:01:11:29 +0000] "GET / HTTP/1.0" 200 220 "-" "Mozilla/5.0 (Windows NT 10.0; Win64; x64) AppleWebKit/537.36 (KHTML, like Gecko) Chrome/130.0.0.0 Safari/537.36 Edg/130.0.0.0"
149.34.248.71 - - [24/Jan/2025:01:11:30 +0000] "GET / HTTP/1.0" 200 220 "-" "Mozilla/5.0 (Windows NT 10.0; Win64; x64) AppleWebKit/537.36 (KHTML, like Gecko) Chrome/132.0.0.0 Safari/537.36 Edg/132.0.0.0"
139.84.235.122 - - [24/Jan/2025:01:11:30 +0000] "GET / HTTP/1.0" 200 220 "-" "Mozilla/5.0 (iPhone; CPU iPhone OS 17_4_1 like Mac OS X) AppleWebKit/605.1.15 (KHTML, like Gecko) Version/17.4.1 Mobile/15E148 Safari/604.1"
185.213.22.95 - - [24/Jan/2025:01:11:32 +0000] "GET /img/logo.png HTTP/1.0" 200 222 "-" "Mozilla/5.0 (Windows NT 10.0; Win64; x64) AppleWebKit/537.36 (KHTML, like Gecko) Chrome/130.0.0.0 Safari/537.36 Edg/130.0.0.0"
139.84.235.122 - - [24/Jan/2025:01:11:34 +0000] "GET /img/logo.png HTTP/1.0" 200 222 "-" "Mozilla/5.0 (iPhone; CPU iPhone OS 17_4_1 like Mac OS X) AppleWebKit/605.1.15 (KHTML, like Gecko) Version/17.4.1 Mobile/15E148 Safari/604.1"
149.34.248.71 - - [24/Jan/2025:01:11:35 +0000] "GET /img/logo.png HTTP/1.0" 200 222 "-" "Mozilla/5.0 (Windows NT 10.0; Win64; x64) AppleWebKit/537.36 (KHTML, like Gecko) Chrome/132.0.0.0 Safari/537.36 Edg/132.0.0.0"
185.213.22.95 - - [24/Jan/2025:01:11:49 +0000] "GET /favicon.ico HTTP/1.0" 200 236 "-" "Mozilla/5.0 (Windows NT 10.0; Win64; x64) AppleWebKit/537.36 (KHTML, like Gecko) Chrome/130.0.0.0 Safari/537.36 Edg/130.0.0.0"
103.75.116.245 - - [24/Jan/2025:01:12:54 +0000] "GET / HTTP/1.0" 200 220 "-" "Mozilla/5.0 (Windows NT 10.0; Win64; x64) AppleWebKit/537.36 (KHTML, like Gecko) Chrome/42.0.2311.135 Safari/537.36 Edge/12.246"
37.59.238.189 - - [24/Jan/2025:01:14:20 +0000] "GET / HTTP/1.0" 200 220 "-" "Mozilla/5.0 (Windows NT 10.0; Win64; x64) AppleWebKit/537.36 (KHTML, like Gecko) Chrome/115.0.0.0 Safari/537.36"
37.59.238.189 - - [24/Jan/2025:01:14:20 +0000] "GET /unzipper.php HTTP/1.0" 404 180 "-" "Mozilla/5.0 (Windows NT 10.0; Win64; x64) AppleWebKit/537.36 (KHTML, like Gecko) Chrome/115.0.0.0 Safari/537.36"
37.59.238.189 - - [24/Jan/2025:01:14:20 +0000] "GET /up.php HTTP/1.0" 404 180 "-" "Mozilla/5.0 (Windows NT 10.0; Win64; x64) AppleWebKit/537.36 (KHTML, like Gecko) Chrome/115.0.0.0 Safari/537.36"
37.59.238.189 - - [24/Jan/2025:01:14:20 +0000] "GET /unzip.php HTTP/1.0" 404 180 "-" "Mozilla/5.0 (Windows NT 10.0; Win64; x64) AppleWebKit/537.36 (KHTML, like Gecko) Chrome/115.0.0.0 Safari/537.36"
37.59.238.189 - - [24/Jan/2025:01:14:20 +0000] "GET /upload.php HTTP/1.0" 404 180 "-" "Mozilla/5.0 (Windows NT 10.0; Win64; x64) AppleWebKit/537.36 (KHTML, like Gecko) Chrome/115.0.0.0 Safari/537.36"
37.59.238.189 - - [24/Jan/2025:01:14:20 +0000] "GET /uploader.php HTTP/1.0" 404 180 "-" "Mozilla/5.0 (Windows NT 10.0; Win64; x64) AppleWebKit/537.36 (KHTML, like Gecko) Chrome/115.0.0.0 Safari/537.36"
37.59.238.189 - - [24/Jan/2025:01:14:21 +0000] "GET /panel/settings.php HTTP/1.0" 404 1047 "-" "Mozilla/5.0 (Windows NT 10.0; Win64; x64) AppleWebKit/537.36 (KHTML, like Gecko) Chrome/115.0.0.0 Safari/537.36"
106.161.65.206 - - [24/Jan/2025:01:14:52 +0000] "GET / HTTP/1.0" 200 220 "-" "Mozilla/5.0 (Windows NT 10.0; Win64; x64) AppleWebKit/537.36 (KHTML, like Gecko) Chrome/132.0.0.0 Safari/537.36 Edg/132.0.0.0"
179.61.240.42 - - [24/Jan/2025:01:14:53 +0000] "GET / HTTP/1.0" 200 220 "-" "Mozilla/5.0 (Windows NT 10.0; Win64; x64) AppleWebKit/537.36 (KHTML, like Gecko) Chrome/130.0.0.0 Safari/537.36 Edg/130.0.0.0"
103.1.212.253 - - [24/Jan/2025:01:14:53 +0000] "GET / HTTP/1.0" 200 220 "-" "Mozilla/5.0 (Windows NT 10.0; Win64; x64) AppleWebKit/537.36 (KHTML, like Gecko) Chrome/130.0.0.0 Safari/537.36 Edg/130.0.0.0"
103.77.234.217 - - [24/Jan/2025:01:14:53 +0000] "GET / HTTP/1.0" 200 220 "-" "Mozilla/5.0 (Windows NT 10.0; Win64; x64) AppleWebKit/537.36 (KHTML, like Gecko) Chrome/126.0.0.0 Safari/537.36 Edg/126.0.0.0"
106.161.65.206 - - [24/Jan/2025:01:14:54 +0000] "GET /img/logo.png HTTP/1.0" 200 222 "-" "Mozilla/5.0 (Windows NT 10.0; Win64; x64) AppleWebKit/537.36 (KHTML, like Gecko) Chrome/132.0.0.0 Safari/537.36 Edg/132.0.0.0"
179.61.240.42 - - [24/Jan/2025:01:14:54 +0000] "GET /img/logo.png HTTP/1.0" 200 222 "-" "Mozilla/5.0 (Windows NT 10.0; Win64; x64) AppleWebKit/537.36 (KHTML, like Gecko) Chrome/130.0.0.0 Safari/537.36 Edg/130.0.0.0"
103.1.212.253 - - [24/Jan/2025:01:14:55 +0000] "GET /img/logo.png HTTP/1.0" 200 222 "-" "Mozilla/5.0 (Windows NT 10.0; Win64; x64) AppleWebKit/537.36 (KHTML, like Gecko) Chrome/130.0.0.0 Safari/537.36 Edg/130.0.0.0"
103.77.234.217 - - [24/Jan/2025:01:14:56 +0000] "GET /img/logo.png HTTP/1.0" 200 222 "-" "Mozilla/5.0 (Windows NT 10.0; Win64; x64) AppleWebKit/537.36 (KHTML, like Gecko) Chrome/126.0.0.0 Safari/537.36 Edg/126.0.0.0"
106.161.65.206 - - [24/Jan/2025:01:14:59 +0000] "GET /favicon.ico HTTP/1.0" 200 236 "-" "Mozilla/5.0 (Windows NT 10.0; Win64; x64) AppleWebKit/537.36 (KHTML, like Gecko) Chrome/132.0.0.0 Safari/537.36 Edg/132.0.0.0"
54.191.218.143 - - [24/Jan/2025:02:37:31 +0000] "GET / HTTP/1.0" 200 220 "-" "Mozilla/5.0 (Linux; Android 12; Pixel 6) AppleWebKit/537.36 (KHTML, like Gecko) Chrome/114.0.0.0 Mobile Safari/537.36"
54.191.218.143 - - [24/Jan/2025:02:37:32 +0000] "GET /img/logo.png HTTP/1.0" 200 222 "-" "Mozilla/5.0 (Linux; Android 12; Pixel 6) AppleWebKit/537.36 (KHTML, like Gecko) Chrome/114.0.0.0 Mobile Safari/537.36"
54.191.218.143 - - [24/Jan/2025:02:37:32 +0000] "GET /css/style.css HTTP/1.0" 200 222 "-" "Mozilla/5.0 (Linux; Android 12; Pixel 6) AppleWebKit/537.36 (KHTML, like Gecko) Chrome/114.0.0.0 Mobile Safari/537.36"
54.191.218.143 - - [24/Jan/2025:02:37:32 +0000] "GET /favicon.ico HTTP/1.0" 200 236 "-" "Mozilla/5.0 (Linux; Android 12; Pixel 6) AppleWebKit/537.36 (KHTML, like Gecko) Chrome/114.0.0.0 Mobile Safari/537.36"
5.255.125.196 - - [24/Jan/2025:02:47:28 +0000] "GET / HTTP/1.0" 200 220 "-" "Mozilla/5.0 (compatible; MSIE 10.0; Windows NT 6.1; Trident/6.0)"
5.255.97.221 - - [24/Jan/2025:02:50:34 +0000] "GET / HTTP/1.0" 200 220 "-" "Mozilla/5.0 (compatible; MSIE 10.0; Windows NT 6.1; Trident/6.0)"
128.199.153.155 - - [24/Jan/2025:05:07:46 +0000] "GET /wp-admin/setup-config.php?step=1 HTTP/1.0" 404 1047 "-" "Mozilla/5.0 (Linux; Android 5.1.1; SM-J111F) AppleWebKit/537.36 (KHTML, like Gecko) Chrome/73.0.3683.90 Mobile Safari/537.36"
128.199.153.155 - - [24/Jan/2025:05:07:46 +0000] "GET /wordpress/wp-admin/setup-config.php?step=1 HTTP/1.0" 404 1047 "-" "Mozilla/5.0 (Linux; Android 5.1.1; SM-J111F) AppleWebKit/537.36 (KHTML, like Gecko) Chrome/73.0.3683.90 Mobile Safari/537.36"
132.145.29.111 - - [24/Jan/2025:05:28:19 +0000] "GET / HTTP/1.0" 200 220 "-" "Mozilla/5.0 (Windows NT 10.0; Win64; x64) AppleWebKit/537.36 (KHTML, like Gecko) Chrome/95.0.4638.69 Safari/537.36"
132.145.29.111 - - [24/Jan/2025:05:28:19 +0000] "GET /wp-includes/ID3/license.txt HTTP/1.0" 404 1047 "-" "Mozilla/5.0 (Windows NT 10.0; Win64; x64) AppleWebKit/537.36 (KHTML, like Gecko) Chrome/95.0.4638.69 Safari/537.36"
132.145.29.111 - - [24/Jan/2025:05:28:19 +0000] "GET /feed/ HTTP/1.0" 404 1047 "-" "Mozilla/5.0 (Windows NT 10.0; Win64; x64) AppleWebKit/537.36 (KHTML, like Gecko) Chrome/95.0.4638.69 Safari/537.36"
132.145.29.111 - - [24/Jan/2025:05:28:19 +0000] "GET /xmlrpc.php?rsd HTTP/1.0" 404 180 "-" "Mozilla/5.0 (Windows NT 10.0; Win64; x64) AppleWebKit/537.36 (KHTML, like Gecko) Chrome/95.0.4638.69 Safari/537.36"
132.145.29.111 - - [24/Jan/2025:05:28:19 +0000] "GET /blog/wp-includes/wlwmanifest.xml HTTP/1.0" 404 1047 "-" "Mozilla/5.0 (Windows NT 10.0; Win64; x64) AppleWebKit/537.36 (KHTML, like Gecko) Chrome/95.0.4638.69 Safari/537.36"
132.145.29.111 - - [24/Jan/2025:05:28:19 +0000] "GET /web/wp-includes/wlwmanifest.xml HTTP/1.0" 404 1047 "-" "Mozilla/5.0 (Windows NT 10.0; Win64; x64) AppleWebKit/537.36 (KHTML, like Gecko) Chrome/95.0.4638.69 Safari/537.36"
132.145.29.111 - - [24/Jan/2025:05:28:19 +0000] "GET /wordpress/wp-includes/wlwmanifest.xml HTTP/1.0" 404 1047 "-" "Mozilla/5.0 (Windows NT 10.0; Win64; x64) AppleWebKit/537.36 (KHTML, like Gecko) Chrome/95.0.4638.69 Safari/537.36"
132.145.29.111 - - [24/Jan/2025:05:28:19 +0000] "GET /wp/wp-includes/wlwmanifest.xml HTTP/1.0" 404 1047 "-" "Mozilla/5.0 (Windows NT 10.0; Win64; x64) AppleWebKit/537.36 (KHTML, like Gecko) Chrome/95.0.4638.69 Safari/537.36"
132.145.29.111 - - [24/Jan/2025:05:28:19 +0000] "GET /2020/wp-includes/wlwmanifest.xml HTTP/1.0" 404 1047 "-" "Mozilla/5.0 (Windows NT 10.0; Win64; x64) AppleWebKit/537.36 (KHTML, like Gecko) Chrome/95.0.4638.69 Safari/537.36"
132.145.29.111 - - [24/Jan/2025:05:28:19 +0000] "GET /2019/wp-includes/wlwmanifest.xml HTTP/1.0" 404 1047 "-" "Mozilla/5.0 (Windows NT 10.0; Win64; x64) AppleWebKit/537.36 (KHTML, like Gecko) Chrome/95.0.4638.69 Safari/537.36"
132.145.29.111 - - [24/Jan/2025:05:28:19 +0000] "GET /2021/wp-includes/wlwmanifest.xml HTTP/1.0" 404 1047 "-" "Mozilla/5.0 (Windows NT 10.0; Win64; x64) AppleWebKit/537.36 (KHTML, like Gecko) Chrome/95.0.4638.69 Safari/537.36"
132.145.29.111 - - [24/Jan/2025:05:28:19 +0000] "GET /shop/wp-includes/wlwmanifest.xml HTTP/1.0" 404 1047 "-" "Mozilla/5.0 (Windows NT 10.0; Win64; x64) AppleWebKit/537.36 (KHTML, like Gecko) Chrome/95.0.4638.69 Safari/537.36"
132.145.29.111 - - [24/Jan/2025:05:28:19 +0000] "GET /wp1/wp-includes/wlwmanifest.xml HTTP/1.0" 404 1047 "-" "Mozilla/5.0 (Windows NT 10.0; Win64; x64) AppleWebKit/537.36 (KHTML, like Gecko) Chrome/95.0.4638.69 Safari/537.36"
132.145.29.111 - - [24/Jan/2025:05:28:19 +0000] "GET /test/wp-includes/wlwmanifest.xml HTTP/1.0" 404 1047 "-" "Mozilla/5.0 (Windows NT 10.0; Win64; x64) AppleWebKit/537.36 (KHTML, like Gecko) Chrome/95.0.4638.69 Safari/537.36"
132.145.29.111 - - [24/Jan/2025:05:28:19 +0000] "GET /site/wp-includes/wlwmanifest.xml HTTP/1.0" 404 1047 "-" "Mozilla/5.0 (Windows NT 10.0; Win64; x64) AppleWebKit/537.36 (KHTML, like Gecko) Chrome/95.0.4638.69 Safari/537.36"
132.145.29.111 - - [24/Jan/2025:05:28:19 +0000] "GET /cms/wp-includes/wlwmanifest.xml HTTP/1.0" 404 1047 "-" "Mozilla/5.0 (Windows NT 10.0; Win64; x64) AppleWebKit/537.36 (KHTML, like Gecko) Chrome/95.0.4638.69 Safari/537.36"
52.247.239.25 - - [24/Jan/2025:05:39:29 +0000] "GET / HTTP/1.0" 200 220 "-" "Mozilla/5.0 (Windows NT 10.0; Win64; x64) AppleWebKit/537.36 (KHTML, like Gecko) Chrome/125.0.6422.114 Safari/537.36"
52.247.239.25 - - [24/Jan/2025:05:39:30 +0000] "GET /css/style.css HTTP/1.0" 200 222 "http://mg-mail.dazzlingwebplanet.com/" "Mozilla/5.0 (Windows NT 10.0; Win64; x64) AppleWebKit/537.36 (KHTML, like Gecko) Chrome/125.0.6422.114 Safari/537.36"
52.247.239.25 - - [24/Jan/2025:05:39:30 +0000] "GET /img/logo.png HTTP/1.0" 200 222 "http://mg-mail.dazzlingwebplanet.com/" "Mozilla/5.0 (Windows NT 10.0; Win64; x64) AppleWebKit/537.36 (KHTML, like Gecko) Chrome/125.0.6422.114 Safari/537.36"
52.247.239.25 - - [24/Jan/2025:05:39:30 +0000] "GET /img/globe.png HTTP/1.0" 200 223 "http://mg-mail.dazzlingwebplanet.com/css/style.css" "Mozilla/5.0 (Windows NT 10.0; Win64; x64) AppleWebKit/537.36 (KHTML, like Gecko) Chrome/125.0.6422.114 Safari/537.36"
52.247.239.25 - - [24/Jan/2025:05:39:30 +0000] "GET /img/blog.png HTTP/1.0" 200 222 "http://mg-mail.dazzlingwebplanet.com/css/style.css" "Mozilla/5.0 (Windows NT 10.0; Win64; x64) AppleWebKit/537.36 (KHTML, like Gecko) Chrome/125.0.6422.114 Safari/537.36"
52.247.239.25 - - [24/Jan/2025:05:39:30 +0000] "GET /img/ssi.png HTTP/1.0" 200 221 "http://mg-mail.dazzlingwebplanet.com/css/style.css" "Mozilla/5.0 (Windows NT 10.0; Win64; x64) AppleWebKit/537.36 (KHTML, like Gecko) Chrome/125.0.6422.114 Safari/537.36"
52.247.239.25 - - [24/Jan/2025:05:39:30 +0000] "GET /img/linkedin.png HTTP/1.0" 200 992 "http://mg-mail.dazzlingwebplanet.com/css/style.css" "Mozilla/5.0 (Windows NT 10.0; Win64; x64) AppleWebKit/537.36 (KHTML, like Gecko) Chrome/125.0.6422.114 Safari/537.36"
52.247.239.25 - - [24/Jan/2025:05:39:30 +0000] "GET /img/fastcgi.png HTTP/1.0" 200 225 "http://mg-mail.dazzlingwebplanet.com/css/style.css" "Mozilla/5.0 (Windows NT 10.0; Win64; x64) AppleWebKit/537.36 (KHTML, like Gecko) Chrome/125.0.6422.114 Safari/537.36"
52.247.239.25 - - [24/Jan/2025:05:39:30 +0000] "GET /img/php.png HTTP/1.0" 200 221 "http://mg-mail.dazzlingwebplanet.com/css/style.css" "Mozilla/5.0 (Windows NT 10.0; Win64; x64) AppleWebKit/537.36 (KHTML, like Gecko) Chrome/125.0.6422.114 Safari/537.36"
52.247.239.25 - - [24/Jan/2025:05:39:30 +0000] "GET /img/forum.png HTTP/1.0" 200 223 "http://mg-mail.dazzlingwebplanet.com/css/style.css" "Mozilla/5.0 (Windows NT 10.0; Win64; x64) AppleWebKit/537.36 (KHTML, like Gecko) Chrome/125.0.6422.114 Safari/537.36"
52.247.239.25 - - [24/Jan/2025:05:39:31 +0000] "GET /img/knowledge-base.png HTTP/1.0" 200 232 "http://mg-mail.dazzlingwebplanet.com/css/style.css" "Mozilla/5.0 (Windows NT 10.0; Win64; x64) AppleWebKit/537.36 (KHTML, like Gecko) Chrome/125.0.6422.114 Safari/537.36"
52.247.239.25 - - [24/Jan/2025:05:39:31 +0000] "GET /img/facebook.png HTTP/1.0" 200 226 "http://mg-mail.dazzlingwebplanet.com/css/style.css" "Mozilla/5.0 (Windows NT 10.0; Win64; x64) AppleWebKit/537.36 (KHTML, like Gecko) Chrome/125.0.6422.114 Safari/537.36"
52.247.239.25 - - [24/Jan/2025:05:39:31 +0000] "GET /img/twitter.png HTTP/1.0" 200 225 "http://mg-mail.dazzlingwebplanet.com/css/style.css" "Mozilla/5.0 (Windows NT 10.0; Win64; x64) AppleWebKit/537.36 (KHTML, like Gecko) Chrome/125.0.6422.114 Safari/537.36"
132.145.29.111 - - [24/Jan/2025:06:18:56 +0000] "GET /.env HTTP/1.0" 404 1047 "-" "Mozilla/5.0 (X11; Linux x86_64) AppleWebKit/537.36 (KHTML, like Gecko) Chrome/81.0.4044.129 Safari/537.36"
132.145.29.111 - - [24/Jan/2025:06:18:56 +0000] "POST / HTTP/1.0" 200 1932 "-" "Mozilla/5.0 (X11; Linux x86_64) AppleWebKit/537.36 (KHTML, like Gecko) Chrome/81.0.4044.129 Safari/537.36"
37.59.238.189 - - [24/Jan/2025:06:21:26 +0000] "GET / HTTP/1.0" 200 220 "-" "Mozilla/5.0 (Windows NT 10.0; Win64; x64) AppleWebKit/537.36 (KHTML, like Gecko)"
37.59.238.189 - - [24/Jan/2025:06:24:24 +0000] "GET /test/ssi/test.html HTTP/1.0" 200 228 "-" "Mozilla/5.0 (Windows NT 10.0; Win64; x64) AppleWebKit/537.36 (KHTML, like Gecko)"
37.59.238.189 - - [24/Jan/2025:06:24:25 +0000] "GET /test/php/test.html HTTP/1.0" 200 228 "-" "Mozilla/5.0 (Windows NT 10.0; Win64; x64) AppleWebKit/537.36 (KHTML, like Gecko)"
37.59.238.189 - - [24/Jan/2025:06:27:10 +0000] "GET /index.html HTTP/1.0" 200 220 "-" "Mozilla/5.0 (Windows NT 10.0; Win64; x64) AppleWebKit/537.36 (KHTML, like Gecko)"
23.178.112.213 - - [23/Jan/2025:22:57:04 +0000] "GET /.well-known/acme-challenge/FrYuNbkQlWmtdbDB-i_N8tAVZv9fi3hlFSun60Z5mrc HTTP/1.1" 200 87 "-" "Mozilla/5.0 (compatible; Let's Encrypt validation server; +https://www.letsencrypt.org)"
13.60.72.84 - - [23/Jan/2025:22:57:04 +0000] "GET /.well-known/acme-challenge/FrYuNbkQlWmtdbDB-i_N8tAVZv9fi3hlFSun60Z5mrc HTTP/1.1" 200 87 "-" "Mozilla/5.0 (compatible; Let's Encrypt validation server; +https://www.letsencrypt.org)"
3.144.238.189 - - [23/Jan/2025:22:57:04 +0000] "GET /.well-known/acme-challenge/FrYuNbkQlWmtdbDB-i_N8tAVZv9fi3hlFSun60Z5mrc HTTP/1.1" 200 87 "-" "Mozilla/5.0 (compatible; Let's Encrypt validation server; +https://www.letsencrypt.org)"
34.217.77.47 - - [23/Jan/2025:22:57:05 +0000] "GET /.well-known/acme-challenge/FrYuNbkQlWmtdbDB-i_N8tAVZv9fi3hlFSun60Z5mrc HTTP/1.1" 200 87 "-" "Mozilla/5.0 (compatible; Let's Encrypt validation server; +https://www.letsencrypt.org)"
54.169.116.174 - - [23/Jan/2025:22:57:05 +0000] "GET /.well-known/acme-challenge/FrYuNbkQlWmtdbDB-i_N8tAVZv9fi3hlFSun60Z5mrc HTTP/1.1" 200 87 "-" "Mozilla/5.0 (compatible; Let's Encrypt validation server; +https://www.letsencrypt.org)"
139.59.143.102 - - [23/Jan/2025:22:58:18 +0000] "GET / HTTP/1.1" 200 5454 "-" "-"
139.59.143.102 - - [23/Jan/2025:22:58:18 +0000] "GET / HTTP/1.1" 200 5454 "-" "Mozilla/5.0 (Linux; Android 6.0; HTC One M9 Build/MRA312090) AppleWebKit/537.36 (KHTML, like Gecko) Chrome/52.0.1296.98 Mobile Safari/537.3"
139.59.143.102 - - [23/Jan/2025:22:58:18 +0000] "GET /?rest_route=/wp/v2/users/ HTTP/1.1" 200 5454 "-" "Go-http-client/1.1"
34.60.153.4 - - [23/Jan/2025:22:59:21 +0000] "GET / HTTP/1.1" 200 5454 "-" "Mozilla/5.0 (Windows NT 6.2; rv:22.0) Gecko/20130405 Firefox/23.0"
54.175.116.206 - - [23/Jan/2025:23:04:21 +0000] "GET / HTTP/1.1" 200 5454 "-" "Mozilla/5.0 (Windows NT 10.0; Win64; x64) AppleWebKit/537.36 (KHTML, like Gecko) Chrome/103.0.5060.66 Safari/537.36 Edg/103.0.1264.44"
54.175.116.206 - - [23/Jan/2025:23:04:21 +0000] "GET /css/style.css HTTP/1.1" 200 7366 "http://mg-mail.dazzlingwebplanet.com/" "Mozilla/5.0 (Windows NT 10.0; Win64; x64) AppleWebKit/537.36 (KHTML, like Gecko) Chrome/103.0.5060.66 Safari/537.36 Edg/103.0.1264.44"
54.175.116.206 - - [23/Jan/2025:23:04:21 +0000] "GET /img/logo.png HTTP/1.1" 200 18187 "http://mg-mail.dazzlingwebplanet.com/" "Mozilla/5.0 (Windows NT 10.0; Win64; x64) AppleWebKit/537.36 (KHTML, like Gecko) Chrome/103.0.5060.66 Safari/537.36 Edg/103.0.1264.44"
54.175.116.206 - - [23/Jan/2025:23:04:21 +0000] "GET /img/globe.png HTTP/1.1" 200 49609 "http://mg-mail.dazzlingwebplanet.com/" "Mozilla/5.0 (Windows NT 10.0; Win64; x64) AppleWebKit/537.36 (KHTML, like Gecko) Chrome/103.0.5060.66 Safari/537.36 Edg/103.0.1264.44"
54.175.116.206 - - [23/Jan/2025:23:04:21 +0000] "GET /img/blog.png HTTP/1.1" 200 2328 "http://mg-mail.dazzlingwebplanet.com/" "Mozilla/5.0 (Windows NT 10.0; Win64; x64) AppleWebKit/537.36 (KHTML, like Gecko) Chrome/103.0.5060.66 Safari/537.36 Edg/103.0.1264.44"
54.175.116.206 - - [23/Jan/2025:23:04:21 +0000] "GET /img/forum.png HTTP/1.1" 200 3425 "http://mg-mail.dazzlingwebplanet.com/" "Mozilla/5.0 (Windows NT 10.0; Win64; x64) AppleWebKit/537.36 (KHTML, like Gecko) Chrome/103.0.5060.66 Safari/537.36 Edg/103.0.1264.44"
54.175.116.206 - - [23/Jan/2025:23:04:21 +0000] "GET /img/facebook.png HTTP/1.1" 200 1933 "http://mg-mail.dazzlingwebplanet.com/" "Mozilla/5.0 (Windows NT 10.0; Win64; x64) AppleWebKit/537.36 (KHTML, like Gecko) Chrome/103.0.5060.66 Safari/537.36 Edg/103.0.1264.44"
54.175.116.206 - - [23/Jan/2025:23:04:21 +0000] "GET /img/twitter.png HTTP/1.1" 200 2302 "http://mg-mail.dazzlingwebplanet.com/" "Mozilla/5.0 (Windows NT 10.0; Win64; x64) AppleWebKit/537.36 (KHTML, like Gecko) Chrome/103.0.5060.66 Safari/537.36 Edg/103.0.1264.44"
54.175.116.206 - - [23/Jan/2025:23:04:21 +0000] "GET /img/knowledge-base.png HTTP/1.1" 200 1495 "http://mg-mail.dazzlingwebplanet.com/" "Mozilla/5.0 (Windows NT 10.0; Win64; x64) AppleWebKit/537.36 (KHTML, like Gecko) Chrome/103.0.5060.66 Safari/537.36 Edg/103.0.1264.44"
54.175.116.206 - - [23/Jan/2025:23:04:21 +0000] "GET /img/php.png HTTP/1.1" 200 2695 "http://mg-mail.dazzlingwebplanet.com/" "Mozilla/5.0 (Windows NT 10.0; Win64; x64) AppleWebKit/537.36 (KHTML, like Gecko) Chrome/103.0.5060.66 Safari/537.36 Edg/103.0.1264.44"
54.175.116.206 - - [23/Jan/2025:23:04:21 +0000] "GET /img/fastcgi.png HTTP/1.1" 200 3521 "http://mg-mail.dazzlingwebplanet.com/" "Mozilla/5.0 (Windows NT 10.0; Win64; x64) AppleWebKit/537.36 (KHTML, like Gecko) Chrome/103.0.5060.66 Safari/537.36 Edg/103.0.1264.44"
54.175.116.206 - - [23/Jan/2025:23:04:21 +0000] "GET /img/ssi.png HTTP/1.1" 200 1706 "http://mg-mail.dazzlingwebplanet.com/" "Mozilla/5.0 (Windows NT 10.0; Win64; x64) AppleWebKit/537.36 (KHTML, like Gecko) Chrome/103.0.5060.66 Safari/537.36 Edg/103.0.1264.44"
3.94.150.84 - - [23/Jan/2025:23:04:22 +0000] "GET /favicon.ico HTTP/1.1" 200 113459 "-" "Mozilla/5.0 (Windows NT 6.3; WOW64; rv:38.0) Gecko/20100101 Firefox/38.0"
3.89.19.157 - - [23/Jan/2025:23:04:22 +0000] "GET / HTTP/1.1" 200 5454 "-" "Mozilla/5.0 (iPhone; CPU iPhone OS 12_2 like Mac OS X) AppleWebKit/605.1.15 (KHTML, like Gecko) Mobile/15E148"
3.89.19.157 - - [23/Jan/2025:23:04:22 +0000] "GET /css/style.css HTTP/1.1" 200 7366 "http://mg-mail.dazzlingwebplanet.com/" "Mozilla/5.0 (iPhone; CPU iPhone OS 12_2 like Mac OS X) AppleWebKit/605.1.15 (KHTML, like Gecko) Mobile/15E148"
3.89.19.157 - - [23/Jan/2025:23:04:22 +0000] "GET /img/logo.png HTTP/1.1" 200 18187 "http://mg-mail.dazzlingwebplanet.com/" "Mozilla/5.0 (iPhone; CPU iPhone OS 12_2 like Mac OS X) AppleWebKit/605.1.15 (KHTML, like Gecko) Mobile/15E148"
3.89.19.157 - - [23/Jan/2025:23:04:22 +0000] "GET /img/blog.png HTTP/1.1" 200 2328 "http://mg-mail.dazzlingwebplanet.com/" "Mozilla/5.0 (iPhone; CPU iPhone OS 12_2 like Mac OS X) AppleWebKit/605.1.15 (KHTML, like Gecko) Mobile/15E148"
3.89.19.157 - - [23/Jan/2025:23:04:22 +0000] "GET /img/forum.png HTTP/1.1" 200 3425 "http://mg-mail.dazzlingwebplanet.com/" "Mozilla/5.0 (iPhone; CPU iPhone OS 12_2 like Mac OS X) AppleWebKit/605.1.15 (KHTML, like Gecko) Mobile/15E148"
3.89.19.157 - - [23/Jan/2025:23:04:22 +0000] "GET /img/knowledge-base.png HTTP/1.1" 200 1495 "http://mg-mail.dazzlingwebplanet.com/" "Mozilla/5.0 (iPhone; CPU iPhone OS 12_2 like Mac OS X) AppleWebKit/605.1.15 (KHTML, like Gecko) Mobile/15E148"
3.89.19.157 - - [23/Jan/2025:23:04:22 +0000] "GET /img/facebook.png HTTP/1.1" 200 1933 "http://mg-mail.dazzlingwebplanet.com/" "Mozilla/5.0 (iPhone; CPU iPhone OS 12_2 like Mac OS X) AppleWebKit/605.1.15 (KHTML, like Gecko) Mobile/15E148"
3.89.19.157 - - [23/Jan/2025:23:04:22 +0000] "GET /img/twitter.png HTTP/1.1" 200 2302 "http://mg-mail.dazzlingwebplanet.com/" "Mozilla/5.0 (iPhone; CPU iPhone OS 12_2 like Mac OS X) AppleWebKit/605.1.15 (KHTML, like Gecko) Mobile/15E148"
3.89.19.157 - - [23/Jan/2025:23:04:22 +0000] "GET /img/php.png HTTP/1.1" 200 2695 "http://mg-mail.dazzlingwebplanet.com/" "Mozilla/5.0 (iPhone; CPU iPhone OS 12_2 like Mac OS X) AppleWebKit/605.1.15 (KHTML, like Gecko) Mobile/15E148"
3.89.19.157 - - [23/Jan/2025:23:04:22 +0000] "GET /img/fastcgi.png HTTP/1.1" 200 3521 "http://mg-mail.dazzlingwebplanet.com/" "Mozilla/5.0 (iPhone; CPU iPhone OS 12_2 like Mac OS X) AppleWebKit/605.1.15 (KHTML, like Gecko) Mobile/15E148"
3.89.19.157 - - [23/Jan/2025:23:04:22 +0000] "GET /img/ssi.png HTTP/1.1" 200 1706 "http://mg-mail.dazzlingwebplanet.com/" "Mozilla/5.0 (iPhone; CPU iPhone OS 12_2 like Mac OS X) AppleWebKit/605.1.15 (KHTML, like Gecko) Mobile/15E148"
3.237.184.200 - - [23/Jan/2025:23:04:23 +0000] "GET /favicon.ico HTTP/1.1" 200 113459 "-" "Mozilla/5.0 (Windows NT 6.3; WOW64; rv:38.0) Gecko/20100101 Firefox/38.0"
192.175.111.240 - - [23/Jan/2025:23:25:04 +0000] "GET / HTTP/1.1" 200 5454 "-" "Mozilla/5.0 (Windows NT 10.0; Win64; x64) AppleWebKit/537.36 (KHTML, like Gecko) Chrome/132.0.0.0 Safari/537.36"
64.15.129.120 - - [23/Jan/2025:23:25:04 +0000] "GET / HTTP/1.1" 200 5454 "-" "Mozilla/5.0 (Windows NT 10.0; Win64; x64) AppleWebKit/537.36 (KHTML, like Gecko) Chrome/132.0.0.0 Safari/537.36"
64.15.129.113 - - [23/Jan/2025:23:25:05 +0000] "GET /favicon.ico HTTP/1.1" 200 113459 "-" "Mozilla/5.0 (Windows NT 10.0; Win64; x64) AppleWebKit/537.36 (KHTML, like Gecko) Chrome/132.0.0.0 Safari/537.36"
192.175.111.241 - - [23/Jan/2025:23:25:20 +0000] "GET / HTTP/1.1" 200 5454 "-" "Mozilla/5.0 (Windows NT 10.0; Win64; x64) AppleWebKit/537.36 (KHTML, like Gecko) Chrome/132.0.0.0 Safari/537.36"
64.15.129.100 - - [23/Jan/2025:23:25:20 +0000] "GET / HTTP/1.1" 200 5454 "-" "Mozilla/5.0 (Windows NT 10.0; Win64; x64) AppleWebKit/537.36 (KHTML, like Gecko) Chrome/132.0.0.0 Safari/537.36"
54.213.241.79 - - [23/Jan/2025:23:53:25 +0000] "GET / HTTP/1.1" 200 5454 "-" "Mozilla/5.0 (Macintosh; Intel Mac OS X 10_15_7) AppleWebKit/537.36 (KHTML, like Gecko) Chrome/113.0.0.0 Safari/537.36"
54.213.241.79 - - [23/Jan/2025:23:53:25 +0000] "GET / HTTP/1.1" 200 5454 "-" "Mozilla/5.0 (Linux; Android 8.0.0; SM-G965U Build/R16NW) AppleWebKit/537.36 (KHTML, like Gecko) Chrome/63.0.3239.111 Mobile Safari/537.36"
54.213.164.107 - - [23/Jan/2025:23:55:07 +0000] "GET / HTTP/1.1" 200 5454 "-" "Mozilla/5.0 (Macintosh; Intel Mac OS X 10_15_7) AppleWebKit/537.36 (KHTML, like Gecko) Chrome/113.0.0.0 Safari/537.36"
54.213.164.107 - - [23/Jan/2025:23:55:07 +0000] "GET /css/style.css HTTP/1.1" 200 7366 "http://mg-mail.dazzlingwebplanet.com/" "Mozilla/5.0 (Macintosh; Intel Mac OS X 10_15_7) AppleWebKit/537.36 (KHTML, like Gecko) Chrome/113.0.0.0 Safari/537.36"
54.213.164.107 - - [23/Jan/2025:23:55:07 +0000] "GET /img/logo.png HTTP/1.1" 200 18187 "http://mg-mail.dazzlingwebplanet.com/" "Mozilla/5.0 (Macintosh; Intel Mac OS X 10_15_7) AppleWebKit/537.36 (KHTML, like Gecko) Chrome/113.0.0.0 Safari/537.36"
54.213.164.107 - - [23/Jan/2025:23:55:07 +0000] "GET /img/globe.png HTTP/1.1" 200 49609 "http://mg-mail.dazzlingwebplanet.com/css/style.css" "Mozilla/5.0 (Macintosh; Intel Mac OS X 10_15_7) AppleWebKit/537.36 (KHTML, like Gecko) Chrome/113.0.0.0 Safari/537.36"
54.213.164.107 - - [23/Jan/2025:23:55:07 +0000] "GET /img/blog.png HTTP/1.1" 200 2328 "http://mg-mail.dazzlingwebplanet.com/css/style.css" "Mozilla/5.0 (Macintosh; Intel Mac OS X 10_15_7) AppleWebKit/537.36 (KHTML, like Gecko) Chrome/113.0.0.0 Safari/537.36"
54.213.164.107 - - [23/Jan/2025:23:55:07 +0000] "GET /img/forum.png HTTP/1.1" 200 3425 "http://mg-mail.dazzlingwebplanet.com/css/style.css" "Mozilla/5.0 (Macintosh; Intel Mac OS X 10_15_7) AppleWebKit/537.36 (KHTML, like Gecko) Chrome/113.0.0.0 Safari/537.36"
54.213.164.107 - - [23/Jan/2025:23:55:07 +0000] "GET /img/knowledge-base.png HTTP/1.1" 200 1495 "http://mg-mail.dazzlingwebplanet.com/css/style.css" "Mozilla/5.0 (Macintosh; Intel Mac OS X 10_15_7) AppleWebKit/537.36 (KHTML, like Gecko) Chrome/113.0.0.0 Safari/537.36"
54.213.164.107 - - [23/Jan/2025:23:55:07 +0000] "GET /img/facebook.png HTTP/1.1" 200 1933 "http://mg-mail.dazzlingwebplanet.com/css/style.css" "Mozilla/5.0 (Macintosh; Intel Mac OS X 10_15_7) AppleWebKit/537.36 (KHTML, like Gecko) Chrome/113.0.0.0 Safari/537.36"
54.213.164.107 - - [23/Jan/2025:23:55:07 +0000] "GET /img/twitter.png HTTP/1.1" 200 2302 "http://mg-mail.dazzlingwebplanet.com/css/style.css" "Mozilla/5.0 (Macintosh; Intel Mac OS X 10_15_7) AppleWebKit/537.36 (KHTML, like Gecko) Chrome/113.0.0.0 Safari/537.36"
54.213.164.107 - - [23/Jan/2025:23:55:07 +0000] "GET /img/php.png HTTP/1.1" 200 2695 "http://mg-mail.dazzlingwebplanet.com/css/style.css" "Mozilla/5.0 (Macintosh; Intel Mac OS X 10_15_7) AppleWebKit/537.36 (KHTML, like Gecko) Chrome/113.0.0.0 Safari/537.36"
54.213.164.107 - - [23/Jan/2025:23:55:07 +0000] "GET /img/ssi.png HTTP/1.1" 200 1706 "http://mg-mail.dazzlingwebplanet.com/css/style.css" "Mozilla/5.0 (Macintosh; Intel Mac OS X 10_15_7) AppleWebKit/537.36 (KHTML, like Gecko) Chrome/113.0.0.0 Safari/537.36"
54.213.164.107 - - [23/Jan/2025:23:55:07 +0000] "GET /img/fastcgi.png HTTP/1.1" 200 3521 "http://mg-mail.dazzlingwebplanet.com/css/style.css" "Mozilla/5.0 (Macintosh; Intel Mac OS X 10_15_7) AppleWebKit/537.36 (KHTML, like Gecko) Chrome/113.0.0.0 Safari/537.36"
54.213.164.107 - - [23/Jan/2025:23:55:10 +0000] "GET / HTTP/1.1" 200 5454 "-" "Mozilla/5.0 (Linux; Android 8.0.0; SM-G965U Build/R16NW) AppleWebKit/537.36 (KHTML, like Gecko) Chrome/63.0.3239.111 Mobile Safari/537.36"
54.213.164.107 - - [23/Jan/2025:23:55:10 +0000] "GET /css/style.css HTTP/1.1" 200 7366 "http://mg-mail.dazzlingwebplanet.com/" "Mozilla/5.0 (Linux; Android 8.0.0; SM-G965U Build/R16NW) AppleWebKit/537.36 (KHTML, like Gecko) Chrome/63.0.3239.111 Mobile Safari/537.36"
54.213.164.107 - - [23/Jan/2025:23:55:10 +0000] "GET /img/logo.png HTTP/1.1" 200 18187 "http://mg-mail.dazzlingwebplanet.com/" "Mozilla/5.0 (Linux; Android 8.0.0; SM-G965U Build/R16NW) AppleWebKit/537.36 (KHTML, like Gecko) Chrome/63.0.3239.111 Mobile Safari/537.36"
54.213.164.107 - - [23/Jan/2025:23:55:11 +0000] "GET /img/blog.png HTTP/1.1" 200 2328 "http://mg-mail.dazzlingwebplanet.com/css/style.css" "Mozilla/5.0 (Linux; Android 8.0.0; SM-G965U Build/R16NW) AppleWebKit/537.36 (KHTML, like Gecko) Chrome/63.0.3239.111 Mobile Safari/537.36"
54.213.164.107 - - [23/Jan/2025:23:55:11 +0000] "GET /img/forum.png HTTP/1.1" 200 3425 "http://mg-mail.dazzlingwebplanet.com/css/style.css" "Mozilla/5.0 (Linux; Android 8.0.0; SM-G965U Build/R16NW) AppleWebKit/537.36 (KHTML, like Gecko) Chrome/63.0.3239.111 Mobile Safari/537.36"
54.213.164.107 - - [23/Jan/2025:23:55:11 +0000] "GET /img/knowledge-base.png HTTP/1.1" 200 1495 "http://mg-mail.dazzlingwebplanet.com/css/style.css" "Mozilla/5.0 (Linux; Android 8.0.0; SM-G965U Build/R16NW) AppleWebKit/537.36 (KHTML, like Gecko) Chrome/63.0.3239.111 Mobile Safari/537.36"
54.213.164.107 - - [23/Jan/2025:23:55:11 +0000] "GET /img/facebook.png HTTP/1.1" 200 1933 "http://mg-mail.dazzlingwebplanet.com/css/style.css" "Mozilla/5.0 (Linux; Android 8.0.0; SM-G965U Build/R16NW) AppleWebKit/537.36 (KHTML, like Gecko) Chrome/63.0.3239.111 Mobile Safari/537.36"
54.213.164.107 - - [23/Jan/2025:23:55:11 +0000] "GET /img/twitter.png HTTP/1.1" 200 2302 "http://mg-mail.dazzlingwebplanet.com/css/style.css" "Mozilla/5.0 (Linux; Android 8.0.0; SM-G965U Build/R16NW) AppleWebKit/537.36 (KHTML, like Gecko) Chrome/63.0.3239.111 Mobile Safari/537.36"
54.213.164.107 - - [23/Jan/2025:23:55:11 +0000] "GET /img/fastcgi.png HTTP/1.1" 200 3521 "http://mg-mail.dazzlingwebplanet.com/css/style.css" "Mozilla/5.0 (Linux; Android 8.0.0; SM-G965U Build/R16NW) AppleWebKit/537.36 (KHTML, like Gecko) Chrome/63.0.3239.111 Mobile Safari/537.36"
54.213.164.107 - - [23/Jan/2025:23:55:11 +0000] "GET /img/php.png HTTP/1.1" 200 2695 "http://mg-mail.dazzlingwebplanet.com/css/style.css" "Mozilla/5.0 (Linux; Android 8.0.0; SM-G965U Build/R16NW) AppleWebKit/537.36 (KHTML, like Gecko) Chrome/63.0.3239.111 Mobile Safari/537.36"
54.213.164.107 - - [23/Jan/2025:23:55:11 +0000] "GET /img/ssi.png HTTP/1.1" 200 1706 "http://mg-mail.dazzlingwebplanet.com/css/style.css" "Mozilla/5.0 (Linux; Android 8.0.0; SM-G965U Build/R16NW) AppleWebKit/537.36 (KHTML, like Gecko) Chrome/63.0.3239.111 Mobile Safari/537.36"
198.44.129.50 - - [24/Jan/2025:01:02:43 +0000] "GET / HTTP/1.1" 200 5454 "-" "Python/3.9 aiohttp/3.8.1"
98.159.226.27 - - [24/Jan/2025:01:03:10 +0000] "GET / HTTP/1.1" 200 5454 "-" "Mozilla/5.0 (Windows NT 10.0; Win64; x64) AppleWebKit/537.36 (KHTML, like Gecko) Chrome/98.0.4758.102 Safari/537.36"
89.208.29.122 - - [24/Jan/2025:01:03:10 +0000] "GET /css/style.css HTTP/1.1" 200 7366 "http://mg-mail.dazzlingwebplanet.com/" "Mozilla/5.0 (Windows NT 10.0; Win64; x64) AppleWebKit/537.36 (KHTML, like Gecko) Chrome/98.0.4758.102 Safari/537.36"
89.208.29.122 - - [24/Jan/2025:01:03:10 +0000] "GET /img/logo.png HTTP/1.1" 200 18187 "http://mg-mail.dazzlingwebplanet.com/" "Mozilla/5.0 (Windows NT 10.0; Win64; x64) AppleWebKit/537.36 (KHTML, like Gecko) Chrome/98.0.4758.102 Safari/537.36"
98.159.226.27 - - [24/Jan/2025:01:03:13 +0000] "GET /img/facebook.png HTTP/1.1" 200 1933 "http://mg-mail.dazzlingwebplanet.com/css/style.css" "Mozilla/5.0 (Windows NT 10.0; Win64; x64) AppleWebKit/537.36 (KHTML, like Gecko) Chrome/98.0.4758.102 Safari/537.36"
45.130.83.59 - - [24/Jan/2025:01:03:13 +0000] "GET /img/knowledge-base.png HTTP/1.1" 200 1495 "http://mg-mail.dazzlingwebplanet.com/css/style.css" "Mozilla/5.0 (Windows NT 10.0; Win64; x64) AppleWebKit/537.36 (KHTML, like Gecko) Chrome/98.0.4758.102 Safari/537.36"
64.64.117.8 - - [24/Jan/2025:01:03:13 +0000] "GET /img/blog.png HTTP/1.1" 200 2328 "http://mg-mail.dazzlingwebplanet.com/css/style.css" "Mozilla/5.0 (Windows NT 10.0; Win64; x64) AppleWebKit/537.36 (KHTML, like Gecko) Chrome/98.0.4758.102 Safari/537.36"
64.64.117.8 - - [24/Jan/2025:01:03:13 +0000] "GET /img/twitter.png HTTP/1.1" 200 2302 "http://mg-mail.dazzlingwebplanet.com/css/style.css" "Mozilla/5.0 (Windows NT 10.0; Win64; x64) AppleWebKit/537.36 (KHTML, like Gecko) Chrome/98.0.4758.102 Safari/537.36"
89.208.29.122 - - [24/Jan/2025:01:03:13 +0000] "GET /img/fastcgi.png HTTP/1.1" 200 3521 "http://mg-mail.dazzlingwebplanet.com/css/style.css" "Mozilla/5.0 (Windows NT 10.0; Win64; x64) AppleWebKit/537.36 (KHTML, like Gecko) Chrome/98.0.4758.102 Safari/537.36"
98.159.226.27 - - [24/Jan/2025:01:03:13 +0000] "GET /img/ssi.png HTTP/1.1" 200 1706 "http://mg-mail.dazzlingwebplanet.com/css/style.css" "Mozilla/5.0 (Windows NT 10.0; Win64; x64) AppleWebKit/537.36 (KHTML, like Gecko) Chrome/98.0.4758.102 Safari/537.36"
45.130.83.59 - - [24/Jan/2025:01:03:13 +0000] "GET /img/php.png HTTP/1.1" 200 2695 "http://mg-mail.dazzlingwebplanet.com/css/style.css" "Mozilla/5.0 (Windows NT 10.0; Win64; x64) AppleWebKit/537.36 (KHTML, like Gecko) Chrome/98.0.4758.102 Safari/537.36"
64.64.117.8 - - [24/Jan/2025:01:03:13 +0000] "GET /img/globe.png HTTP/1.1" 200 49609 "http://mg-mail.dazzlingwebplanet.com/css/style.css" "Mozilla/5.0 (Windows NT 10.0; Win64; x64) AppleWebKit/537.36 (KHTML, like Gecko) Chrome/98.0.4758.102 Safari/537.36"
89.208.29.122 - - [24/Jan/2025:01:03:13 +0000] "GET /img/forum.png HTTP/1.1" 200 3425 "http://mg-mail.dazzlingwebplanet.com/css/style.css" "Mozilla/5.0 (Windows NT 10.0; Win64; x64) AppleWebKit/537.36 (KHTML, like Gecko) Chrome/98.0.4758.102 Safari/537.36"
45.132.186.111 - - [24/Jan/2025:01:03:35 +0000] "GET / HTTP/1.1" 200 5454 "-" "Mozilla/5.0 (Windows NT 6.1; WOW64) AppleWebKit/537.36 (KHTML, like Gecko) Chrome/45.0.2454.85 Safari/537.36"
45.132.186.111 - - [24/Jan/2025:01:03:41 +0000] "GET / HTTP/1.1" 200 5454 "-" "Mozilla/5.0 (Windows NT 6.1; WOW64) AppleWebKit/537.36 (KHTML, like Gecko) Chrome/45.0.2454.85 Safari/537.36"
45.132.186.111 - - [24/Jan/2025:01:03:41 +0000] "GET /css/style.css HTTP/1.1" 200 7366 "http://mg-mail.dazzlingwebplanet.com/" "Mozilla/5.0 (Windows NT 6.1; WOW64) AppleWebKit/537.36 (KHTML, like Gecko) Chrome/45.0.2454.85 Safari/537.36"
45.132.186.111 - - [24/Jan/2025:01:03:42 +0000] "GET /img/logo.png HTTP/1.1" 200 18187 "http://mg-mail.dazzlingwebplanet.com/" "Mozilla/5.0 (Windows NT 6.1; WOW64) AppleWebKit/537.36 (KHTML, like Gecko) Chrome/45.0.2454.85 Safari/537.36"
212.143.94.254 - - [24/Jan/2025:01:03:52 +0000] "GET / HTTP/1.1" 200 5454 "https://www.google.ie/" "Mozilla/5.0 (Windows NT 6.1; Win64; x64) AppleWebKit/537.36 (KHTML, like Gecko) Chrome/111.0.5563.65 Safari/537.36"
136.0.100.86 - - [24/Jan/2025:01:04:01 +0000] "GET / HTTP/1.1" 200 1350 "-" "Mozilla/5.0 (Macintosh; Intel Mac OS X 10_15_7) AppleWebKit/537.36 (KHTML, like Gecko) Chrome/128.0.0.0 Safari/537.36"
185.253.96.34 - - [24/Jan/2025:01:05:34 +0000] "GET / HTTP/1.1" 200 5454 "-" "Mozilla/5.0 (Macintosh; Intel Mac OS X 10_15_7) AppleWebKit/605.1.15 (KHTML, like Gecko) Version/18.0 Safari/605.1.15"
192.42.116.216 - - [24/Jan/2025:01:05:34 +0000] "GET / HTTP/1.1" 200 5454 "-" "Mozilla/5.0 (Windows NT 10.0; Win64; x64) AppleWebKit/537.36 (KHTML, like Gecko) Chrome/130.0.0.0 Safari/537.36 Edg/130.0.0.0"
128.90.104.239 - - [24/Jan/2025:01:05:34 +0000] "GET / HTTP/1.1" 200 5454 "-" "Mozilla/5.0 (iPhone; CPU iPhone OS 17_6_1 like Mac OS X) AppleWebKit/605.1.15 (KHTML, like Gecko) Version/17.6 Mobile/15E148 Safari/604.1"
185.253.96.34 - - [24/Jan/2025:01:05:34 +0000] "GET /img/logo.png HTTP/1.1" 200 18187 "-" "Mozilla/5.0 (Macintosh; Intel Mac OS X 10_15_7) AppleWebKit/605.1.15 (KHTML, like Gecko) Version/18.0 Safari/605.1.15"
192.42.116.216 - - [24/Jan/2025:01:05:34 +0000] "GET /img/logo.png HTTP/1.1" 200 18187 "-" "Mozilla/5.0 (Windows NT 10.0; Win64; x64) AppleWebKit/537.36 (KHTML, like Gecko) Chrome/130.0.0.0 Safari/537.36 Edg/130.0.0.0"
128.90.104.239 - - [24/Jan/2025:01:05:34 +0000] "GET /img/logo.png HTTP/1.1" 200 18187 "-" "Mozilla/5.0 (iPhone; CPU iPhone OS 17_6_1 like Mac OS X) AppleWebKit/605.1.15 (KHTML, like Gecko) Version/17.6 Mobile/15E148 Safari/604.1"
185.253.96.34 - - [24/Jan/2025:01:05:37 +0000] "GET /favicon.ico HTTP/1.1" 200 113459 "-" "Mozilla/5.0 (Macintosh; Intel Mac OS X 10_15_7) AppleWebKit/605.1.15 (KHTML, like Gecko) Version/18.0 Safari/605.1.15"
86.147.82.162 - - [24/Jan/2025:01:09:11 +0000] "GET / HTTP/1.1" 200 5454 "-" "Mozilla/5.0 (Macintosh; Intel Mac OS X 10_15_7) AppleWebKit/605.1.15 (KHTML, like Gecko) Version/18.0 Safari/605.1.15"
86.147.82.162 - - [24/Jan/2025:01:09:12 +0000] "GET /img/logo.png HTTP/1.1" 200 18187 "-" "Mozilla/5.0 (Macintosh; Intel Mac OS X 10_15_7) AppleWebKit/605.1.15 (KHTML, like Gecko) Version/18.0 Safari/605.1.15"
185.213.22.95 - - [24/Jan/2025:01:11:29 +0000] "GET / HTTP/1.1" 200 5454 "-" "Mozilla/5.0 (Windows NT 10.0; Win64; x64) AppleWebKit/537.36 (KHTML, like Gecko) Chrome/130.0.0.0 Safari/537.36 Edg/130.0.0.0"
149.34.248.71 - - [24/Jan/2025:01:11:30 +0000] "GET / HTTP/1.1" 200 5454 "-" "Mozilla/5.0 (Windows NT 10.0; Win64; x64) AppleWebKit/537.36 (KHTML, like Gecko) Chrome/132.0.0.0 Safari/537.36 Edg/132.0.0.0"
139.84.235.122 - - [24/Jan/2025:01:11:30 +0000] "GET / HTTP/1.1" 200 5454 "-" "Mozilla/5.0 (iPhone; CPU iPhone OS 17_4_1 like Mac OS X) AppleWebKit/605.1.15 (KHTML, like Gecko) Version/17.4.1 Mobile/15E148 Safari/604.1"
185.213.22.95 - - [24/Jan/2025:01:11:32 +0000] "GET /img/logo.png HTTP/1.1" 200 18187 "-" "Mozilla/5.0 (Windows NT 10.0; Win64; x64) AppleWebKit/537.36 (KHTML, like Gecko) Chrome/130.0.0.0 Safari/537.36 Edg/130.0.0.0"
139.84.235.122 - - [24/Jan/2025:01:11:34 +0000] "GET /img/logo.png HTTP/1.1" 200 18187 "-" "Mozilla/5.0 (iPhone; CPU iPhone OS 17_4_1 like Mac OS X) AppleWebKit/605.1.15 (KHTML, like Gecko) Version/17.4.1 Mobile/15E148 Safari/604.1"
149.34.248.71 - - [24/Jan/2025:01:11:35 +0000] "GET /img/logo.png HTTP/1.1" 200 18187 "-" "Mozilla/5.0 (Windows NT 10.0; Win64; x64) AppleWebKit/537.36 (KHTML, like Gecko) Chrome/132.0.0.0 Safari/537.36 Edg/132.0.0.0"
185.213.22.95 - - [24/Jan/2025:01:11:49 +0000] "GET /favicon.ico HTTP/1.1" 200 113459 "-" "Mozilla/5.0 (Windows NT 10.0; Win64; x64) AppleWebKit/537.36 (KHTML, like Gecko) Chrome/130.0.0.0 Safari/537.36 Edg/130.0.0.0"
103.75.116.245 - - [24/Jan/2025:01:12:54 +0000] "GET / HTTP/1.1" 200 1350 "-" "Mozilla/5.0 (Windows NT 10.0; Win64; x64) AppleWebKit/537.36 (KHTML, like Gecko) Chrome/42.0.2311.135 Safari/537.36 Edge/12.246"
37.59.238.189 - - [24/Jan/2025:01:14:20 +0000] "GET / HTTP/1.1" 200 5454 "-" "Mozilla/5.0 (Windows NT 10.0; Win64; x64) AppleWebKit/537.36 (KHTML, like Gecko) Chrome/115.0.0.0 Safari/537.36"
106.161.65.206 - - [24/Jan/2025:01:14:52 +0000] "GET / HTTP/1.1" 200 5454 "-" "Mozilla/5.0 (Windows NT 10.0; Win64; x64) AppleWebKit/537.36 (KHTML, like Gecko) Chrome/132.0.0.0 Safari/537.36 Edg/132.0.0.0"
179.61.240.42 - - [24/Jan/2025:01:14:53 +0000] "GET / HTTP/1.1" 200 5454 "-" "Mozilla/5.0 (Windows NT 10.0; Win64; x64) AppleWebKit/537.36 (KHTML, like Gecko) Chrome/130.0.0.0 Safari/537.36 Edg/130.0.0.0"
103.1.212.253 - - [24/Jan/2025:01:14:53 +0000] "GET / HTTP/1.1" 200 5454 "-" "Mozilla/5.0 (Windows NT 10.0; Win64; x64) AppleWebKit/537.36 (KHTML, like Gecko) Chrome/130.0.0.0 Safari/537.36 Edg/130.0.0.0"
103.77.234.217 - - [24/Jan/2025:01:14:53 +0000] "GET / HTTP/1.1" 200 5454 "-" "Mozilla/5.0 (Windows NT 10.0; Win64; x64) AppleWebKit/537.36 (KHTML, like Gecko) Chrome/126.0.0.0 Safari/537.36 Edg/126.0.0.0"
106.161.65.206 - - [24/Jan/2025:01:14:54 +0000] "GET /img/logo.png HTTP/1.1" 200 18187 "-" "Mozilla/5.0 (Windows NT 10.0; Win64; x64) AppleWebKit/537.36 (KHTML, like Gecko) Chrome/132.0.0.0 Safari/537.36 Edg/132.0.0.0"
179.61.240.42 - - [24/Jan/2025:01:14:54 +0000] "GET /img/logo.png HTTP/1.1" 200 18187 "-" "Mozilla/5.0 (Windows NT 10.0; Win64; x64) AppleWebKit/537.36 (KHTML, like Gecko) Chrome/130.0.0.0 Safari/537.36 Edg/130.0.0.0"
103.1.212.253 - - [24/Jan/2025:01:14:55 +0000] "GET /img/logo.png HTTP/1.1" 200 18187 "-" "Mozilla/5.0 (Windows NT 10.0; Win64; x64) AppleWebKit/537.36 (KHTML, like Gecko) Chrome/130.0.0.0 Safari/537.36 Edg/130.0.0.0"
103.77.234.217 - - [24/Jan/2025:01:14:56 +0000] "GET /img/logo.png HTTP/1.1" 200 18187 "-" "Mozilla/5.0 (Windows NT 10.0; Win64; x64) AppleWebKit/537.36 (KHTML, like Gecko) Chrome/126.0.0.0 Safari/537.36 Edg/126.0.0.0"
106.161.65.206 - - [24/Jan/2025:01:14:59 +0000] "GET /favicon.ico HTTP/1.1" 200 113459 "-" "Mozilla/5.0 (Windows NT 10.0; Win64; x64) AppleWebKit/537.36 (KHTML, like Gecko) Chrome/132.0.0.0 Safari/537.36 Edg/132.0.0.0"
54.191.218.143 - - [24/Jan/2025:02:37:31 +0000] "GET / HTTP/1.1" 200 1350 "-" "Mozilla/5.0 (Linux; Android 12; Pixel 6) AppleWebKit/537.36 (KHTML, like Gecko) Chrome/114.0.0.0 Mobile Safari/537.36"
54.191.218.143 - - [24/Jan/2025:02:37:32 +0000] "GET /img/logo.png HTTP/1.1" 200 18187 "-" "Mozilla/5.0 (Linux; Android 12; Pixel 6) AppleWebKit/537.36 (KHTML, like Gecko) Chrome/114.0.0.0 Mobile Safari/537.36"
54.191.218.143 - - [24/Jan/2025:02:37:32 +0000] "GET /css/style.css HTTP/1.1" 200 1730 "-" "Mozilla/5.0 (Linux; Android 12; Pixel 6) AppleWebKit/537.36 (KHTML, like Gecko) Chrome/114.0.0.0 Mobile Safari/537.36"
54.191.218.143 - - [24/Jan/2025:02:37:32 +0000] "GET /favicon.ico HTTP/1.1" 200 113459 "-" "Mozilla/5.0 (Linux; Android 12; Pixel 6) AppleWebKit/537.36 (KHTML, like Gecko) Chrome/114.0.0.0 Mobile Safari/537.36"
5.255.125.196 - - [24/Jan/2025:02:47:28 +0000] "GET / HTTP/1.1" 200 5454 "-" "Mozilla/5.0 (compatible; MSIE 10.0; Windows NT 6.1; Trident/6.0)"
5.255.97.221 - - [24/Jan/2025:02:50:34 +0000] "GET / HTTP/1.1" 200 5454 "-" "Mozilla/5.0 (compatible; MSIE 10.0; Windows NT 6.1; Trident/6.0)"
132.145.29.111 - - [24/Jan/2025:05:28:19 +0000] "GET / HTTP/1.1" 200 5454 "-" "Mozilla/5.0 (Windows NT 10.0; Win64; x64) AppleWebKit/537.36 (KHTML, like Gecko) Chrome/95.0.4638.69 Safari/537.36"
