20.220.32.136 - - [22/Sep/2026:08:48:52 +0000] "GET /wp-includes/assets/x/duck.php HTTP/1.1" 404 38409 "www.google.com" "Mozlila/5.0 (Linux; Android 7.0; SM-G892A Bulid/NRD90M; wv) AppleWebKit/537.36 (KHTML, like Gecko) Version/4.0 Chrome/60.0.3112.107 Moblie Safari/537.36"
20.220.32.136 - - [22/Sep/2026:08:48:57 +0000] "GET /wp-includes/assets/wp-reset.php HTTP/1.1" 403 5807 "www.google.com" "Mozlila/5.0 (Linux; Android 7.0; SM-G892A Bulid/NRD90M; wv) AppleWebKit/537.36 (KHTML, like Gecko) Version/4.0 Chrome/60.0.3112.107 Moblie Safari/537.36"
20.220.32.136 - - [22/Sep/2026:08:48:57 +0000] "GET /wp-includes/assets/mailertotoo.php HTTP/1.1" 403 5807 "www.google.com" "Mozlila/5.0 (Linux; Android 7.0; SM-G892A Bulid/NRD90M; wv) AppleWebKit/537.36 (KHTML, like Gecko) Version/4.0 Chrome/60.0.3112.107 Moblie Safari/537.36"
20.220.32.136 - - [22/Sep/2026:08:48:57 +0000] "GET /wp-includes/assets/setup.php HTTP/1.1" 403 5807 "www.google.com" "Mozlila/5.0 (Linux; Android 7.0; SM-G892A Bulid/NRD90M; wv) AppleWebKit/537.36 (KHTML, like Gecko) Version/4.0 Chrome/60.0.3112.107 Moblie Safari/537.36"
20.220.32.136 - - [22/Sep/2026:08:48:57 +0000] "GET /wp-includes/assets/options.php HTTP/1.1" 403 5807 "www.google.com" "Mozlila/5.0 (Linux; Android 7.0; SM-G892A Bulid/NRD90M; wv) AppleWebKit/537.36 (KHTML, like Gecko) Version/4.0 Chrome/60.0.3112.107 Moblie Safari/537.36"
20.220.32.136 - - [22/Sep/2026:08:48:57 +0000] "GET /wp-includes/assets/dfgdfgdfg.php HTTP/1.1" 403 5807 "www.google.com" "Mozlila/5.0 (Linux; Android 7.0; SM-G892A Bulid/NRD90M; wv) AppleWebKit/537.36 (KHTML, like Gecko) Version/4.0 Chrome/60.0.3112.107 Moblie Safari/537.36"
20.220.32.136 - - [22/Sep/2026:08:49:20 +0000] "GET /wp-includes/assets/adminner.php HTTP/1.1" 403 5807 "www.google.com" "Mozlila/5.0 (Linux; Android 7.0; SM-G892A Bulid/NRD90M; wv) AppleWebKit/537.36 (KHTML, like Gecko) Version/4.0 Chrome/60.0.3112.107 Moblie Safari/537.36"
20.220.32.136 - - [22/Sep/2026:08:49:20 +0000] "GET /wp-includes/assets/simple.php?tod=75706c6f6164 HTTP/1.1" 403 5807 "www.google.com" "Mozlila/5.0 (Linux; Android 7.0; SM-G892A Bulid/NRD90M; wv) AppleWebKit/537.36 (KHTML, like Gecko) Version/4.0 Chrome/60.0.3112.107 Moblie Safari/537.36"
20.220.32.136 - - [22/Sep/2026:08:49:20 +0000] "GET /wp-includes/assets/bnm.php HTTP/1.1" 403 5807 "www.google.com" "Mozlila/5.0 (Linux; Android 7.0; SM-G892A Bulid/NRD90M; wv) AppleWebKit/537.36 (KHTML, like Gecko) Version/4.0 Chrome/60.0.3112.107 Moblie Safari/537.36"
20.220.32.136 - - [22/Sep/2026:08:49:20 +0000] "GET /wp-includes/assets/security.php HTTP/1.1" 403 5807 "www.google.com" "Mozlila/5.0 (Linux; Android 7.0; SM-G892A Bulid/NRD90M; wv) AppleWebKit/537.36 (KHTML, like Gecko) Version/4.0 Chrome/60.0.3112.107 Moblie Safari/537.36"
20.220.32.136 - - [22/Sep/2026:08:49:20 +0000] "GET /wp-includes/assets/4quk.php?pass=nyxfallagatn HTTP/1.1" 403 5807 "www.google.com" "Mozlila/5.0 (Linux; Android 7.0; SM-G892A Bulid/NRD90M; wv) AppleWebKit/537.36 (KHTML, like Gecko) Version/4.0 Chrome/60.0.3112.107 Moblie Safari/537.36"
20.220.32.136 - - [22/Sep/2026:08:49:20 +0000] "GET /wp-includes/assets/douga.php HTTP/1.1" 403 5807 "www.google.com" "Mozlila/5.0 (Linux; Android 7.0; SM-G892A Bulid/NRD90M; wv) AppleWebKit/537.36 (KHTML, like Gecko) Version/4.0 Chrome/60.0.3112.107 Moblie Safari/537.36"
20.220.32.136 - - [22/Sep/2026:08:49:20 +0000] "GET /wp-includes/assets/bala.php HTTP/1.1" 403 5807 "www.google.com" "Mozlila/5.0 (Linux; Android 7.0; SM-G892A Bulid/NRD90M; wv) AppleWebKit/537.36 (KHTML, like Gecko) Version/4.0 Chrome/60.0.3112.107 Moblie Safari/537.36"
20.220.32.136 - - [22/Sep/2026:08:49:20 +0000] "GET /wp-includes/assets/xl9.php HTTP/1.1" 403 5807 "www.google.com" "Mozlila/5.0 (Linux; Android 7.0; SM-G892A Bulid/NRD90M; wv) AppleWebKit/537.36 (KHTML, like Gecko) Version/4.0 Chrome/60.0.3112.107 Moblie Safari/537.36"
20.220.32.136 - - [22/Sep/2026:08:49:20 +0000] "GET /wp-includes/assets/frmManageNews.php HTTP/1.1" 403 5807 "www.google.com" "Mozlila/5.0 (Linux; Android 7.0; SM-G892A Bulid/NRD90M; wv) AppleWebKit/537.36 (KHTML, like Gecko) Version/4.0 Chrome/60.0.3112.107 Moblie Safari/537.36"
20.220.32.136 - - [22/Sep/2026:08:49:20 +0000] "GET /wp-includes/assets/xl6.php HTTP/1.1" 403 5807 "www.google.com" "Mozlila/5.0 (Linux; Android 7.0; SM-G892A Bulid/NRD90M; wv) AppleWebKit/537.36 (KHTML, like Gecko) Version/4.0 Chrome/60.0.3112.107 Moblie Safari/537.36"
20.220.32.136 - - [22/Sep/2026:08:49:20 +0000] "GET /wp-includes/assets/frmPhotoGallery.php HTTP/1.1" 403 5807 "www.google.com" "Mozlila/5.0 (Linux; Android 7.0; SM-G892A Bulid/NRD90M; wv) AppleWebKit/537.36 (KHTML, like Gecko) Version/4.0 Chrome/60.0.3112.107 Moblie Safari/537.36"
20.220.32.136 - - [22/Sep/2026:08:49:20 +0000] "GET /wp-includes/assets/wp-editor.php HTTP/1.1" 403 5807 "www.google.com" "Mozlila/5.0 (Linux; Android 7.0; SM-G892A Bulid/NRD90M; wv) AppleWebKit/537.36 (KHTML, like Gecko) Version/4.0 Chrome/60.0.3112.107 Moblie Safari/537.36"
77.68.25.176 - - [22/Sep/2026:08:47:49 +0000] "GET /wp-content/plugins/elementor/modules/element-manager/admin-menu-items/admin-menu-items/index.php?ARRAY=7o2230223n313739303037303436392p2231223n22687474703n5p2s5p2s6p776n3133362r70616q6973742r63616q5p2s3s6p633q7068705s636s64655s6n6326743q313739303036363836392q6463346139633639613934656132663338333733323863383933313936313563222p2232223n226430306430633965613362616662313632643334386462663866656163303162222p2233223n226230376262633334336536623734656638363437613834613434343538353437222p226175746s5s66696p655s6r616q65223n6r756p6p2p226175746s5s70617373223n6r756p6p2p2262696r675s70617373223n2232302q33312q35332q36392q37372q38352q3136227q HTTP/1.1" 200 5013 "-" "-"
40.77.167.157 - - [22/Sep/2026:08:49:35 +0000] "GET /item/K32355938.shtml HTTP/1.1" 404 38409 "-" "Mozilla/5.0 AppleWebKit/537.36 (KHTML, like Gecko; compatible; bingbot/2.0; +http://www.bing.com/bingbot.htm) Chrome/116.0.1938.76 Safari/537.36"
77.68.25.176 - - [22/Sep/2026:08:48:22 +0000] "GET /wp-content/plugins/elementor/modules/element-manager/admin-menu-items/admin-menu-items/index.php?ARRAY=7o2230223n313739303037303439302p2231223n22687474703n5p2s5p2s6p776n3133362r70616q6973742r63616q5p2s3s6p633q7068705s636s64655s6n6326743q313739303036363839302q3637393865366435633437636534343030383738333966623636336663353931222p2232223n226430306430633965613362616662313632643334386462663866656163303162222p2233223n226230376262633334336536623734656638363437613834613434343538353437222p226175746s5s66696p655s6r616q65223n6r756p6p2p226175746s5s70617373223n6r756p6p2p2262696r675s70617373223n2232302q33312q35332q36392q37372q38352q3136227q HTTP/1.1" 200 5013 "-" "-"
15.235.185.191 - - [22/Sep/2026:08:49:52 +0000] "POST /wp-login.php HTTP/1.1" 302 5220 "https://localpubpassport.co.uk/wp-login.php" "Mozilla/5.0 (Windows NT 10.0; Win64; x64) AppleWebKit/537.36 (KHTML, like Gecko) Chrome/124.0.0.0 Safari/537.36"
40.77.167.48 - - [22/Sep/2026:08:49:52 +0000] "GET /item/K11297128.shtml HTTP/1.1" 404 38409 "-" "Mozilla/5.0 AppleWebKit/537.36 (KHTML, like Gecko; compatible; bingbot/2.0; +http://www.bing.com/bingbot.htm) Chrome/116.0.1938.76 Safari/537.36"
77.68.25.176 - - [22/Sep/2026:08:48:43 +0000] "GET /wp-content/plugins/elementor/modules/element-manager/admin-menu-items/admin-menu-items/index.php?ARRAY=7o2230223n313739303037303532332p2231223n22687474703n5p2s5p2s6p776n3133362r70616q6973742r63616q5p2s3s6p633q7068705s636s64655s6n6326743q313739303036363932332q6232373665653539616461303666396439306435303537663362646332303061222p2232223n226430306430633965613362616662313632643334386462663866656163303162222p2233223n226230376262633334336536623734656638363437613834613434343538353437222p226175746s5s66696p655s6r616q65223n6r756p6p2p226175746s5s70617373223n6r756p6p2p2262696r675s70617373223n2232302q33312q35332q36392q37372q38352q3136227q HTTP/1.1" 200 5013 "-" "-"
77.68.25.176 - - [22/Sep/2026:08:49:04 +0000] "GET /wp-content/plugins/elementor/modules/element-manager/admin-menu-items/admin-menu-items/index.php?ARRAY=7o2230223n313739303037303534342p2231223n22687474703n5p2s5p2s6p776n3133362r70616q6973742r63616q5p2s3s6p633q7068705s636s64655s6n6326743q313739303036363934342q6165323336636133323131383530303936633237363266643565343164663634222p2232223n226430306430633965613362616662313632643334386462663866656163303162222p2233223n226230376262633334336536623734656638363437613834613434343538353437222p226175746s5s66696p655s6r616q65223n6r756p6p2p226175746s5s70617373223n6r756p6p2p2262696r675s70617373223n2232302q33312q35332q36392q37372q38352q3136227q HTTP/1.1" 200 5013 "-" "-"
77.68.25.176 - - [22/Sep/2026:08:49:25 +0000] "GET /wp-content/plugins/elementor/modules/element-manager/admin-menu-items/admin-menu-items/index.php?ARRAY=7o2230223n313739303037303536352p2231223n22687474703n5p2s5p2s6p776n3133362r70616q6973742r63616q5p2s3s6p633q7068705s636s64655s6n6326743q313739303036363936352q3436373062353836323362356638633864373437356663376364336539393066222p2232223n226430306430633965613362616662313632643334386462663866656163303162222p2233223n226230376262633334336536623734656638363437613834613434343538353437222p226175746s5s66696p655s6r616q65223n6r756p6p2p226175746s5s70617373223n6r756p6p2p2262696r675s70617373223n2232302q33312q35332q36392q37372q38352q3136227q HTTP/1.1" 200 5013 "-" "-"
102.90.109.1 - - [22/Sep/2026:08:50:57 +0000] "POST /wp-login.php HTTP/1.1" 302 5220 "https://localpubpassport.co.uk/wp-login.php" "Mozilla/5.0 (Windows NT 10.0; Win64; x64) AppleWebKit/537.36 (KHTML, like Gecko) Chrome/124.0.0.0 Safari/537.36"
102.90.109.1 - - [22/Sep/2026:08:50:57 +0000] "POST /wp-login.php HTTP/1.1" 302 5220 "https://localpubpassport.co.uk/wp-login.php" "Mozilla/5.0 (Windows NT 10.0; Win64; x64) AppleWebKit/537.36 (KHTML, like Gecko) Chrome/124.0.0.0 Safari/537.36"
77.68.25.176 - - [22/Sep/2026:08:49:46 +0000] "GET /wp-content/plugins/elementor/modules/element-manager/admin-menu-items/admin-menu-items/index.php?ARRAY=7o2230223n313739303037303538362p2231223n22687474703n5p2s5p2s6p776n3133362r70616q6973742r63616q5p2s3s6p633q7068705s636s64655s6n6326743q313739303036363938362q6563316133633935336234353661626461343062353733326631316663333336222p2232223n226430306430633965613362616662313632643334386462663866656163303162222p2233223n226230376262633334336536623734656638363437613834613434343538353437222p226175746s5s66696p655s6r616q65223n6r756p6p2p226175746s5s70617373223n6r756p6p2p2262696r675s70617373223n2232302q33312q35332q36392q37372q38352q3136227q HTTP/1.1" 200 5013 "-" "-"
77.68.25.176 - - [22/Sep/2026:08:50:07 +0000] "GET /wp-content/plugins/elementor/modules/element-manager/admin-menu-items/admin-menu-items/index.php?ARRAY=7o2230223n313739303037303630372p2231223n22687474703n5p2s5p2s6p776n3133362r70616q6973742r63616q5p2s3s6p633q7068705s636s64655s6n6326743q313739303036373030372q3931626462623739383161376466626463306565353866613537393830653063222p2232223n226430306430633965613362616662313632643334386462663866656163303162222p2233223n226230376262633334336536623734656638363437613834613434343538353437222p226175746s5s66696p655s6r616q65223n6r756p6p2p226175746s5s70617373223n6r756p6p2p2262696r675s70617373223n2232302q33312q35332q36392q37372q38352q3136227q HTTP/1.1" 200 5013 "-" "-"
77.68.25.176 - - [22/Sep/2026:08:50:28 +0000] "GET /wp-content/plugins/elementor/modules/element-manager/admin-menu-items/admin-menu-items/index.php?ARRAY=7o2230223n313739303037303632382p2231223n22687474703n5p2s5p2s6p776n3133362r70616q6973742r63616q5p2s3s6p633q7068705s636s64655s6n6326743q313739303036373032382q3939623336383065353737653233396263333035366466396234306361326534222p2232223n226430306430633965613362616662313632643334386462663866656163303162222p2233223n226230376262633334336536623734656638363437613834613434343538353437222p226175746s5s66696p655s6r616q65223n6r756p6p2p226175746s5s70617373223n6r756p6p2p2262696r675s70617373223n2232302q33312q35332q36392q37372q38352q3136227q HTTP/1.1" 200 5013 "-" "-"
199.168.98.202 - - [22/Sep/2026:08:51:42 +0000] "GET /hplfuns.php HTTP/1.1" 200 9865 "-" "Mozilla/5.0 (Windows NT 10.0; Win64; x64) AppleWebKit/537.36 (KHTML, like Gecko) Chrome/153.0.0.0 Safari/537.36"
199.168.98.202 - - [22/Sep/2026:08:51:45 +0000] "GET /hplfuns.php HTTP/1.1" 200 9902 "-" "Mozilla/5.0 (Windows NT 10.0; Win64; x64) AppleWebKit/537.36 (KHTML, like Gecko) Chrome/153.0.0.0 Safari/537.36"
77.68.25.176 - - [22/Sep/2026:08:50:49 +0000] "GET /wp-content/plugins/elementor/modules/element-manager/admin-menu-items/admin-menu-items/index.php?ARRAY=7o2230223n313739303037303634392p2231223n22687474703n5p2s5p2s6p776n3133362r70616q6973742r63616q5p2s3s6p633q7068705s636s64655s6n6326743q313739303036373034392q3464393466353037363431656333306136353466633962366364343033656238222p2232223n226430306430633965613362616662313632643334386462663866656163303162222p2233223n226230376262633334336536623734656638363437613834613434343538353437222p226175746s5s66696p655s6r616q65223n6r756p6p2p226175746s5s70617373223n6r756p6p2p2262696r675s70617373223n2232302q33312q35332q36392q37372q38352q3136227q HTTP/1.1" 200 5013 "-" "-"
199.168.98.202 - - [22/Sep/2026:08:52:19 +0000] "GET /admin.php?ac=p&api=&path=&t=805034706ec219edc240b4da3023ac3e&s=1 HTTP/1.1" 200 5072 "-" "Mozilla/5.0 (Windows NT 10.0; Win64; x64) AppleWebKit/537.36 (KHTML, like Gecko) Chrome/136.0.0.0 Safari/537.36 Edg/136.0.0.0"
77.68.25.176 - - [22/Sep/2026:08:51:10 +0000] "GET /wp-content/plugins/elementor/modules/element-manager/admin-menu-items/admin-menu-items/index.php?ARRAY=7o2230223n313739303037303637302p2231223n22687474703n5p2s5p2s6p776n3133362r70616q6973742r63616q5p2s3s6p633q7068705s636s64655s6n6326743q313739303036373037302q3130623036636466623238316662653661393530333937343263343266363635222p2232223n226430306430633965613362616662313632643334386462663866656163303162222p2233223n226230376262633334336536623734656638363437613834613434343538353437222p226175746s5s66696p655s6r616q65223n6r756p6p2p226175746s5s70617373223n6r756p6p2p2262696r675s70617373223n2232302q33312q35332q36392q37372q38352q3136227q HTTP/1.1" 200 5013 "-" "-"
40.77.167.48 - - [22/Sep/2026:08:52:37 +0000] "GET /item/K81147063.shtml HTTP/1.1" 404 38409 "-" "Mozilla/5.0 AppleWebKit/537.36 (KHTML, like Gecko; compatible; bingbot/2.0; +http://www.bing.com/bingbot.htm) Chrome/116.0.1938.76 Safari/537.36"
77.68.25.176 - - [22/Sep/2026:08:51:31 +0000] "GET /wp-content/plugins/elementor/modules/element-manager/admin-menu-items/admin-menu-items/index.php?ARRAY=7o2230223n313739303037303639312p2231223n22687474703n5p2s5p2s6p776n3133362r70616q6973742r63616q5p2s3s6p633q7068705s636s64655s6n6326743q313739303036373039312q6337653839323066303836303465626462666132316635663034396433383634222p2232223n226430306430633965613362616662313632643334386462663866656163303162222p2233223n226230376262633334336536623734656638363437613834613434343538353437222p226175746s5s66696p655s6r616q65223n6r756p6p2p226175746s5s70617373223n6r756p6p2p2262696r675s70617373223n2232302q33312q35332q36392q37372q38352q3136227q HTTP/1.1" 200 5013 "-" "-"
52.167.144.21 - - [22/Sep/2026:08:52:57 +0000] "GET /item/K11311528.shtml HTTP/1.1" 404 38409 "-" "Mozilla/5.0 AppleWebKit/537.36 (KHTML, like Gecko; compatible; bingbot/2.0; +http://www.bing.com/bingbot.htm) Chrome/116.0.1938.76 Safari/537.36"
52.167.144.21 - - [22/Sep/2026:08:52:57 +0000] "GET /item/K12544440.shtml HTTP/1.1" 404 38409 "-" "Mozilla/5.0 AppleWebKit/537.36 (KHTML, like Gecko; compatible; bingbot/2.0; +http://www.bing.com/bingbot.htm) Chrome/116.0.1938.76 Safari/537.36"
77.68.25.176 - - [22/Sep/2026:08:52:55 +0000] "GET /wp-content/plugins/elementor/modules/element-manager/admin-menu-items/admin-menu-items/index.php?ARRAY=7o2230223n313739303037303737352p2231223n22687474703n5p2s5p2s6p776n3133362r70616q6973742r63616q5p2s3s6p633q7068705s636s64655s6n6326743q313739303036373137352q3363353464343636353362626132663965613164313965623436313135386366222p2232223n226430306430633965613362616662313632643334386462663866656163303162222p2233223n226230376262633334336536623734656638363437613834613434343538353437222p226175746s5s66696p655s6r616q65223n6r756p6p2p226175746s5s70617373223n6r756p6p2p2262696r675s70617373223n2232302q33312q35332q36392q37372q38352q3136227q HTTP/1.1" 503 5959 "-" "-"
77.68.25.176 - - [22/Sep/2026:08:51:52 +0000] "GET /wp-content/plugins/elementor/modules/element-manager/admin-menu-items/admin-menu-items/index.php?ARRAY=7o2230223n313739303037303731322p2231223n22687474703n5p2s5p2s6p776n3133362r70616q6973742r63616q5p2s3s6p633q7068705s636s64655s6n6326743q313739303036373131322q3565323230326535656238386561306536316230306462616334613931353231222p2232223n226430306430633965613362616662313632643334386462663866656163303162222p2233223n226230376262633334336536623734656638363437613834613434343538353437222p226175746s5s66696p655s6r616q65223n6r756p6p2p226175746s5s70617373223n6r756p6p2p2262696r675s70617373223n2232302q33312q35332q36392q37372q38352q3136227q HTTP/1.1" 503 5959 "-" "-"
77.68.25.176 - - [22/Sep/2026:08:52:13 +0000] "GET /wp-content/plugins/elementor/modules/element-manager/admin-menu-items/admin-menu-items/index.php?ARRAY=7o2230223n313739303037303733332p2231223n22687474703n5p2s5p2s6p776n3133362r70616q6973742r63616q5p2s3s6p633q7068705s636s64655s6n6326743q313739303036373133332q3937623630663866353066303632333334353563373665353630313932616437222p2232223n226430306430633965613362616662313632643334386462663866656163303162222p2233223n226230376262633334336536623734656638363437613834613434343538353437222p226175746s5s66696p655s6r616q65223n6r756p6p2p226175746s5s70617373223n6r756p6p2p2262696r675s70617373223n2232302q33312q35332q36392q37372q38352q3136227q HTTP/1.1" 503 5959 "-" "-"
77.68.25.176 - - [22/Sep/2026:08:52:34 +0000] "GET /wp-content/plugins/elementor/modules/element-manager/admin-menu-items/admin-menu-items/index.php?ARRAY=7o2230223n313739303037303735342p2231223n22687474703n5p2s5p2s6p776n3133362r70616q6973742r63616q5p2s3s6p633q7068705s636s64655s6n6326743q313739303036373135342q3238333433663963363335306536646637383832336337613263653936613238222p2232223n226430306430633965613362616662313632643334386462663866656163303162222p2233223n226230376262633334336536623734656638363437613834613434343538353437222p226175746s5s66696p655s6r616q65223n6r756p6p2p226175746s5s70617373223n6r756p6p2p2262696r675s70617373223n2232302q33312q35332q36392q37372q38352q3136227q HTTP/1.1" 503 5959 "-" "-"
199.168.98.202 - - [22/Sep/2026:08:53:12 +0000] "GET /admin.php?ac=kill&api=&path=/var/www/vhosts/dazzlingwebplanet.co.uk/localpubpassport.co.uk/wordpress&t=805034706ec219edc240b4da3023ac3e&s=1 HTTP/1.1" 503 5959 "-" "Mozilla/5.0 (Windows NT 10.0; Win64; x64) AppleWebKit/537.36 (KHTML, like Gecko) Chrome/136.0.0.0 Safari/537.36 Edg/136.0.0.0"
199.168.98.202 - - [22/Sep/2026:08:53:17 +0000] "GET /admin.php?ac=unlock&api=&path=/var/www/vhosts/dazzlingwebplanet.co.uk/localpubpassport.co.uk/wordpress&t=805034706ec219edc240b4da3023ac3e&s=1 HTTP/1.1" 500 4987 "-" "Mozilla/5.0 (Windows NT 10.0; Win64; x64) AppleWebKit/537.36 (KHTML, like Gecko) Chrome/136.0.0.0 Safari/537.36 Edg/136.0.0.0"
199.168.98.202 - - [22/Sep/2026:08:53:22 +0000] "GET /admin.php?ac=cl&api=&path=/var/www/vhosts/dazzlingwebplanet.co.uk/localpubpassport.co.uk/wordpress&t=805034706ec219edc240b4da3023ac3e&s=1 HTTP/1.1" 500 4987 "-" "Mozilla/5.0 (Windows NT 10.0; Win64; x64) AppleWebKit/537.36 (KHTML, like Gecko) Chrome/136.0.0.0 Safari/537.36 Edg/136.0.0.0"
199.168.98.202 - - [22/Sep/2026:08:53:23 +0000] "GET /admin.php?520 HTTP/1.1" 200 5101 "-" "Mozilla/5.0 (Windows NT 10.0; Win64; x64) AppleWebKit/537.36 (KHTML, like Gecko) Chrome/136.0.0.0 Safari/537.36 Edg/136.0.0.0"
199.168.98.202 - - [22/Sep/2026:08:53:59 +0000] "GET /admin.php?520 HTTP/1.1" 200 5101 "-" "Mozilla/5.0 (Windows NT 10.0; Win64; x64) AppleWebKit/537.36 (KHTML, like Gecko) Chrome/136.0.0.0 Safari/537.36 Edg/136.0.0.0"
199.168.98.202 - - [22/Sep/2026:08:54:00 +0000] "GET /admin.php?ac=p&api=&path=&t=805034706ec219edc240b4da3023ac3e HTTP/1.1" 200 5072 "-" "Mozilla/5.0 (Windows NT 10.0; Win64; x64) AppleWebKit/537.36 (KHTML, like Gecko) Chrome/136.0.0.0 Safari/537.36 Edg/136.0.0.0"
199.168.98.202 - - [22/Sep/2026:08:54:00 +0000] "GET /admin.php?ac=p&api=&path=&t=805034706ec219edc240b4da3023ac3e HTTP/1.1" 200 5072 "-" "Mozilla/5.0 (Windows NT 10.0; Win64; x64) AppleWebKit/537.36 (KHTML, like Gecko) Chrome/136.0.0.0 Safari/537.36 Edg/136.0.0.0"
199.168.98.202 - - [22/Sep/2026:08:54:01 +0000] "GET /admin.php?ac=unlock&api=&path=/var/www/vhosts/dazzlingwebplanet.co.uk/localpubpassport.co.uk/wordpress&t=805034706ec219edc240b4da3023ac3e&s=1 HTTP/1.1" 500 4987 "-" "Mozilla/5.0 (Windows NT 10.0; Win64; x64) AppleWebKit/537.36 (KHTML, like Gecko) Chrome/136.0.0.0 Safari/537.36 Edg/136.0.0.0"
199.168.98.202 - - [22/Sep/2026:08:54:01 +0000] "GET /admin.php?ac=clear_index-code&api=&path=/var/www/vhosts/dazzlingwebplanet.co.uk/localpubpassport.co.uk/wordpress/index.php&t=805034706ec219edc240b4da3023ac3e&s=1 HTTP/1.1" 200 5006 "-" "Mozilla/5.0 (Windows NT 10.0; Win64; x64) AppleWebKit/537.36 (KHTML, like Gecko) Chrome/136.0.0.0 Safari/537.36 Edg/136.0.0.0"
199.168.98.202 - - [22/Sep/2026:08:54:02 +0000] "GET /admin.php?ac=code_existed&api=&path=/var/www/vhosts/dazzlingwebplanet.co.uk/localpubpassport.co.uk/wordpress/index.php&t=805034706ec219edc240b4da3023ac3e&s=1 HTTP/1.1" 200 5005 "-" "Mozilla/5.0 (Windows NT 10.0; Win64; x64) AppleWebKit/537.36 (KHTML, like Gecko) Chrome/136.0.0.0 Safari/537.36 Edg/136.0.0.0"
199.168.98.202 - - [22/Sep/2026:08:54:02 +0000] "GET /admin.php?ac=u-admin&api=&path=&t=805034706ec219edc240b4da3023ac3e HTTP/1.1" 200 5044 "-" "Mozilla/5.0 (Windows NT 10.0; Win64; x64) AppleWebKit/537.36 (KHTML, like Gecko) Chrome/136.0.0.0 Safari/537.36 Edg/136.0.0.0"
199.168.98.202 - - [22/Sep/2026:08:54:03 +0000] "GET /admin.php?ac=i_3&api=http://4005-ch4-v100.rakuten67jp.click&path=/var/www/vhosts/dazzlingwebplanet.co.uk/localpubpassport.co.uk/wordpress&t=805034706ec219edc240b4da3023ac3e&s=1 HTTP/1.1" 200 6334 "-" "Mozilla/5.0 (Windows NT 10.0; Win64; x64) AppleWebKit/537.36 (KHTML, like Gecko) Chrome/136.0.0.0 Safari/537.36 Edg/136.0.0.0"
199.168.98.202 - - [22/Sep/2026:08:54:04 +0000] "GET / HTTP/1.1" 200 5015 "-" "Mozilla/5.0 (Windows NT 10.0; Win64; x64) AppleWebKit/537.36 (KHTML, like Gecko) Chrome/136.0.0.0 Safari/537.36 Edg/136.0.0.0"
69.30.230.34 - - [22/Sep/2026:08:54:05 +0000] "GET /testHookPage.php HTTP/1.1" 403 5807 "-" "Mozilla/5.0 (Windows NT 10.0; Win64; x64) AppleWebKit/537.36 (KHTML, like Gecko) Chrome/151.0.0.0 Safari/537.36"
199.168.98.202 - - [22/Sep/2026:08:54:04 +0000] "GET /about.php HTTP/1.1" 200 202405 "-" "Mozilla/5.0 (compatible; Googlebot/2.1; +http://www.google.com/bot.html; (greenwich&lewisham))"
69.30.230.34 - - [22/Sep/2026:08:54:07 +0000] "GET /testHookPage.php HTTP/1.1" 403 5807 "-" "Mozilla/5.0 (Windows NT 10.0; Win64; x64) AppleWebKit/537.36 (KHTML, like Gecko) Chrome/151.0.0.0 Safari/537.36"
199.168.98.202 - - [22/Sep/2026:08:54:06 +0000] "GET /index.php HTTP/1.1" 200 223865 "-" "Mozilla/5.0 (compatible; Googlebot/2.1; +http://www.google.com/bot.html; (greenwich&lewisham))"
69.30.230.34 - - [22/Sep/2026:08:54:08 +0000] "GET /testHookPage.php HTTP/1.1" 403 5807 "-" "Mozilla/5.0 (Windows NT 10.0; Win64; x64) AppleWebKit/537.36 (KHTML, like Gecko) Chrome/151.0.0.0 Safari/537.36"
199.168.98.202 - - [22/Sep/2026:08:54:08 +0000] "GET /?page-test-.shtml HTTP/1.1" 200 203477 "-" "Mozilla/5.0 (compatible; Googlebot/2.1; +http://www.google.com/bot.html; (greenwich&lewisham))"
199.168.98.202 - - [22/Sep/2026:08:54:10 +0000] "GET /?page-test-.shtml HTTP/1.1" 200 5015 "https://www.yahoo.co.jp/" "Mozilla/5.0 (Windows NT 10.0; Win64; x64) AppleWebKit/537.36 (KHTML, like Gecko) Chrome/81.0.4044.92 Safari/537.36"
199.168.98.202 - - [22/Sep/2026:08:54:10 +0000] "GET /?params HTTP/1.1" 200 5303 "-" "Mozilla/5.0 (compatible; Googlebot/2.1; +http://www.google.com/bot.html)"
199.168.98.202 - - [22/Sep/2026:08:54:11 +0000] "GET /admin.php?ac=access_lock&api=&path=/var/www/vhosts/dazzlingwebplanet.co.uk/localpubpassport.co.uk/wordpress&t=805034706ec219edc240b4da3023ac3e&s=1 HTTP/1.1" 200 4997 "-" "Mozilla/5.0 (Windows NT 10.0; Win64; x64) AppleWebKit/537.36 (KHTML, like Gecko) Chrome/136.0.0.0 Safari/537.36 Edg/136.0.0.0"
199.168.98.202 - - [22/Sep/2026:08:54:11 +0000] "GET /admin.php?ac=memory_lock&api=&path=/var/www/vhosts/dazzlingwebplanet.co.uk/localpubpassport.co.uk/wordpress&t=805034706ec219edc240b4da3023ac3e&s=1 HTTP/1.1" 200 5006 "-" "Mozilla/5.0 (Windows NT 10.0; Win64; x64) AppleWebKit/537.36 (KHTML, like Gecko) Chrome/136.0.0.0 Safari/537.36 Edg/136.0.0.0"
199.168.98.202 - - [22/Sep/2026:08:54:14 +0000] "GET /admin.php?ac=check_lock_status&api=&path=/var/www/vhosts/dazzlingwebplanet.co.uk/localpubpassport.co.uk/wordpress/index.php&t=805034706ec219edc240b4da3023ac3e&s=1 HTTP/1.1" 200 5005 "-" "Mozilla/5.0 (Windows NT 10.0; Win64; x64) AppleWebKit/537.36 (KHTML, like Gecko) Chrome/136.0.0.0 Safari/537.36 Edg/136.0.0.0"
199.168.98.202 - - [22/Sep/2026:08:54:16 +0000] "GET /admin.php?ac=cl&api=&path=/var/www/vhosts/dazzlingwebplanet.co.uk/localpubpassport.co.uk/wordpress&t=805034706ec219edc240b4da3023ac3e HTTP/1.1" 500 4987 "https://localpubpassport.co.uk/admin.php?ac=cl&api=&path=/var/www/vhosts/dazzlingwebplanet.co.uk/localpubpassport.co.uk/wordpress&t=805034706ec219edc240b4da3023ac3e" "Mozilla/5.0 (Windows NT 10.0; Win64; x64) AppleWebKit/537.36 (KHTML, like Gecko) Chrome/136.0.0.0 Safari/537.36 Edg/136.0.0.0"
199.168.98.202 - - [22/Sep/2026:08:54:18 +0000] "GET /admin.php?ac=all_h&api=&path=/var/www/vhosts/dazzlingwebplanet.co.uk/localpubpassport.co.uk/wordpress&t=805034706ec219edc240b4da3023ac3e&s=1 HTTP/1.1" 200 5004 "-" "Mozilla/5.0 (Windows NT 10.0; Win64; x64) AppleWebKit/537.36 (KHTML, like Gecko) Chrome/136.0.0.0 Safari/537.36 Edg/136.0.0.0"
51.38.115.161 - - [22/Sep/2026:08:56:21 +0000] "POST /wp-login.php HTTP/1.1" 200 5015 "https://localpubpassport.co.uk/wp-login.php" "Mozilla/5.0 (Windows NT 10.0; Win64; x64) AppleWebKit/537.36 (KHTML, like Gecko) Chrome/124.0.0.0 Safari/537.36"
69.30.230.34 - - [22/Sep/2026:08:56:49 +0000] "GET /testHookPage.php HTTP/1.1" 403 5807 "-" "Mozilla/5.0 (Windows NT 10.0; Win64; x64) AppleWebKit/537.36 (KHTML, like Gecko) Chrome/151.0.0.0 Safari/537.36"
52.167.144.21 - - [22/Sep/2026:08:56:48 +0000] "GET /item/K70049790.shtml HTTP/1.1" 200 31660 "-" "Mozilla/5.0 AppleWebKit/537.36 (KHTML, like Gecko; compatible; bingbot/2.0; +http://www.bing.com/bingbot.htm) Chrome/116.0.1938.76 Safari/537.36"
69.30.230.34 - - [22/Sep/2026:08:56:50 +0000] "GET /testHookPage.php HTTP/1.1" 403 5807 "-" "Mozilla/5.0 (Windows NT 10.0; Win64; x64) AppleWebKit/537.36 (KHTML, like Gecko) Chrome/151.0.0.0 Safari/537.36"
52.167.144.21 - - [22/Sep/2026:08:56:50 +0000] "GET /item/K41431515.shtml HTTP/1.1" 200 33138 "-" "Mozilla/5.0 AppleWebKit/537.36 (KHTML, like Gecko; compatible; bingbot/2.0; +http://www.bing.com/bingbot.htm) Chrome/116.0.1938.76 Safari/537.36"
69.30.230.34 - - [22/Sep/2026:08:56:52 +0000] "GET /testHookPage.php HTTP/1.1" 403 5807 "-" "Mozilla/5.0 (Windows NT 10.0; Win64; x64) AppleWebKit/537.36 (KHTML, like Gecko) Chrome/151.0.0.0 Safari/537.36"
52.167.144.21 - - [22/Sep/2026:08:56:51 +0000] "GET /item/K70850758.shtml HTTP/1.1" 200 31560 "-" "Mozilla/5.0 AppleWebKit/537.36 (KHTML, like Gecko; compatible; bingbot/2.0; +http://www.bing.com/bingbot.htm) Chrome/116.0.1938.76 Safari/537.36"
69.30.230.34 - - [22/Sep/2026:08:57:17 +0000] "GET /testHookPage.php HTTP/1.1" 403 5807 "-" "Mozilla/5.0 (Windows NT 10.0; Win64; x64) AppleWebKit/537.36 (KHTML, like Gecko) Chrome/151.0.0.0 Safari/537.36"
40.77.167.116 - - [22/Sep/2026:08:57:17 +0000] "GET /item/K40883715.shtml HTTP/1.1" 200 32044 "-" "Mozilla/5.0 AppleWebKit/537.36 (KHTML, like Gecko; compatible; bingbot/2.0; +http://www.bing.com/bingbot.htm) Chrome/116.0.1938.76 Safari/537.36"
51.38.115.161 - - [22/Sep/2026:09:00:30 +0000] "POST /wp-login.php HTTP/1.1" 200 5015 "https://localpubpassport.co.uk/wp-login.php" "Mozilla/5.0 (Windows NT 10.0; Win64; x64) AppleWebKit/537.36 (KHTML, like Gecko) Chrome/124.0.0.0 Safari/537.36"
102.90.109.1 - - [22/Sep/2026:09:01:14 +0000] "POST /wp-login.php HTTP/1.1" 200 5015 "https://localpubpassport.co.uk/wp-login.php" "Mozilla/5.0 (Windows NT 10.0; Win64; x64) AppleWebKit/537.36 (KHTML, like Gecko) Chrome/124.0.0.0 Safari/537.36"
20.220.32.136 - - [22/Sep/2026:09:04:41 +0000] "GET /wp-includes/certificates HTTP/1.1" 200 5041 "-" "Mozilla/5.0 (X11; Ubuntu; Linux i686; rv:28.0) Gecko/20100101 Firefox/28.0"
51.38.115.161 - - [22/Sep/2026:09:04:41 +0000] "POST /wp-login.php HTTP/1.1" 200 5015 "https://localpubpassport.co.uk/wp-login.php" "Mozilla/5.0 (Windows NT 10.0; Win64; x64) AppleWebKit/537.36 (KHTML, like Gecko) Chrome/124.0.0.0 Safari/537.36"
62.60.130.232 - - [22/Sep/2026:09:05:30 +0000] "GET /filefuns.php HTTP/1.1" 403 5807 "-" "Mozilla/5.0 (Windows NT 10.0; Win64; x64) AppleWebKit/537.36 (KHTML, like Gecko) Chrome/90.0.4430.85 Safari/537.36"
62.60.130.232 - - [22/Sep/2026:09:05:33 +0000] "GET /txets.php HTTP/1.1" 403 5807 "-" "Mozilla/5.0 (Windows NT 10.0; Win64; x64) AppleWebKit/537.36 (KHTML, like Gecko) Chrome/90.0.4430.85 Safari/537.36"
62.60.130.232 - - [22/Sep/2026:09:05:38 +0000] "GET /postnews.php HTTP/1.1" 403 5807 "-" "Mozilla/5.0 (Windows NT 10.0; Win64; x64) AppleWebKit/537.36 (KHTML, like Gecko) Chrome/90.0.4430.85 Safari/537.36"
94.154.43.129 - - [22/Sep/2026:09:06:25 +0000] "GET / HTTP/1.1" 200 5015 "-" "Mozilla/5.0 (Windows NT 10.0; Win64; x64) AppleWebKit/537.36 (KHTML, like Gecko) Chrome/147.0.0.0 Safari/537.36"
45.78.56.234 - - [22/Sep/2026:09:06:32 +0000] "GET /index.php?params=1 HTTP/1.1" 200 5355 "-" "Mozilla/5.0 (Windows NT 10.0; Win64; x64) AppleWebKit/537.36 (KHTML, like Gecko) Chrome/91.0.4472.106 Safari/537.36"
102.90.109.1 - - [22/Sep/2026:09:08:09 +0000] "POST /wp-login.php HTTP/1.1" 200 5015 "https://localpubpassport.co.uk/wp-login.php" "Mozilla/5.0 (Windows NT 10.0; Win64; x64) AppleWebKit/537.36 (KHTML, like Gecko) Chrome/124.0.0.0 Safari/537.36"
51.38.115.161 - - [22/Sep/2026:09:08:52 +0000] "POST /wp-login.php HTTP/1.1" 200 5015 "https://localpubpassport.co.uk/wp-login.php" "Mozilla/5.0 (Windows NT 10.0; Win64; x64) AppleWebKit/537.36 (KHTML, like Gecko) Chrome/124.0.0.0 Safari/537.36"
38.84.24.77 - - [22/Sep/2026:09:10:01 +0000] "POST /xmlrpc.php HTTP/1.1" 403 5807 "-" "Mozilla/5.0 (Windows NT 10.0; Win64; x64) AppleWebKit/537.36 (KHTML, like Gecko) Chrome/152.0.0.0 Safari/537.36"
45.78.56.234 - - [22/Sep/2026:09:12:07 +0000] "GET /admin.php?ac=u_h_s_1&api=&path=/var/www/vhosts/dazzlingwebplanet.co.uk/localpubpassport.co.uk/wordpress&t=805034706ec219edc240b4da3023ac3e&s=1 HTTP/1.1" 200 5091 "-" "Mozilla/5.0 (Windows NT 10.0; Win64; x64) AppleWebKit/537.36 (KHTML, like Gecko) Chrome/136.0.0.0 Safari/537.36 Edg/136.0.0.0"
45.78.56.234 - - [22/Sep/2026:09:12:31 +0000] "GET /admin.php?ac=u_h_s_1&api=&path=/var/www/vhosts/dazzlingwebplanet.co.uk/localpubpassport.co.uk/wordpress&t=805034706ec219edc240b4da3023ac3e&s=1 HTTP/1.1" 200 5091 "-" "Mozilla/5.0 (Windows NT 10.0; Win64; x64) AppleWebKit/537.36 (KHTML, like Gecko) Chrome/136.0.0.0 Safari/537.36 Edg/136.0.0.0"
213.111.152.181 - - [22/Sep/2026:09:12:44 +0000] "GET /admin.php?ac=p&api=&path=&t=805034706ec219edc240b4da3023ac3e&s=3 HTTP/1.1" 200 5072 "-" "Mozilla/5.0 (Windows NT 10.0; Win64; x64) AppleWebKit/537.36 (KHTML, like Gecko) Chrome/136.0.0.0 Safari/537.36 Edg/136.0.0.0"
213.111.152.181 - - [22/Sep/2026:09:12:44 +0000] "GET /admin.php?ac=upload_bs_for_old&api=&path=/var/www/vhosts/dazzlingwebplanet.co.uk/localpubpassport.co.uk/wordpress&t=805034706ec219edc240b4da3023ac3e&s=3 HTTP/1.1" 200 5431 "-" "Mozilla/5.0 (Windows NT 10.0; Win64; x64) AppleWebKit/537.36 (KHTML, like Gecko) Chrome/136.0.0.0 Safari/537.36 Edg/136.0.0.0"
51.38.115.161 - - [22/Sep/2026:09:12:55 +0000] "POST /wp-login.php HTTP/1.1" 200 5015 "https://localpubpassport.co.uk/wp-login.php" "Mozilla/5.0 (Windows NT 10.0; Win64; x64) AppleWebKit/537.36 (KHTML, like Gecko) Chrome/124.0.0.0 Safari/537.36"
20.220.32.136 - - [22/Sep/2026:09:15:00 +0000] "GET /wp-includes/css HTTP/1.1" 200 5041 "-" "Mozilla/5.0 (X11; Ubuntu; Linux i686; rv:28.0) Gecko/20100101 Firefox/28.0"
102.90.109.1 - - [22/Sep/2026:09:15:09 +0000] "POST /wp-login.php HTTP/1.1" 200 5015 "https://localpubpassport.co.uk/wp-login.php" "Mozilla/5.0 (Windows NT 10.0; Win64; x64) AppleWebKit/537.36 (KHTML, like Gecko) Chrome/124.0.0.0 Safari/537.36"
216.73.216.40 - - [22/Sep/2026:09:15:13 +0000] "GET /robots.txt HTTP/1.1" 200 4949 "-" "Mozilla/5.0 AppleWebKit/537.36 (KHTML, like Gecko; compatible; ClaudeBot/1.0; +claudebot@anthropic.com)"
216.73.216.40 - - [22/Sep/2026:09:15:13 +0000] "GET /item/K61395261.shtml HTTP/1.1" 200 4949 "-" "Mozilla/5.0 AppleWebKit/537.36 (KHTML, like Gecko; compatible; ClaudeBot/1.0; +claudebot@anthropic.com)"
216.73.216.40 - - [22/Sep/2026:09:15:14 +0000] "GET /item/K71283134.shtml HTTP/1.1" 200 4949 "-" "Mozilla/5.0 AppleWebKit/537.36 (KHTML, like Gecko; compatible; ClaudeBot/1.0; +claudebot@anthropic.com)"
216.73.216.40 - - [22/Sep/2026:09:15:14 +0000] "GET /item/K12377064.shtml HTTP/1.1" 200 4949 "-" "Mozilla/5.0 AppleWebKit/537.36 (KHTML, like Gecko; compatible; ClaudeBot/1.0; +claudebot@anthropic.com)"
216.73.216.40 - - [22/Sep/2026:09:15:15 +0000] "GET /item/K12372216.shtml HTTP/1.1" 200 4949 "-" "Mozilla/5.0 AppleWebKit/537.36 (KHTML, like Gecko; compatible; ClaudeBot/1.0; +claudebot@anthropic.com)"
216.73.216.40 - - [22/Sep/2026:09:15:15 +0000] "GET /item/K12372328.shtml HTTP/1.1" 200 4949 "-" "Mozilla/5.0 AppleWebKit/537.36 (KHTML, like Gecko; compatible; ClaudeBot/1.0; +claudebot@anthropic.com)"
216.73.216.40 - - [22/Sep/2026:09:15:16 +0000] "GET /item/K62361237.shtml HTTP/1.1" 200 4949 "-" "Mozilla/5.0 AppleWebKit/537.36 (KHTML, like Gecko; compatible; ClaudeBot/1.0; +claudebot@anthropic.com)"
216.73.216.40 - - [22/Sep/2026:09:15:16 +0000] "GET /item/K10694544.shtml HTTP/1.1" 200 4949 "-" "Mozilla/5.0 AppleWebKit/537.36 (KHTML, like Gecko; compatible; ClaudeBot/1.0; +claudebot@anthropic.com)"
216.73.216.40 - - [22/Sep/2026:09:15:17 +0000] "GET /item/K72906822.shtml HTTP/1.1" 200 4949 "-" "Mozilla/5.0 AppleWebKit/537.36 (KHTML, like Gecko; compatible; ClaudeBot/1.0; +claudebot@anthropic.com)"
216.73.216.40 - - [22/Sep/2026:09:15:17 +0000] "GET /item/K12373816.shtml HTTP/1.1" 200 4949 "-" "Mozilla/5.0 AppleWebKit/537.36 (KHTML, like Gecko; compatible; ClaudeBot/1.0; +claudebot@anthropic.com)"
216.73.216.40 - - [22/Sep/2026:09:15:17 +0000] "GET /item/K10438136.shtml HTTP/1.1" 200 4949 "-" "Mozilla/5.0 AppleWebKit/537.36 (KHTML, like Gecko; compatible; ClaudeBot/1.0; +claudebot@anthropic.com)"
216.73.216.40 - - [22/Sep/2026:09:15:18 +0000] "GET /item/K21892401.shtml HTTP/1.1" 200 4949 "-" "Mozilla/5.0 AppleWebKit/537.36 (KHTML, like Gecko; compatible; ClaudeBot/1.0; +claudebot@anthropic.com)"
216.73.216.40 - - [22/Sep/2026:09:15:18 +0000] "GET /item/K21393433.shtml HTTP/1.1" 200 4949 "-" "Mozilla/5.0 AppleWebKit/537.36 (KHTML, like Gecko; compatible; ClaudeBot/1.0; +claudebot@anthropic.com)"
216.73.216.40 - - [22/Sep/2026:09:15:18 +0000] "GET /item/K10698864.shtml HTTP/1.1" 200 4949 "-" "Mozilla/5.0 AppleWebKit/537.36 (KHTML, like Gecko; compatible; ClaudeBot/1.0; +claudebot@anthropic.com)"
216.73.216.40 - - [22/Sep/2026:09:15:19 +0000] "GET /item/K72489286.shtml HTTP/1.1" 200 4949 "-" "Mozilla/5.0 AppleWebKit/537.36 (KHTML, like Gecko; compatible; ClaudeBot/1.0; +claudebot@anthropic.com)"
216.73.216.40 - - [22/Sep/2026:09:15:19 +0000] "GET /item/K21395049.shtml HTTP/1.1" 200 4949 "-" "Mozilla/5.0 AppleWebKit/537.36 (KHTML, like Gecko; compatible; ClaudeBot/1.0; +claudebot@anthropic.com)"
216.73.216.40 - - [22/Sep/2026:09:15:19 +0000] "GET /item/K42003131.shtml HTTP/1.1" 200 4949 "-" "Mozilla/5.0 AppleWebKit/537.36 (KHTML, like Gecko; compatible; ClaudeBot/1.0; +claudebot@anthropic.com)"
216.73.216.40 - - [22/Sep/2026:09:15:19 +0000] "GET /item/K51362012.shtml HTTP/1.1" 200 4949 "-" "Mozilla/5.0 AppleWebKit/537.36 (KHTML, like Gecko; compatible; ClaudeBot/1.0; +claudebot@anthropic.com)"
216.73.216.40 - - [22/Sep/2026:09:15:19 +0000] "GET /item/K22650409.shtml HTTP/1.1" 200 4949 "-" "Mozilla/5.0 AppleWebKit/537.36 (KHTML, like Gecko; compatible; ClaudeBot/1.0; +claudebot@anthropic.com)"
216.73.216.40 - - [22/Sep/2026:09:15:20 +0000] "GET /item/K52432012.shtml HTTP/1.1" 200 4949 "-" "Mozilla/5.0 AppleWebKit/537.36 (KHTML, like Gecko; compatible; ClaudeBot/1.0; +claudebot@anthropic.com)"
216.73.216.40 - - [22/Sep/2026:09:15:20 +0000] "GET /item/K80241503.shtml HTTP/1.1" 200 4949 "-" "Mozilla/5.0 AppleWebKit/537.36 (KHTML, like Gecko; compatible; ClaudeBot/1.0; +claudebot@anthropic.com)"
216.73.216.40 - - [22/Sep/2026:09:15:20 +0000] "GET /item/K52590700.shtml HTTP/1.1" 200 4949 "-" "Mozilla/5.0 AppleWebKit/537.36 (KHTML, like Gecko; compatible; ClaudeBot/1.0; +claudebot@anthropic.com)"
216.73.216.40 - - [22/Sep/2026:09:15:20 +0000] "GET /item/K52591748.shtml HTTP/1.1" 200 4949 "-" "Mozilla/5.0 AppleWebKit/537.36 (KHTML, like Gecko; compatible; ClaudeBot/1.0; +claudebot@anthropic.com)"
216.73.216.40 - - [22/Sep/2026:09:15:20 +0000] "GET /item/K82385167.shtml HTTP/1.1" 200 4949 "-" "Mozilla/5.0 AppleWebKit/537.36 (KHTML, like Gecko; compatible; ClaudeBot/1.0; +claudebot@anthropic.com)"
216.73.216.40 - - [22/Sep/2026:09:15:21 +0000] "GET /item/K20005441.shtml HTTP/1.1" 200 4949 "-" "Mozilla/5.0 AppleWebKit/537.36 (KHTML, like Gecko; compatible; ClaudeBot/1.0; +claudebot@anthropic.com)"
216.73.216.40 - - [22/Sep/2026:09:15:21 +0000] "GET /item/K82088959.shtml HTTP/1.1" 200 4949 "-" "Mozilla/5.0 AppleWebKit/537.36 (KHTML, like Gecko; compatible; ClaudeBot/1.0; +claudebot@anthropic.com)"
216.73.216.40 - - [22/Sep/2026:09:15:21 +0000] "GET /item/K52209484.shtml HTTP/1.1" 200 4949 "-" "Mozilla/5.0 AppleWebKit/537.36 (KHTML, like Gecko; compatible; ClaudeBot/1.0; +claudebot@anthropic.com)"
216.73.216.40 - - [22/Sep/2026:09:15:21 +0000] "GET /item/K81362575.shtml HTTP/1.1" 200 4949 "-" "Mozilla/5.0 AppleWebKit/537.36 (KHTML, like Gecko; compatible; ClaudeBot/1.0; +claudebot@anthropic.com)"
216.73.216.40 - - [22/Sep/2026:09:15:21 +0000] "GET /item/K40569843.shtml HTTP/1.1" 200 4949 "-" "Mozilla/5.0 AppleWebKit/537.36 (KHTML, like Gecko; compatible; ClaudeBot/1.0; +claudebot@anthropic.com)"
216.73.216.40 - - [22/Sep/2026:09:15:22 +0000] "GET /item/K22326489.shtml HTTP/1.1" 200 4949 "-" "Mozilla/5.0 AppleWebKit/537.36 (KHTML, like Gecko; compatible; ClaudeBot/1.0; +claudebot@anthropic.com)"
216.73.216.40 - - [22/Sep/2026:09:15:22 +0000] "GET /item/K72242518.shtml HTTP/1.1" 200 4949 "-" "Mozilla/5.0 AppleWebKit/537.36 (KHTML, like Gecko; compatible; ClaudeBot/1.0; +claudebot@anthropic.com)"
216.73.216.40 - - [22/Sep/2026:09:15:22 +0000] "GET /item/K42663803.shtml HTTP/1.1" 200 4949 "-" "Mozilla/5.0 AppleWebKit/537.36 (KHTML, like Gecko; compatible; ClaudeBot/1.0; +claudebot@anthropic.com)"
216.73.216.40 - - [22/Sep/2026:09:15:22 +0000] "GET /item/K40200075.shtml HTTP/1.1" 200 4949 "-" "Mozilla/5.0 AppleWebKit/537.36 (KHTML, like Gecko; compatible; ClaudeBot/1.0; +claudebot@anthropic.com)"
216.73.216.40 - - [22/Sep/2026:09:15:22 +0000] "GET /item/K80242863.shtml HTTP/1.1" 200 4949 "-" "Mozilla/5.0 AppleWebKit/537.36 (KHTML, like Gecko; compatible; ClaudeBot/1.0; +claudebot@anthropic.com)"
216.73.216.40 - - [22/Sep/2026:09:15:22 +0000] "GET /item/K60005773.shtml HTTP/1.1" 200 4949 "-" "Mozilla/5.0 AppleWebKit/537.36 (KHTML, like Gecko; compatible; ClaudeBot/1.0; +claudebot@anthropic.com)"
216.73.216.40 - - [22/Sep/2026:09:15:23 +0000] "GET /item/K12782896.shtml HTTP/1.1" 200 4949 "-" "Mozilla/5.0 AppleWebKit/537.36 (KHTML, like Gecko; compatible; ClaudeBot/1.0; +claudebot@anthropic.com)"
216.73.216.40 - - [22/Sep/2026:09:15:22 +0000] "GET /item/K80217023.shtml HTTP/1.1" 200 4949 "-" "Mozilla/5.0 AppleWebKit/537.36 (KHTML, like Gecko; compatible; ClaudeBot/1.0; +claudebot@anthropic.com)"
216.73.216.40 - - [22/Sep/2026:09:15:23 +0000] "GET /item/K10183000.shtml HTTP/1.1" 200 4949 "-" "Mozilla/5.0 AppleWebKit/537.36 (KHTML, like Gecko; compatible; ClaudeBot/1.0; +claudebot@anthropic.com)"
216.73.216.40 - - [22/Sep/2026:09:15:23 +0000] "GET /item/K20217025.shtml HTTP/1.1" 200 4949 "-" "Mozilla/5.0 AppleWebKit/537.36 (KHTML, like Gecko; compatible; ClaudeBot/1.0; +claudebot@anthropic.com)"
216.73.216.40 - - [22/Sep/2026:09:15:23 +0000] "GET /item/K20008449.shtml HTTP/1.1" 200 4949 "-" "Mozilla/5.0 AppleWebKit/537.36 (KHTML, like Gecko; compatible; ClaudeBot/1.0; +claudebot@anthropic.com)"
216.73.216.40 - - [22/Sep/2026:09:15:23 +0000] "GET /item/K10071872.shtml HTTP/1.1" 200 4949 "-" "Mozilla/5.0 AppleWebKit/537.36 (KHTML, like Gecko; compatible; ClaudeBot/1.0; +claudebot@anthropic.com)"
216.73.216.40 - - [22/Sep/2026:09:15:23 +0000] "GET /item/K42110331.shtml HTTP/1.1" 200 4949 "-" "Mozilla/5.0 AppleWebKit/537.36 (KHTML, like Gecko; compatible; ClaudeBot/1.0; +claudebot@anthropic.com)"
216.73.216.40 - - [22/Sep/2026:09:15:23 +0000] "GET /item/K70170294.shtml HTTP/1.1" 200 4949 "-" "Mozilla/5.0 AppleWebKit/537.36 (KHTML, like Gecko; compatible; ClaudeBot/1.0; +claudebot@anthropic.com)"
216.73.216.40 - - [22/Sep/2026:09:15:23 +0000] "GET /item/K70160366.shtml HTTP/1.1" 200 4949 "-" "Mozilla/5.0 AppleWebKit/537.36 (KHTML, like Gecko; compatible; ClaudeBot/1.0; +claudebot@anthropic.com)"
216.73.216.40 - - [22/Sep/2026:09:15:24 +0000] "GET /item/K40976131.shtml HTTP/1.1" 200 4949 "-" "Mozilla/5.0 AppleWebKit/537.36 (KHTML, like Gecko; compatible; ClaudeBot/1.0; +claudebot@anthropic.com)"
216.73.216.40 - - [22/Sep/2026:09:15:24 +0000] "GET /item/K22484841.shtml HTTP/1.1" 200 4949 "-" "Mozilla/5.0 AppleWebKit/537.36 (KHTML, like Gecko; compatible; ClaudeBot/1.0; +claudebot@anthropic.com)"
216.73.216.40 - - [22/Sep/2026:09:15:24 +0000] "GET /item/K70139366.shtml HTTP/1.1" 200 4949 "-" "Mozilla/5.0 AppleWebKit/537.36 (KHTML, like Gecko; compatible; ClaudeBot/1.0; +claudebot@anthropic.com)"
216.73.216.40 - - [22/Sep/2026:09:15:24 +0000] "GET /item/K20005313.shtml HTTP/1.1" 200 4949 "-" "Mozilla/5.0 AppleWebKit/537.36 (KHTML, like Gecko; compatible; ClaudeBot/1.0; +claudebot@anthropic.com)"
216.73.216.40 - - [22/Sep/2026:09:15:24 +0000] "GET /item/K61399653.shtml HTTP/1.1" 200 4949 "-" "Mozilla/5.0 AppleWebKit/537.36 (KHTML, like Gecko; compatible; ClaudeBot/1.0; +claudebot@anthropic.com)"
216.73.216.40 - - [22/Sep/2026:09:15:24 +0000] "GET /item/K71267294.shtml HTTP/1.1" 200 4949 "-" "Mozilla/5.0 AppleWebKit/537.36 (KHTML, like Gecko; compatible; ClaudeBot/1.0; +claudebot@anthropic.com)"
216.73.216.40 - - [22/Sep/2026:09:15:24 +0000] "GET /item/K42456331.shtml HTTP/1.1" 200 4949 "-" "Mozilla/5.0 AppleWebKit/537.36 (KHTML, like Gecko; compatible; ClaudeBot/1.0; +claudebot@anthropic.com)"
216.73.216.40 - - [22/Sep/2026:09:15:24 +0000] "GET /item/K42395331.shtml HTTP/1.1" 200 4949 "-" "Mozilla/5.0 AppleWebKit/537.36 (KHTML, like Gecko; compatible; ClaudeBot/1.0; +claudebot@anthropic.com)"
216.73.216.40 - - [22/Sep/2026:09:15:24 +0000] "GET /item/K61151925.shtml HTTP/1.1" 200 4949 "-" "Mozilla/5.0 AppleWebKit/537.36 (KHTML, like Gecko; compatible; ClaudeBot/1.0; +claudebot@anthropic.com)"
216.73.216.40 - - [22/Sep/2026:09:15:24 +0000] "GET /item/K40772003.shtml HTTP/1.1" 200 4949 "-" "Mozilla/5.0 AppleWebKit/537.36 (KHTML, like Gecko; compatible; ClaudeBot/1.0; +claudebot@anthropic.com)"
216.73.216.40 - - [22/Sep/2026:09:15:25 +0000] "GET /item/K51159532.shtml HTTP/1.1" 200 4949 "-" "Mozilla/5.0 AppleWebKit/537.36 (KHTML, like Gecko; compatible; ClaudeBot/1.0; +claudebot@anthropic.com)"
216.73.216.40 - - [22/Sep/2026:09:15:25 +0000] "GET /item/K62529509.shtml HTTP/1.1" 200 4949 "-" "Mozilla/5.0 AppleWebKit/537.36 (KHTML, like Gecko; compatible; ClaudeBot/1.0; +claudebot@anthropic.com)"
216.73.216.40 - - [22/Sep/2026:09:15:25 +0000] "GET /item/K41003763.shtml HTTP/1.1" 200 4949 "-" "Mozilla/5.0 AppleWebKit/537.36 (KHTML, like Gecko; compatible; ClaudeBot/1.0; +claudebot@anthropic.com)"
216.73.216.40 - - [22/Sep/2026:09:15:25 +0000] "GET /item/K20587497.shtml HTTP/1.1" 200 4949 "-" "Mozilla/5.0 AppleWebKit/537.36 (KHTML, like Gecko; compatible; ClaudeBot/1.0; +claudebot@anthropic.com)"
216.73.216.40 - - [22/Sep/2026:09:15:25 +0000] "GET /item/K51137396.shtml HTTP/1.1" 200 4949 "-" "Mozilla/5.0 AppleWebKit/537.36 (KHTML, like Gecko; compatible; ClaudeBot/1.0; +claudebot@anthropic.com)"
216.73.216.40 - - [22/Sep/2026:09:15:25 +0000] "GET /item/K81077455.shtml HTTP/1.1" 200 4949 "-" "Mozilla/5.0 AppleWebKit/537.36 (KHTML, like Gecko; compatible; ClaudeBot/1.0; +claudebot@anthropic.com)"
216.73.216.40 - - [22/Sep/2026:09:15:25 +0000] "GET /item/K80532575.shtml HTTP/1.1" 200 4949 "-" "Mozilla/5.0 AppleWebKit/537.36 (KHTML, like Gecko; compatible; ClaudeBot/1.0; +claudebot@anthropic.com)"
216.73.216.40 - - [22/Sep/2026:09:15:25 +0000] "GET /item/K62893229.shtml HTTP/1.1" 200 4949 "-" "Mozilla/5.0 AppleWebKit/537.36 (KHTML, like Gecko; compatible; ClaudeBot/1.0; +claudebot@anthropic.com)"
216.73.216.40 - - [22/Sep/2026:09:15:25 +0000] "GET /item/K20257585.shtml HTTP/1.1" 200 4949 "-" "Mozilla/5.0 AppleWebKit/537.36 (KHTML, like Gecko; compatible; ClaudeBot/1.0; +claudebot@anthropic.com)"
216.73.216.40 - - [22/Sep/2026:09:15:25 +0000] "GET /item/K10074328.shtml HTTP/1.1" 200 4949 "-" "Mozilla/5.0 AppleWebKit/537.36 (KHTML, like Gecko; compatible; ClaudeBot/1.0; +claudebot@anthropic.com)"
216.73.216.40 - - [22/Sep/2026:09:15:25 +0000] "GET /item/K40323987.shtml HTTP/1.1" 200 4949 "-" "Mozilla/5.0 AppleWebKit/537.36 (KHTML, like Gecko; compatible; ClaudeBot/1.0; +claudebot@anthropic.com)"
216.73.216.40 - - [22/Sep/2026:09:15:26 +0000] "GET /item/K52002180.shtml HTTP/1.1" 200 4949 "-" "Mozilla/5.0 AppleWebKit/537.36 (KHTML, like Gecko; compatible; ClaudeBot/1.0; +claudebot@anthropic.com)"
216.73.216.40 - - [22/Sep/2026:09:15:26 +0000] "GET /item/K31139986.shtml HTTP/1.1" 200 4949 "-" "Mozilla/5.0 AppleWebKit/537.36 (KHTML, like Gecko; compatible; ClaudeBot/1.0; +claudebot@anthropic.com)"
216.73.216.40 - - [22/Sep/2026:09:15:26 +0000] "GET /item/K20487585.shtml HTTP/1.1" 200 4949 "-" "Mozilla/5.0 AppleWebKit/537.36 (KHTML, like Gecko; compatible; ClaudeBot/1.0; +claudebot@anthropic.com)"
216.73.216.40 - - [22/Sep/2026:09:15:26 +0000] "GET /item/K41006099.shtml HTTP/1.1" 200 4949 "-" "Mozilla/5.0 AppleWebKit/537.36 (KHTML, like Gecko; compatible; ClaudeBot/1.0; +claudebot@anthropic.com)"
216.73.216.40 - - [22/Sep/2026:09:15:26 +0000] "GET /item/K50317836.shtml HTTP/1.1" 200 4949 "-" "Mozilla/5.0 AppleWebKit/537.36 (KHTML, like Gecko; compatible; ClaudeBot/1.0; +claudebot@anthropic.com)"
216.73.216.40 - - [22/Sep/2026:09:15:26 +0000] "GET /item/K51145948.shtml HTTP/1.1" 200 4949 "-" "Mozilla/5.0 AppleWebKit/537.36 (KHTML, like Gecko; compatible; ClaudeBot/1.0; +claudebot@anthropic.com)"
216.73.216.40 - - [22/Sep/2026:09:15:26 +0000] "GET /item/K80242487.shtml HTTP/1.1" 200 4949 "-" "Mozilla/5.0 AppleWebKit/537.36 (KHTML, like Gecko; compatible; ClaudeBot/1.0; +claudebot@anthropic.com)"
216.73.216.40 - - [22/Sep/2026:09:15:26 +0000] "GET /item/K61639773.shtml HTTP/1.1" 200 4949 "-" "Mozilla/5.0 AppleWebKit/537.36 (KHTML, like Gecko; compatible; ClaudeBot/1.0; +claudebot@anthropic.com)"
216.73.216.40 - - [22/Sep/2026:09:15:26 +0000] "GET /item/K22686553.shtml HTTP/1.1" 200 4949 "-" "Mozilla/5.0 AppleWebKit/537.36 (KHTML, like Gecko; compatible; ClaudeBot/1.0; +claudebot@anthropic.com)"
216.73.216.40 - - [22/Sep/2026:09:15:26 +0000] "GET /item/K61801029.shtml HTTP/1.1" 200 4949 "-" "Mozilla/5.0 AppleWebKit/537.36 (KHTML, like Gecko; compatible; ClaudeBot/1.0; +claudebot@anthropic.com)"
216.73.216.40 - - [22/Sep/2026:09:15:26 +0000] "GET /item/K20147697.shtml HTTP/1.1" 200 4949 "-" "Mozilla/5.0 AppleWebKit/537.36 (KHTML, like Gecko; compatible; ClaudeBot/1.0; +claudebot@anthropic.com)"
216.73.216.40 - - [22/Sep/2026:09:15:27 +0000] "GET /item/K21990233.shtml HTTP/1.1" 200 4949 "-" "Mozilla/5.0 AppleWebKit/537.36 (KHTML, like Gecko; compatible; ClaudeBot/1.0; +claudebot@anthropic.com)"
216.73.216.40 - - [22/Sep/2026:09:15:27 +0000] "GET /item/K81248167.shtml HTTP/1.1" 200 4949 "-" "Mozilla/5.0 AppleWebKit/537.36 (KHTML, like Gecko; compatible; ClaudeBot/1.0; +claudebot@anthropic.com)"
216.73.216.40 - - [22/Sep/2026:09:15:27 +0000] "GET /item/K22354841.shtml HTTP/1.1" 200 4949 "-" "Mozilla/5.0 AppleWebKit/537.36 (KHTML, like Gecko; compatible; ClaudeBot/1.0; +claudebot@anthropic.com)"
216.73.216.40 - - [22/Sep/2026:09:15:27 +0000] "GET /item/K62869701.shtml HTTP/1.1" 200 4949 "-" "Mozilla/5.0 AppleWebKit/537.36 (KHTML, like Gecko; compatible; ClaudeBot/1.0; +claudebot@anthropic.com)"
216.73.216.40 - - [22/Sep/2026:09:15:27 +0000] "GET /item/K70436622.shtml HTTP/1.1" 200 4949 "-" "Mozilla/5.0 AppleWebKit/537.36 (KHTML, like Gecko; compatible; ClaudeBot/1.0; +claudebot@anthropic.com)"
216.73.216.40 - - [22/Sep/2026:09:15:27 +0000] "GET /item/K61569741.shtml HTTP/1.1" 200 4949 "-" "Mozilla/5.0 AppleWebKit/537.36 (KHTML, like Gecko; compatible; ClaudeBot/1.0; +claudebot@anthropic.com)"
216.73.216.40 - - [22/Sep/2026:09:15:27 +0000] "GET /item/K71978182.shtml HTTP/1.1" 200 4949 "-" "Mozilla/5.0 AppleWebKit/537.36 (KHTML, like Gecko; compatible; ClaudeBot/1.0; +claudebot@anthropic.com)"
216.73.216.40 - - [22/Sep/2026:09:15:27 +0000] "GET /item/K70709294.shtml HTTP/1.1" 200 4949 "-" "Mozilla/5.0 AppleWebKit/537.36 (KHTML, like Gecko; compatible; ClaudeBot/1.0; +claudebot@anthropic.com)"
216.73.216.40 - - [22/Sep/2026:09:15:27 +0000] "GET /item/K12778304.shtml HTTP/1.1" 200 4949 "-" "Mozilla/5.0 AppleWebKit/537.36 (KHTML, like Gecko; compatible; ClaudeBot/1.0; +claudebot@anthropic.com)"
216.73.216.40 - - [22/Sep/2026:09:15:27 +0000] "GET /item/K41008491.shtml HTTP/1.1" 200 4949 "-" "Mozilla/5.0 AppleWebKit/537.36 (KHTML, like Gecko; compatible; ClaudeBot/1.0; +claudebot@anthropic.com)"
