34.84.49.144 - - [16/Sep/2026:13:28:01 +0000] "GET /saas/.env HTTP/1.1" 200 4967 "-" "Mozilla/5.0 (Macintosh; Intel Mac OS X 10_15_7) AppleWebKit/537.36 (KHTML, like Gecko) Chrome/131.0.0.0 Safari/537.36"
34.84.49.144 - - [16/Sep/2026:13:28:02 +0000] "GET /client/.env HTTP/1.1" 200 4967 "-" "Mozilla/5.0 (Macintosh; Intel Mac OS X 10_15_7) AppleWebKit/537.36 (KHTML, like Gecko) Chrome/131.0.0.0 Safari/537.36"
34.84.49.144 - - [16/Sep/2026:13:28:02 +0000] "GET /project/.env HTTP/1.1" 200 4967 "-" "Mozilla/5.0 (Macintosh; Intel Mac OS X 10_15_7) AppleWebKit/537.36 (KHTML, like Gecko) Chrome/131.0.0.0 Safari/537.36"
34.84.49.144 - - [16/Sep/2026:13:28:02 +0000] "GET /admin-panel/.env HTTP/1.1" 200 4967 "-" "Mozilla/5.0 (Macintosh; Intel Mac OS X 10_15_7) AppleWebKit/537.36 (KHTML, like Gecko) Chrome/131.0.0.0 Safari/537.36"
34.84.49.144 - - [16/Sep/2026:13:28:02 +0000] "GET /control-panel/.env HTTP/1.1" 200 4967 "-" "Mozilla/5.0 (Macintosh; Intel Mac OS X 10_15_7) AppleWebKit/537.36 (KHTML, like Gecko) Chrome/131.0.0.0 Safari/537.36"
34.84.49.144 - - [16/Sep/2026:13:28:03 +0000] "GET /user-panel/.env HTTP/1.1" 200 4967 "-" "Mozilla/5.0 (Macintosh; Intel Mac OS X 10_15_7) AppleWebKit/537.36 (KHTML, like Gecko) Chrome/131.0.0.0 Safari/537.36"
34.84.49.144 - - [16/Sep/2026:13:28:03 +0000] "GET /node/.env HTTP/1.1" 200 4967 "-" "Mozilla/5.0 (Macintosh; Intel Mac OS X 10_15_7) AppleWebKit/537.36 (KHTML, like Gecko) Chrome/131.0.0.0 Safari/537.36"
34.84.49.144 - - [16/Sep/2026:13:28:03 +0000] "GET /express/.env HTTP/1.1" 200 4967 "-" "Mozilla/5.0 (Macintosh; Intel Mac OS X 10_15_7) AppleWebKit/537.36 (KHTML, like Gecko) Chrome/131.0.0.0 Safari/537.36"
34.84.49.144 - - [16/Sep/2026:13:28:03 +0000] "GET /next/.env HTTP/1.1" 200 4967 "-" "Mozilla/5.0 (Macintosh; Intel Mac OS X 10_15_7) AppleWebKit/537.36 (KHTML, like Gecko) Chrome/131.0.0.0 Safari/537.36"
34.84.49.144 - - [16/Sep/2026:13:28:04 +0000] "GET /nuxt/.env HTTP/1.1" 200 4967 "-" "Mozilla/5.0 (Macintosh; Intel Mac OS X 10_15_7) AppleWebKit/537.36 (KHTML, like Gecko) Chrome/131.0.0.0 Safari/537.36"
34.84.49.144 - - [16/Sep/2026:13:28:04 +0000] "GET /nest/.env HTTP/1.1" 200 4967 "-" "Mozilla/5.0 (Macintosh; Intel Mac OS X 10_15_7) AppleWebKit/537.36 (KHTML, like Gecko) Chrome/131.0.0.0 Safari/537.36"
34.84.49.144 - - [16/Sep/2026:13:28:04 +0000] "GET /react/.env HTTP/1.1" 200 4967 "-" "Mozilla/5.0 (Macintosh; Intel Mac OS X 10_15_7) AppleWebKit/537.36 (KHTML, like Gecko) Chrome/131.0.0.0 Safari/537.36"
74.7.242.41 - - [16/Sep/2026:13:28:04 +0000] "GET /m/K12009896/ HTTP/1.1" 200 4967 "https://tap2teach.dazzlingwebplanet.com/sitemap1.xml" "Mozilla/5.0 AppleWebKit/537.36 (KHTML, like Gecko; compatible; GPTBot/1.4; +https://openai.com/gptbot)"
34.84.49.144 - - [16/Sep/2026:13:28:04 +0000] "GET /vue/.env HTTP/1.1" 200 4967 "-" "Mozilla/5.0 (Macintosh; Intel Mac OS X 10_15_7) AppleWebKit/537.36 (KHTML, like Gecko) Chrome/131.0.0.0 Safari/537.36"
34.84.49.144 - - [16/Sep/2026:13:28:05 +0000] "GET /angular/.env HTTP/1.1" 200 4967 "-" "Mozilla/5.0 (Macintosh; Intel Mac OS X 10_15_7) AppleWebKit/537.36 (KHTML, like Gecko) Chrome/131.0.0.0 Safari/537.36"
34.84.49.144 - - [16/Sep/2026:13:28:05 +0000] "GET /svelte/.env HTTP/1.1" 200 4967 "-" "Mozilla/5.0 (Macintosh; Intel Mac OS X 10_15_7) AppleWebKit/537.36 (KHTML, like Gecko) Chrome/131.0.0.0 Safari/537.36"
34.84.49.144 - - [16/Sep/2026:13:28:05 +0000] "GET /vite/.env HTTP/1.1" 200 4967 "-" "Mozilla/5.0 (Macintosh; Intel Mac OS X 10_15_7) AppleWebKit/537.36 (KHTML, like Gecko) Chrome/131.0.0.0 Safari/537.36"
34.84.49.144 - - [16/Sep/2026:13:28:05 +0000] "GET /backup/.env HTTP/1.1" 200 4967 "-" "Mozilla/5.0 (Macintosh; Intel Mac OS X 10_15_7) AppleWebKit/537.36 (KHTML, like Gecko) Chrome/131.0.0.0 Safari/537.36"
34.84.49.144 - - [16/Sep/2026:13:28:06 +0000] "GET /backups/.env HTTP/1.1" 200 4967 "-" "Mozilla/5.0 (Macintosh; Intel Mac OS X 10_15_7) AppleWebKit/537.36 (KHTML, like Gecko) Chrome/131.0.0.0 Safari/537.36"
34.84.49.144 - - [16/Sep/2026:13:28:06 +0000] "GET /old/.env HTTP/1.1" 200 4967 "-" "Mozilla/5.0 (Macintosh; Intel Mac OS X 10_15_7) AppleWebKit/537.36 (KHTML, like Gecko) Chrome/131.0.0.0 Safari/537.36"
34.84.49.144 - - [16/Sep/2026:13:28:06 +0000] "GET /tmp/.env HTTP/1.1" 200 4967 "-" "Mozilla/5.0 (Macintosh; Intel Mac OS X 10_15_7) AppleWebKit/537.36 (KHTML, like Gecko) Chrome/131.0.0.0 Safari/537.36"
34.84.49.144 - - [16/Sep/2026:13:28:06 +0000] "GET /temp/.env HTTP/1.1" 200 4967 "-" "Mozilla/5.0 (Macintosh; Intel Mac OS X 10_15_7) AppleWebKit/537.36 (KHTML, like Gecko) Chrome/131.0.0.0 Safari/537.36"
34.84.49.144 - - [16/Sep/2026:13:28:07 +0000] "GET /lab/.env HTTP/1.1" 200 4967 "-" "Mozilla/5.0 (Macintosh; Intel Mac OS X 10_15_7) AppleWebKit/537.36 (KHTML, like Gecko) Chrome/131.0.0.0 Safari/537.36"
34.84.49.144 - - [16/Sep/2026:13:28:07 +0000] "GET /cronlab/.env HTTP/1.1" 200 4967 "-" "Mozilla/5.0 (Macintosh; Intel Mac OS X 10_15_7) AppleWebKit/537.36 (KHTML, like Gecko) Chrome/131.0.0.0 Safari/537.36"
34.84.49.144 - - [16/Sep/2026:13:28:07 +0000] "GET /cron/.env HTTP/1.1" 200 4967 "-" "Mozilla/5.0 (Macintosh; Intel Mac OS X 10_15_7) AppleWebKit/537.36 (KHTML, like Gecko) Chrome/131.0.0.0 Safari/537.36"
74.7.242.41 - - [16/Sep/2026:13:28:07 +0000] "GET /m/K70615198/ HTTP/1.1" 200 4967 "https://tap2teach.dazzlingwebplanet.com/sitemap1.xml" "Mozilla/5.0 AppleWebKit/537.36 (KHTML, like Gecko; compatible; GPTBot/1.4; +https://openai.com/gptbot)"
34.84.49.144 - - [16/Sep/2026:13:28:07 +0000] "GET /en/.env HTTP/1.1" 200 4967 "-" "Mozilla/5.0 (Macintosh; Intel Mac OS X 10_15_7) AppleWebKit/537.36 (KHTML, like Gecko) Chrome/131.0.0.0 Safari/537.36"
34.84.49.144 - - [16/Sep/2026:13:28:08 +0000] "GET /administrator/.env HTTP/1.1" 200 4967 "-" "Mozilla/5.0 (Macintosh; Intel Mac OS X 10_15_7) AppleWebKit/537.36 (KHTML, like Gecko) Chrome/131.0.0.0 Safari/537.36"
34.84.49.144 - - [16/Sep/2026:13:28:08 +0000] "GET /psnlink/.env HTTP/1.1" 200 4967 "-" "Mozilla/5.0 (Macintosh; Intel Mac OS X 10_15_7) AppleWebKit/537.36 (KHTML, like Gecko) Chrome/131.0.0.0 Safari/537.36"
34.84.49.144 - - [16/Sep/2026:13:28:08 +0000] "GET /exapi/.env HTTP/1.1" 200 4967 "-" "Mozilla/5.0 (Macintosh; Intel Mac OS X 10_15_7) AppleWebKit/537.36 (KHTML, like Gecko) Chrome/131.0.0.0 Safari/537.36"
34.84.49.144 - - [16/Sep/2026:13:28:08 +0000] "GET /sitemaps/.env HTTP/1.1" 200 4967 "-" "Mozilla/5.0 (Macintosh; Intel Mac OS X 10_15_7) AppleWebKit/537.36 (KHTML, like Gecko) Chrome/131.0.0.0 Safari/537.36"
34.84.49.144 - - [16/Sep/2026:13:28:09 +0000] "GET /.env.backup1 HTTP/1.1" 200 4967 "-" "Mozilla/5.0 (Macintosh; Intel Mac OS X 10_15_7) AppleWebKit/537.36 (KHTML, like Gecko) Chrome/131.0.0.0 Safari/537.36"
34.84.49.144 - - [16/Sep/2026:13:28:09 +0000] "GET /.env.backup2 HTTP/1.1" 200 4967 "-" "Mozilla/5.0 (Macintosh; Intel Mac OS X 10_15_7) AppleWebKit/537.36 (KHTML, like Gecko) Chrome/131.0.0.0 Safari/537.36"
34.84.49.144 - - [16/Sep/2026:13:28:09 +0000] "GET /logs/.env HTTP/1.1" 200 4967 "-" "Mozilla/5.0 (Macintosh; Intel Mac OS X 10_15_7) AppleWebKit/537.36 (KHTML, like Gecko) Chrome/131.0.0.0 Safari/537.36"
34.84.49.144 - - [16/Sep/2026:13:28:09 +0000] "GET /cache/.env HTTP/1.1" 200 4967 "-" "Mozilla/5.0 (Macintosh; Intel Mac OS X 10_15_7) AppleWebKit/537.36 (KHTML, like Gecko) Chrome/131.0.0.0 Safari/537.36"
34.84.49.144 - - [16/Sep/2026:13:28:10 +0000] "GET /mailer/.env HTTP/1.1" 200 4967 "-" "Mozilla/5.0 (Macintosh; Intel Mac OS X 10_15_7) AppleWebKit/537.36 (KHTML, like Gecko) Chrome/131.0.0.0 Safari/537.36"
34.84.49.144 - - [16/Sep/2026:13:28:10 +0000] "GET /mail/.env HTTP/1.1" 200 4967 "-" "Mozilla/5.0 (Macintosh; Intel Mac OS X 10_15_7) AppleWebKit/537.36 (KHTML, like Gecko) Chrome/131.0.0.0 Safari/537.36"
34.84.49.144 - - [16/Sep/2026:13:28:10 +0000] "GET /email/.env HTTP/1.1" 200 4967 "-" "Mozilla/5.0 (Macintosh; Intel Mac OS X 10_15_7) AppleWebKit/537.36 (KHTML, like Gecko) Chrome/131.0.0.0 Safari/537.36"
74.7.242.41 - - [16/Sep/2026:13:28:10 +0000] "GET /m/K31340362/ HTTP/1.1" 200 4967 "https://tap2teach.dazzlingwebplanet.com/sitemap2.xml" "Mozilla/5.0 AppleWebKit/537.36 (KHTML, like Gecko; compatible; GPTBot/1.4; +https://openai.com/gptbot)"
34.84.49.144 - - [16/Sep/2026:13:28:10 +0000] "GET /smtp/.env HTTP/1.1" 200 4967 "-" "Mozilla/5.0 (Macintosh; Intel Mac OS X 10_15_7) AppleWebKit/537.36 (KHTML, like Gecko) Chrome/131.0.0.0 Safari/537.36"
34.84.49.144 - - [16/Sep/2026:13:28:11 +0000] "GET /mailing/.env HTTP/1.1" 200 4967 "-" "Mozilla/5.0 (Macintosh; Intel Mac OS X 10_15_7) AppleWebKit/537.36 (KHTML, like Gecko) Chrome/131.0.0.0 Safari/537.36"
34.84.49.144 - - [16/Sep/2026:13:28:11 +0000] "GET /notifications/.env HTTP/1.1" 200 4967 "-" "Mozilla/5.0 (Macintosh; Intel Mac OS X 10_15_7) AppleWebKit/537.36 (KHTML, like Gecko) Chrome/131.0.0.0 Safari/537.36"
34.84.49.144 - - [16/Sep/2026:13:28:11 +0000] "GET /notify/.env HTTP/1.1" 200 4967 "-" "Mozilla/5.0 (Macintosh; Intel Mac OS X 10_15_7) AppleWebKit/537.36 (KHTML, like Gecko) Chrome/131.0.0.0 Safari/537.36"
34.84.49.144 - - [16/Sep/2026:13:28:11 +0000] "GET /sender/.env HTTP/1.1" 200 4967 "-" "Mozilla/5.0 (Macintosh; Intel Mac OS X 10_15_7) AppleWebKit/537.36 (KHTML, like Gecko) Chrome/131.0.0.0 Safari/537.36"
34.84.49.144 - - [16/Sep/2026:13:28:12 +0000] "GET /campaign/.env HTTP/1.1" 200 4967 "-" "Mozilla/5.0 (Macintosh; Intel Mac OS X 10_15_7) AppleWebKit/537.36 (KHTML, like Gecko) Chrome/131.0.0.0 Safari/537.36"
34.84.49.144 - - [16/Sep/2026:13:28:12 +0000] "GET /newsletter/.env HTTP/1.1" 200 4967 "-" "Mozilla/5.0 (Macintosh; Intel Mac OS X 10_15_7) AppleWebKit/537.36 (KHTML, like Gecko) Chrome/131.0.0.0 Safari/537.36"
34.84.49.144 - - [16/Sep/2026:13:28:12 +0000] "GET /ses/.env HTTP/1.1" 200 4967 "-" "Mozilla/5.0 (Macintosh; Intel Mac OS X 10_15_7) AppleWebKit/537.36 (KHTML, like Gecko) Chrome/131.0.0.0 Safari/537.36"
34.84.49.144 - - [16/Sep/2026:13:28:12 +0000] "GET /sendgrid/.env HTTP/1.1" 200 4967 "-" "Mozilla/5.0 (Macintosh; Intel Mac OS X 10_15_7) AppleWebKit/537.36 (KHTML, like Gecko) Chrome/131.0.0.0 Safari/537.36"
34.84.49.144 - - [16/Sep/2026:13:28:13 +0000] "GET /sparkpost/.env HTTP/1.1" 200 4967 "-" "Mozilla/5.0 (Macintosh; Intel Mac OS X 10_15_7) AppleWebKit/537.36 (KHTML, like Gecko) Chrome/131.0.0.0 Safari/537.36"
34.84.49.144 - - [16/Sep/2026:13:28:13 +0000] "GET /postmark/.env HTTP/1.1" 200 4967 "-" "Mozilla/5.0 (Macintosh; Intel Mac OS X 10_15_7) AppleWebKit/537.36 (KHTML, like Gecko) Chrome/131.0.0.0 Safari/537.36"
34.84.49.144 - - [16/Sep/2026:13:28:13 +0000] "GET /mailgun/.env HTTP/1.1" 200 4967 "-" "Mozilla/5.0 (Macintosh; Intel Mac OS X 10_15_7) AppleWebKit/537.36 (KHTML, like Gecko) Chrome/131.0.0.0 Safari/537.36"
74.7.242.41 - - [16/Sep/2026:13:28:13 +0000] "GET /m/K51264316/ HTTP/1.1" 200 4967 "https://tap2teach.dazzlingwebplanet.com/sitemap5.xml" "Mozilla/5.0 AppleWebKit/537.36 (KHTML, like Gecko; compatible; GPTBot/1.4; +https://openai.com/gptbot)"
34.84.49.144 - - [16/Sep/2026:13:28:13 +0000] "GET /mandrill/.env HTTP/1.1" 200 4967 "-" "Mozilla/5.0 (Macintosh; Intel Mac OS X 10_15_7) AppleWebKit/537.36 (KHTML, like Gecko) Chrome/131.0.0.0 Safari/537.36"
34.84.49.144 - - [16/Sep/2026:13:28:14 +0000] "GET /mailjet/.env HTTP/1.1" 200 4967 "-" "Mozilla/5.0 (Macintosh; Intel Mac OS X 10_15_7) AppleWebKit/537.36 (KHTML, like Gecko) Chrome/131.0.0.0 Safari/537.36"
34.84.49.144 - - [16/Sep/2026:13:28:14 +0000] "GET /brevo/.env HTTP/1.1" 200 4967 "-" "Mozilla/5.0 (Macintosh; Intel Mac OS X 10_15_7) AppleWebKit/537.36 (KHTML, like Gecko) Chrome/131.0.0.0 Safari/537.36"
34.84.49.144 - - [16/Sep/2026:13:28:14 +0000] "GET /transactional/.env HTTP/1.1" 200 4967 "-" "Mozilla/5.0 (Macintosh; Intel Mac OS X 10_15_7) AppleWebKit/537.36 (KHTML, like Gecko) Chrome/131.0.0.0 Safari/537.36"
34.84.49.144 - - [16/Sep/2026:13:28:14 +0000] "GET /bulk/.env HTTP/1.1" 200 4967 "-" "Mozilla/5.0 (Macintosh; Intel Mac OS X 10_15_7) AppleWebKit/537.36 (KHTML, like Gecko) Chrome/131.0.0.0 Safari/537.36"
34.84.49.144 - - [16/Sep/2026:13:28:15 +0000] "GET /aws/.env HTTP/1.1" 200 4967 "-" "Mozilla/5.0 (Macintosh; Intel Mac OS X 10_15_7) AppleWebKit/537.36 (KHTML, like Gecko) Chrome/131.0.0.0 Safari/537.36"
34.84.49.144 - - [16/Sep/2026:13:28:15 +0000] "GET /azure/.env HTTP/1.1" 200 4967 "-" "Mozilla/5.0 (Macintosh; Intel Mac OS X 10_15_7) AppleWebKit/537.36 (KHTML, like Gecko) Chrome/131.0.0.0 Safari/537.36"
34.84.49.144 - - [16/Sep/2026:13:28:15 +0000] "GET /gcp/.env HTTP/1.1" 200 4967 "-" "Mozilla/5.0 (Macintosh; Intel Mac OS X 10_15_7) AppleWebKit/537.36 (KHTML, like Gecko) Chrome/131.0.0.0 Safari/537.36"
34.84.49.144 - - [16/Sep/2026:13:28:15 +0000] "GET /cloud/.env HTTP/1.1" 200 4967 "-" "Mozilla/5.0 (Macintosh; Intel Mac OS X 10_15_7) AppleWebKit/537.36 (KHTML, like Gecko) Chrome/131.0.0.0 Safari/537.36"
34.84.49.144 - - [16/Sep/2026:13:28:16 +0000] "GET /infrastructure/.env HTTP/1.1" 200 4967 "-" "Mozilla/5.0 (Macintosh; Intel Mac OS X 10_15_7) AppleWebKit/537.36 (KHTML, like Gecko) Chrome/131.0.0.0 Safari/537.36"
34.84.49.144 - - [16/Sep/2026:13:28:16 +0000] "GET /docker/.env HTTP/1.1" 200 4967 "-" "Mozilla/5.0 (Macintosh; Intel Mac OS X 10_15_7) AppleWebKit/537.36 (KHTML, like Gecko) Chrome/131.0.0.0 Safari/537.36"
34.84.49.144 - - [16/Sep/2026:13:28:16 +0000] "GET /k8s/.env HTTP/1.1" 200 4967 "-" "Mozilla/5.0 (Macintosh; Intel Mac OS X 10_15_7) AppleWebKit/537.36 (KHTML, like Gecko) Chrome/131.0.0.0 Safari/537.36"
74.7.242.41 - - [16/Sep/2026:13:28:16 +0000] "GET /m/K51647868/ HTTP/1.1" 200 4967 "https://tap2teach.dazzlingwebplanet.com/sitemap2.xml" "Mozilla/5.0 AppleWebKit/537.36 (KHTML, like Gecko; compatible; GPTBot/1.4; +https://openai.com/gptbot)"
34.84.49.144 - - [16/Sep/2026:13:28:16 +0000] "GET /kubernetes/.env HTTP/1.1" 200 4967 "-" "Mozilla/5.0 (Macintosh; Intel Mac OS X 10_15_7) AppleWebKit/537.36 (KHTML, like Gecko) Chrome/131.0.0.0 Safari/537.36"
34.84.49.144 - - [16/Sep/2026:13:28:17 +0000] "GET /terraform/.env HTTP/1.1" 200 4967 "-" "Mozilla/5.0 (Macintosh; Intel Mac OS X 10_15_7) AppleWebKit/537.36 (KHTML, like Gecko) Chrome/131.0.0.0 Safari/537.36"
34.84.49.144 - - [16/Sep/2026:13:28:17 +0000] "GET /ansible/.env HTTP/1.1" 200 4967 "-" "Mozilla/5.0 (Macintosh; Intel Mac OS X 10_15_7) AppleWebKit/537.36 (KHTML, like Gecko) Chrome/131.0.0.0 Safari/537.36"
34.84.49.144 - - [16/Sep/2026:13:28:17 +0000] "GET /.git/.env HTTP/1.1" 200 4967 "-" "Mozilla/5.0 (Macintosh; Intel Mac OS X 10_15_7) AppleWebKit/537.36 (KHTML, like Gecko) Chrome/131.0.0.0 Safari/537.36"
34.84.49.144 - - [16/Sep/2026:13:28:17 +0000] "GET /ci/.env HTTP/1.1" 200 4967 "-" "Mozilla/5.0 (Macintosh; Intel Mac OS X 10_15_7) AppleWebKit/537.36 (KHTML, like Gecko) Chrome/131.0.0.0 Safari/537.36"
34.84.49.144 - - [16/Sep/2026:13:28:18 +0000] "GET /cd/.env HTTP/1.1" 200 4967 "-" "Mozilla/5.0 (Macintosh; Intel Mac OS X 10_15_7) AppleWebKit/537.36 (KHTML, like Gecko) Chrome/131.0.0.0 Safari/537.36"
34.84.49.144 - - [16/Sep/2026:13:28:18 +0000] "GET /jenkins/.env HTTP/1.1" 200 4967 "-" "Mozilla/5.0 (Macintosh; Intel Mac OS X 10_15_7) AppleWebKit/537.36 (KHTML, like Gecko) Chrome/131.0.0.0 Safari/537.36"
34.84.49.144 - - [16/Sep/2026:13:28:18 +0000] "GET /gitlab/.env HTTP/1.1" 200 4967 "-" "Mozilla/5.0 (Macintosh; Intel Mac OS X 10_15_7) AppleWebKit/537.36 (KHTML, like Gecko) Chrome/131.0.0.0 Safari/537.36"
34.84.49.144 - - [16/Sep/2026:13:28:18 +0000] "GET /github/.env HTTP/1.1" 200 4967 "-" "Mozilla/5.0 (Macintosh; Intel Mac OS X 10_15_7) AppleWebKit/537.36 (KHTML, like Gecko) Chrome/131.0.0.0 Safari/537.36"
34.84.49.144 - - [16/Sep/2026:13:28:19 +0000] "GET /actions/.env HTTP/1.1" 200 4967 "-" "Mozilla/5.0 (Macintosh; Intel Mac OS X 10_15_7) AppleWebKit/537.36 (KHTML, like Gecko) Chrome/131.0.0.0 Safari/537.36"
34.84.49.144 - - [16/Sep/2026:13:28:19 +0000] "GET /circleci/.env HTTP/1.1" 200 4967 "-" "Mozilla/5.0 (Macintosh; Intel Mac OS X 10_15_7) AppleWebKit/537.36 (KHTML, like Gecko) Chrome/131.0.0.0 Safari/537.36"
74.7.242.41 - - [16/Sep/2026:13:28:19 +0000] "GET /m/K61043045/ HTTP/1.1" 200 4967 "https://tap2teach.dazzlingwebplanet.com/sitemap3.xml" "Mozilla/5.0 AppleWebKit/537.36 (KHTML, like Gecko; compatible; GPTBot/1.4; +https://openai.com/gptbot)"
34.84.49.144 - - [16/Sep/2026:13:28:19 +0000] "GET /travis/.env HTTP/1.1" 200 4967 "-" "Mozilla/5.0 (Macintosh; Intel Mac OS X 10_15_7) AppleWebKit/537.36 (KHTML, like Gecko) Chrome/131.0.0.0 Safari/537.36"
34.84.49.144 - - [16/Sep/2026:13:28:19 +0000] "GET /buildkite/.env HTTP/1.1" 200 4967 "-" "Mozilla/5.0 (Macintosh; Intel Mac OS X 10_15_7) AppleWebKit/537.36 (KHTML, like Gecko) Chrome/131.0.0.0 Safari/537.36"
34.84.49.144 - - [16/Sep/2026:13:28:20 +0000] "GET /mysql/.env HTTP/1.1" 200 4967 "-" "Mozilla/5.0 (Macintosh; Intel Mac OS X 10_15_7) AppleWebKit/537.36 (KHTML, like Gecko) Chrome/131.0.0.0 Safari/537.36"
34.84.49.144 - - [16/Sep/2026:13:28:20 +0000] "GET /postgres/.env HTTP/1.1" 200 4967 "-" "Mozilla/5.0 (Macintosh; Intel Mac OS X 10_15_7) AppleWebKit/537.36 (KHTML, like Gecko) Chrome/131.0.0.0 Safari/537.36"
34.84.49.144 - - [16/Sep/2026:13:28:20 +0000] "GET /mongodb/.env HTTP/1.1" 200 4967 "-" "Mozilla/5.0 (Macintosh; Intel Mac OS X 10_15_7) AppleWebKit/537.36 (KHTML, like Gecko) Chrome/131.0.0.0 Safari/537.36"
34.84.49.144 - - [16/Sep/2026:13:28:20 +0000] "GET /redis/.env HTTP/1.1" 200 4967 "-" "Mozilla/5.0 (Macintosh; Intel Mac OS X 10_15_7) AppleWebKit/537.36 (KHTML, like Gecko) Chrome/131.0.0.0 Safari/537.36"
34.84.49.144 - - [16/Sep/2026:13:28:21 +0000] "GET /elasticsearch/.env HTTP/1.1" 200 4967 "-" "Mozilla/5.0 (Macintosh; Intel Mac OS X 10_15_7) AppleWebKit/537.36 (KHTML, like Gecko) Chrome/131.0.0.0 Safari/537.36"
34.84.49.144 - - [16/Sep/2026:13:28:21 +0000] "GET /rabbitmq/.env HTTP/1.1" 200 4967 "-" "Mozilla/5.0 (Macintosh; Intel Mac OS X 10_15_7) AppleWebKit/537.36 (KHTML, like Gecko) Chrome/131.0.0.0 Safari/537.36"
34.84.49.144 - - [16/Sep/2026:13:28:21 +0000] "GET /kafka/.env HTTP/1.1" 200 4967 "-" "Mozilla/5.0 (Macintosh; Intel Mac OS X 10_15_7) AppleWebKit/537.36 (KHTML, like Gecko) Chrome/131.0.0.0 Safari/537.36"
34.84.49.144 - - [16/Sep/2026:13:28:21 +0000] "GET /queue/.env HTTP/1.1" 200 4967 "-" "Mozilla/5.0 (Macintosh; Intel Mac OS X 10_15_7) AppleWebKit/537.36 (KHTML, like Gecko) Chrome/131.0.0.0 Safari/537.36"
34.84.49.144 - - [16/Sep/2026:13:28:22 +0000] "GET /worker/.env HTTP/1.1" 200 4967 "-" "Mozilla/5.0 (Macintosh; Intel Mac OS X 10_15_7) AppleWebKit/537.36 (KHTML, like Gecko) Chrome/131.0.0.0 Safari/537.36"
34.84.49.144 - - [16/Sep/2026:13:28:22 +0000] "GET /job/.env HTTP/1.1" 200 4967 "-" "Mozilla/5.0 (Macintosh; Intel Mac OS X 10_15_7) AppleWebKit/537.36 (KHTML, like Gecko) Chrome/131.0.0.0 Safari/537.36"
74.7.242.41 - - [16/Sep/2026:13:28:22 +0000] "GET /m/K12436104/ HTTP/1.1" 200 4967 "https://tap2teach.dazzlingwebplanet.com/sitemap5.xml" "Mozilla/5.0 AppleWebKit/537.36 (KHTML, like Gecko; compatible; GPTBot/1.4; +https://openai.com/gptbot)"
34.84.49.144 - - [16/Sep/2026:13:28:22 +0000] "GET /test/.env HTTP/1.1" 200 4967 "-" "Mozilla/5.0 (Macintosh; Intel Mac OS X 10_15_7) AppleWebKit/537.36 (KHTML, like Gecko) Chrome/131.0.0.0 Safari/537.36"
34.84.49.144 - - [16/Sep/2026:13:28:22 +0000] "GET /qa/.env HTTP/1.1" 200 4967 "-" "Mozilla/5.0 (Macintosh; Intel Mac OS X 10_15_7) AppleWebKit/537.36 (KHTML, like Gecko) Chrome/131.0.0.0 Safari/537.36"
34.84.49.144 - - [16/Sep/2026:13:28:23 +0000] "GET /preview/.env HTTP/1.1" 200 4967 "-" "Mozilla/5.0 (Macintosh; Intel Mac OS X 10_15_7) AppleWebKit/537.36 (KHTML, like Gecko) Chrome/131.0.0.0 Safari/537.36"
34.84.49.144 - - [16/Sep/2026:13:28:23 +0000] "GET /beta/.env HTTP/1.1" 200 4967 "-" "Mozilla/5.0 (Macintosh; Intel Mac OS X 10_15_7) AppleWebKit/537.36 (KHTML, like Gecko) Chrome/131.0.0.0 Safari/537.36"
34.84.49.144 - - [16/Sep/2026:13:28:23 +0000] "GET /uat/.env HTTP/1.1" 200 4967 "-" "Mozilla/5.0 (Macintosh; Intel Mac OS X 10_15_7) AppleWebKit/537.36 (KHTML, like Gecko) Chrome/131.0.0.0 Safari/537.36"
34.84.49.144 - - [16/Sep/2026:13:28:23 +0000] "GET /stage/.env HTTP/1.1" 200 4967 "-" "Mozilla/5.0 (Macintosh; Intel Mac OS X 10_15_7) AppleWebKit/537.36 (KHTML, like Gecko) Chrome/131.0.0.0 Safari/537.36"
34.84.49.144 - - [16/Sep/2026:13:28:24 +0000] "GET /development/.env HTTP/1.1" 200 4967 "-" "Mozilla/5.0 (Macintosh; Intel Mac OS X 10_15_7) AppleWebKit/537.36 (KHTML, like Gecko) Chrome/131.0.0.0 Safari/537.36"
34.84.49.144 - - [16/Sep/2026:13:28:24 +0000] "GET /production/.env HTTP/1.1" 200 4967 "-" "Mozilla/5.0 (Macintosh; Intel Mac OS X 10_15_7) AppleWebKit/537.36 (KHTML, like Gecko) Chrome/131.0.0.0 Safari/537.36"
34.84.49.144 - - [16/Sep/2026:13:28:24 +0000] "GET /config/app/.env HTTP/1.1" 200 4967 "-" "Mozilla/5.0 (Macintosh; Intel Mac OS X 10_15_7) AppleWebKit/537.36 (KHTML, like Gecko) Chrome/131.0.0.0 Safari/537.36"
34.84.49.144 - - [16/Sep/2026:13:28:25 +0000] "GET /phpinfo.php HTTP/1.1" 403 5825 "-" "Mozilla/5.0 (Macintosh; Intel Mac OS X 10_15_7) AppleWebKit/537.36 (KHTML, like Gecko) Chrome/131.0.0.0 Safari/537.36"
74.7.242.41 - - [16/Sep/2026:13:28:25 +0000] "GET /m/K61522693/ HTTP/1.1" 200 4967 "https://tap2teach.dazzlingwebplanet.com/sitemap3.xml" "Mozilla/5.0 AppleWebKit/537.36 (KHTML, like Gecko; compatible; GPTBot/1.4; +https://openai.com/gptbot)"
34.84.49.144 - - [16/Sep/2026:13:28:25 +0000] "GET /info.php HTTP/1.1" 403 5825 "-" "Mozilla/5.0 (Macintosh; Intel Mac OS X 10_15_7) AppleWebKit/537.36 (KHTML, like Gecko) Chrome/131.0.0.0 Safari/537.36"
34.84.49.144 - - [16/Sep/2026:13:28:26 +0000] "GET /php.php HTTP/1.1" 403 5825 "-" "Mozilla/5.0 (Macintosh; Intel Mac OS X 10_15_7) AppleWebKit/537.36 (KHTML, like Gecko) Chrome/131.0.0.0 Safari/537.36"
34.84.49.144 - - [16/Sep/2026:13:28:26 +0000] "GET /i.php HTTP/1.1" 403 5825 "-" "Mozilla/5.0 (Macintosh; Intel Mac OS X 10_15_7) AppleWebKit/537.36 (KHTML, like Gecko) Chrome/131.0.0.0 Safari/537.36"
34.84.49.144 - - [16/Sep/2026:13:28:26 +0000] "GET /pi.php HTTP/1.1" 403 5825 "-" "Mozilla/5.0 (Macintosh; Intel Mac OS X 10_15_7) AppleWebKit/537.36 (KHTML, like Gecko) Chrome/131.0.0.0 Safari/537.36"
34.84.49.144 - - [16/Sep/2026:13:28:26 +0000] "GET /pinfo.php HTTP/1.1" 403 5825 "-" "Mozilla/5.0 (Macintosh; Intel Mac OS X 10_15_7) AppleWebKit/537.36 (KHTML, like Gecko) Chrome/131.0.0.0 Safari/537.36"
34.84.49.144 - - [16/Sep/2026:13:28:27 +0000] "GET /test.php HTTP/1.1" 403 5825 "-" "Mozilla/5.0 (Macintosh; Intel Mac OS X 10_15_7) AppleWebKit/537.36 (KHTML, like Gecko) Chrome/131.0.0.0 Safari/537.36"
34.84.49.144 - - [16/Sep/2026:13:28:27 +0000] "GET /phpinfo HTTP/1.1" 200 4967 "-" "Mozilla/5.0 (Macintosh; Intel Mac OS X 10_15_7) AppleWebKit/537.36 (KHTML, like Gecko) Chrome/131.0.0.0 Safari/537.36"
34.84.49.144 - - [16/Sep/2026:13:28:27 +0000] "GET /p.php HTTP/1.1" 403 5825 "-" "Mozilla/5.0 (Macintosh; Intel Mac OS X 10_15_7) AppleWebKit/537.36 (KHTML, like Gecko) Chrome/131.0.0.0 Safari/537.36"
34.84.49.144 - - [16/Sep/2026:13:28:27 +0000] "GET /debug.php HTTP/1.1" 403 5825 "-" "Mozilla/5.0 (Macintosh; Intel Mac OS X 10_15_7) AppleWebKit/537.36 (KHTML, like Gecko) Chrome/131.0.0.0 Safari/537.36"
34.84.49.144 - - [16/Sep/2026:13:28:28 +0000] "GET /admin/phpinfo.php HTTP/1.1" 200 4967 "-" "Mozilla/5.0 (Macintosh; Intel Mac OS X 10_15_7) AppleWebKit/537.36 (KHTML, like Gecko) Chrome/131.0.0.0 Safari/537.36"
34.84.49.144 - - [16/Sep/2026:13:28:28 +0000] "GET /test/phpinfo.php HTTP/1.1" 403 5825 "-" "Mozilla/5.0 (Macintosh; Intel Mac OS X 10_15_7) AppleWebKit/537.36 (KHTML, like Gecko) Chrome/131.0.0.0 Safari/537.36"
216.73.216.174 - - [16/Sep/2026:13:28:28 +0000] "GET /m/K60864413/ HTTP/1.1" 200 4967 "-" "Mozilla/5.0 AppleWebKit/537.36 (KHTML, like Gecko; compatible; ClaudeBot/1.0; +claudebot@anthropic.com)"
74.7.242.41 - - [16/Sep/2026:13:28:28 +0000] "GET /m/K50804692/ HTTP/1.1" 200 4967 "https://tap2teach.dazzlingwebplanet.com/sitemap1.xml" "Mozilla/5.0 AppleWebKit/537.36 (KHTML, like Gecko; compatible; GPTBot/1.4; +https://openai.com/gptbot)"
34.84.49.144 - - [16/Sep/2026:13:28:28 +0000] "GET /dev/phpinfo.php HTTP/1.1" 200 4967 "-" "Mozilla/5.0 (Macintosh; Intel Mac OS X 10_15_7) AppleWebKit/537.36 (KHTML, like Gecko) Chrome/131.0.0.0 Safari/537.36"
34.84.49.144 - - [16/Sep/2026:13:28:28 +0000] "GET /old/phpinfo.php HTTP/1.1" 200 4967 "-" "Mozilla/5.0 (Macintosh; Intel Mac OS X 10_15_7) AppleWebKit/537.36 (KHTML, like Gecko) Chrome/131.0.0.0 Safari/537.36"
34.84.49.144 - - [16/Sep/2026:13:28:29 +0000] "GET /tmp/phpinfo.php HTTP/1.1" 200 4967 "-" "Mozilla/5.0 (Macintosh; Intel Mac OS X 10_15_7) AppleWebKit/537.36 (KHTML, like Gecko) Chrome/131.0.0.0 Safari/537.36"
34.84.49.144 - - [16/Sep/2026:13:28:29 +0000] "GET /public/phpinfo.php HTTP/1.1" 403 5825 "-" "Mozilla/5.0 (Macintosh; Intel Mac OS X 10_15_7) AppleWebKit/537.36 (KHTML, like Gecko) Chrome/131.0.0.0 Safari/537.36"
34.84.49.144 - - [16/Sep/2026:13:28:29 +0000] "GET /info HTTP/1.1" 200 4967 "-" "Mozilla/5.0 (Macintosh; Intel Mac OS X 10_15_7) AppleWebKit/537.36 (KHTML, like Gecko) Chrome/131.0.0.0 Safari/537.36"
34.84.49.144 - - [16/Sep/2026:13:28:29 +0000] "GET /php-info.php HTTP/1.1" 403 5825 "-" "Mozilla/5.0 (Macintosh; Intel Mac OS X 10_15_7) AppleWebKit/537.36 (KHTML, like Gecko) Chrome/131.0.0.0 Safari/537.36"
34.84.49.144 - - [16/Sep/2026:13:28:30 +0000] "GET /phpversion.php HTTP/1.1" 403 5825 "-" "Mozilla/5.0 (Macintosh; Intel Mac OS X 10_15_7) AppleWebKit/537.36 (KHTML, like Gecko) Chrome/131.0.0.0 Safari/537.36"
34.84.49.144 - - [16/Sep/2026:13:28:30 +0000] "GET /_phpinfo.php HTTP/1.1" 403 5825 "-" "Mozilla/5.0 (Macintosh; Intel Mac OS X 10_15_7) AppleWebKit/537.36 (KHTML, like Gecko) Chrome/131.0.0.0 Safari/537.36"
34.84.49.144 - - [16/Sep/2026:13:28:30 +0000] "GET /old_phpinfo.php HTTP/1.1" 403 5825 "-" "Mozilla/5.0 (Macintosh; Intel Mac OS X 10_15_7) AppleWebKit/537.36 (KHTML, like Gecko) Chrome/131.0.0.0 Safari/537.36"
34.84.49.144 - - [16/Sep/2026:13:28:30 +0000] "GET /server-info.php HTTP/1.1" 403 5825 "-" "Mozilla/5.0 (Macintosh; Intel Mac OS X 10_15_7) AppleWebKit/537.36 (KHTML, like Gecko) Chrome/131.0.0.0 Safari/537.36"
34.84.49.144 - - [16/Sep/2026:13:28:31 +0000] "GET /server-status.php HTTP/1.1" 403 5825 "-" "Mozilla/5.0 (Macintosh; Intel Mac OS X 10_15_7) AppleWebKit/537.36 (KHTML, like Gecko) Chrome/131.0.0.0 Safari/537.36"
216.73.216.174 - - [16/Sep/2026:13:28:31 +0000] "GET /m/K41401331/ HTTP/1.1" 200 4967 "-" "Mozilla/5.0 AppleWebKit/537.36 (KHTML, like Gecko; compatible; ClaudeBot/1.0; +claudebot@anthropic.com)"
34.84.49.144 - - [16/Sep/2026:13:28:31 +0000] "GET /_profiler/phpinfo HTTP/1.1" 200 4967 "-" "Mozilla/5.0 (Macintosh; Intel Mac OS X 10_15_7) AppleWebKit/537.36 (KHTML, like Gecko) Chrome/131.0.0.0 Safari/537.36"
74.7.242.41 - - [16/Sep/2026:13:28:31 +0000] "GET /m/K71120942/ HTTP/1.1" 200 4967 "https://tap2teach.dazzlingwebplanet.com/sitemap1.xml" "Mozilla/5.0 AppleWebKit/537.36 (KHTML, like Gecko; compatible; GPTBot/1.4; +https://openai.com/gptbot)"
34.84.49.144 - - [16/Sep/2026:13:28:31 +0000] "GET /_environment HTTP/1.1" 200 4967 "-" "Mozilla/5.0 (Macintosh; Intel Mac OS X 10_15_7) AppleWebKit/537.36 (KHTML, like Gecko) Chrome/131.0.0.0 Safari/537.36"
34.84.49.144 - - [16/Sep/2026:13:28:31 +0000] "GET /webroot/index.php/_environment HTTP/1.1" 200 4967 "-" "Mozilla/5.0 (Macintosh; Intel Mac OS X 10_15_7) AppleWebKit/537.36 (KHTML, like Gecko) Chrome/131.0.0.0 Safari/537.36"
34.84.49.144 - - [16/Sep/2026:13:28:32 +0000] "GET /mail/phpinfo.php HTTP/1.1" 200 4967 "-" "Mozilla/5.0 (Macintosh; Intel Mac OS X 10_15_7) AppleWebKit/537.36 (KHTML, like Gecko) Chrome/131.0.0.0 Safari/537.36"
34.84.49.144 - - [16/Sep/2026:13:28:32 +0000] "GET /cpanel/phpinfo.php HTTP/1.1" 200 4967 "-" "Mozilla/5.0 (Macintosh; Intel Mac OS X 10_15_7) AppleWebKit/537.36 (KHTML, like Gecko) Chrome/131.0.0.0 Safari/537.36"
34.84.49.144 - - [16/Sep/2026:13:28:32 +0000] "GET /hosting/phpinfo.php HTTP/1.1" 200 4967 "-" "Mozilla/5.0 (Macintosh; Intel Mac OS X 10_15_7) AppleWebKit/537.36 (KHTML, like Gecko) Chrome/131.0.0.0 Safari/537.36"
34.84.49.144 - - [16/Sep/2026:13:28:32 +0000] "GET /webmail/phpinfo.php HTTP/1.1" 200 4967 "-" "Mozilla/5.0 (Macintosh; Intel Mac OS X 10_15_7) AppleWebKit/537.36 (KHTML, like Gecko) Chrome/131.0.0.0 Safari/537.36"
34.84.49.144 - - [16/Sep/2026:13:28:33 +0000] "GET /smtp/phpinfo.php HTTP/1.1" 200 4967 "-" "Mozilla/5.0 (Macintosh; Intel Mac OS X 10_15_7) AppleWebKit/537.36 (KHTML, like Gecko) Chrome/131.0.0.0 Safari/537.36"
34.84.49.144 - - [16/Sep/2026:13:28:33 +0000] "GET /phpinfo.php.bak HTTP/1.1" 200 4967 "-" "Mozilla/5.0 (Macintosh; Intel Mac OS X 10_15_7) AppleWebKit/537.36 (KHTML, like Gecko) Chrome/131.0.0.0 Safari/537.36"
34.84.49.144 - - [16/Sep/2026:13:28:33 +0000] "GET /phpinfo.php.old HTTP/1.1" 200 4967 "-" "Mozilla/5.0 (Macintosh; Intel Mac OS X 10_15_7) AppleWebKit/537.36 (KHTML, like Gecko) Chrome/131.0.0.0 Safari/537.36"
34.84.49.144 - - [16/Sep/2026:13:28:34 +0000] "GET /phpinfo.php~ HTTP/1.1" 200 4967 "-" "Mozilla/5.0 (Macintosh; Intel Mac OS X 10_15_7) AppleWebKit/537.36 (KHTML, like Gecko) Chrome/131.0.0.0 Safari/537.36"
216.73.216.174 - - [16/Sep/2026:13:28:34 +0000] "GET /m/K72046726/ HTTP/1.1" 200 4967 "-" "Mozilla/5.0 AppleWebKit/537.36 (KHTML, like Gecko; compatible; ClaudeBot/1.0; +claudebot@anthropic.com)"
34.84.49.144 - - [16/Sep/2026:13:28:34 +0000] "GET /info.php.bak HTTP/1.1" 200 4967 "-" "Mozilla/5.0 (Macintosh; Intel Mac OS X 10_15_7) AppleWebKit/537.36 (KHTML, like Gecko) Chrome/131.0.0.0 Safari/537.36"
34.84.49.144 - - [16/Sep/2026:13:28:34 +0000] "GET /phpinfo.php.save HTTP/1.1" 200 4967 "-" "Mozilla/5.0 (Macintosh; Intel Mac OS X 10_15_7) AppleWebKit/537.36 (KHTML, like Gecko) Chrome/131.0.0.0 Safari/537.36"
74.7.242.41 - - [16/Sep/2026:13:28:34 +0000] "GET /m/K41959387/ HTTP/1.1" 200 4967 "https://tap2teach.dazzlingwebplanet.com/sitemap1.xml" "Mozilla/5.0 AppleWebKit/537.36 (KHTML, like Gecko; compatible; GPTBot/1.4; +https://openai.com/gptbot)"
34.84.49.144 - - [16/Sep/2026:13:28:34 +0000] "GET /staging/phpinfo.php HTTP/1.1" 200 4967 "-" "Mozilla/5.0 (Macintosh; Intel Mac OS X 10_15_7) AppleWebKit/537.36 (KHTML, like Gecko) Chrome/131.0.0.0 Safari/537.36"
34.84.49.144 - - [16/Sep/2026:13:28:35 +0000] "GET /beta/phpinfo.php HTTP/1.1" 200 4967 "-" "Mozilla/5.0 (Macintosh; Intel Mac OS X 10_15_7) AppleWebKit/537.36 (KHTML, like Gecko) Chrome/131.0.0.0 Safari/537.36"
34.84.49.144 - - [16/Sep/2026:13:28:35 +0000] "GET /uat/phpinfo.php HTTP/1.1" 200 4967 "-" "Mozilla/5.0 (Macintosh; Intel Mac OS X 10_15_7) AppleWebKit/537.36 (KHTML, like Gecko) Chrome/131.0.0.0 Safari/537.36"
34.84.49.144 - - [16/Sep/2026:13:28:35 +0000] "GET /qa/phpinfo.php HTTP/1.1" 200 4967 "-" "Mozilla/5.0 (Macintosh; Intel Mac OS X 10_15_7) AppleWebKit/537.36 (KHTML, like Gecko) Chrome/131.0.0.0 Safari/537.36"
34.84.49.144 - - [16/Sep/2026:13:28:35 +0000] "GET /preview/phpinfo.php HTTP/1.1" 200 4967 "-" "Mozilla/5.0 (Macintosh; Intel Mac OS X 10_15_7) AppleWebKit/537.36 (KHTML, like Gecko) Chrome/131.0.0.0 Safari/537.36"
34.84.49.144 - - [16/Sep/2026:13:28:36 +0000] "GET /www/phpinfo.php HTTP/1.1" 200 4967 "-" "Mozilla/5.0 (Macintosh; Intel Mac OS X 10_15_7) AppleWebKit/537.36 (KHTML, like Gecko) Chrome/131.0.0.0 Safari/537.36"
34.84.49.144 - - [16/Sep/2026:13:28:36 +0000] "GET /htdocs/phpinfo.php HTTP/1.1" 200 4967 "-" "Mozilla/5.0 (Macintosh; Intel Mac OS X 10_15_7) AppleWebKit/537.36 (KHTML, like Gecko) Chrome/131.0.0.0 Safari/537.36"
34.84.49.144 - - [16/Sep/2026:13:28:36 +0000] "GET /public_html/phpinfo.php HTTP/1.1" 200 4967 "-" "Mozilla/5.0 (Macintosh; Intel Mac OS X 10_15_7) AppleWebKit/537.36 (KHTML, like Gecko) Chrome/131.0.0.0 Safari/537.36"
34.84.49.144 - - [16/Sep/2026:13:28:36 +0000] "GET /site/phpinfo.php HTTP/1.1" 200 4967 "-" "Mozilla/5.0 (Macintosh; Intel Mac OS X 10_15_7) AppleWebKit/537.36 (KHTML, like Gecko) Chrome/131.0.0.0 Safari/537.36"
34.84.49.144 - - [16/Sep/2026:13:28:37 +0000] "GET /docs/phpinfo.php HTTP/1.1" 200 4967 "-" "Mozilla/5.0 (Macintosh; Intel Mac OS X 10_15_7) AppleWebKit/537.36 (KHTML, like Gecko) Chrome/131.0.0.0 Safari/537.36"
216.73.216.174 - - [16/Sep/2026:13:28:37 +0000] "GET /m/K20512113/ HTTP/1.1" 200 4967 "-" "Mozilla/5.0 AppleWebKit/537.36 (KHTML, like Gecko; compatible; ClaudeBot/1.0; +claudebot@anthropic.com)"
34.84.49.144 - - [16/Sep/2026:13:28:37 +0000] "GET /wp-admin/phpinfo.php HTTP/1.1" 200 4967 "-" "Mozilla/5.0 (Macintosh; Intel Mac OS X 10_15_7) AppleWebKit/537.36 (KHTML, like Gecko) Chrome/131.0.0.0 Safari/537.36"
74.7.242.41 - - [16/Sep/2026:13:28:37 +0000] "GET /m/K72948070/ HTTP/1.1" 200 4967 "https://tap2teach.dazzlingwebplanet.com/sitemap5.xml" "Mozilla/5.0 AppleWebKit/537.36 (KHTML, like Gecko; compatible; GPTBot/1.4; +https://openai.com/gptbot)"
34.84.49.144 - - [16/Sep/2026:13:28:37 +0000] "GET /administrator/phpinfo.php HTTP/1.1" 200 4967 "-" "Mozilla/5.0 (Macintosh; Intel Mac OS X 10_15_7) AppleWebKit/537.36 (KHTML, like Gecko) Chrome/131.0.0.0 Safari/537.36"
34.84.49.144 - - [16/Sep/2026:13:28:37 +0000] "GET /core/phpinfo.php HTTP/1.1" 200 4967 "-" "Mozilla/5.0 (Macintosh; Intel Mac OS X 10_15_7) AppleWebKit/537.36 (KHTML, like Gecko) Chrome/131.0.0.0 Safari/537.36"
34.84.49.144 - - [16/Sep/2026:13:28:38 +0000] "GET /includes/phpinfo.php HTTP/1.1" 200 4967 "-" "Mozilla/5.0 (Macintosh; Intel Mac OS X 10_15_7) AppleWebKit/537.36 (KHTML, like Gecko) Chrome/131.0.0.0 Safari/537.36"
34.84.49.144 - - [16/Sep/2026:13:28:38 +0000] "GET /service-account.json HTTP/1.1" 200 4967 "-" "Mozilla/5.0 (Macintosh; Intel Mac OS X 10_15_7) AppleWebKit/537.36 (KHTML, like Gecko) Chrome/131.0.0.0 Safari/537.36"
34.84.49.144 - - [16/Sep/2026:13:28:38 +0000] "GET /sa.json HTTP/1.1" 200 4967 "-" "Mozilla/5.0 (Macintosh; Intel Mac OS X 10_15_7) AppleWebKit/537.36 (KHTML, like Gecko) Chrome/131.0.0.0 Safari/537.36"
34.84.49.144 - - [16/Sep/2026:13:28:38 +0000] "GET /gcp-key.json HTTP/1.1" 200 4967 "-" "Mozilla/5.0 (Macintosh; Intel Mac OS X 10_15_7) AppleWebKit/537.36 (KHTML, like Gecko) Chrome/131.0.0.0 Safari/537.36"
34.84.49.144 - - [16/Sep/2026:13:28:39 +0000] "GET /gcp-credentials.json HTTP/1.1" 200 4967 "-" "Mozilla/5.0 (Macintosh; Intel Mac OS X 10_15_7) AppleWebKit/537.36 (KHTML, like Gecko) Chrome/131.0.0.0 Safari/537.36"
34.84.49.144 - - [16/Sep/2026:13:28:39 +0000] "GET /gcp-sa.json HTTP/1.1" 200 4967 "-" "Mozilla/5.0 (Macintosh; Intel Mac OS X 10_15_7) AppleWebKit/537.36 (KHTML, like Gecko) Chrome/131.0.0.0 Safari/537.36"
34.84.49.144 - - [16/Sep/2026:13:28:39 +0000] "GET /credentials.json HTTP/1.1" 200 4967 "-" "Mozilla/5.0 (Macintosh; Intel Mac OS X 10_15_7) AppleWebKit/537.36 (KHTML, like Gecko) Chrome/131.0.0.0 Safari/537.36"
34.84.49.144 - - [16/Sep/2026:13:28:40 +0000] "GET /google-credentials.json HTTP/1.1" 200 4967 "-" "Mozilla/5.0 (Macintosh; Intel Mac OS X 10_15_7) AppleWebKit/537.36 (KHTML, like Gecko) Chrome/131.0.0.0 Safari/537.36"
216.73.216.174 - - [16/Sep/2026:13:28:40 +0000] "GET /m/K71732142/ HTTP/1.1" 200 4967 "-" "Mozilla/5.0 AppleWebKit/537.36 (KHTML, like Gecko; compatible; ClaudeBot/1.0; +claudebot@anthropic.com)"
34.84.49.144 - - [16/Sep/2026:13:28:40 +0000] "GET /google-key.json HTTP/1.1" 200 4967 "-" "Mozilla/5.0 (Macintosh; Intel Mac OS X 10_15_7) AppleWebKit/537.36 (KHTML, like Gecko) Chrome/131.0.0.0 Safari/537.36"
34.84.49.144 - - [16/Sep/2026:13:28:40 +0000] "GET /.config/gcloud/application_default_credentials.json HTTP/1.1" 200 4967 "-" "Mozilla/5.0 (Macintosh; Intel Mac OS X 10_15_7) AppleWebKit/537.36 (KHTML, like Gecko) Chrome/131.0.0.0 Safari/537.36"
74.7.242.41 - - [16/Sep/2026:13:28:40 +0000] "GET /m/K82606551/ HTTP/1.1" 200 4967 "https://tap2teach.dazzlingwebplanet.com/sitemap1.xml" "Mozilla/5.0 AppleWebKit/537.36 (KHTML, like Gecko; compatible; GPTBot/1.4; +https://openai.com/gptbot)"
34.84.49.144 - - [16/Sep/2026:13:28:40 +0000] "GET /application_default_credentials.json HTTP/1.1" 200 4967 "-" "Mozilla/5.0 (Macintosh; Intel Mac OS X 10_15_7) AppleWebKit/537.36 (KHTML, like Gecko) Chrome/131.0.0.0 Safari/537.36"
34.84.49.144 - - [16/Sep/2026:13:28:41 +0000] "GET /key.json HTTP/1.1" 200 4967 "-" "Mozilla/5.0 (Macintosh; Intel Mac OS X 10_15_7) AppleWebKit/537.36 (KHTML, like Gecko) Chrome/131.0.0.0 Safari/537.36"
34.84.49.144 - - [16/Sep/2026:13:28:41 +0000] "GET /keyfile.json HTTP/1.1" 200 4967 "-" "Mozilla/5.0 (Macintosh; Intel Mac OS X 10_15_7) AppleWebKit/537.36 (KHTML, like Gecko) Chrome/131.0.0.0 Safari/537.36"
34.84.49.144 - - [16/Sep/2026:13:28:41 +0000] "GET /firebase-adminsdk.json HTTP/1.1" 200 4967 "-" "Mozilla/5.0 (Macintosh; Intel Mac OS X 10_15_7) AppleWebKit/537.36 (KHTML, like Gecko) Chrome/131.0.0.0 Safari/537.36"
34.84.49.144 - - [16/Sep/2026:13:28:41 +0000] "GET /firebase-key.json HTTP/1.1" 200 4967 "-" "Mozilla/5.0 (Macintosh; Intel Mac OS X 10_15_7) AppleWebKit/537.36 (KHTML, like Gecko) Chrome/131.0.0.0 Safari/537.36"
34.84.49.144 - - [16/Sep/2026:13:28:42 +0000] "GET / HTTP/1.1" 200 4967 "-" "Mozilla/5.0 (Macintosh; Intel Mac OS X 10_15_7) AppleWebKit/537.36 (KHTML, like Gecko) Chrome/131.0.0.0 Safari/537.36"
216.73.216.174 - - [16/Sep/2026:13:28:43 +0000] "GET /m/K20008265/ HTTP/1.1" 200 4967 "-" "Mozilla/5.0 AppleWebKit/537.36 (KHTML, like Gecko; compatible; ClaudeBot/1.0; +claudebot@anthropic.com)"
74.7.242.41 - - [16/Sep/2026:13:28:43 +0000] "GET /m/K71637270/ HTTP/1.1" 200 4967 "https://tap2teach.dazzlingwebplanet.com/sitemap2.xml" "Mozilla/5.0 AppleWebKit/537.36 (KHTML, like Gecko; compatible; GPTBot/1.4; +https://openai.com/gptbot)"
216.73.216.174 - - [16/Sep/2026:13:28:46 +0000] "GET /m/K61562621/ HTTP/1.1" 200 4967 "-" "Mozilla/5.0 AppleWebKit/537.36 (KHTML, like Gecko; compatible; ClaudeBot/1.0; +claudebot@anthropic.com)"
74.7.242.41 - - [16/Sep/2026:13:28:46 +0000] "GET /m/K22521897/ HTTP/1.1" 200 4967 "https://tap2teach.dazzlingwebplanet.com/sitemap5.xml" "Mozilla/5.0 AppleWebKit/537.36 (KHTML, like Gecko; compatible; GPTBot/1.4; +https://openai.com/gptbot)"
216.73.216.174 - - [16/Sep/2026:13:28:49 +0000] "GET /m/K50002292/ HTTP/1.1" 200 4967 "-" "Mozilla/5.0 AppleWebKit/537.36 (KHTML, like Gecko; compatible; ClaudeBot/1.0; +claudebot@anthropic.com)"
74.7.242.41 - - [16/Sep/2026:13:28:49 +0000] "GET /m/K12778696/ HTTP/1.1" 200 4967 "https://tap2teach.dazzlingwebplanet.com/sitemap2.xml" "Mozilla/5.0 AppleWebKit/537.36 (KHTML, like Gecko; compatible; GPTBot/1.4; +https://openai.com/gptbot)"
216.73.216.174 - - [16/Sep/2026:13:28:52 +0000] "GET /m/K52319084/ HTTP/1.1" 200 4967 "-" "Mozilla/5.0 AppleWebKit/537.36 (KHTML, like Gecko; compatible; ClaudeBot/1.0; +claudebot@anthropic.com)"
74.7.242.41 - - [16/Sep/2026:13:28:52 +0000] "GET /m/K21606897/ HTTP/1.1" 200 4967 "https://tap2teach.dazzlingwebplanet.com/sitemap1.xml" "Mozilla/5.0 AppleWebKit/537.36 (KHTML, like Gecko; compatible; GPTBot/1.4; +https://openai.com/gptbot)"
216.73.216.174 - - [16/Sep/2026:13:28:55 +0000] "GET /m/K12426432/ HTTP/1.1" 200 4967 "-" "Mozilla/5.0 AppleWebKit/537.36 (KHTML, like Gecko; compatible; ClaudeBot/1.0; +claudebot@anthropic.com)"
74.7.242.41 - - [16/Sep/2026:13:28:55 +0000] "GET /m/K41824995/ HTTP/1.1" 200 4967 "https://tap2teach.dazzlingwebplanet.com/sitemap5.xml" "Mozilla/5.0 AppleWebKit/537.36 (KHTML, like Gecko; compatible; GPTBot/1.4; +https://openai.com/gptbot)"
216.73.216.174 - - [16/Sep/2026:13:28:58 +0000] "GET /m/K81484591/ HTTP/1.1" 200 4967 "-" "Mozilla/5.0 AppleWebKit/537.36 (KHTML, like Gecko; compatible; ClaudeBot/1.0; +claudebot@anthropic.com)"
74.7.242.41 - - [16/Sep/2026:13:28:58 +0000] "GET /m/K10730152/ HTTP/1.1" 200 4967 "https://tap2teach.dazzlingwebplanet.com/sitemap1.xml" "Mozilla/5.0 AppleWebKit/537.36 (KHTML, like Gecko; compatible; GPTBot/1.4; +https://openai.com/gptbot)"
216.73.216.174 - - [16/Sep/2026:13:29:01 +0000] "GET /m/K60541069/ HTTP/1.1" 200 4967 "-" "Mozilla/5.0 AppleWebKit/537.36 (KHTML, like Gecko; compatible; ClaudeBot/1.0; +claudebot@anthropic.com)"
74.7.242.41 - - [16/Sep/2026:13:29:01 +0000] "GET /m/K10859192/ HTTP/1.1" 200 4967 "https://tap2teach.dazzlingwebplanet.com/sitemap1.xml" "Mozilla/5.0 AppleWebKit/537.36 (KHTML, like Gecko; compatible; GPTBot/1.4; +https://openai.com/gptbot)"
216.73.216.174 - - [16/Sep/2026:13:29:04 +0000] "GET /m/K40548331/ HTTP/1.1" 200 4967 "-" "Mozilla/5.0 AppleWebKit/537.36 (KHTML, like Gecko; compatible; ClaudeBot/1.0; +claudebot@anthropic.com)"
74.7.242.41 - - [16/Sep/2026:13:29:04 +0000] "GET /m/K70597102/ HTTP/1.1" 200 4967 "https://tap2teach.dazzlingwebplanet.com/sitemap5.xml" "Mozilla/5.0 AppleWebKit/537.36 (KHTML, like Gecko; compatible; GPTBot/1.4; +https://openai.com/gptbot)"
216.73.216.174 - - [16/Sep/2026:13:29:07 +0000] "GET /m/K41950331/ HTTP/1.1" 200 4967 "-" "Mozilla/5.0 AppleWebKit/537.36 (KHTML, like Gecko; compatible; ClaudeBot/1.0; +claudebot@anthropic.com)"
74.7.242.41 - - [16/Sep/2026:13:29:07 +0000] "GET /m/K20413457/ HTTP/1.1" 200 4967 "https://tap2teach.dazzlingwebplanet.com/sitemap1.xml" "Mozilla/5.0 AppleWebKit/537.36 (KHTML, like Gecko; compatible; GPTBot/1.4; +https://openai.com/gptbot)"
216.73.216.174 - - [16/Sep/2026:13:29:10 +0000] "GET /m/K21544729/ HTTP/1.1" 200 4967 "-" "Mozilla/5.0 AppleWebKit/537.36 (KHTML, like Gecko; compatible; ClaudeBot/1.0; +claudebot@anthropic.com)"
74.7.242.41 - - [16/Sep/2026:13:29:10 +0000] "GET /m/K62776381/ HTTP/1.1" 200 4967 "https://tap2teach.dazzlingwebplanet.com/sitemap3.xml" "Mozilla/5.0 AppleWebKit/537.36 (KHTML, like Gecko; compatible; GPTBot/1.4; +https://openai.com/gptbot)"
216.73.216.174 - - [16/Sep/2026:13:29:13 +0000] "GET /m/K10539488/ HTTP/1.1" 200 4967 "-" "Mozilla/5.0 AppleWebKit/537.36 (KHTML, like Gecko; compatible; ClaudeBot/1.0; +claudebot@anthropic.com)"
74.7.242.41 - - [16/Sep/2026:13:29:13 +0000] "GET /m/K51310524/ HTTP/1.1" 200 4967 "https://tap2teach.dazzlingwebplanet.com/sitemap2.xml" "Mozilla/5.0 AppleWebKit/537.36 (KHTML, like Gecko; compatible; GPTBot/1.4; +https://openai.com/gptbot)"
216.73.216.174 - - [16/Sep/2026:13:29:16 +0000] "GET /m/K20169953/ HTTP/1.1" 200 4967 "-" "Mozilla/5.0 AppleWebKit/537.36 (KHTML, like Gecko; compatible; ClaudeBot/1.0; +claudebot@anthropic.com)"
74.7.242.41 - - [16/Sep/2026:13:29:16 +0000] "GET /m/K50196532/ HTTP/1.1" 200 4967 "https://tap2teach.dazzlingwebplanet.com/sitemap5.xml" "Mozilla/5.0 AppleWebKit/537.36 (KHTML, like Gecko; compatible; GPTBot/1.4; +https://openai.com/gptbot)"
216.73.216.174 - - [16/Sep/2026:13:29:19 +0000] "GET /m/K61943021/ HTTP/1.1" 200 4967 "-" "Mozilla/5.0 AppleWebKit/537.36 (KHTML, like Gecko; compatible; ClaudeBot/1.0; +claudebot@anthropic.com)"
74.7.242.41 - - [16/Sep/2026:13:29:19 +0000] "GET /m/K42366195/ HTTP/1.1" 200 4967 "https://tap2teach.dazzlingwebplanet.com/sitemap5.xml" "Mozilla/5.0 AppleWebKit/537.36 (KHTML, like Gecko; compatible; GPTBot/1.4; +https://openai.com/gptbot)"
216.73.216.174 - - [16/Sep/2026:13:29:22 +0000] "GET /m/K22980713/ HTTP/1.1" 200 4967 "-" "Mozilla/5.0 AppleWebKit/537.36 (KHTML, like Gecko; compatible; ClaudeBot/1.0; +claudebot@anthropic.com)"
74.7.242.41 - - [16/Sep/2026:13:29:22 +0000] "GET /m/K30097234/ HTTP/1.1" 200 4967 "https://tap2teach.dazzlingwebplanet.com/sitemap1.xml" "Mozilla/5.0 AppleWebKit/537.36 (KHTML, like Gecko; compatible; GPTBot/1.4; +https://openai.com/gptbot)"
216.73.216.174 - - [16/Sep/2026:13:29:25 +0000] "GET /m/K60367021/ HTTP/1.1" 200 4967 "-" "Mozilla/5.0 AppleWebKit/537.36 (KHTML, like Gecko; compatible; ClaudeBot/1.0; +claudebot@anthropic.com)"
74.7.242.41 - - [16/Sep/2026:13:29:25 +0000] "GET /m/K62960453/ HTTP/1.1" 200 4967 "https://tap2teach.dazzlingwebplanet.com/sitemap5.xml" "Mozilla/5.0 AppleWebKit/537.36 (KHTML, like Gecko; compatible; GPTBot/1.4; +https://openai.com/gptbot)"
216.73.216.174 - - [16/Sep/2026:13:29:28 +0000] "GET /m/K20195513/ HTTP/1.1" 200 4967 "-" "Mozilla/5.0 AppleWebKit/537.36 (KHTML, like Gecko; compatible; ClaudeBot/1.0; +claudebot@anthropic.com)"
74.7.242.41 - - [16/Sep/2026:13:29:28 +0000] "GET /m/K12366928/ HTTP/1.1" 200 4967 "https://tap2teach.dazzlingwebplanet.com/sitemap2.xml" "Mozilla/5.0 AppleWebKit/537.36 (KHTML, like Gecko; compatible; GPTBot/1.4; +https://openai.com/gptbot)"
216.73.216.174 - - [16/Sep/2026:13:29:31 +0000] "GET /m/K60057773/ HTTP/1.1" 200 4967 "-" "Mozilla/5.0 AppleWebKit/537.36 (KHTML, like Gecko; compatible; ClaudeBot/1.0; +claudebot@anthropic.com)"
74.7.242.41 - - [16/Sep/2026:13:29:31 +0000] "GET /m/K40530731/ HTTP/1.1" 200 4967 "https://tap2teach.dazzlingwebplanet.com/sitemap2.xml" "Mozilla/5.0 AppleWebKit/537.36 (KHTML, like Gecko; compatible; GPTBot/1.4; +https://openai.com/gptbot)"
74.7.242.41 - - [16/Sep/2026:13:29:34 +0000] "GET /m/K32316674/ HTTP/1.1" 200 4967 "https://tap2teach.dazzlingwebplanet.com/sitemap1.xml" "Mozilla/5.0 AppleWebKit/537.36 (KHTML, like Gecko; compatible; GPTBot/1.4; +https://openai.com/gptbot)"
216.73.216.174 - - [16/Sep/2026:13:29:36 +0000] "GET /m/K40800403/ HTTP/1.1" 200 4967 "-" "Mozilla/5.0 AppleWebKit/537.36 (KHTML, like Gecko; compatible; ClaudeBot/1.0; +claudebot@anthropic.com)"
74.7.242.41 - - [16/Sep/2026:13:29:37 +0000] "GET /m/K52690724/ HTTP/1.1" 200 4967 "https://tap2teach.dazzlingwebplanet.com/sitemap3.xml" "Mozilla/5.0 AppleWebKit/537.36 (KHTML, like Gecko; compatible; GPTBot/1.4; +https://openai.com/gptbot)"
216.73.216.174 - - [16/Sep/2026:13:29:38 +0000] "GET /m/K51686500/ HTTP/1.1" 200 4967 "-" "Mozilla/5.0 AppleWebKit/537.36 (KHTML, like Gecko; compatible; ClaudeBot/1.0; +claudebot@anthropic.com)"
74.7.242.41 - - [16/Sep/2026:13:29:40 +0000] "GET /m/K81374151/ HTTP/1.1" 200 4967 "https://tap2teach.dazzlingwebplanet.com/sitemap5.xml" "Mozilla/5.0 AppleWebKit/537.36 (KHTML, like Gecko; compatible; GPTBot/1.4; +https://openai.com/gptbot)"
216.73.216.174 - - [16/Sep/2026:13:29:41 +0000] "GET /m/K41264667/ HTTP/1.1" 200 4967 "-" "Mozilla/5.0 AppleWebKit/537.36 (KHTML, like Gecko; compatible; ClaudeBot/1.0; +claudebot@anthropic.com)"
74.7.242.41 - - [16/Sep/2026:13:29:43 +0000] "GET /m/K80789175/ HTTP/1.1" 200 4967 "https://tap2teach.dazzlingwebplanet.com/sitemap2.xml" "Mozilla/5.0 AppleWebKit/537.36 (KHTML, like Gecko; compatible; GPTBot/1.4; +https://openai.com/gptbot)"
216.73.216.174 - - [16/Sep/2026:13:29:44 +0000] "GET /m/K32222210/ HTTP/1.1" 200 4967 "-" "Mozilla/5.0 AppleWebKit/537.36 (KHTML, like Gecko; compatible; ClaudeBot/1.0; +claudebot@anthropic.com)"
74.7.242.41 - - [16/Sep/2026:13:29:46 +0000] "GET /m/K51930380/ HTTP/1.1" 200 4967 "https://tap2teach.dazzlingwebplanet.com/sitemap1.xml" "Mozilla/5.0 AppleWebKit/537.36 (KHTML, like Gecko; compatible; GPTBot/1.4; +https://openai.com/gptbot)"
216.73.216.174 - - [16/Sep/2026:13:29:47 +0000] "GET /m/K70323014/ HTTP/1.1" 200 4967 "-" "Mozilla/5.0 AppleWebKit/537.36 (KHTML, like Gecko; compatible; ClaudeBot/1.0; +claudebot@anthropic.com)"
74.7.242.41 - - [16/Sep/2026:13:29:49 +0000] "GET /m/K31819226/ HTTP/1.1" 200 4967 "https://tap2teach.dazzlingwebplanet.com/sitemap5.xml" "Mozilla/5.0 AppleWebKit/537.36 (KHTML, like Gecko; compatible; GPTBot/1.4; +https://openai.com/gptbot)"
216.73.216.174 - - [16/Sep/2026:13:29:50 +0000] "GET /m/K32095274/ HTTP/1.1" 200 4967 "-" "Mozilla/5.0 AppleWebKit/537.36 (KHTML, like Gecko; compatible; ClaudeBot/1.0; +claudebot@anthropic.com)"
74.7.242.41 - - [16/Sep/2026:13:29:52 +0000] "GET /m/K80234439/ HTTP/1.1" 200 4967 "https://tap2teach.dazzlingwebplanet.com/sitemap5.xml" "Mozilla/5.0 AppleWebKit/537.36 (KHTML, like Gecko; compatible; GPTBot/1.4; +https://openai.com/gptbot)"
216.73.216.174 - - [16/Sep/2026:13:29:53 +0000] "GET /m/K30197586/ HTTP/1.1" 200 4967 "-" "Mozilla/5.0 AppleWebKit/537.36 (KHTML, like Gecko; compatible; ClaudeBot/1.0; +claudebot@anthropic.com)"
74.7.242.41 - - [16/Sep/2026:13:29:55 +0000] "GET /m/K82166759/ HTTP/1.1" 200 4967 "https://tap2teach.dazzlingwebplanet.com/sitemap2.xml" "Mozilla/5.0 AppleWebKit/537.36 (KHTML, like Gecko; compatible; GPTBot/1.4; +https://openai.com/gptbot)"
216.73.216.174 - - [16/Sep/2026:13:29:56 +0000] "GET /m/K30680650/ HTTP/1.1" 200 4967 "-" "Mozilla/5.0 AppleWebKit/537.36 (KHTML, like Gecko; compatible; ClaudeBot/1.0; +claudebot@anthropic.com)"
74.7.242.41 - - [16/Sep/2026:13:29:58 +0000] "GET /m/K82211567/ HTTP/1.1" 200 4967 "https://tap2teach.dazzlingwebplanet.com/sitemap3.xml" "Mozilla/5.0 AppleWebKit/537.36 (KHTML, like Gecko; compatible; GPTBot/1.4; +https://openai.com/gptbot)"
216.73.216.174 - - [16/Sep/2026:13:29:59 +0000] "GET /m/K62096949/ HTTP/1.1" 200 4967 "-" "Mozilla/5.0 AppleWebKit/537.36 (KHTML, like Gecko; compatible; ClaudeBot/1.0; +claudebot@anthropic.com)"
74.7.242.41 - - [16/Sep/2026:13:30:01 +0000] "GET /m/K70447182/ HTTP/1.1" 200 4967 "https://tap2teach.dazzlingwebplanet.com/sitemap2.xml" "Mozilla/5.0 AppleWebKit/537.36 (KHTML, like Gecko; compatible; GPTBot/1.4; +https://openai.com/gptbot)"
216.73.216.174 - - [16/Sep/2026:13:30:02 +0000] "GET /m/K71963198/ HTTP/1.1" 200 4967 "-" "Mozilla/5.0 AppleWebKit/537.36 (KHTML, like Gecko; compatible; ClaudeBot/1.0; +claudebot@anthropic.com)"
74.7.242.41 - - [16/Sep/2026:13:30:04 +0000] "GET /m/K60123157/ HTTP/1.1" 200 4967 "https://tap2teach.dazzlingwebplanet.com/sitemap5.xml" "Mozilla/5.0 AppleWebKit/537.36 (KHTML, like Gecko; compatible; GPTBot/1.4; +https://openai.com/gptbot)"
216.73.216.174 - - [16/Sep/2026:13:30:05 +0000] "GET /m/K40767147/ HTTP/1.1" 200 4967 "-" "Mozilla/5.0 AppleWebKit/537.36 (KHTML, like Gecko; compatible; ClaudeBot/1.0; +claudebot@anthropic.com)"
74.7.242.41 - - [16/Sep/2026:13:30:07 +0000] "GET /m/K52763436/ HTTP/1.1" 200 4967 "https://tap2teach.dazzlingwebplanet.com/sitemap3.xml" "Mozilla/5.0 AppleWebKit/537.36 (KHTML, like Gecko; compatible; GPTBot/1.4; +https://openai.com/gptbot)"
216.73.216.174 - - [16/Sep/2026:13:30:08 +0000] "GET /m/K81852239/ HTTP/1.1" 200 4967 "-" "Mozilla/5.0 AppleWebKit/537.36 (KHTML, like Gecko; compatible; ClaudeBot/1.0; +claudebot@anthropic.com)"
74.7.242.41 - - [16/Sep/2026:13:30:10 +0000] "GET /m/K81772415/ HTTP/1.1" 200 4967 "https://tap2teach.dazzlingwebplanet.com/sitemap3.xml" "Mozilla/5.0 AppleWebKit/537.36 (KHTML, like Gecko; compatible; GPTBot/1.4; +https://openai.com/gptbot)"
