74.7.227.11 - - [20/Sep/2026:08:47:18 +0000] "GET /goods.php?search/list/?LineID=055009887 HTTP/1.1" 403 5833 "https://dazzlingwebplanet.com/goods.php?vie-up-ds-1884392" "Mozilla/5.0 AppleWebKit/537.36 (KHTML, like Gecko; compatible; GPTBot/1.4; +https://openai.com/gptbot)"
74.7.227.11 - - [20/Sep/2026:08:47:19 +0000] "GET /goods.php?search/list/?LineID=021007789 HTTP/1.1" 403 5833 "https://dazzlingwebplanet.com/goods.php?gretsch-ymjt-771826-1" "Mozilla/5.0 AppleWebKit/537.36 (KHTML, like Gecko; compatible; GPTBot/1.4; +https://openai.com/gptbot)"
74.7.227.11 - - [20/Sep/2026:08:47:20 +0000] "GET /goods.php?search/list/?LineID=291030661 HTTP/1.1" 403 5833 "https://dazzlingwebplanet.com/goods.php?shop-angelica-910970" "Mozilla/5.0 AppleWebKit/537.36 (KHTML, like Gecko; compatible; GPTBot/1.4; +https://openai.com/gptbot)"
74.7.227.11 - - [20/Sep/2026:08:47:21 +0000] "GET /goods.php?search/list/?LineID=049023699 HTTP/1.1" 403 5833 "https://dazzlingwebplanet.com/goods.php?uscire-914268" "Mozilla/5.0 AppleWebKit/537.36 (KHTML, like Gecko; compatible; GPTBot/1.4; +https://openai.com/gptbot)"
74.7.227.11 - - [20/Sep/2026:08:47:23 +0000] "GET /goods.php?search/list/?LineID=088002362 HTTP/1.1" 403 5833 "https://dazzlingwebplanet.com/goods.php?mifsoft-pmxf-1013" "Mozilla/5.0 AppleWebKit/537.36 (KHTML, like Gecko; compatible; GPTBot/1.4; +https://openai.com/gptbot)"
74.7.227.11 - - [20/Sep/2026:08:47:24 +0000] "GET /goods.php?search/list/?LineID=125044073 HTTP/1.1" 403 5833 "https://dazzlingwebplanet.com/goods.php?rcmdin-t4-2954273" "Mozilla/5.0 AppleWebKit/537.36 (KHTML, like Gecko; compatible; GPTBot/1.4; +https://openai.com/gptbot)"
74.7.227.11 - - [20/Sep/2026:08:47:25 +0000] "GET /goods.php?search/list/?LineID=042006688 HTTP/1.1" 403 5833 "https://dazzlingwebplanet.com/goods.php?edenki-ed3925533" "Mozilla/5.0 AppleWebKit/537.36 (KHTML, like Gecko; compatible; GPTBot/1.4; +https://openai.com/gptbot)"
74.7.227.11 - - [20/Sep/2026:08:47:26 +0000] "GET /goods.php?search/list/?LineID=041009937 HTTP/1.1" 403 5833 "https://dazzlingwebplanet.com/goods.php?tuzukiya-p03-8859" "Mozilla/5.0 AppleWebKit/537.36 (KHTML, like Gecko; compatible; GPTBot/1.4; +https://openai.com/gptbot)"
74.7.227.11 - - [20/Sep/2026:08:47:28 +0000] "GET /goods.php?search/list/?LineID=079010261 HTTP/1.1" 403 5833 "https://dazzlingwebplanet.com/goods.php?bocci2-nissan-lu-000009" "Mozilla/5.0 AppleWebKit/537.36 (KHTML, like Gecko; compatible; GPTBot/1.4; +https://openai.com/gptbot)"
74.7.227.11 - - [20/Sep/2026:08:47:29 +0000] "GET /goods.php?search/list/?LineID=012049192 HTTP/1.1" 403 5833 "https://dazzlingwebplanet.com/goods.php?deco-maison-ds-2521992" "Mozilla/5.0 AppleWebKit/537.36 (KHTML, like Gecko; compatible; GPTBot/1.4; +https://openai.com/gptbot)"
74.7.227.11 - - [20/Sep/2026:08:47:30 +0000] "GET /goods.php?search/list/?LineID=081043285 HTTP/1.1" 403 5833 "https://dazzlingwebplanet.com/goods.php?prinks-bk60eak1ph001" "Mozilla/5.0 AppleWebKit/537.36 (KHTML, like Gecko; compatible; GPTBot/1.4; +https://openai.com/gptbot)"
74.7.227.11 - - [20/Sep/2026:08:47:31 +0000] "GET /goods.php?search/list/?LineID=024007058 HTTP/1.1" 403 5833 "https://dazzlingwebplanet.com/goods.php?doriem-hb0013xs88e" "Mozilla/5.0 AppleWebKit/537.36 (KHTML, like Gecko; compatible; GPTBot/1.4; +https://openai.com/gptbot)"
74.7.227.11 - - [20/Sep/2026:08:47:32 +0000] "GET /goods.php?search/list/?LineID=055048781 HTTP/1.1" 403 5833 "https://dazzlingwebplanet.com/goods.php?ap-murase-sp0105-021" "Mozilla/5.0 AppleWebKit/537.36 (KHTML, like Gecko; compatible; GPTBot/1.4; +https://openai.com/gptbot)"
74.7.227.11 - - [20/Sep/2026:08:47:34 +0000] "GET /goods.php?search/list/?LineID=152002318 HTTP/1.1" 403 5833 "https://dazzlingwebplanet.com/goods.php?outlet/152002049.html" "Mozilla/5.0 AppleWebKit/537.36 (KHTML, like Gecko; compatible; GPTBot/1.4; +https://openai.com/gptbot)"
74.7.227.11 - - [20/Sep/2026:08:47:35 +0000] "GET /goods.php?search/list/?LineID=095008161 HTTP/1.1" 403 5833 "https://dazzlingwebplanet.com/goods.php?outlet/095000232.html" "Mozilla/5.0 AppleWebKit/537.36 (KHTML, like Gecko; compatible; GPTBot/1.4; +https://openai.com/gptbot)"
74.7.227.11 - - [20/Sep/2026:08:47:36 +0000] "GET /goods.php?search/list/?LineID=013005641 HTTP/1.1" 403 5833 "https://dazzlingwebplanet.com/goods.php?search/list/?LineID=013000351" "Mozilla/5.0 AppleWebKit/537.36 (KHTML, like Gecko; compatible; GPTBot/1.4; +https://openai.com/gptbot)"
74.7.227.11 - - [20/Sep/2026:08:47:37 +0000] "GET /goods.php?search/list/?LineID=140011874 HTTP/1.1" 403 5833 "https://dazzlingwebplanet.com/goods.php?galleria-mpg00483" "Mozilla/5.0 AppleWebKit/537.36 (KHTML, like Gecko; compatible; GPTBot/1.4; +https://openai.com/gptbot)"
74.7.227.11 - - [20/Sep/2026:08:47:39 +0000] "GET /goods.php?search/list/?LineID=052002174 HTTP/1.1" 403 5833 "https://dazzlingwebplanet.com/goods.php?valuecare-vc-tr-4358350" "Mozilla/5.0 AppleWebKit/537.36 (KHTML, like Gecko; compatible; GPTBot/1.4; +https://openai.com/gptbot)"
74.7.227.11 - - [20/Sep/2026:08:47:40 +0000] "GET /goods.php?search/list/?LineID=012035156 HTTP/1.1" 403 5833 "https://dazzlingwebplanet.com/goods.php?orange-benri-orb3231172" "Mozilla/5.0 AppleWebKit/537.36 (KHTML, like Gecko; compatible; GPTBot/1.4; +https://openai.com/gptbot)"
74.7.227.11 - - [20/Sep/2026:08:47:41 +0000] "GET /goods.php?search/list/?LineID=055007713 HTTP/1.1" 403 5833 "https://dazzlingwebplanet.com/goods.php?ecoflow-alt1000-set" "Mozilla/5.0 AppleWebKit/537.36 (KHTML, like Gecko; compatible; GPTBot/1.4; +https://openai.com/gptbot)"
74.7.227.11 - - [20/Sep/2026:08:47:42 +0000] "GET /goods.php?search/list/?LineID=067007315 HTTP/1.1" 403 5833 "https://dazzlingwebplanet.com/goods.php?free-sports-head-1297-1" "Mozilla/5.0 AppleWebKit/537.36 (KHTML, like Gecko; compatible; GPTBot/1.4; +https://openai.com/gptbot)"
74.7.227.11 - - [20/Sep/2026:08:47:43 +0000] "GET /goods.php?search/list/?LineID=015039411 HTTP/1.1" 403 5833 "https://dazzlingwebplanet.com/goods.php?taneha-45pr-ph-5fn" "Mozilla/5.0 AppleWebKit/537.36 (KHTML, like Gecko; compatible; GPTBot/1.4; +https://openai.com/gptbot)"
74.7.227.11 - - [20/Sep/2026:08:47:45 +0000] "GET /goods.php?search/list/?LineID=288019022 HTTP/1.1" 403 5833 "https://dazzlingwebplanet.com/goods.php?outlet/076009547.html" "Mozilla/5.0 AppleWebKit/537.36 (KHTML, like Gecko; compatible; GPTBot/1.4; +https://openai.com/gptbot)"
74.7.227.11 - - [20/Sep/2026:08:47:46 +0000] "GET /goods.php?search/list/?LineID=084001056 HTTP/1.1" 403 5833 "https://dazzlingwebplanet.com/goods.php?celeb-kobe-bal-2955" "Mozilla/5.0 AppleWebKit/537.36 (KHTML, like Gecko; compatible; GPTBot/1.4; +https://openai.com/gptbot)"
74.7.227.11 - - [20/Sep/2026:08:47:47 +0000] "GET /goods.php?search/list/?LineID=065017329 HTTP/1.1" 403 5833 "https://dazzlingwebplanet.com/goods.php?j-sekine-skw6947" "Mozilla/5.0 AppleWebKit/537.36 (KHTML, like Gecko; compatible; GPTBot/1.4; +https://openai.com/gptbot)"
74.7.227.11 - - [20/Sep/2026:08:47:48 +0000] "GET /goods.php?search/list/?LineID=124035204 HTTP/1.1" 403 5833 "https://dazzlingwebplanet.com/goods.php?cdepot-fk-sui00029" "Mozilla/5.0 AppleWebKit/537.36 (KHTML, like Gecko; compatible; GPTBot/1.4; +https://openai.com/gptbot)"
74.7.227.11 - - [20/Sep/2026:08:47:49 +0000] "GET /goods.php?search/list/?LineID=216012736 HTTP/1.1" 403 5833 "https://dazzlingwebplanet.com/goods.php?kougurakuichi-8205000" "Mozilla/5.0 AppleWebKit/537.36 (KHTML, like Gecko; compatible; GPTBot/1.4; +https://openai.com/gptbot)"
74.7.227.11 - - [20/Sep/2026:08:47:51 +0000] "GET /goods.php?search/list/?LineID=023001645 HTTP/1.1" 403 5833 "https://dazzlingwebplanet.com/goods.php?tuzukiya-i49-0529" "Mozilla/5.0 AppleWebKit/537.36 (KHTML, like Gecko; compatible; GPTBot/1.4; +https://openai.com/gptbot)"
74.7.227.11 - - [20/Sep/2026:08:47:52 +0000] "GET /goods.php?search/list/?LineID=193025751 HTTP/1.1" 403 5833 "https://dazzlingwebplanet.com/goods.php?bene-kikkodo-skw6948" "Mozilla/5.0 AppleWebKit/537.36 (KHTML, like Gecko; compatible; GPTBot/1.4; +https://openai.com/gptbot)"
57.141.0.59 - - [20/Sep/2026:08:47:53 +0000] "GET /shop/51c69116068401 HTTP/1.1" 200 6347 "-" "Mozilla/5.0 (Windows NT 10.0; Win64; x64) AppleWebKit/537.36 (KHTML, like Gecko) Chrome/145.0.0.0 Safari/537.36 (compatible; meta-externalagent/1.1 (+https://developers.facebook.com/docs/sharing/webmasters/crawler))"
74.7.227.11 - - [20/Sep/2026:08:47:53 +0000] "GET /goods.php?search/list/?LineID=155046349 HTTP/1.1" 403 5833 "https://dazzlingwebplanet.com/goods.php?everysp-dl704d7-1" "Mozilla/5.0 AppleWebKit/537.36 (KHTML, like Gecko; compatible; GPTBot/1.4; +https://openai.com/gptbot)"
57.141.0.52 - - [20/Sep/2026:08:47:53 +0000] "GET /item/K72822662.html HTTP/1.1" 200 6347 "-" "Mozilla/5.0 (Windows NT 10.0; Win64; x64) AppleWebKit/537.36 (KHTML, like Gecko) Chrome/145.0.0.0 Safari/537.36 (compatible; meta-externalagent/1.1 (+https://developers.facebook.com/docs/sharing/webmasters/crawler))"
74.7.227.11 - - [20/Sep/2026:08:47:54 +0000] "GET /goods.php?search/list/?LineID=219033067 HTTP/1.1" 403 5833 "https://dazzlingwebplanet.com/goods.php?kendostore-hinet101651" "Mozilla/5.0 AppleWebKit/537.36 (KHTML, like Gecko; compatible; GPTBot/1.4; +https://openai.com/gptbot)"
74.7.227.11 - - [20/Sep/2026:08:47:56 +0000] "GET /goods.php?search/list/?LineID=127042075 HTTP/1.1" 403 5833 "https://dazzlingwebplanet.com/goods.php?tire1ban-smvalk-42555" "Mozilla/5.0 AppleWebKit/537.36 (KHTML, like Gecko; compatible; GPTBot/1.4; +https://openai.com/gptbot)"
74.7.227.11 - - [20/Sep/2026:08:47:57 +0000] "GET /goods.php?search/list/?LineID=118017914 HTTP/1.1" 403 5833 "https://dazzlingwebplanet.com/goods.php?cometostore-hb00may2w4q" "Mozilla/5.0 AppleWebKit/537.36 (KHTML, like Gecko; compatible; GPTBot/1.4; +https://openai.com/gptbot)"
74.7.227.11 - - [20/Sep/2026:08:47:58 +0000] "GET /goods.php?search/list/?LineID=084006536 HTTP/1.1" 403 5833 "https://dazzlingwebplanet.com/goods.php?alphaespace-usa-3025026" "Mozilla/5.0 AppleWebKit/537.36 (KHTML, like Gecko; compatible; GPTBot/1.4; +https://openai.com/gptbot)"
74.7.227.11 - - [20/Sep/2026:08:47:59 +0000] "GET /goods.php?search/list/?LineID=206027544 HTTP/1.1" 403 5833 "https://dazzlingwebplanet.com/goods.php?heiwaya-dabe5192" "Mozilla/5.0 AppleWebKit/537.36 (KHTML, like Gecko; compatible; GPTBot/1.4; +https://openai.com/gptbot)"
74.7.227.11 - - [20/Sep/2026:08:48:00 +0000] "GET /goods.php?search/list/?LineID=088037160 HTTP/1.1" 403 5833 "https://dazzlingwebplanet.com/goods.php?ragtag-2005524g0269" "Mozilla/5.0 AppleWebKit/537.36 (KHTML, like Gecko; compatible; GPTBot/1.4; +https://openai.com/gptbot)"
74.7.227.11 - - [20/Sep/2026:08:48:02 +0000] "GET /goods.php?search/list/?LineID=097002383 HTTP/1.1" 403 5833 "https://dazzlingwebplanet.com/goods.php?5788492" "Mozilla/5.0 AppleWebKit/537.36 (KHTML, like Gecko; compatible; GPTBot/1.4; +https://openai.com/gptbot)"
74.7.227.11 - - [20/Sep/2026:08:48:03 +0000] "GET /goods.php?search/list/?LineID=079012047 HTTP/1.1" 403 5833 "https://dazzlingwebplanet.com/goods.php?shop-easu-ds-2223385" "Mozilla/5.0 AppleWebKit/537.36 (KHTML, like Gecko; compatible; GPTBot/1.4; +https://openai.com/gptbot)"
74.7.227.11 - - [20/Sep/2026:08:48:04 +0000] "GET /goods.php?search/list/?LineID=293040147 HTTP/1.1" 403 5833 "https://dazzlingwebplanet.com/goods.php?tuzukiya-c03-4248" "Mozilla/5.0 AppleWebKit/537.36 (KHTML, like Gecko; compatible; GPTBot/1.4; +https://openai.com/gptbot)"
74.7.227.11 - - [20/Sep/2026:08:48:05 +0000] "GET /goods.php?search/list/?LineID=040026896 HTTP/1.1" 403 5833 "https://dazzlingwebplanet.com/goods.php?t-c-laughtale-item-020524-4914" "Mozilla/5.0 AppleWebKit/537.36 (KHTML, like Gecko; compatible; GPTBot/1.4; +https://openai.com/gptbot)"
74.7.227.11 - - [20/Sep/2026:08:48:06 +0000] "GET /goods.php?search/list/?LineID=089045773 HTTP/1.1" 403 5833 "https://dazzlingwebplanet.com/goods.php?outlet/066010829.html" "Mozilla/5.0 AppleWebKit/537.36 (KHTML, like Gecko; compatible; GPTBot/1.4; +https://openai.com/gptbot)"
74.7.227.11 - - [20/Sep/2026:08:48:08 +0000] "GET /goods.php?search/list/?LineID=027048183 HTTP/1.1" 403 5833 "https://dazzlingwebplanet.com/goods.php?websports-55650-1" "Mozilla/5.0 AppleWebKit/537.36 (KHTML, like Gecko; compatible; GPTBot/1.4; +https://openai.com/gptbot)"
74.7.227.11 - - [20/Sep/2026:08:48:09 +0000] "GET /goods.php?search/list/?LineID=195047001 HTTP/1.1" 403 5833 "https://dazzlingwebplanet.com/goods.php?canpanera-n17-3141" "Mozilla/5.0 AppleWebKit/537.36 (KHTML, like Gecko; compatible; GPTBot/1.4; +https://openai.com/gptbot)"
74.7.227.11 - - [20/Sep/2026:08:48:10 +0000] "GET /goods.php?search/list/?LineID=065001737 HTTP/1.1" 403 5833 "https://dazzlingwebplanet.com/goods.php?umibose-b000fwgu4i" "Mozilla/5.0 AppleWebKit/537.36 (KHTML, like Gecko; compatible; GPTBot/1.4; +https://openai.com/gptbot)"
74.7.227.11 - - [20/Sep/2026:08:48:11 +0000] "GET /goods.php?search/list/?LineID=086001174 HTTP/1.1" 403 5833 "https://dazzlingwebplanet.com/goods.php" "Mozilla/5.0 AppleWebKit/537.36 (KHTML, like Gecko; compatible; GPTBot/1.4; +https://openai.com/gptbot)"
54.179.152.210 - - [20/Sep/2026:08:48:13 +0000] "HEAD / HTTP/1.1" 200 4956 "-" "Mozilla/5.0 (Windows NT 10.0; Win64; x64) AppleWebKit/537.36 (KHTML, like Gecko) Chrome/123.0.0.0 Safari/537.36 Edg/123.0.0.0"
74.7.227.11 - - [20/Sep/2026:08:48:13 +0000] "GET /goods.php?search/list/?LineID=058002074 HTTP/1.1" 403 5833 "https://dazzlingwebplanet.com/goods.php?jyusetsupro-4032733" "Mozilla/5.0 AppleWebKit/537.36 (KHTML, like Gecko; compatible; GPTBot/1.4; +https://openai.com/gptbot)"
54.179.152.210 - - [20/Sep/2026:08:48:13 +0000] "GET / HTTP/1.1" 200 6347 "-" "Mozilla/5.0 (Macintosh; Intel Mac OS X 10_15_7) AppleWebKit/537.36 (KHTML, like Gecko) Chrome/124.0.0.0 Safari/537.36"
54.179.152.210 - - [20/Sep/2026:08:48:13 +0000] "GET /.env HTTP/1.1" 200 6347 "-" "Mozilla/5.0 (Macintosh; Intel Mac OS X 13_4_1) AppleWebKit/605.1.15 (KHTML, like Gecko) Version/16.5 Safari/605.1.15"
54.179.152.210 - - [20/Sep/2026:08:48:13 +0000] "GET /.env.save HTTP/1.1" 200 6347 "-" "Mozilla/5.0 (Windows NT 10.0; Win64; x64; rv:125.0) Gecko/20100101 Firefox/125.0"
54.179.152.210 - - [20/Sep/2026:08:48:14 +0000] "GET /.env.txt HTTP/1.1" 200 6347 "-" "Mozilla/5.0 (Windows NT 11.0; Win64; x64) AppleWebKit/537.36 (KHTML, like Gecko) Chrome/124.0.0.0 Safari/537.36"
74.7.227.11 - - [20/Sep/2026:08:48:14 +0000] "GET /goods.php?search/list/?LineID=266013986 HTTP/1.1" 403 5833 "https://dazzlingwebplanet.com/goods.php?deco-maison-ds-2239496" "Mozilla/5.0 AppleWebKit/537.36 (KHTML, like Gecko; compatible; GPTBot/1.4; +https://openai.com/gptbot)"
54.179.152.210 - - [20/Sep/2026:08:48:14 +0000] "GET /.env.live HTTP/1.1" 200 6347 "-" "Mozilla/5.0 (Macintosh; Intel Mac OS X 10.15; rv:125.0) Gecko/20100101 Firefox/125.0"
54.179.152.210 - - [20/Sep/2026:08:48:14 +0000] "GET /.env.prod HTTP/1.1" 200 6347 "-" "Mozilla/5.0 (Windows NT 10.0; Win64; x64) AppleWebKit/537.36 (KHTML, like Gecko) Chrome/123.0.0.0 Safari/537.36"
54.179.152.210 - - [20/Sep/2026:08:48:14 +0000] "GET /.env.production HTTP/1.1" 200 6347 "-" "Mozilla/5.0 (Macintosh; Intel Mac OS X 10.15; rv:125.0) Gecko/20100101 Firefox/125.0"
54.179.152.210 - - [20/Sep/2026:08:48:14 +0000] "GET /.env.copy HTTP/1.1" 403 5833 "-" "Mozilla/5.0 (Windows NT 10.0; Win64; x64) AppleWebKit/537.36 (KHTML, like Gecko) Chrome/124.0.0.0 Safari/537.36 OPR/110.0.0.0"
54.179.152.210 - - [20/Sep/2026:08:48:15 +0000] "GET /.env.1 HTTP/1.1" 200 6347 "-" "Mozilla/5.0 (Windows NT 11.0; Win64; x64) AppleWebKit/537.36 (KHTML, like Gecko) Chrome/124.0.0.0 Safari/537.36"
74.7.227.11 - - [20/Sep/2026:08:48:15 +0000] "GET /goods.php?search/list/?LineID=059027219 HTTP/1.1" 403 5833 "https://dazzlingwebplanet.com/goods.php?stylelogic-b09t2br51h" "Mozilla/5.0 AppleWebKit/537.36 (KHTML, like Gecko; compatible; GPTBot/1.4; +https://openai.com/gptbot)"
54.179.152.210 - - [20/Sep/2026:08:48:15 +0000] "GET /.env.back HTTP/1.1" 200 6347 "-" "Mozilla/5.0 (Windows NT 10.0; Win64; x64) AppleWebKit/537.36 (KHTML, like Gecko) Chrome/123.0.0.0 Safari/537.36 Edg/123.0.0.0"
54.179.152.210 - - [20/Sep/2026:08:48:15 +0000] "GET /.env.backup HTTP/1.1" 200 6347 "-" "Mozilla/5.0 (Macintosh; Intel Mac OS X 10.15; rv:125.0) Gecko/20100101 Firefox/125.0"
54.179.152.210 - - [20/Sep/2026:08:48:15 +0000] "GET /laravel/.env HTTP/1.1" 200 6347 "-" "Mozilla/5.0 (Windows NT 10.0; Win64; x64) AppleWebKit/537.36 (KHTML, like Gecko) Chrome/123.0.0.0 Safari/537.36"
54.179.152.210 - - [20/Sep/2026:08:48:16 +0000] "GET /laravel/api/.env HTTP/1.1" 200 6347 "-" "Mozilla/5.0 (Macintosh; Intel Mac OS X 13_4) AppleWebKit/537.36 (KHTML, like Gecko) Chrome/123.0.0.0 Safari/537.36"
54.179.152.210 - - [20/Sep/2026:08:48:16 +0000] "GET /private/.env HTTP/1.1" 200 6347 "-" "Mozilla/5.0 (Macintosh; Intel Mac OS X 13_4) AppleWebKit/537.36 (KHTML, like Gecko) Chrome/123.0.0.0 Safari/537.36"
54.179.152.210 - - [20/Sep/2026:08:48:16 +0000] "GET /project/.env HTTP/1.1" 200 6347 "-" "Mozilla/5.0 (Macintosh; Intel Mac OS X 14_0) AppleWebKit/605.1.15 (KHTML, like Gecko) Version/17.0 Safari/605.1.15"
54.179.152.210 - - [20/Sep/2026:08:48:16 +0000] "GET /projects/.env HTTP/1.1" 200 6347 "-" "Mozilla/5.0 (Macintosh; Intel Mac OS X 10_15_7) AppleWebKit/537.36 (KHTML, like Gecko) Chrome/124.0.0.0 Safari/537.36"
74.7.227.11 - - [20/Sep/2026:08:48:16 +0000] "GET /goods.php?search/list/?LineID=094005564 HTTP/1.1" 403 5833 "https://dazzlingwebplanet.com/goods.php?tarotodenki-ap51115" "Mozilla/5.0 AppleWebKit/537.36 (KHTML, like Gecko; compatible; GPTBot/1.4; +https://openai.com/gptbot)"
114.119.156.59 - - [20/Sep/2026:08:48:16 +0000] "GET /shopping/056024274 HTTP/1.1" 200 6347 "https://dazzlingwebplanet.com/?sitemap338.xml" "Mozilla/5.0 (Linux; Android 7.0;) AppleWebKit/537.36 (HTML, like Gecko) Mobile Safari/537.36 (compatible; PetalBot;+https://webmaster.petalsearch.com/site/petalbot)"
54.179.152.210 - - [20/Sep/2026:08:48:16 +0000] "GET /public/.env HTTP/1.1" 200 6347 "-" "Mozilla/5.0 (Macintosh; Intel Mac OS X 13_4) AppleWebKit/537.36 (KHTML, like Gecko) Chrome/123.0.0.0 Safari/537.36"
54.179.152.210 - - [20/Sep/2026:08:48:16 +0000] "GET /public/api/.env HTTP/1.1" 200 6347 "-" "Mozilla/5.0 (Windows NT 10.0; Win64; x64; rv:125.0) Gecko/20100101 Firefox/125.0"
54.179.152.210 - - [20/Sep/2026:08:48:17 +0000] "GET /public_html/.env HTTP/1.1" 200 6347 "-" "Mozilla/5.0 (Windows NT 11.0; Win64; x64) AppleWebKit/537.36 (KHTML, like Gecko) Chrome/124.0.0.0 Safari/537.36"
57.141.0.7 - - [20/Sep/2026:08:48:17 +0000] "GET /item/K61644293.html HTTP/1.1" 200 6347 "-" "Mozilla/5.0 (Windows NT 10.0; Win64; x64) AppleWebKit/537.36 (KHTML, like Gecko) Chrome/145.0.0.0 Safari/537.36 (compatible; meta-externalagent/1.1 (+https://developers.facebook.com/docs/sharing/webmasters/crawler))"
54.179.152.210 - - [20/Sep/2026:08:48:17 +0000] "GET /static/.env HTTP/1.1" 200 6347 "-" "Mozilla/5.0 (Windows NT 11.0; Win64; x64) AppleWebKit/537.36 (KHTML, like Gecko) Chrome/124.0.0.0 Safari/537.36"
54.179.152.210 - - [20/Sep/2026:08:48:17 +0000] "GET /assets/.env HTTP/1.1" 200 6347 "-" "Mozilla/5.0 (Macintosh; Intel Mac OS X 13_4) AppleWebKit/537.36 (KHTML, like Gecko) Chrome/123.0.0.0 Safari/537.36"
54.179.152.210 - - [20/Sep/2026:08:48:17 +0000] "GET /app/.env HTTP/1.1" 200 6347 "-" "Mozilla/5.0 (Macintosh; Intel Mac OS X 13_4) AppleWebKit/537.36 (KHTML, like Gecko) Chrome/123.0.0.0 Safari/537.36"
54.179.152.210 - - [20/Sep/2026:08:48:17 +0000] "GET /app/config/.env HTTP/1.1" 200 6347 "-" "Mozilla/5.0 (Windows NT 10.0; Win64; x64; rv:125.0) Gecko/20100101 Firefox/125.0"
74.7.227.11 - - [20/Sep/2026:08:48:17 +0000] "GET /goods.php?search/list/?LineID=059030967 HTTP/1.1" 403 5833 "https://dazzlingwebplanet.com/goods.php?kanteikyoku-h26-2137" "Mozilla/5.0 AppleWebKit/537.36 (KHTML, like Gecko; compatible; GPTBot/1.4; +https://openai.com/gptbot)"
54.179.152.210 - - [20/Sep/2026:08:48:18 +0000] "GET /application/.env HTTP/1.1" 200 6347 "-" "Mozilla/5.0 (Windows NT 10.0; Win64; x64) AppleWebKit/537.36 (KHTML, like Gecko) Chrome/124.0.0.0 Safari/537.36 OPR/110.0.0.0"
54.179.152.210 - - [20/Sep/2026:08:48:18 +0000] "GET /application/config/.env HTTP/1.1" 200 6347 "-" "Mozilla/5.0 (Windows NT 10.0; Win64; x64) AppleWebKit/537.36 (KHTML, like Gecko) Chrome/124.0.0.0 Safari/537.36"
54.179.152.210 - - [20/Sep/2026:08:48:18 +0000] "GET /app/etc/.env HTTP/1.1" 200 6347 "-" "Mozilla/5.0 (Macintosh; Intel Mac OS X 14_0) AppleWebKit/605.1.15 (KHTML, like Gecko) Version/17.0 Safari/605.1.15"
54.179.152.210 - - [20/Sep/2026:08:48:18 +0000] "GET /admin/.env HTTP/1.1" 200 6347 "-" "Mozilla/5.0 (Windows NT 10.0; Win64; x64; rv:125.0) Gecko/20100101 Firefox/125.0"
54.179.152.210 - - [20/Sep/2026:08:48:18 +0000] "GET /ADMIN/.env HTTP/1.1" 200 6347 "-" "Mozilla/5.0 (Macintosh; Intel Mac OS X 14_0) AppleWebKit/605.1.15 (KHTML, like Gecko) Version/17.0 Safari/605.1.15"
54.179.152.210 - - [20/Sep/2026:08:48:18 +0000] "GET /admin/api/.env HTTP/1.1" 200 6347 "-" "Mozilla/5.0 (Windows NT 10.0; Win64; x64) AppleWebKit/537.36 (KHTML, like Gecko) Chrome/124.0.0.0 Safari/537.36"
74.7.227.11 - - [20/Sep/2026:08:48:19 +0000] "GET /goods.php?search/list/?LineID=159013605 HTTP/1.1" 403 5833 "https://dazzlingwebplanet.com/goods.php?diningmart-4870900" "Mozilla/5.0 AppleWebKit/537.36 (KHTML, like Gecko; compatible; GPTBot/1.4; +https://openai.com/gptbot)"
54.179.152.210 - - [20/Sep/2026:08:48:19 +0000] "GET /admin-api/.env HTTP/1.1" 200 6347 "-" "Mozilla/5.0 (Windows NT 10.0; Win64; x64) AppleWebKit/537.36 (KHTML, like Gecko) Chrome/124.0.0.0 Safari/537.36 Edg/124.0.0.0"
54.179.152.210 - - [20/Sep/2026:08:48:19 +0000] "GET /api-admin/.env HTTP/1.1" 200 6347 "-" "Mozilla/5.0 (Windows NT 10.0; Win64; x64) AppleWebKit/537.36 (KHTML, like Gecko) Chrome/123.0.0.0 Safari/537.36 Edg/123.0.0.0"
54.179.152.210 - - [20/Sep/2026:08:48:19 +0000] "GET /api/.env HTTP/1.1" 200 6347 "-" "Mozilla/5.0 (Macintosh; Intel Mac OS X 13_4_1) AppleWebKit/605.1.15 (KHTML, like Gecko) Version/16.5 Safari/605.1.15"
54.179.152.210 - - [20/Sep/2026:08:48:19 +0000] "GET /API/.env HTTP/1.1" 200 6347 "-" "Mozilla/5.0 (Windows NT 10.0; Win64; x64) AppleWebKit/537.36 (KHTML, like Gecko) Chrome/123.0.0.0 Safari/537.36 Edg/123.0.0.0"
54.179.152.210 - - [20/Sep/2026:08:48:19 +0000] "GET /apis/.env HTTP/1.1" 200 6347 "-" "Mozilla/5.0 (Macintosh; Intel Mac OS X 10.15; rv:125.0) Gecko/20100101 Firefox/125.0"
54.179.152.210 - - [20/Sep/2026:08:48:20 +0000] "GET /inc/.env HTTP/1.1" 200 6347 "-" "Mozilla/5.0 (Macintosh; Intel Mac OS X 13_4_1) AppleWebKit/605.1.15 (KHTML, like Gecko) Version/16.5 Safari/605.1.15"
54.179.152.210 - - [20/Sep/2026:08:48:20 +0000] "GET /includes/.env HTTP/1.1" 200 6347 "-" "Mozilla/5.0 (Windows NT 10.0; Win64; x64; rv:125.0) Gecko/20100101 Firefox/125.0"
74.7.227.11 - - [20/Sep/2026:08:48:20 +0000] "GET /goods.php?search/list/?LineID=042006794 HTTP/1.1" 403 5833 "https://dazzlingwebplanet.com/goods.php?edenki-ed1939851" "Mozilla/5.0 AppleWebKit/537.36 (KHTML, like Gecko; compatible; GPTBot/1.4; +https://openai.com/gptbot)"
54.179.152.210 - - [20/Sep/2026:08:48:20 +0000] "GET /backend/.env HTTP/1.1" 200 6347 "-" "Mozilla/5.0 (Windows NT 10.0; Win64; x64) AppleWebKit/537.36 (KHTML, like Gecko) Chrome/124.0.0.0 Safari/537.36"
54.179.152.210 - - [20/Sep/2026:08:48:20 +0000] "GET /BACKEND/.env HTTP/1.1" 200 6347 "-" "Mozilla/5.0 (Windows NT 10.0; Win64; x64) AppleWebKit/537.36 (KHTML, like Gecko) Chrome/123.0.0.0 Safari/537.36 Edg/123.0.0.0"
54.179.152.210 - - [20/Sep/2026:08:48:20 +0000] "GET /backend/api/.env HTTP/1.1" 200 6347 "-" "Mozilla/5.0 (Macintosh; Intel Mac OS X 14_0) AppleWebKit/605.1.15 (KHTML, like Gecko) Version/17.0 Safari/605.1.15"
54.179.152.210 - - [20/Sep/2026:08:48:20 +0000] "GET /backend-api/.env HTTP/1.1" 200 6347 "-" "Mozilla/5.0 (Windows NT 10.0; Win64; x64) AppleWebKit/537.36 (KHTML, like Gecko) Chrome/123.0.0.0 Safari/537.36"
54.179.152.210 - - [20/Sep/2026:08:48:21 +0000] "GET /backend_api/.env HTTP/1.1" 200 6347 "-" "Mozilla/5.0 (Macintosh; Intel Mac OS X 10_15_7) AppleWebKit/537.36 (KHTML, like Gecko) Chrome/124.0.0.0 Safari/537.36"
54.179.152.210 - - [20/Sep/2026:08:48:21 +0000] "GET /cakephp/.env HTTP/1.1" 403 5833 "-" "Mozilla/5.0 (Windows NT 10.0; Win64; x64; rv:125.0) Gecko/20100101 Firefox/125.0"
74.7.227.11 - - [20/Sep/2026:08:48:21 +0000] "GET /goods.php?search/list/?LineID=086001236 HTTP/1.1" 403 5833 "https://dazzlingwebplanet.com/goods.php?uskaban-zkm-600-1" "Mozilla/5.0 AppleWebKit/537.36 (KHTML, like Gecko; compatible; GPTBot/1.4; +https://openai.com/gptbot)"
54.179.152.210 - - [20/Sep/2026:08:48:21 +0000] "GET /codeigniter/.env HTTP/1.1" 200 6347 "-" "Mozilla/5.0 (Macintosh; Intel Mac OS X 14_0) AppleWebKit/605.1.15 (KHTML, like Gecko) Version/17.0 Safari/605.1.15"
54.179.152.210 - - [20/Sep/2026:08:48:22 +0000] "GET /config/.env HTTP/1.1" 200 6347 "-" "Mozilla/5.0 (Windows NT 10.0; Win64; x64) AppleWebKit/537.36 (KHTML, like Gecko) Chrome/124.0.0.0 Safari/537.36"
54.179.152.210 - - [20/Sep/2026:08:48:22 +0000] "GET /configuration/.env HTTP/1.1" 200 6347 "-" "Mozilla/5.0 (Macintosh; Intel Mac OS X 14_0) AppleWebKit/605.1.15 (KHTML, like Gecko) Version/17.0 Safari/605.1.15"
54.179.152.210 - - [20/Sep/2026:08:48:22 +0000] "GET /core/.env HTTP/1.1" 200 6347 "-" "Mozilla/5.0 (Windows NT 10.0; Win64; x64) AppleWebKit/537.36 (KHTML, like Gecko) Chrome/124.0.0.0 Safari/537.36 OPR/110.0.0.0"
54.179.152.210 - - [20/Sep/2026:08:48:22 +0000] "GET /current/.env HTTP/1.1" 200 6347 "-" "Mozilla/5.0 (Windows NT 10.0; Win64; x64; rv:124.0) Gecko/20100101 Firefox/124.0"
54.179.152.210 - - [20/Sep/2026:08:48:22 +0000] "GET /shared/.env HTTP/1.1" 200 6347 "-" "Mozilla/5.0 (Windows NT 10.0; Win64; x64) AppleWebKit/537.36 (KHTML, like Gecko) Chrome/124.0.0.0 Safari/537.36"
74.7.227.11 - - [20/Sep/2026:08:48:22 +0000] "GET /goods.php?search/list/?LineID=124028668 HTTP/1.1" 403 5833 "https://dazzlingwebplanet.com/goods.php?rcmdva-tm-2062609" "Mozilla/5.0 AppleWebKit/537.36 (KHTML, like Gecko; compatible; GPTBot/1.4; +https://openai.com/gptbot)"
54.179.152.210 - - [20/Sep/2026:08:48:22 +0000] "GET /deploy/.env HTTP/1.1" 200 6347 "-" "Mozilla/5.0 (Windows NT 10.0; Win64; x64; rv:124.0) Gecko/20100101 Firefox/124.0"
54.179.152.210 - - [20/Sep/2026:08:48:23 +0000] "GET /deployment/.env HTTP/1.1" 200 6347 "-" "Mozilla/5.0 (Windows NT 10.0; Win64; x64; rv:125.0) Gecko/20100101 Firefox/125.0"
54.179.152.210 - - [20/Sep/2026:08:48:23 +0000] "GET /docker/.env HTTP/1.1" 200 6347 "-" "Mozilla/5.0 (Windows NT 10.0; Win64; x64) AppleWebKit/537.36 (KHTML, like Gecko) Chrome/124.0.0.0 Safari/537.36 Edg/124.0.0.0"
54.179.152.210 - - [20/Sep/2026:08:48:23 +0000] "GET /docker/api/.env HTTP/1.1" 200 6347 "-" "Mozilla/5.0 (Macintosh; Intel Mac OS X 10.15; rv:125.0) Gecko/20100101 Firefox/125.0"
54.179.152.210 - - [20/Sep/2026:08:48:23 +0000] "GET /env/.env HTTP/1.1" 200 6347 "-" "Mozilla/5.0 (Windows NT 10.0; Win64; x64; rv:124.0) Gecko/20100101 Firefox/124.0"
54.179.152.210 - - [20/Sep/2026:08:48:23 +0000] "GET /envs/.env HTTP/1.1" 200 6347 "-" "Mozilla/5.0 (Macintosh; Intel Mac OS X 13_4_1) AppleWebKit/605.1.15 (KHTML, like Gecko) Version/16.5 Safari/605.1.15"
74.7.227.11 - - [20/Sep/2026:08:48:23 +0000] "GET /goods.php?search/list/?LineID=201045489 HTTP/1.1" 403 5833 "https://dazzlingwebplanet.com/goods.php?search/list/?LineID=265010783" "Mozilla/5.0 AppleWebKit/537.36 (KHTML, like Gecko; compatible; GPTBot/1.4; +https://openai.com/gptbot)"
54.179.152.210 - - [20/Sep/2026:08:48:23 +0000] "GET /environment/.env HTTP/1.1" 200 6347 "-" "Mozilla/5.0 (Macintosh; Intel Mac OS X 13_4_1) AppleWebKit/605.1.15 (KHTML, like Gecko) Version/16.5 Safari/605.1.15"
54.179.152.210 - - [20/Sep/2026:08:48:24 +0000] "GET /environments/.env HTTP/1.1" 200 6347 "-" "Mozilla/5.0 (Windows NT 10.0; Win64; x64) AppleWebKit/537.36 (KHTML, like Gecko) Chrome/124.0.0.0 Safari/537.36"
54.179.152.210 - - [20/Sep/2026:08:48:24 +0000] "GET /web/.env HTTP/1.1" 200 6347 "-" "Mozilla/5.0 (Windows NT 10.0; Win64; x64) AppleWebKit/537.36 (KHTML, like Gecko) Chrome/123.0.0.0 Safari/537.36 Edg/123.0.0.0"
54.179.152.210 - - [20/Sep/2026:08:48:24 +0000] "GET /src/.env HTTP/1.1" 200 6347 "-" "Mozilla/5.0 (Macintosh; Intel Mac OS X 10_15_7) AppleWebKit/537.36 (KHTML, like Gecko) Chrome/124.0.0.0 Safari/537.36"
54.179.152.210 - - [20/Sep/2026:08:48:24 +0000] "GET /system/.env HTTP/1.1" 200 6347 "-" "Mozilla/5.0 (Windows NT 11.0; Win64; x64) AppleWebKit/537.36 (KHTML, like Gecko) Chrome/124.0.0.0 Safari/537.36"
54.179.152.210 - - [20/Sep/2026:08:48:24 +0000] "GET /secure/.env HTTP/1.1" 200 6347 "-" "Mozilla/5.0 (Windows NT 10.0; Win64; x64) AppleWebKit/537.36 (KHTML, like Gecko) Chrome/123.0.0.0 Safari/537.36 Edg/123.0.0.0"
54.179.152.210 - - [20/Sep/2026:08:48:25 +0000] "GET /system/config/.env HTTP/1.1" 200 6347 "-" "Mozilla/5.0 (Windows NT 10.0; Win64; x64; rv:124.0) Gecko/20100101 Firefox/124.0"
74.7.227.11 - - [20/Sep/2026:08:48:25 +0000] "GET /goods.php?search/list/?LineID=193024499 HTTP/1.1" 403 5833 "https://dazzlingwebplanet.com/goods.php?daiwa-yohin-mod9200" "Mozilla/5.0 AppleWebKit/537.36 (KHTML, like Gecko; compatible; GPTBot/1.4; +https://openai.com/gptbot)"
54.179.152.210 - - [20/Sep/2026:08:48:25 +0000] "GET /yii/.env HTTP/1.1" 200 6347 "-" "Mozilla/5.0 (Windows NT 10.0; Win64; x64) AppleWebKit/537.36 (KHTML, like Gecko) Chrome/124.0.0.0 Safari/537.36"
54.179.152.210 - - [20/Sep/2026:08:48:25 +0000] "GET /yii2/.env HTTP/1.1" 200 6347 "-" "Mozilla/5.0 (Windows NT 10.0; Win64; x64) AppleWebKit/537.36 (KHTML, like Gecko) Chrome/124.0.0.0 Safari/537.36 Edg/124.0.0.0"
54.179.152.210 - - [20/Sep/2026:08:48:25 +0000] "GET /protected/.env HTTP/1.1" 200 6347 "-" "Mozilla/5.0 (Windows NT 10.0; Win64; x64) AppleWebKit/537.36 (KHTML, like Gecko) Chrome/123.0.0.0 Safari/537.36 Edg/123.0.0.0"
54.179.152.210 - - [20/Sep/2026:08:48:25 +0000] "GET /protected/config/.env HTTP/1.1" 200 6347 "-" "Mozilla/5.0 (Macintosh; Intel Mac OS X 10_15_7) AppleWebKit/537.36 (KHTML, like Gecko) Chrome/124.0.0.0 Safari/537.36"
54.179.152.210 - - [20/Sep/2026:08:48:25 +0000] "GET /protected/config/config.json HTTP/1.1" 200 6347 "-" "Mozilla/5.0 (Windows NT 10.0; Win64; x64) AppleWebKit/537.36 (KHTML, like Gecko) Chrome/123.0.0.0 Safari/537.36 Edg/123.0.0.0"
54.179.152.210 - - [20/Sep/2026:08:48:26 +0000] "GET /i.php HTTP/1.1" 403 5833 "-" "Mozilla/5.0 (Windows NT 10.0; Win64; x64) AppleWebKit/537.36 (KHTML, like Gecko) Chrome/124.0.0.0 Safari/537.36"
74.7.227.11 - - [20/Sep/2026:08:48:26 +0000] "GET /goods.php?search/list/?LineID=290036354 HTTP/1.1" 403 5833 "https://dazzlingwebplanet.com/goods.php?natsushop-y79i2t99-1" "Mozilla/5.0 AppleWebKit/537.36 (KHTML, like Gecko; compatible; GPTBot/1.4; +https://openai.com/gptbot)"
54.179.152.210 - - [20/Sep/2026:08:48:26 +0000] "GET /test.php HTTP/1.1" 403 5833 "-" "Mozilla/5.0 (Windows NT 10.0; Win64; x64; rv:125.0) Gecko/20100101 Firefox/125.0"
54.179.152.210 - - [20/Sep/2026:08:48:27 +0000] "GET /info HTTP/1.1" 200 6347 "-" "Mozilla/5.0 (Macintosh; Intel Mac OS X 10.15; rv:125.0) Gecko/20100101 Firefox/125.0"
54.179.152.210 - - [20/Sep/2026:08:48:27 +0000] "GET /info.php HTTP/1.1" 403 5833 "-" "Mozilla/5.0 (Windows NT 10.0; Win64; x64; rv:125.0) Gecko/20100101 Firefox/125.0"
74.7.227.11 - - [20/Sep/2026:08:48:27 +0000] "GET /goods.php?search/list/?LineID=037021079 HTTP/1.1" 403 5833 "https://dazzlingwebplanet.com/goods.php?doriem-b00inhrl6s" "Mozilla/5.0 AppleWebKit/537.36 (KHTML, like Gecko; compatible; GPTBot/1.4; +https://openai.com/gptbot)"
54.179.152.210 - - [20/Sep/2026:08:48:27 +0000] "GET /phpinfo.php HTTP/1.1" 403 5833 "-" "Mozilla/5.0 (Windows NT 10.0; Win64; x64) AppleWebKit/537.36 (KHTML, like Gecko) Chrome/123.0.0.0 Safari/537.36 Edg/123.0.0.0"
54.179.152.210 - - [20/Sep/2026:08:48:28 +0000] "GET /phpinfo HTTP/1.1" 200 6347 "-" "Mozilla/5.0 (Windows NT 11.0; Win64; x64) AppleWebKit/537.36 (KHTML, like Gecko) Chrome/124.0.0.0 Safari/537.36"
54.179.152.210 - - [20/Sep/2026:08:48:28 +0000] "GET /php_info HTTP/1.1" 200 6347 "-" "Mozilla/5.0 (Windows NT 10.0; Win64; x64; rv:124.0) Gecko/20100101 Firefox/124.0"
54.179.152.210 - - [20/Sep/2026:08:48:28 +0000] "GET /php_info.php HTTP/1.1" 403 5833 "-" "Mozilla/5.0 (Windows NT 10.0; Win64; x64) AppleWebKit/537.36 (KHTML, like Gecko) Chrome/124.0.0.0 Safari/537.36"
74.7.227.11 - - [20/Sep/2026:08:48:28 +0000] "GET /goods.php?search/list/?LineID=275046473 HTTP/1.1" 403 5833 "https://dazzlingwebplanet.com/goods.php?rcmdva-tm-2400281" "Mozilla/5.0 AppleWebKit/537.36 (KHTML, like Gecko; compatible; GPTBot/1.4; +https://openai.com/gptbot)"
54.179.152.210 - - [20/Sep/2026:08:48:29 +0000] "GET /infophp.php HTTP/1.1" 403 5833 "-" "Mozilla/5.0 (Windows NT 10.0; Win64; x64) AppleWebKit/537.36 (KHTML, like Gecko) Chrome/124.0.0.0 Safari/537.36 OPR/110.0.0.0"
57.141.0.26 - - [20/Sep/2026:08:48:29 +0000] "GET /item/K10916496.html HTTP/1.1" 200 6347 "-" "Mozilla/5.0 (Macintosh; Intel Mac OS X 10_15_7) AppleWebKit/537.36 (KHTML, like Gecko) Chrome/145.0.0.0 Safari/537.36 (compatible; meta-externalagent/1.1 (+https://developers.facebook.com/docs/sharing/webmasters/crawler))"
54.179.152.210 - - [20/Sep/2026:08:48:29 +0000] "GET /phpversion.php HTTP/1.1" 403 5833 "-" "Mozilla/5.0 (Windows NT 10.0; Win64; x64) AppleWebKit/537.36 (KHTML, like Gecko) Chrome/124.0.0.0 Safari/537.36"
74.7.227.11 - - [20/Sep/2026:08:48:30 +0000] "GET /goods.php?search/list/?LineID=260043184 HTTP/1.1" 403 5833 "https://dazzlingwebplanet.com/goods.php?edenki-ed3204290" "Mozilla/5.0 AppleWebKit/537.36 (KHTML, like Gecko; compatible; GPTBot/1.4; +https://openai.com/gptbot)"
54.179.152.210 - - [20/Sep/2026:08:48:30 +0000] "GET /version.php HTTP/1.1" 403 5833 "-" "Mozilla/5.0 (Windows NT 10.0; Win64; x64) AppleWebKit/537.36 (KHTML, like Gecko) Chrome/123.0.0.0 Safari/537.36"
54.179.152.210 - - [20/Sep/2026:08:48:30 +0000] "GET /php.php HTTP/1.1" 403 5833 "-" "Mozilla/5.0 (Windows NT 10.0; Win64; x64; rv:124.0) Gecko/20100101 Firefox/124.0"
74.7.227.11 - - [20/Sep/2026:08:48:31 +0000] "GET /goods.php?search/list/?LineID=156020680 HTTP/1.1" 403 5833 "https://dazzlingwebplanet.com/goods.php?ganbariya-200-3327" "Mozilla/5.0 AppleWebKit/537.36 (KHTML, like Gecko; compatible; GPTBot/1.4; +https://openai.com/gptbot)"
54.179.152.210 - - [20/Sep/2026:08:48:31 +0000] "GET /php-info.php HTTP/1.1" 403 5833 "-" "Mozilla/5.0 (Windows NT 10.0; Win64; x64; rv:125.0) Gecko/20100101 Firefox/125.0"
54.179.152.210 - - [20/Sep/2026:08:48:31 +0000] "GET /sysinfo.php HTTP/1.1" 403 5833 "-" "Mozilla/5.0 (Windows NT 10.0; Win64; x64) AppleWebKit/537.36 (KHTML, like Gecko) Chrome/124.0.0.0 Safari/537.36 OPR/110.0.0.0"
54.179.152.210 - - [20/Sep/2026:08:48:32 +0000] "GET /system.php HTTP/1.1" 403 5833 "-" "Mozilla/5.0 (Windows NT 10.0; Win64; x64) AppleWebKit/537.36 (KHTML, like Gecko) Chrome/124.0.0.0 Safari/537.36"
74.7.227.11 - - [20/Sep/2026:08:48:32 +0000] "GET /goods.php?search/list/?LineID=193031865 HTTP/1.1" 403 5833 "https://dazzlingwebplanet.com/goods.php?akarica-810-6903" "Mozilla/5.0 AppleWebKit/537.36 (KHTML, like Gecko; compatible; GPTBot/1.4; +https://openai.com/gptbot)"
57.141.0.10 - - [20/Sep/2026:08:48:32 +0000] "GET /item/K70524686.html HTTP/1.1" 200 6347 "-" "Mozilla/5.0 (Windows NT 10.0; Win64; x64) AppleWebKit/537.36 (KHTML, like Gecko) Chrome/145.0.0.0 Safari/537.36 (compatible; meta-externalagent/1.1 (+https://developers.facebook.com/docs/sharing/webmasters/crawler))"
54.179.152.210 - - [20/Sep/2026:08:48:32 +0000] "GET /_profiler/phpinfo HTTP/1.1" 200 6347 "-" "Mozilla/5.0 (Macintosh; Intel Mac OS X 14_0) AppleWebKit/605.1.15 (KHTML, like Gecko) Version/17.0 Safari/605.1.15"
54.179.152.210 - - [20/Sep/2026:08:48:33 +0000] "GET /app_dev.php/_profiler/phpinfo HTTP/1.1" 403 5833 "-" "Mozilla/5.0 (Windows NT 10.0; Win64; x64) AppleWebKit/537.36 (KHTML, like Gecko) Chrome/124.0.0.0 Safari/537.36"
74.7.227.11 - - [20/Sep/2026:08:48:33 +0000] "GET /goods.php?search/list/?LineID=229007255 HTTP/1.1" 403 5833 "https://dazzlingwebplanet.com/goods.php?zakka-store2022-cw187" "Mozilla/5.0 AppleWebKit/537.36 (KHTML, like Gecko; compatible; GPTBot/1.4; +https://openai.com/gptbot)"
54.179.152.210 - - [20/Sep/2026:08:48:33 +0000] "GET /_ignition/execute-solution HTTP/1.1" 200 6347 "-" "Mozilla/5.0 (Windows NT 10.0; Win64; x64; rv:125.0) Gecko/20100101 Firefox/125.0"
54.179.152.210 - - [20/Sep/2026:08:48:33 +0000] "GET /app/config/parameters.yml HTTP/1.1" 200 6347 "-" "Mozilla/5.0 (Windows NT 10.0; Win64; x64; rv:124.0) Gecko/20100101 Firefox/124.0"
54.179.152.210 - - [20/Sep/2026:08:48:34 +0000] "POST / HTTP/1.1" 200 6347 "-" "Mozilla/5.0 (Windows NT 10.0; Win64; x64) AppleWebKit/537.36 (KHTML, like Gecko) Chrome/124.0.0.0 Safari/537.36 OPR/110.0.0.0"
74.7.227.11 - - [20/Sep/2026:08:48:34 +0000] "GET /goods.php?search/list/?LineID=237031445 HTTP/1.1" 403 5833 "https://dazzlingwebplanet.com/goods.php?opinion-cosme-200102957101" "Mozilla/5.0 AppleWebKit/537.36 (KHTML, like Gecko; compatible; GPTBot/1.4; +https://openai.com/gptbot)"
74.7.227.11 - - [20/Sep/2026:08:48:36 +0000] "GET /goods.php?search/list/?LineID=095022551 HTTP/1.1" 403 5833 "https://dazzlingwebplanet.com/goods.php?vivitoplus-item-016921-1829" "Mozilla/5.0 AppleWebKit/537.36 (KHTML, like Gecko; compatible; GPTBot/1.4; +https://openai.com/gptbot)"
74.7.227.11 - - [20/Sep/2026:08:48:37 +0000] "GET /goods.php?search/list/?LineID=079002369 HTTP/1.1" 403 5833 "https://dazzlingwebplanet.com/goods.php?outlet/129047836.html" "Mozilla/5.0 AppleWebKit/537.36 (KHTML, like Gecko; compatible; GPTBot/1.4; +https://openai.com/gptbot)"
74.7.227.11 - - [20/Sep/2026:08:48:38 +0000] "GET /goods.php?search/list/?LineID=275019329 HTTP/1.1" 403 5833 "https://dazzlingwebplanet.com/goods.php?shop-easu-ds-2523098" "Mozilla/5.0 AppleWebKit/537.36 (KHTML, like Gecko; compatible; GPTBot/1.4; +https://openai.com/gptbot)"
74.7.227.11 - - [20/Sep/2026:08:48:39 +0000] "GET /goods.php?search/list/?LineID=071003781 HTTP/1.1" 403 5833 "https://dazzlingwebplanet.com/goods.php?osharestore2025-4969527510040" "Mozilla/5.0 AppleWebKit/537.36 (KHTML, like Gecko; compatible; GPTBot/1.4; +https://openai.com/gptbot)"
74.7.227.11 - - [20/Sep/2026:08:48:41 +0000] "GET /goods.php?search/list/?LineID=278031040 HTTP/1.1" 403 5833 "https://dazzlingwebplanet.com/goods.php?hirochishop-63099-tn" "Mozilla/5.0 AppleWebKit/537.36 (KHTML, like Gecko; compatible; GPTBot/1.4; +https://openai.com/gptbot)"
74.7.227.11 - - [20/Sep/2026:08:48:42 +0000] "GET /goods.php?search/list/?LineID=064001186 HTTP/1.1" 403 5833 "https://dazzlingwebplanet.com/goods.php?gakkiwatanabe-a101107" "Mozilla/5.0 AppleWebKit/537.36 (KHTML, like Gecko; compatible; GPTBot/1.4; +https://openai.com/gptbot)"
74.7.227.11 - - [20/Sep/2026:08:48:43 +0000] "GET /goods.php?search/list/?LineID=169039589 HTTP/1.1" 403 5833 "https://dazzlingwebplanet.com/goods.php?hirochishop-244-9092-tn" "Mozilla/5.0 AppleWebKit/537.36 (KHTML, like Gecko; compatible; GPTBot/1.4; +https://openai.com/gptbot)"
74.7.227.11 - - [20/Sep/2026:08:48:44 +0000] "GET /goods.php?search/list/?LineID=087032483 HTTP/1.1" 403 5833 "https://dazzlingwebplanet.com/goods.php?white-willow-hccr0346-c" "Mozilla/5.0 AppleWebKit/537.36 (KHTML, like Gecko; compatible; GPTBot/1.4; +https://openai.com/gptbot)"
157.55.39.59 - - [20/Sep/2026:08:48:44 +0000] "GET /item/K11916464.html HTTP/1.1" 200 6347 "-" "Mozilla/5.0 AppleWebKit/537.36 (KHTML, like Gecko; compatible; bingbot/2.0; +http://www.bing.com/bingbot.htm) Chrome/116.0.1938.76 Safari/537.36"
74.7.227.11 - - [20/Sep/2026:08:48:45 +0000] "GET /goods.php?search/list/?LineID=070015974 HTTP/1.1" 403 5833 "https://dazzlingwebplanet.com/goods.php?93780184" "Mozilla/5.0 AppleWebKit/537.36 (KHTML, like Gecko; compatible; GPTBot/1.4; +https://openai.com/gptbot)"
57.141.0.43 - - [20/Sep/2026:08:48:46 +0000] "GET /shop/736ee139025801 HTTP/1.1" 200 6347 "-" "Mozilla/5.0 (Windows NT 10.0; Win64; x64) AppleWebKit/537.36 (KHTML, like Gecko) Chrome/145.0.0.0 Safari/537.36 (compatible; meta-externalagent/1.1 (+https://developers.facebook.com/docs/sharing/webmasters/crawler))"
74.7.227.11 - - [20/Sep/2026:08:48:47 +0000] "GET /goods.php?search/list/?LineID=013008377 HTTP/1.1" 403 5833 "https://dazzlingwebplanet.com/goods.php?search/list/?LineID=013007791" "Mozilla/5.0 AppleWebKit/537.36 (KHTML, like Gecko; compatible; GPTBot/1.4; +https://openai.com/gptbot)"
74.7.227.11 - - [20/Sep/2026:08:48:48 +0000] "GET /goods.php?search/list/?LineID=257041595 HTTP/1.1" 403 5833 "https://dazzlingwebplanet.com/goods.php?outlet/169027632.html" "Mozilla/5.0 AppleWebKit/537.36 (KHTML, like Gecko; compatible; GPTBot/1.4; +https://openai.com/gptbot)"
74.7.227.11 - - [20/Sep/2026:08:48:49 +0000] "GET /goods.php?search/list/?LineID=294030636 HTTP/1.1" 403 5833 "https://dazzlingwebplanet.com/goods.php?tuzukiya-t25-58904" "Mozilla/5.0 AppleWebKit/537.36 (KHTML, like Gecko; compatible; GPTBot/1.4; +https://openai.com/gptbot)"
74.7.227.11 - - [20/Sep/2026:08:48:50 +0000] "GET /goods.php?search/list/?LineID=055033489 HTTP/1.1" 403 5833 "https://dazzlingwebplanet.com/goods.php?auc-mhfriend-1451139" "Mozilla/5.0 AppleWebKit/537.36 (KHTML, like Gecko; compatible; GPTBot/1.4; +https://openai.com/gptbot)"
74.7.227.11 - - [20/Sep/2026:08:48:51 +0000] "GET /goods.php?search/list/?LineID=177043203 HTTP/1.1" 403 5833 "https://dazzlingwebplanet.com/goods.php?category/4064_4065/1" "Mozilla/5.0 AppleWebKit/537.36 (KHTML, like Gecko; compatible; GPTBot/1.4; +https://openai.com/gptbot)"
74.7.227.11 - - [20/Sep/2026:08:48:53 +0000] "GET /goods.php?search/list/?LineID=196024046 HTTP/1.1" 403 5833 "https://dazzlingwebplanet.com/goods.php?k-material-pvp-403010j" "Mozilla/5.0 AppleWebKit/537.36 (KHTML, like Gecko; compatible; GPTBot/1.4; +https://openai.com/gptbot)"
74.7.227.11 - - [20/Sep/2026:08:48:54 +0000] "GET /goods.php?search/list/?LineID=016029258 HTTP/1.1" 403 5833 "https://dazzlingwebplanet.com/goods.php?search/list/?LineID=106038324" "Mozilla/5.0 AppleWebKit/537.36 (KHTML, like Gecko; compatible; GPTBot/1.4; +https://openai.com/gptbot)"
74.7.227.11 - - [20/Sep/2026:08:48:55 +0000] "GET /goods.php?search/list/?LineID=289005401 HTTP/1.1" 403 5833 "https://dazzlingwebplanet.com/goods.php?outlet/051000586.html" "Mozilla/5.0 AppleWebKit/537.36 (KHTML, like Gecko; compatible; GPTBot/1.4; +https://openai.com/gptbot)"
74.7.227.11 - - [20/Sep/2026:08:48:56 +0000] "GET /goods.php?search/list/?LineID=079002783 HTTP/1.1" 403 5833 "https://dazzlingwebplanet.com/goods.php?meicho-set-eb-3331000" "Mozilla/5.0 AppleWebKit/537.36 (KHTML, like Gecko; compatible; GPTBot/1.4; +https://openai.com/gptbot)"
74.7.227.11 - - [20/Sep/2026:08:48:58 +0000] "GET /goods.php?search/list/?LineID=053009431 HTTP/1.1" 403 5833 "https://dazzlingwebplanet.com/goods.php?l-plus-7187327" "Mozilla/5.0 AppleWebKit/537.36 (KHTML, like Gecko; compatible; GPTBot/1.4; +https://openai.com/gptbot)"
74.7.227.11 - - [20/Sep/2026:08:48:59 +0000] "GET /goods.php?search/list/?LineID=253031937 HTTP/1.1" 403 5833 "https://dazzlingwebplanet.com/goods.php?rcmdse-tm-2270625" "Mozilla/5.0 AppleWebKit/537.36 (KHTML, like Gecko; compatible; GPTBot/1.4; +https://openai.com/gptbot)"
74.7.227.11 - - [20/Sep/2026:08:49:00 +0000] "GET /goods.php?search/list/?LineID=033021645 HTTP/1.1" 403 5833 "https://dazzlingwebplanet.com/goods.php?trmt-1-b07424y38y" "Mozilla/5.0 AppleWebKit/537.36 (KHTML, like Gecko; compatible; GPTBot/1.4; +https://openai.com/gptbot)"
74.7.227.11 - - [20/Sep/2026:08:49:01 +0000] "GET /goods.php?search/list/?LineID=001039359 HTTP/1.1" 403 5833 "https://dazzlingwebplanet.com/goods.php?viva-sports-csv-k1322z" "Mozilla/5.0 AppleWebKit/537.36 (KHTML, like Gecko; compatible; GPTBot/1.4; +https://openai.com/gptbot)"
74.7.227.11 - - [20/Sep/2026:08:49:02 +0000] "GET /goods.php?search/list/?LineID=154021772 HTTP/1.1" 403 5833 "https://dazzlingwebplanet.com/goods.php?hirochishop-2-ecu4722" "Mozilla/5.0 AppleWebKit/537.36 (KHTML, like Gecko; compatible; GPTBot/1.4; +https://openai.com/gptbot)"
74.7.227.11 - - [20/Sep/2026:08:49:04 +0000] "GET /goods.php?search/list/?LineID=257016971 HTTP/1.1" 403 5833 "https://dazzlingwebplanet.com/goods.php?outlet/257027402.html" "Mozilla/5.0 AppleWebKit/537.36 (KHTML, like Gecko; compatible; GPTBot/1.4; +https://openai.com/gptbot)"
74.7.227.11 - - [20/Sep/2026:08:49:05 +0000] "GET /goods.php?search/list/?LineID=025001693 HTTP/1.1" 403 5833 "https://dazzlingwebplanet.com/goods.php?ganbariya-383-0364" "Mozilla/5.0 AppleWebKit/537.36 (KHTML, like Gecko; compatible; GPTBot/1.4; +https://openai.com/gptbot)"
57.141.0.1 - - [20/Sep/2026:08:49:05 +0000] "GET /item/K42147667.html HTTP/1.1" 200 6347 "-" "Mozilla/5.0 (Windows NT 10.0; Win64; x64) AppleWebKit/537.36 (KHTML, like Gecko) Chrome/145.0.0.0 Safari/537.36 (compatible; meta-externalagent/1.1 (+https://developers.facebook.com/docs/sharing/webmasters/crawler))"
74.7.227.11 - - [20/Sep/2026:08:49:06 +0000] "GET /goods.php?search/list/?LineID=235047881 HTTP/1.1" 403 5833 "https://dazzlingwebplanet.com/goods.php?outlet/235045962.html" "Mozilla/5.0 AppleWebKit/537.36 (KHTML, like Gecko; compatible; GPTBot/1.4; +https://openai.com/gptbot)"
74.7.227.11 - - [20/Sep/2026:08:49:07 +0000] "GET /goods.php?search/list/?LineID=258015366 HTTP/1.1" 403 5833 "https://dazzlingwebplanet.com/goods.php?matfer-j-80533" "Mozilla/5.0 AppleWebKit/537.36 (KHTML, like Gecko; compatible; GPTBot/1.4; +https://openai.com/gptbot)"
74.7.227.11 - - [20/Sep/2026:08:49:08 +0000] "GET /goods.php?search/list/?LineID=038001826 HTTP/1.1" 403 5833 "https://dazzlingwebplanet.com/goods.php?iinex-db01n29i5b2" "Mozilla/5.0 AppleWebKit/537.36 (KHTML, like Gecko; compatible; GPTBot/1.4; +https://openai.com/gptbot)"
74.7.227.11 - - [20/Sep/2026:08:49:10 +0000] "GET /goods.php?search/list/?LineID=072046356 HTTP/1.1" 403 5833 "https://dazzlingwebplanet.com/goods.php?edougukan-cl001grdo" "Mozilla/5.0 AppleWebKit/537.36 (KHTML, like Gecko; compatible; GPTBot/1.4; +https://openai.com/gptbot)"
74.7.227.11 - - [20/Sep/2026:08:49:11 +0000] "GET /goods.php?search/list/?LineID=228025038 HTTP/1.1" 403 5833 "https://dazzlingwebplanet.com/goods.php?edenki-ed4928292" "Mozilla/5.0 AppleWebKit/537.36 (KHTML, like Gecko; compatible; GPTBot/1.4; +https://openai.com/gptbot)"
74.7.227.11 - - [20/Sep/2026:08:49:12 +0000] "GET /goods.php?search/list/?LineID=141019033 HTTP/1.1" 403 5833 "https://dazzlingwebplanet.com/goods.php?kys-tr-8167760" "Mozilla/5.0 AppleWebKit/537.36 (KHTML, like Gecko; compatible; GPTBot/1.4; +https://openai.com/gptbot)"
74.7.227.11 - - [20/Sep/2026:08:49:13 +0000] "GET /goods.php?search/list/?LineID=083012589 HTTP/1.1" 403 5833 "https://dazzlingwebplanet.com/goods.php?search/list/?LineID=033000249" "Mozilla/5.0 AppleWebKit/537.36 (KHTML, like Gecko; compatible; GPTBot/1.4; +https://openai.com/gptbot)"
74.7.227.11 - - [20/Sep/2026:08:49:15 +0000] "GET /goods.php?search/list/?LineID=198033262 HTTP/1.1" 403 5833 "https://dazzlingwebplanet.com/goods.php?momijiyakagu-1001224" "Mozilla/5.0 AppleWebKit/537.36 (KHTML, like Gecko; compatible; GPTBot/1.4; +https://openai.com/gptbot)"
57.141.0.27 - - [20/Sep/2026:08:49:15 +0000] "GET /shop/ca269117965301 HTTP/1.1" 200 6347 "-" "Mozilla/5.0 (Macintosh; Intel Mac OS X 10_15_7) AppleWebKit/537.36 (KHTML, like Gecko) Chrome/145.0.0.0 Safari/537.36 (compatible; meta-externalagent/1.1 (+https://developers.facebook.com/docs/sharing/webmasters/crawler))"
74.7.227.11 - - [20/Sep/2026:08:49:16 +0000] "GET /goods.php?search/list/?LineID=293018909 HTTP/1.1" 403 5833 "https://dazzlingwebplanet.com/goods.php?kicksparrow-u4121311" "Mozilla/5.0 AppleWebKit/537.36 (KHTML, like Gecko; compatible; GPTBot/1.4; +https://openai.com/gptbot)"
57.141.0.8 - - [20/Sep/2026:08:49:16 +0000] "GET /item/K72842942.html HTTP/1.1" 200 6347 "-" "Mozilla/5.0 (Windows NT 10.0; Win64; x64) AppleWebKit/537.36 (KHTML, like Gecko) Chrome/145.0.0.0 Safari/537.36 (compatible; meta-externalagent/1.1 (+https://developers.facebook.com/docs/sharing/webmasters/crawler))"
74.7.227.11 - - [20/Sep/2026:08:49:17 +0000] "GET /goods.php?search/list/?LineID=053023619 HTTP/1.1" 403 5833 "https://dazzlingwebplanet.com/goods.php?playful-k-153526" "Mozilla/5.0 AppleWebKit/537.36 (KHTML, like Gecko; compatible; GPTBot/1.4; +https://openai.com/gptbot)"
74.7.227.11 - - [20/Sep/2026:08:49:18 +0000] "GET /goods.php?search/list/?LineID=079001583 HTTP/1.1" 403 5833 "https://dazzlingwebplanet.com/goods.php?iget-gm-6900yra-8jf" "Mozilla/5.0 AppleWebKit/537.36 (KHTML, like Gecko; compatible; GPTBot/1.4; +https://openai.com/gptbot)"
74.7.227.11 - - [20/Sep/2026:08:49:19 +0000] "GET /goods.php?search/list/?LineID=263021873 HTTP/1.1" 403 5833 "https://dazzlingwebplanet.com/goods.php?vivito-shop-item-023833-2520" "Mozilla/5.0 AppleWebKit/537.36 (KHTML, like Gecko; compatible; GPTBot/1.4; +https://openai.com/gptbot)"
74.7.227.11 - - [20/Sep/2026:08:49:21 +0000] "GET /goods.php?search/list/?LineID=041037645 HTTP/1.1" 403 5833 "https://dazzlingwebplanet.com/goods.php?netpaint-ism-1087" "Mozilla/5.0 AppleWebKit/537.36 (KHTML, like Gecko; compatible; GPTBot/1.4; +https://openai.com/gptbot)"
74.7.227.11 - - [20/Sep/2026:08:49:22 +0000] "GET /goods.php?search/list/?LineID=026019406 HTTP/1.1" 403 5833 "https://dazzlingwebplanet.com/goods.php?maluzen-set-5244672" "Mozilla/5.0 AppleWebKit/537.36 (KHTML, like Gecko; compatible; GPTBot/1.4; +https://openai.com/gptbot)"
74.7.227.11 - - [20/Sep/2026:08:49:23 +0000] "GET /goods.php?search/list/?LineID=131039727 HTTP/1.1" 403 5833 "https://dazzlingwebplanet.com/goods.php?vivitoplus-item-020476-378" "Mozilla/5.0 AppleWebKit/537.36 (KHTML, like Gecko; compatible; GPTBot/1.4; +https://openai.com/gptbot)"
74.7.227.11 - - [20/Sep/2026:08:49:24 +0000] "GET /goods.php?search/list/?LineID=203001477 HTTP/1.1" 403 5833 "https://dazzlingwebplanet.com/goods.php?playful-k-139764" "Mozilla/5.0 AppleWebKit/537.36 (KHTML, like Gecko; compatible; GPTBot/1.4; +https://openai.com/gptbot)"
