74.7.227.11 - - [20/Sep/2026:08:09:23 +0000] "GET /goods.php?search/list/?LineID=043001709 HTTP/1.1" 403 5833 "https://dazzlingwebplanet.com/goods.php?hrc-0142600" "Mozilla/5.0 AppleWebKit/537.36 (KHTML, like Gecko; compatible; GPTBot/1.4; +https://openai.com/gptbot)"
74.7.227.11 - - [20/Sep/2026:08:09:24 +0000] "GET /goods.php?search/list/?LineID=290036558 HTTP/1.1" 403 5833 "https://dazzlingwebplanet.com/goods.php?search/list/?LineID=084000124" "Mozilla/5.0 AppleWebKit/537.36 (KHTML, like Gecko; compatible; GPTBot/1.4; +https://openai.com/gptbot)"
74.7.227.11 - - [20/Sep/2026:08:09:25 +0000] "GET /goods.php?search/list/?LineID=004019506 HTTP/1.1" 403 5833 "https://dazzlingwebplanet.com/goods.php?auc-partsking-to-h695-v" "Mozilla/5.0 AppleWebKit/537.36 (KHTML, like Gecko; compatible; GPTBot/1.4; +https://openai.com/gptbot)"
74.7.227.11 - - [20/Sep/2026:08:09:26 +0000] "GET /goods.php?search/list/?LineID=175006127 HTTP/1.1" 403 5833 "https://dazzlingwebplanet.com/goods.php?search/list/?LineID=198007030" "Mozilla/5.0 AppleWebKit/537.36 (KHTML, like Gecko; compatible; GPTBot/1.4; +https://openai.com/gptbot)"
74.7.227.11 - - [20/Sep/2026:08:09:28 +0000] "GET /goods.php?search/list/?LineID=052012496 HTTP/1.1" 403 5833 "https://dazzlingwebplanet.com/goods.php?alphaespace-usa-2006558" "Mozilla/5.0 AppleWebKit/537.36 (KHTML, like Gecko; compatible; GPTBot/1.4; +https://openai.com/gptbot)"
74.7.227.11 - - [20/Sep/2026:08:09:29 +0000] "GET /goods.php?search/list/?LineID=105025833 HTTP/1.1" 403 5833 "https://dazzlingwebplanet.com/goods.php?cometostore-hb00ebr7n58" "Mozilla/5.0 AppleWebKit/537.36 (KHTML, like Gecko; compatible; GPTBot/1.4; +https://openai.com/gptbot)"
74.7.227.11 - - [20/Sep/2026:08:09:30 +0000] "GET /goods.php?search/list/?LineID=203008325 HTTP/1.1" 403 5833 "https://dazzlingwebplanet.com/goods.php?outlet/222024917.html" "Mozilla/5.0 AppleWebKit/537.36 (KHTML, like Gecko; compatible; GPTBot/1.4; +https://openai.com/gptbot)"
74.7.227.11 - - [20/Sep/2026:08:09:31 +0000] "GET /goods.php?search/list/?LineID=084006452 HTTP/1.1" 403 5833 "https://dazzlingwebplanet.com/goods.php?number7-adjbg00660-1" "Mozilla/5.0 AppleWebKit/537.36 (KHTML, like Gecko; compatible; GPTBot/1.4; +https://openai.com/gptbot)"
57.141.0.28 - - [20/Sep/2026:08:09:31 +0000] "GET /item/K11612016.html HTTP/1.1" 200 6347 "-" "Mozilla/5.0 (Windows NT 10.0; Win64; x64) AppleWebKit/537.36 (KHTML, like Gecko) Chrome/145.0.0.0 Safari/537.36 (compatible; meta-externalagent/1.1 (+https://developers.facebook.com/docs/sharing/webmasters/crawler))"
74.7.227.11 - - [20/Sep/2026:08:09:32 +0000] "GET /goods.php?search/list/?LineID=176016724 HTTP/1.1" 403 5833 "https://dazzlingwebplanet.com/goods.php?toner375-3015" "Mozilla/5.0 AppleWebKit/537.36 (KHTML, like Gecko; compatible; GPTBot/1.4; +https://openai.com/gptbot)"
74.7.227.11 - - [20/Sep/2026:08:09:34 +0000] "GET /goods.php?search/list/?LineID=164020372 HTTP/1.1" 403 5833 "https://dazzlingwebplanet.com/goods.php?rune-rsoar5090rw4" "Mozilla/5.0 AppleWebKit/537.36 (KHTML, like Gecko; compatible; GPTBot/1.4; +https://openai.com/gptbot)"
74.7.227.11 - - [20/Sep/2026:08:09:35 +0000] "GET /goods.php?search/list/?LineID=296041238 HTTP/1.1" 403 5833 "https://dazzlingwebplanet.com/goods.php?honkeya-ds-2217920" "Mozilla/5.0 AppleWebKit/537.36 (KHTML, like Gecko; compatible; GPTBot/1.4; +https://openai.com/gptbot)"
74.7.227.11 - - [20/Sep/2026:08:09:36 +0000] "GET /goods.php?search/list/?LineID=163004571 HTTP/1.1" 403 5833 "https://dazzlingwebplanet.com/goods.php?hakuei8981-b0d5cl4nbt" "Mozilla/5.0 AppleWebKit/537.36 (KHTML, like Gecko; compatible; GPTBot/1.4; +https://openai.com/gptbot)"
74.7.227.11 - - [20/Sep/2026:08:09:37 +0000] "GET /goods.php?search/list/?LineID=114029286 HTTP/1.1" 403 5833 "https://dazzlingwebplanet.com/goods.php?tuzukiya-o300-3459" "Mozilla/5.0 AppleWebKit/537.36 (KHTML, like Gecko; compatible; GPTBot/1.4; +https://openai.com/gptbot)"
74.7.227.11 - - [20/Sep/2026:08:09:39 +0000] "GET /goods.php?search/list/?LineID=094002642 HTTP/1.1" 403 5833 "https://dazzlingwebplanet.com/goods.php?diningmart-4870900" "Mozilla/5.0 AppleWebKit/537.36 (KHTML, like Gecko; compatible; GPTBot/1.4; +https://openai.com/gptbot)"
74.7.227.11 - - [20/Sep/2026:08:09:40 +0000] "GET /goods.php?search/list/?LineID=255048099 HTTP/1.1" 403 5833 "https://dazzlingwebplanet.com/goods.php?anzen-mirai-a1199055" "Mozilla/5.0 AppleWebKit/537.36 (KHTML, like Gecko; compatible; GPTBot/1.4; +https://openai.com/gptbot)"
74.7.227.11 - - [20/Sep/2026:08:09:41 +0000] "GET /goods.php?search/list/?LineID=252009308 HTTP/1.1" 403 5833 "https://dazzlingwebplanet.com/goods.php?bungle-st6k-10pn" "Mozilla/5.0 AppleWebKit/537.36 (KHTML, like Gecko; compatible; GPTBot/1.4; +https://openai.com/gptbot)"
74.7.227.11 - - [20/Sep/2026:08:09:42 +0000] "GET /goods.php?search/list/?LineID=122016792 HTTP/1.1" 403 5833 "https://dazzlingwebplanet.com/goods.php?cathy-b-whsu1a-ne10" "Mozilla/5.0 AppleWebKit/537.36 (KHTML, like Gecko; compatible; GPTBot/1.4; +https://openai.com/gptbot)"
74.7.227.11 - - [20/Sep/2026:08:09:43 +0000] "GET /goods.php?search/list/?LineID=041029347 HTTP/1.1" 403 5833 "https://dazzlingwebplanet.com/goods.php?auc-mhfriend-1373485" "Mozilla/5.0 AppleWebKit/537.36 (KHTML, like Gecko; compatible; GPTBot/1.4; +https://openai.com/gptbot)"
57.141.0.12 - - [20/Sep/2026:08:09:44 +0000] "GET /item/K71451774.html HTTP/1.1" 200 6347 "-" "Mozilla/5.0 (Windows NT 10.0; Win64; x64) AppleWebKit/537.36 (KHTML, like Gecko) Chrome/145.0.0.0 Safari/537.36 (compatible; meta-externalagent/1.1 (+https://developers.facebook.com/docs/sharing/webmasters/crawler))"
74.7.227.11 - - [20/Sep/2026:08:09:45 +0000] "GET /goods.php?search/list/?LineID=182014510 HTTP/1.1" 403 5833 "https://dazzlingwebplanet.com/goods.php?wisemansstore-cdm2510111" "Mozilla/5.0 AppleWebKit/537.36 (KHTML, like Gecko; compatible; GPTBot/1.4; +https://openai.com/gptbot)"
74.7.227.11 - - [20/Sep/2026:08:09:46 +0000] "GET /goods.php?search/list/?LineID=211005157 HTTP/1.1" 403 5833 "https://dazzlingwebplanet.com/goods.php?ds-store-up7x-qur-m6hg11-1" "Mozilla/5.0 AppleWebKit/537.36 (KHTML, like Gecko; compatible; GPTBot/1.4; +https://openai.com/gptbot)"
74.7.227.11 - - [20/Sep/2026:08:09:47 +0000] "GET /goods.php?search/list/?LineID=144024692 HTTP/1.1" 403 5833 "https://dazzlingwebplanet.com/goods.php?tuzukiya-k22-25574" "Mozilla/5.0 AppleWebKit/537.36 (KHTML, like Gecko; compatible; GPTBot/1.4; +https://openai.com/gptbot)"
57.141.0.24 - - [20/Sep/2026:08:09:47 +0000] "GET /item/K52026852.html HTTP/1.1" 200 6347 "-" "Mozilla/5.0 (X11; Linux x86_64) AppleWebKit/537.36 (KHTML, like Gecko) Chrome/145.0.0.0 Safari/537.36 (compatible; meta-externalagent/1.1 (+https://developers.facebook.com/docs/sharing/webmasters/crawler))"
57.141.0.24 - - [20/Sep/2026:08:09:48 +0000] "GET /shop/52ba619968101 HTTP/1.1" 200 6347 "-" "Mozilla/5.0 (Windows NT 10.0; Win64; x64) AppleWebKit/537.36 (KHTML, like Gecko) Chrome/145.0.0.0 Safari/537.36 (compatible; meta-externalagent/1.1 (+https://developers.facebook.com/docs/sharing/webmasters/crawler))"
74.7.227.11 - - [20/Sep/2026:08:09:48 +0000] "GET /goods.php?search/list/?LineID=060021464 HTTP/1.1" 403 5833 "https://dazzlingwebplanet.com/goods.php?search/list/?LineID=102014110" "Mozilla/5.0 AppleWebKit/537.36 (KHTML, like Gecko; compatible; GPTBot/1.4; +https://openai.com/gptbot)"
74.7.227.11 - - [20/Sep/2026:08:09:50 +0000] "GET /goods.php?search/list/?LineID=017040633 HTTP/1.1" 403 5833 "https://dazzlingwebplanet.com/goods.php?vivitoplus-item-020561-249" "Mozilla/5.0 AppleWebKit/537.36 (KHTML, like Gecko; compatible; GPTBot/1.4; +https://openai.com/gptbot)"
74.7.227.11 - - [20/Sep/2026:08:09:51 +0000] "GET /goods.php?search/list/?LineID=258046478 HTTP/1.1" 403 5833 "https://dazzlingwebplanet.com/goods.php?trader-otakara-05w21318" "Mozilla/5.0 AppleWebKit/537.36 (KHTML, like Gecko; compatible; GPTBot/1.4; +https://openai.com/gptbot)"
74.7.227.11 - - [20/Sep/2026:08:09:52 +0000] "GET /goods.php?search/list/?LineID=012049882 HTTP/1.1" 403 5833 "https://dazzlingwebplanet.com/goods.php?smb-selection-kcy44484" "Mozilla/5.0 AppleWebKit/537.36 (KHTML, like Gecko; compatible; GPTBot/1.4; +https://openai.com/gptbot)"
74.7.227.11 - - [20/Sep/2026:08:09:53 +0000] "GET /goods.php?search/list/?LineID=037041527 HTTP/1.1" 403 5833 "https://dazzlingwebplanet.com/goods.php?prizuma-xg454048" "Mozilla/5.0 AppleWebKit/537.36 (KHTML, like Gecko; compatible; GPTBot/1.4; +https://openai.com/gptbot)"
74.7.227.11 - - [20/Sep/2026:08:09:54 +0000] "GET /goods.php?search/list/?LineID=040027718 HTTP/1.1" 403 5833 "https://dazzlingwebplanet.com/goods.php?kyoei-kk-amnh0012" "Mozilla/5.0 AppleWebKit/537.36 (KHTML, like Gecko; compatible; GPTBot/1.4; +https://openai.com/gptbot)"
74.7.227.11 - - [20/Sep/2026:08:09:56 +0000] "GET /goods.php?search/list/?LineID=047001533 HTTP/1.1" 403 5833 "https://dazzlingwebplanet.com/goods.php?jordan23-257_154246" "Mozilla/5.0 AppleWebKit/537.36 (KHTML, like Gecko; compatible; GPTBot/1.4; +https://openai.com/gptbot)"
74.7.227.11 - - [20/Sep/2026:08:09:57 +0000] "GET /goods.php?search/list/?LineID=276036818 HTTP/1.1" 403 5833 "https://dazzlingwebplanet.com/goods.php?cocohouse-hb076ry62yh" "Mozilla/5.0 AppleWebKit/537.36 (KHTML, like Gecko; compatible; GPTBot/1.4; +https://openai.com/gptbot)"
74.7.227.11 - - [20/Sep/2026:08:09:58 +0000] "GET /goods.php?search/list/?LineID=077047541 HTTP/1.1" 403 5833 "https://dazzlingwebplanet.com/goods.php?webike-rb-26219124" "Mozilla/5.0 AppleWebKit/537.36 (KHTML, like Gecko; compatible; GPTBot/1.4; +https://openai.com/gptbot)"
74.7.227.11 - - [20/Sep/2026:08:09:59 +0000] "GET /goods.php?search/list/?LineID=025001903 HTTP/1.1" 403 5833 "https://dazzlingwebplanet.com/goods.php?racket-evn-ekd878" "Mozilla/5.0 AppleWebKit/537.36 (KHTML, like Gecko; compatible; GPTBot/1.4; +https://openai.com/gptbot)"
74.7.227.11 - - [20/Sep/2026:08:10:00 +0000] "GET /goods.php?search/list/?LineID=025004891 HTTP/1.1" 403 5833 "https://dazzlingwebplanet.com/goods.php?2doriem-mhb001axz68c" "Mozilla/5.0 AppleWebKit/537.36 (KHTML, like Gecko; compatible; GPTBot/1.4; +https://openai.com/gptbot)"
74.7.227.11 - - [20/Sep/2026:08:10:02 +0000] "GET /goods.php?search/list/?LineID=074001298 HTTP/1.1" 403 5833 "https://dazzlingwebplanet.com/goods.php?bungoot-ed795186" "Mozilla/5.0 AppleWebKit/537.36 (KHTML, like Gecko; compatible; GPTBot/1.4; +https://openai.com/gptbot)"
74.7.227.11 - - [20/Sep/2026:08:10:03 +0000] "GET /goods.php?search/list/?LineID=205019381 HTTP/1.1" 403 5833 "https://dazzlingwebplanet.com/goods.php?search/list/?LineID=046019112" "Mozilla/5.0 AppleWebKit/537.36 (KHTML, like Gecko; compatible; GPTBot/1.4; +https://openai.com/gptbot)"
74.7.227.11 - - [20/Sep/2026:08:10:04 +0000] "GET /goods.php?search/list/?LineID=201045273 HTTP/1.1" 403 5833 "https://dazzlingwebplanet.com/goods.php?edenki-ds-2570767" "Mozilla/5.0 AppleWebKit/537.36 (KHTML, like Gecko; compatible; GPTBot/1.4; +https://openai.com/gptbot)"
74.7.227.11 - - [20/Sep/2026:08:10:05 +0000] "GET /goods.php?search/list/?LineID=221047461 HTTP/1.1" 403 5833 "https://dazzlingwebplanet.com/goods.php?thats-kattalin-f-086" "Mozilla/5.0 AppleWebKit/537.36 (KHTML, like Gecko; compatible; GPTBot/1.4; +https://openai.com/gptbot)"
74.7.227.11 - - [20/Sep/2026:08:10:07 +0000] "GET /goods.php?search/list/?LineID=097044843 HTTP/1.1" 403 5833 "https://dazzlingwebplanet.com/goods.php?f152226-joetsu-ex003" "Mozilla/5.0 AppleWebKit/537.36 (KHTML, like Gecko; compatible; GPTBot/1.4; +https://openai.com/gptbot)"
74.7.227.11 - - [20/Sep/2026:08:10:08 +0000] "GET /goods.php?search/list/?LineID=235026637 HTTP/1.1" 403 5833 "https://dazzlingwebplanet.com/goods.php?world-depo-mab-1803764" "Mozilla/5.0 AppleWebKit/537.36 (KHTML, like Gecko; compatible; GPTBot/1.4; +https://openai.com/gptbot)"
74.7.227.11 - - [20/Sep/2026:08:10:09 +0000] "GET /goods.php?search/list/?LineID=009023675 HTTP/1.1" 403 5833 "https://dazzlingwebplanet.com/goods.php?zhihuilife-b0f8qvc387" "Mozilla/5.0 AppleWebKit/537.36 (KHTML, like Gecko; compatible; GPTBot/1.4; +https://openai.com/gptbot)"
74.7.227.11 - - [20/Sep/2026:08:10:10 +0000] "GET /goods.php?search/list/?LineID=054001228 HTTP/1.1" 403 5833 "https://dazzlingwebplanet.com/goods.php?webike-rb-25517695" "Mozilla/5.0 AppleWebKit/537.36 (KHTML, like Gecko; compatible; GPTBot/1.4; +https://openai.com/gptbot)"
74.7.227.11 - - [20/Sep/2026:08:10:11 +0000] "GET /goods.php?search/list/?LineID=082004674 HTTP/1.1" 403 5833 "https://dazzlingwebplanet.com/goods.php?tuzukiya-g44-37182" "Mozilla/5.0 AppleWebKit/537.36 (KHTML, like Gecko; compatible; GPTBot/1.4; +https://openai.com/gptbot)"
74.7.227.11 - - [20/Sep/2026:08:10:13 +0000] "GET /goods.php?search/list/?LineID=205041763 HTTP/1.1" 403 5833 "https://dazzlingwebplanet.com/goods.php?search/list/?LineID=079032269" "Mozilla/5.0 AppleWebKit/537.36 (KHTML, like Gecko; compatible; GPTBot/1.4; +https://openai.com/gptbot)"
74.7.227.11 - - [20/Sep/2026:08:10:14 +0000] "GET /goods.php?search/list/?LineID=178041014 HTTP/1.1" 403 5833 "https://dazzlingwebplanet.com/goods.php?andomishin-240523" "Mozilla/5.0 AppleWebKit/537.36 (KHTML, like Gecko; compatible; GPTBot/1.4; +https://openai.com/gptbot)"
74.7.227.11 - - [20/Sep/2026:08:10:15 +0000] "GET /goods.php?search/list/?LineID=098015616 HTTP/1.1" 403 5833 "https://dazzlingwebplanet.com/goods.php?2doriem-b00t8oo6p4" "Mozilla/5.0 AppleWebKit/537.36 (KHTML, like Gecko; compatible; GPTBot/1.4; +https://openai.com/gptbot)"
74.7.227.11 - - [20/Sep/2026:08:10:16 +0000] "GET /goods.php?search/list/?LineID=075011297 HTTP/1.1" 403 5833 "https://dazzlingwebplanet.com/goods.php?ajimura4861-b01hfpqpqk" "Mozilla/5.0 AppleWebKit/537.36 (KHTML, like Gecko; compatible; GPTBot/1.4; +https://openai.com/gptbot)"
57.141.0.9 - - [20/Sep/2026:08:10:16 +0000] "GET /item/K32519650.html HTTP/1.1" 200 6347 "-" "Mozilla/5.0 (Windows NT 10.0; Win64; x64) AppleWebKit/537.36 (KHTML, like Gecko) Chrome/145.0.0.0 Safari/537.36 (compatible; meta-externalagent/1.1 (+https://developers.facebook.com/docs/sharing/webmasters/crawler))"
74.7.227.11 - - [20/Sep/2026:08:10:17 +0000] "GET /goods.php?search/list/?LineID=044021364 HTTP/1.1" 403 5833 "https://dazzlingwebplanet.com/goods.php?dk-dstyle-ko13-ap55531" "Mozilla/5.0 AppleWebKit/537.36 (KHTML, like Gecko; compatible; GPTBot/1.4; +https://openai.com/gptbot)"
74.7.227.11 - - [20/Sep/2026:08:10:19 +0000] "GET /goods.php?search/list/?LineID=218014368 HTTP/1.1" 403 5833 "https://dazzlingwebplanet.com/goods.php?w520-curbal0276-1" "Mozilla/5.0 AppleWebKit/537.36 (KHTML, like Gecko; compatible; GPTBot/1.4; +https://openai.com/gptbot)"
74.7.227.11 - - [20/Sep/2026:08:10:20 +0000] "GET /goods.php?search/list/?LineID=163047715 HTTP/1.1" 403 5833 "https://dazzlingwebplanet.com/goods.php?deco-maison-ds-2198320" "Mozilla/5.0 AppleWebKit/537.36 (KHTML, like Gecko; compatible; GPTBot/1.4; +https://openai.com/gptbot)"
74.7.227.11 - - [20/Sep/2026:08:10:21 +0000] "GET /goods.php?search/list/?LineID=065025293 HTTP/1.1" 403 5833 "https://dazzlingwebplanet.com/goods.php?hoeiyakuhin-m213" "Mozilla/5.0 AppleWebKit/537.36 (KHTML, like Gecko; compatible; GPTBot/1.4; +https://openai.com/gptbot)"
5.183.200.135 - - [20/Sep/2026:08:10:22 +0000] "GET /wp-includes/blocks/post-excerpt/index.php HTTP/1.1" 200 6347 "http://dazzlingwebplanet.com/wp-includes/blocks/post-excerpt/index.php" "Mozlila/5.0 (Linux; Android 7.0; SM-G892A Bulid/NRD90M; wv) AppleWebKit/537.36 (KHTML, like Gecko) Version/4.0 Chrome/60.0.3112.107 Moblie Safari/537.36"
5.183.200.135 - - [20/Sep/2026:08:10:22 +0000] "GET /wp-content/plugins/index.php HTTP/1.1" 200 6347 "http://dazzlingwebplanet.com/wp-content/plugins/index.php" "Mozlila/5.0 (Linux; Android 7.0; SM-G892A Bulid/NRD90M; wv) AppleWebKit/537.36 (KHTML, like Gecko) Version/4.0 Chrome/60.0.3112.107 Moblie Safari/537.36"
5.183.200.135 - - [20/Sep/2026:08:10:22 +0000] "GET /simple.php HTTP/1.1" 403 5833 "http://dazzlingwebplanet.com/simple.php" "Mozlila/5.0 (Linux; Android 7.0; SM-G892A Bulid/NRD90M; wv) AppleWebKit/537.36 (KHTML, like Gecko) Version/4.0 Chrome/60.0.3112.107 Moblie Safari/537.36"
5.183.200.135 - - [20/Sep/2026:08:10:22 +0000] "GET /wp-admin/about.php HTTP/1.1" 200 6347 "http://dazzlingwebplanet.com/wp-admin/about.php" "Mozlila/5.0 (Linux; Android 7.0; SM-G892A Bulid/NRD90M; wv) AppleWebKit/537.36 (KHTML, like Gecko) Version/4.0 Chrome/60.0.3112.107 Moblie Safari/537.36"
5.183.200.135 - - [20/Sep/2026:08:10:22 +0000] "GET /wp-content/uploads/index.php HTTP/1.1" 200 6347 "http://dazzlingwebplanet.com/wp-content/uploads/index.php" "Mozlila/5.0 (Linux; Android 7.0; SM-G892A Bulid/NRD90M; wv) AppleWebKit/537.36 (KHTML, like Gecko) Version/4.0 Chrome/60.0.3112.107 Moblie Safari/537.36"
5.183.200.135 - - [20/Sep/2026:08:10:22 +0000] "GET /wp-content/plugins/zwso.php HTTP/1.1" 200 6347 "http://dazzlingwebplanet.com/wp-content/plugins/zwso.php" "Mozlila/5.0 (Linux; Android 7.0; SM-G892A Bulid/NRD90M; wv) AppleWebKit/537.36 (KHTML, like Gecko) Version/4.0 Chrome/60.0.3112.107 Moblie Safari/537.36"
5.183.200.135 - - [20/Sep/2026:08:10:22 +0000] "GET /chosen.php?p= HTTP/1.1" 403 5833 "http://dazzlingwebplanet.com/chosen.php?p=" "Mozlila/5.0 (Linux; Android 7.0; SM-G892A Bulid/NRD90M; wv) AppleWebKit/537.36 (KHTML, like Gecko) Version/4.0 Chrome/60.0.3112.107 Moblie Safari/537.36"
74.7.227.11 - - [20/Sep/2026:08:10:22 +0000] "GET /goods.php?search/list/?LineID=065010763 HTTP/1.1" 403 5833 "https://dazzlingwebplanet.com/goods.php?heiwaya-aabf5358" "Mozilla/5.0 AppleWebKit/537.36 (KHTML, like Gecko; compatible; GPTBot/1.4; +https://openai.com/gptbot)"
5.183.200.135 - - [20/Sep/2026:08:10:22 +0000] "GET /goods.php HTTP/1.1" 403 5833 "http://dazzlingwebplanet.com/goods.php" "Mozlila/5.0 (Linux; Android 7.0; SM-G892A Bulid/NRD90M; wv) AppleWebKit/537.36 (KHTML, like Gecko) Version/4.0 Chrome/60.0.3112.107 Moblie Safari/537.36"
5.183.200.135 - - [20/Sep/2026:08:10:22 +0000] "GET /wp-admin/css/colors/index.php HTTP/1.1" 200 6347 "http://dazzlingwebplanet.com/wp-admin/css/colors/index.php" "Mozlila/5.0 (Linux; Android 7.0; SM-G892A Bulid/NRD90M; wv) AppleWebKit/537.36 (KHTML, like Gecko) Version/4.0 Chrome/60.0.3112.107 Moblie Safari/537.36"
5.183.200.135 - - [20/Sep/2026:08:10:23 +0000] "GET /wp-admin/includes/nav.php HTTP/1.1" 200 6347 "http://dazzlingwebplanet.com/wp-admin/includes/nav.php" "Mozlila/5.0 (Linux; Android 7.0; SM-G892A Bulid/NRD90M; wv) AppleWebKit/537.36 (KHTML, like Gecko) Version/4.0 Chrome/60.0.3112.107 Moblie Safari/537.36"
5.183.200.135 - - [20/Sep/2026:08:10:23 +0000] "GET /file.php HTTP/1.1" 403 5833 "http://dazzlingwebplanet.com/file.php" "Mozlila/5.0 (Linux; Android 7.0; SM-G892A Bulid/NRD90M; wv) AppleWebKit/537.36 (KHTML, like Gecko) Version/4.0 Chrome/60.0.3112.107 Moblie Safari/537.36"
5.183.200.135 - - [20/Sep/2026:08:10:23 +0000] "GET /file17.php HTTP/1.1" 403 5833 "http://dazzlingwebplanet.com/file17.php" "Mozlila/5.0 (Linux; Android 7.0; SM-G892A Bulid/NRD90M; wv) AppleWebKit/537.36 (KHTML, like Gecko) Version/4.0 Chrome/60.0.3112.107 Moblie Safari/537.36"
5.183.200.135 - - [20/Sep/2026:08:10:23 +0000] "GET /file5.php HTTP/1.1" 403 5833 "http://dazzlingwebplanet.com/file5.php" "Mozlila/5.0 (Linux; Android 7.0; SM-G892A Bulid/NRD90M; wv) AppleWebKit/537.36 (KHTML, like Gecko) Version/4.0 Chrome/60.0.3112.107 Moblie Safari/537.36"
5.183.200.135 - - [20/Sep/2026:08:10:23 +0000] "GET /file88.php HTTP/1.1" 403 5833 "http://dazzlingwebplanet.com/file88.php" "Mozlila/5.0 (Linux; Android 7.0; SM-G892A Bulid/NRD90M; wv) AppleWebKit/537.36 (KHTML, like Gecko) Version/4.0 Chrome/60.0.3112.107 Moblie Safari/537.36"
5.183.200.135 - - [20/Sep/2026:08:10:23 +0000] "GET /NewFile.php/ HTTP/1.1" 403 5833 "http://dazzlingwebplanet.com/NewFile.php/" "Mozlila/5.0 (Linux; Android 7.0; SM-G892A Bulid/NRD90M; wv) AppleWebKit/537.36 (KHTML, like Gecko) Version/4.0 Chrome/60.0.3112.107 Moblie Safari/537.36"
5.183.200.135 - - [20/Sep/2026:08:10:23 +0000] "GET /dropdown.php?p= HTTP/1.1" 403 5833 "http://dazzlingwebplanet.com/dropdown.php?p=" "Mozlila/5.0 (Linux; Android 7.0; SM-G892A Bulid/NRD90M; wv) AppleWebKit/537.36 (KHTML, like Gecko) Version/4.0 Chrome/60.0.3112.107 Moblie Safari/537.36"
74.7.227.11 - - [20/Sep/2026:08:10:24 +0000] "GET /goods.php?search/list/?LineID=121023929 HTTP/1.1" 403 5833 "https://dazzlingwebplanet.com/goods.php?takaocoffee-dd30515" "Mozilla/5.0 AppleWebKit/537.36 (KHTML, like Gecko; compatible; GPTBot/1.4; +https://openai.com/gptbot)"
74.7.227.11 - - [20/Sep/2026:08:10:25 +0000] "GET /goods.php?search/list/?LineID=015005323 HTTP/1.1" 403 5833 "https://dazzlingwebplanet.com/goods.php?shop-angelica-954358" "Mozilla/5.0 AppleWebKit/537.36 (KHTML, like Gecko; compatible; GPTBot/1.4; +https://openai.com/gptbot)"
74.7.227.11 - - [20/Sep/2026:08:10:26 +0000] "GET /goods.php?search/list/?LineID=142049078 HTTP/1.1" 403 5833 "https://dazzlingwebplanet.com/goods.php?outlet/240012683.html" "Mozilla/5.0 AppleWebKit/537.36 (KHTML, like Gecko; compatible; GPTBot/1.4; +https://openai.com/gptbot)"
74.7.227.11 - - [20/Sep/2026:08:10:27 +0000] "GET /goods.php?search/list/?LineID=022001766 HTTP/1.1" 403 5833 "https://dazzlingwebplanet.com/goods.php?re-vida-k0-6034478-black" "Mozilla/5.0 AppleWebKit/537.36 (KHTML, like Gecko; compatible; GPTBot/1.4; +https://openai.com/gptbot)"
74.7.227.11 - - [20/Sep/2026:08:10:28 +0000] "GET /goods.php?search/list/?LineID=047009791 HTTP/1.1" 403 5833 "https://dazzlingwebplanet.com/goods.php?tuzukiya-k174-3702" "Mozilla/5.0 AppleWebKit/537.36 (KHTML, like Gecko; compatible; GPTBot/1.4; +https://openai.com/gptbot)"
74.7.227.11 - - [20/Sep/2026:08:10:30 +0000] "GET /goods.php?search/list/?LineID=213047737 HTTP/1.1" 403 5833 "https://dazzlingwebplanet.com/goods.php?diva-closet-as-1463940" "Mozilla/5.0 AppleWebKit/537.36 (KHTML, like Gecko; compatible; GPTBot/1.4; +https://openai.com/gptbot)"
74.7.227.11 - - [20/Sep/2026:08:10:31 +0000] "GET /goods.php?search/list/?LineID=105018955 HTTP/1.1" 403 5833 "https://dazzlingwebplanet.com/goods.php?outlet/029000208.html" "Mozilla/5.0 AppleWebKit/537.36 (KHTML, like Gecko; compatible; GPTBot/1.4; +https://openai.com/gptbot)"
74.7.227.11 - - [20/Sep/2026:08:10:32 +0000] "GET /goods.php?search/list/?LineID=109021319 HTTP/1.1" 403 5833 "https://dazzlingwebplanet.com/goods.php?search/list/?LineID=102002184" "Mozilla/5.0 AppleWebKit/537.36 (KHTML, like Gecko; compatible; GPTBot/1.4; +https://openai.com/gptbot)"
57.141.0.15 - - [20/Sep/2026:08:10:33 +0000] "GET /shop/79983139428201 HTTP/1.1" 200 6347 "-" "Mozilla/5.0 (Macintosh; Intel Mac OS X 10_15_7) AppleWebKit/537.36 (KHTML, like Gecko) Chrome/145.0.0.0 Safari/537.36 (compatible; meta-externalagent/1.1 (+https://developers.facebook.com/docs/sharing/webmasters/crawler))"
57.141.0.68 - - [20/Sep/2026:08:10:33 +0000] "GET /item/K50021972.html HTTP/1.1" 200 6347 "-" "Mozilla/5.0 (Windows NT 10.0; Win64; x64) AppleWebKit/537.36 (KHTML, like Gecko) Chrome/145.0.0.0 Safari/537.36 (compatible; meta-externalagent/1.1 (+https://developers.facebook.com/docs/sharing/webmasters/crawler))"
74.7.227.11 - - [20/Sep/2026:08:10:33 +0000] "GET /goods.php?search/list/?LineID=074030098 HTTP/1.1" 403 5833 "https://dazzlingwebplanet.com/goods.php?search/list/?LineID=071000493" "Mozilla/5.0 AppleWebKit/537.36 (KHTML, like Gecko; compatible; GPTBot/1.4; +https://openai.com/gptbot)"
74.7.227.11 - - [20/Sep/2026:08:10:35 +0000] "GET /goods.php?search/list/?LineID=105041227 HTTP/1.1" 403 5833 "https://dazzlingwebplanet.com/goods.php?maluzen-set-5244672" "Mozilla/5.0 AppleWebKit/537.36 (KHTML, like Gecko; compatible; GPTBot/1.4; +https://openai.com/gptbot)"
114.119.157.241 - - [20/Sep/2026:08:10:35 +0000] "GET /products/230022985 HTTP/1.1" 200 6347 "https://dazzlingwebplanet.com/?sitemap338.xml" "Mozilla/5.0 (Linux; Android 7.0;) AppleWebKit/537.36 (HTML, like Gecko) Mobile Safari/537.36 (compatible; PetalBot;+https://webmaster.petalsearch.com/site/petalbot)"
74.7.227.11 - - [20/Sep/2026:08:10:36 +0000] "GET /goods.php?search/list/?LineID=146039920 HTTP/1.1" 403 5833 "https://dazzlingwebplanet.com/goods.php?vivito-shop-item-022742-6003" "Mozilla/5.0 AppleWebKit/537.36 (KHTML, like Gecko; compatible; GPTBot/1.4; +https://openai.com/gptbot)"
74.7.227.11 - - [20/Sep/2026:08:10:37 +0000] "GET /goods.php?search/list/?LineID=253003675 HTTP/1.1" 403 5833 "https://dazzlingwebplanet.com/goods.php?webike-rb-26157087" "Mozilla/5.0 AppleWebKit/537.36 (KHTML, like Gecko; compatible; GPTBot/1.4; +https://openai.com/gptbot)"
74.7.227.11 - - [20/Sep/2026:08:10:38 +0000] "GET /goods.php?search/list/?LineID=029006689 HTTP/1.1" 403 5833 "https://dazzlingwebplanet.com/goods.php?q-uoli-ba87-1062257" "Mozilla/5.0 AppleWebKit/537.36 (KHTML, like Gecko; compatible; GPTBot/1.4; +https://openai.com/gptbot)"
74.7.227.11 - - [20/Sep/2026:08:10:39 +0000] "GET /goods.php?search/list/?LineID=029007347 HTTP/1.1" 403 5833 "https://dazzlingwebplanet.com/goods.php?b-kenkougolf-ab-2256270" "Mozilla/5.0 AppleWebKit/537.36 (KHTML, like Gecko; compatible; GPTBot/1.4; +https://openai.com/gptbot)"
74.7.227.11 - - [20/Sep/2026:08:10:41 +0000] "GET /goods.php?search/list/?LineID=163011859 HTTP/1.1" 403 5833 "https://dazzlingwebplanet.com/goods.php?search/list/?LineID=031048431" "Mozilla/5.0 AppleWebKit/537.36 (KHTML, like Gecko; compatible; GPTBot/1.4; +https://openai.com/gptbot)"
74.7.227.11 - - [20/Sep/2026:08:10:42 +0000] "GET /goods.php?search/list/?LineID=189001967 HTTP/1.1" 403 5833 "https://dazzlingwebplanet.com/goods.php?search/list/?LineID=189001139" "Mozilla/5.0 AppleWebKit/537.36 (KHTML, like Gecko; compatible; GPTBot/1.4; +https://openai.com/gptbot)"
74.7.227.11 - - [20/Sep/2026:08:10:43 +0000] "GET /goods.php?search/list/?LineID=048036526 HTTP/1.1" 403 5833 "https://dazzlingwebplanet.com/goods.php?vivitoplus-item-017167-836" "Mozilla/5.0 AppleWebKit/537.36 (KHTML, like Gecko; compatible; GPTBot/1.4; +https://openai.com/gptbot)"
74.7.227.11 - - [20/Sep/2026:08:10:44 +0000] "GET /goods.php?search/list/?LineID=276019032 HTTP/1.1" 403 5833 "https://dazzlingwebplanet.com/goods.php?atorieerina-b004xa29yi" "Mozilla/5.0 AppleWebKit/537.36 (KHTML, like Gecko; compatible; GPTBot/1.4; +https://openai.com/gptbot)"
74.7.227.11 - - [20/Sep/2026:08:10:45 +0000] "GET /goods.php?search/list/?LineID=092047752 HTTP/1.1" 403 5833 "https://dazzlingwebplanet.com/goods.php?hirochishop-203-8092" "Mozilla/5.0 AppleWebKit/537.36 (KHTML, like Gecko; compatible; GPTBot/1.4; +https://openai.com/gptbot)"
74.7.227.11 - - [20/Sep/2026:08:10:47 +0000] "GET /goods.php?search/list/?LineID=097005937 HTTP/1.1" 403 5833 "https://dazzlingwebplanet.com/goods.php?2doriem-b005ln0pi8" "Mozilla/5.0 AppleWebKit/537.36 (KHTML, like Gecko; compatible; GPTBot/1.4; +https://openai.com/gptbot)"
57.141.0.72 - - [20/Sep/2026:08:10:47 +0000] "GET /item/K62497733.html HTTP/1.1" 200 6347 "-" "Mozilla/5.0 (Macintosh; Intel Mac OS X 10_15_7) AppleWebKit/537.36 (KHTML, like Gecko) Chrome/145.0.0.0 Safari/537.36 (compatible; meta-externalagent/1.1 (+https://developers.facebook.com/docs/sharing/webmasters/crawler))"
74.7.227.11 - - [20/Sep/2026:08:10:48 +0000] "GET /goods.php?search/list/?LineID=151048453 HTTP/1.1" 403 5833 "https://dazzlingwebplanet.com/goods.php?graceshop-2-be152zb-1" "Mozilla/5.0 AppleWebKit/537.36 (KHTML, like Gecko; compatible; GPTBot/1.4; +https://openai.com/gptbot)"
74.7.227.11 - - [20/Sep/2026:08:10:49 +0000] "GET /goods.php?search/list/?LineID=021003749 HTTP/1.1" 403 5833 "https://dazzlingwebplanet.com/goods.php?vivitoplus-item-020266-20" "Mozilla/5.0 AppleWebKit/537.36 (KHTML, like Gecko; compatible; GPTBot/1.4; +https://openai.com/gptbot)"
74.7.227.11 - - [20/Sep/2026:08:10:50 +0000] "GET /goods.php?search/list/?LineID=134044250 HTTP/1.1" 403 5833 "https://dazzlingwebplanet.com/goods.php?sangoya-r6art42-241" "Mozilla/5.0 AppleWebKit/537.36 (KHTML, like Gecko; compatible; GPTBot/1.4; +https://openai.com/gptbot)"
74.7.227.11 - - [20/Sep/2026:08:10:52 +0000] "GET /goods.php?search/list/?LineID=129031945 HTTP/1.1" 403 5833 "https://dazzlingwebplanet.com/goods.php?infomart-ab-1628832" "Mozilla/5.0 AppleWebKit/537.36 (KHTML, like Gecko; compatible; GPTBot/1.4; +https://openai.com/gptbot)"
74.7.227.11 - - [20/Sep/2026:08:10:53 +0000] "GET /goods.php?search/list/?LineID=201026847 HTTP/1.1" 403 5833 "https://dazzlingwebplanet.com/goods.php?outlet/250019053.html" "Mozilla/5.0 AppleWebKit/537.36 (KHTML, like Gecko; compatible; GPTBot/1.4; +https://openai.com/gptbot)"
74.7.227.11 - - [20/Sep/2026:08:10:54 +0000] "GET /goods.php?search/list/?LineID=119025943 HTTP/1.1" 403 5833 "https://dazzlingwebplanet.com/goods.php?cagu-le-ds-2619709" "Mozilla/5.0 AppleWebKit/537.36 (KHTML, like Gecko; compatible; GPTBot/1.4; +https://openai.com/gptbot)"
74.7.227.11 - - [20/Sep/2026:08:10:55 +0000] "GET /goods.php?search/list/?LineID=087009893 HTTP/1.1" 403 5833 "https://dazzlingwebplanet.com/goods.php?pit-sports-csv-s0455" "Mozilla/5.0 AppleWebKit/537.36 (KHTML, like Gecko; compatible; GPTBot/1.4; +https://openai.com/gptbot)"
74.7.227.11 - - [20/Sep/2026:08:10:56 +0000] "GET /goods.php?search/list/?LineID=021009283 HTTP/1.1" 403 5833 "https://dazzlingwebplanet.com/goods.php?woooods-cspc-16171" "Mozilla/5.0 AppleWebKit/537.36 (KHTML, like Gecko; compatible; GPTBot/1.4; +https://openai.com/gptbot)"
74.7.227.11 - - [20/Sep/2026:08:10:58 +0000] "GET /goods.php?search/list/?LineID=264049316 HTTP/1.1" 403 5833 "https://dazzlingwebplanet.com/goods.php?kobaco-003-hb000t2icao" "Mozilla/5.0 AppleWebKit/537.36 (KHTML, like Gecko; compatible; GPTBot/1.4; +https://openai.com/gptbot)"
74.7.227.11 - - [20/Sep/2026:08:10:59 +0000] "GET /goods.php?search/list/?LineID=043024537 HTTP/1.1" 403 5833 "https://dazzlingwebplanet.com/goods.php?shopk-net-ds-2235149" "Mozilla/5.0 AppleWebKit/537.36 (KHTML, like Gecko; compatible; GPTBot/1.4; +https://openai.com/gptbot)"
74.7.227.11 - - [20/Sep/2026:08:11:00 +0000] "GET /goods.php?search/list/?LineID=013043891 HTTP/1.1" 403 5833 "https://dazzlingwebplanet.com/goods.php?tuzukiya-i329-0664" "Mozilla/5.0 AppleWebKit/537.36 (KHTML, like Gecko; compatible; GPTBot/1.4; +https://openai.com/gptbot)"
74.7.227.11 - - [20/Sep/2026:08:11:01 +0000] "GET /goods.php?search/list/?LineID=047002997 HTTP/1.1" 403 5833 "https://dazzlingwebplanet.com/goods.php?46550835" "Mozilla/5.0 AppleWebKit/537.36 (KHTML, like Gecko; compatible; GPTBot/1.4; +https://openai.com/gptbot)"
74.7.227.11 - - [20/Sep/2026:08:11:02 +0000] "GET /goods.php?search/list/?LineID=157023593 HTTP/1.1" 403 5833 "https://dazzlingwebplanet.com/goods.php?heiwaya-dabb9818" "Mozilla/5.0 AppleWebKit/537.36 (KHTML, like Gecko; compatible; GPTBot/1.4; +https://openai.com/gptbot)"
74.7.227.11 - - [20/Sep/2026:08:11:04 +0000] "GET /goods.php?search/list/?LineID=230033766 HTTP/1.1" 403 5833 "https://dazzlingwebplanet.com/goods.php?kobaco-003-sb001iomsgq" "Mozilla/5.0 AppleWebKit/537.36 (KHTML, like Gecko; compatible; GPTBot/1.4; +https://openai.com/gptbot)"
74.7.227.11 - - [20/Sep/2026:08:11:05 +0000] "GET /goods.php?search/list/?LineID=199048535 HTTP/1.1" 403 5833 "https://dazzlingwebplanet.com/goods.php?cagu-le-ds-2527187" "Mozilla/5.0 AppleWebKit/537.36 (KHTML, like Gecko; compatible; GPTBot/1.4; +https://openai.com/gptbot)"
74.7.227.11 - - [20/Sep/2026:08:11:06 +0000] "GET /goods.php?search/list/?LineID=114042590 HTTP/1.1" 403 5833 "https://dazzlingwebplanet.com/goods.php?search/list/?LineID=114038292" "Mozilla/5.0 AppleWebKit/537.36 (KHTML, like Gecko; compatible; GPTBot/1.4; +https://openai.com/gptbot)"
74.7.227.11 - - [20/Sep/2026:08:11:07 +0000] "GET /goods.php?search/list/?LineID=031025805 HTTP/1.1" 403 5833 "https://dazzlingwebplanet.com/goods.php?mb-3102-camoscio" "Mozilla/5.0 AppleWebKit/537.36 (KHTML, like Gecko; compatible; GPTBot/1.4; +https://openai.com/gptbot)"
74.7.227.11 - - [20/Sep/2026:08:11:09 +0000] "GET /goods.php?search/list/?LineID=248002910 HTTP/1.1" 403 5833 "https://dazzlingwebplanet.com/goods.php?kaientai-tnob-7546751" "Mozilla/5.0 AppleWebKit/537.36 (KHTML, like Gecko; compatible; GPTBot/1.4; +https://openai.com/gptbot)"
74.7.227.11 - - [20/Sep/2026:08:11:10 +0000] "GET /goods.php?search/list/?LineID=156042036 HTTP/1.1" 403 5833 "https://dazzlingwebplanet.com/goods.php?ideca-ed530956" "Mozilla/5.0 AppleWebKit/537.36 (KHTML, like Gecko; compatible; GPTBot/1.4; +https://openai.com/gptbot)"
74.7.227.11 - - [20/Sep/2026:08:11:11 +0000] "GET /goods.php?search/list/?LineID=274043842 HTTP/1.1" 403 5833 "https://dazzlingwebplanet.com/goods.php?spooledge-v49152" "Mozilla/5.0 AppleWebKit/537.36 (KHTML, like Gecko; compatible; GPTBot/1.4; +https://openai.com/gptbot)"
74.7.227.11 - - [20/Sep/2026:08:11:12 +0000] "GET /goods.php?search/list/?LineID=058049164 HTTP/1.1" 403 5833 "https://dazzlingwebplanet.com/goods.php?tuzukiya-n27-26812" "Mozilla/5.0 AppleWebKit/537.36 (KHTML, like Gecko; compatible; GPTBot/1.4; +https://openai.com/gptbot)"
74.7.227.11 - - [20/Sep/2026:08:11:13 +0000] "GET /goods.php?search/list/?LineID=215014537 HTTP/1.1" 403 5833 "https://dazzlingwebplanet.com/goods.php?sailing-yya261-1" "Mozilla/5.0 AppleWebKit/537.36 (KHTML, like Gecko; compatible; GPTBot/1.4; +https://openai.com/gptbot)"
74.7.227.11 - - [20/Sep/2026:08:11:15 +0000] "GET /goods.php?search/list/?LineID=213018635 HTTP/1.1" 403 5833 "https://dazzlingwebplanet.com/goods.php?tuzukiya-e259-0115" "Mozilla/5.0 AppleWebKit/537.36 (KHTML, like Gecko; compatible; GPTBot/1.4; +https://openai.com/gptbot)"
57.141.0.29 - - [20/Sep/2026:08:11:15 +0000] "GET /shop/53d77176427101 HTTP/1.1" 200 6347 "-" "Mozilla/5.0 (Windows NT 10.0; Win64; x64) AppleWebKit/537.36 (KHTML, like Gecko) Chrome/145.0.0.0 Safari/537.36 (compatible; meta-externalagent/1.1 (+https://developers.facebook.com/docs/sharing/webmasters/crawler))"
74.7.227.11 - - [20/Sep/2026:08:11:16 +0000] "GET /goods.php?search/list/?LineID=229018873 HTTP/1.1" 403 5833 "https://dazzlingwebplanet.com/goods.php?hirochishop-no-16385-tn" "Mozilla/5.0 AppleWebKit/537.36 (KHTML, like Gecko; compatible; GPTBot/1.4; +https://openai.com/gptbot)"
74.7.227.11 - - [20/Sep/2026:08:11:17 +0000] "GET /goods.php?search/list/?LineID=126023596 HTTP/1.1" 403 5833 "https://dazzlingwebplanet.com/goods.php?i-collect-0006046" "Mozilla/5.0 AppleWebKit/537.36 (KHTML, like Gecko; compatible; GPTBot/1.4; +https://openai.com/gptbot)"
74.7.227.11 - - [20/Sep/2026:08:11:18 +0000] "GET /goods.php?search/list/?LineID=018043292 HTTP/1.1" 403 5833 "https://dazzlingwebplanet.com/goods.php?sanyoselect-rg7273-1" "Mozilla/5.0 AppleWebKit/537.36 (KHTML, like Gecko; compatible; GPTBot/1.4; +https://openai.com/gptbot)"
74.7.227.11 - - [20/Sep/2026:08:11:19 +0000] "GET /goods.php?search/list/?LineID=031027981 HTTP/1.1" 403 5833 "https://dazzlingwebplanet.com/goods.php?vivito-shop-item-022742-5997" "Mozilla/5.0 AppleWebKit/537.36 (KHTML, like Gecko; compatible; GPTBot/1.4; +https://openai.com/gptbot)"
74.7.227.11 - - [20/Sep/2026:08:11:21 +0000] "GET /goods.php?search/list/?LineID=192024116 HTTP/1.1" 403 5833 "https://dazzlingwebplanet.com/goods.php?search/list/?LineID=083000511" "Mozilla/5.0 AppleWebKit/537.36 (KHTML, like Gecko; compatible; GPTBot/1.4; +https://openai.com/gptbot)"
74.7.227.11 - - [20/Sep/2026:08:11:22 +0000] "GET /goods.php?search/list/?LineID=013008349 HTTP/1.1" 403 5833 "https://dazzlingwebplanet.com/goods.php?atorieerina-b01e539abm" "Mozilla/5.0 AppleWebKit/537.36 (KHTML, like Gecko; compatible; GPTBot/1.4; +https://openai.com/gptbot)"
74.7.227.11 - - [20/Sep/2026:08:11:23 +0000] "GET /goods.php?search/list/?LineID=063012105 HTTP/1.1" 403 5833 "https://dazzlingwebplanet.com/goods.php?t-c-laughtale-item-020534-2540" "Mozilla/5.0 AppleWebKit/537.36 (KHTML, like Gecko; compatible; GPTBot/1.4; +https://openai.com/gptbot)"
52.167.144.206 - - [20/Sep/2026:08:11:24 +0000] "GET /shop/31a3e192504301 HTTP/1.1" 200 6347 "-" "Mozilla/5.0 AppleWebKit/537.36 (KHTML, like Gecko; compatible; bingbot/2.0; +http://www.bing.com/bingbot.htm) Chrome/116.0.1938.76 Safari/537.36"
74.7.227.11 - - [20/Sep/2026:08:11:24 +0000] "GET /goods.php?search/list/?LineID=082001424 HTTP/1.1" 403 5833 "https://dazzlingwebplanet.com/goods.php?tokka-com-4975479417207" "Mozilla/5.0 AppleWebKit/537.36 (KHTML, like Gecko; compatible; GPTBot/1.4; +https://openai.com/gptbot)"
74.7.227.11 - - [20/Sep/2026:08:11:26 +0000] "GET /goods.php?search/list/?LineID=153038359 HTTP/1.1" 403 5833 "https://dazzlingwebplanet.com/goods.php?e-kikai-6135005" "Mozilla/5.0 AppleWebKit/537.36 (KHTML, like Gecko; compatible; GPTBot/1.4; +https://openai.com/gptbot)"
74.7.227.11 - - [20/Sep/2026:08:11:27 +0000] "GET /goods.php?search/list/?LineID=246047708 HTTP/1.1" 403 5833 "https://dazzlingwebplanet.com/goods.php?konainamondoya-0893762" "Mozilla/5.0 AppleWebKit/537.36 (KHTML, like Gecko; compatible; GPTBot/1.4; +https://openai.com/gptbot)"
57.141.0.69 - - [20/Sep/2026:08:11:27 +0000] "GET /item/K41851971.html HTTP/1.1" 200 6347 "-" "Mozilla/5.0 (X11; Linux x86_64) AppleWebKit/537.36 (KHTML, like Gecko) Chrome/145.0.0.0 Safari/537.36 (compatible; meta-externalagent/1.1 (+https://developers.facebook.com/docs/sharing/webmasters/crawler))"
74.7.227.11 - - [20/Sep/2026:08:11:28 +0000] "GET /goods.php?search/list/?LineID=114029566 HTTP/1.1" 403 5833 "https://dazzlingwebplanet.com/goods.php?tuzukiya-k418-0072" "Mozilla/5.0 AppleWebKit/537.36 (KHTML, like Gecko; compatible; GPTBot/1.4; +https://openai.com/gptbot)"
74.7.227.11 - - [20/Sep/2026:08:11:29 +0000] "GET /goods.php?search/list/?LineID=201033649 HTTP/1.1" 403 5833 "https://dazzlingwebplanet.com/goods.php?rcmdse-tm-2062609" "Mozilla/5.0 AppleWebKit/537.36 (KHTML, like Gecko; compatible; GPTBot/1.4; +https://openai.com/gptbot)"
74.7.227.11 - - [20/Sep/2026:08:11:30 +0000] "GET /goods.php?search/list/?LineID=214008754 HTTP/1.1" 403 5833 "https://dazzlingwebplanet.com/goods.php?shopk-net-ds-2043339" "Mozilla/5.0 AppleWebKit/537.36 (KHTML, like Gecko; compatible; GPTBot/1.4; +https://openai.com/gptbot)"
74.7.227.11 - - [20/Sep/2026:08:11:32 +0000] "GET /goods.php?search/list/?LineID=162008176 HTTP/1.1" 403 5833 "https://dazzlingwebplanet.com/goods.php?tokka-com-eset000090639" "Mozilla/5.0 AppleWebKit/537.36 (KHTML, like Gecko; compatible; GPTBot/1.4; +https://openai.com/gptbot)"
74.7.227.11 - - [20/Sep/2026:08:11:33 +0000] "GET /goods.php?search/list/?LineID=189005033 HTTP/1.1" 403 5833 "https://dazzlingwebplanet.com/goods.php?world-depo-ds-2588455" "Mozilla/5.0 AppleWebKit/537.36 (KHTML, like Gecko; compatible; GPTBot/1.4; +https://openai.com/gptbot)"
57.141.0.4 - - [20/Sep/2026:08:11:33 +0000] "GET /shop/1939119333201 HTTP/1.1" 200 6347 "-" "Mozilla/5.0 (Windows NT 10.0; Win64; x64) AppleWebKit/537.36 (KHTML, like Gecko) Chrome/145.0.0.0 Safari/537.36 (compatible; meta-externalagent/1.1 (+https://developers.facebook.com/docs/sharing/webmasters/crawler))"
74.7.227.11 - - [20/Sep/2026:08:11:34 +0000] "GET /goods.php?search/list/?LineID=287043419 HTTP/1.1" 403 5833 "https://dazzlingwebplanet.com/goods.php?njdirect-1494429" "Mozilla/5.0 AppleWebKit/537.36 (KHTML, like Gecko; compatible; GPTBot/1.4; +https://openai.com/gptbot)"
74.7.227.11 - - [20/Sep/2026:08:11:35 +0000] "GET /goods.php?search/list/?LineID=004032156 HTTP/1.1" 403 5833 "https://dazzlingwebplanet.com/goods.php?livingut-383784-1" "Mozilla/5.0 AppleWebKit/537.36 (KHTML, like Gecko; compatible; GPTBot/1.4; +https://openai.com/gptbot)"
74.7.227.11 - - [20/Sep/2026:08:11:36 +0000] "GET /goods.php?search/list/?LineID=145013851 HTTP/1.1" 403 5833 "https://dazzlingwebplanet.com/goods.php?outlet/010000413.html" "Mozilla/5.0 AppleWebKit/537.36 (KHTML, like Gecko; compatible; GPTBot/1.4; +https://openai.com/gptbot)"
52.167.144.206 - - [20/Sep/2026:08:11:37 +0000] "GET /shop/cc5e2183329901 HTTP/1.1" 200 6347 "-" "Mozilla/5.0 AppleWebKit/537.36 (KHTML, like Gecko; compatible; bingbot/2.0; +http://www.bing.com/bingbot.htm) Chrome/116.0.1938.76 Safari/537.36"
52.167.144.206 - - [20/Sep/2026:08:11:37 +0000] "GET /shop/8f35d156899501 HTTP/1.1" 200 6347 "-" "Mozilla/5.0 AppleWebKit/537.36 (KHTML, like Gecko; compatible; bingbot/2.0; +http://www.bing.com/bingbot.htm) Chrome/116.0.1938.76 Safari/537.36"
74.7.227.11 - - [20/Sep/2026:08:11:38 +0000] "GET /goods.php?search/list/?LineID=176048584 HTTP/1.1" 403 5833 "https://dazzlingwebplanet.com/goods.php?cyma-outlet-24k1sbk00" "Mozilla/5.0 AppleWebKit/537.36 (KHTML, like Gecko; compatible; GPTBot/1.4; +https://openai.com/gptbot)"
74.7.227.11 - - [20/Sep/2026:08:11:39 +0000] "GET /goods.php?search/list/?LineID=094044372 HTTP/1.1" 403 5833 "https://dazzlingwebplanet.com/goods.php?happysunny-da058c6-1" "Mozilla/5.0 AppleWebKit/537.36 (KHTML, like Gecko; compatible; GPTBot/1.4; +https://openai.com/gptbot)"
74.7.227.11 - - [20/Sep/2026:08:11:40 +0000] "GET /goods.php?search/list/?LineID=236004518 HTTP/1.1" 403 5833 "https://dazzlingwebplanet.com/goods.php?outlet/075000716.html" "Mozilla/5.0 AppleWebKit/537.36 (KHTML, like Gecko; compatible; GPTBot/1.4; +https://openai.com/gptbot)"
74.7.227.11 - - [20/Sep/2026:08:11:41 +0000] "GET /goods.php?search/list/?LineID=258009054 HTTP/1.1" 403 5833 "https://dazzlingwebplanet.com/goods.php?kaguplus-sun-366" "Mozilla/5.0 AppleWebKit/537.36 (KHTML, like Gecko; compatible; GPTBot/1.4; +https://openai.com/gptbot)"
74.7.227.11 - - [20/Sep/2026:08:11:43 +0000] "GET /goods.php?search/list/?LineID=062024594 HTTP/1.1" 403 5833 "https://dazzlingwebplanet.com/goods.php?search/list/?LineID=064011170" "Mozilla/5.0 AppleWebKit/537.36 (KHTML, like Gecko; compatible; GPTBot/1.4; +https://openai.com/gptbot)"
74.7.227.11 - - [20/Sep/2026:08:11:44 +0000] "GET /goods.php?search/list/?LineID=087045527 HTTP/1.1" 403 5833 "https://dazzlingwebplanet.com/goods.php?vivito-shop-item-022628-2491" "Mozilla/5.0 AppleWebKit/537.36 (KHTML, like Gecko; compatible; GPTBot/1.4; +https://openai.com/gptbot)"
40.77.167.58 - - [20/Sep/2026:08:11:45 +0000] "GET /shop/e6d97140213708 HTTP/1.1" 200 6347 "-" "Mozilla/5.0 AppleWebKit/537.36 (KHTML, like Gecko; compatible; bingbot/2.0; +http://www.bing.com/bingbot.htm) Chrome/116.0.1938.76 Safari/537.36"
74.7.227.11 - - [20/Sep/2026:08:11:45 +0000] "GET /goods.php?search/list/?LineID=214022360 HTTP/1.1" 403 5833 "https://dazzlingwebplanet.com/goods.php?tss-al54711" "Mozilla/5.0 AppleWebKit/537.36 (KHTML, like Gecko; compatible; GPTBot/1.4; +https://openai.com/gptbot)"
40.77.167.58 - - [20/Sep/2026:08:11:45 +0000] "GET /shop/5f910145058301 HTTP/1.1" 200 6347 "-" "Mozilla/5.0 AppleWebKit/537.36 (KHTML, like Gecko; compatible; bingbot/2.0; +http://www.bing.com/bingbot.htm) Chrome/116.0.1938.76 Safari/537.36"
40.77.167.58 - - [20/Sep/2026:08:11:46 +0000] "GET /shop/88010145265901 HTTP/1.1" 200 6347 "-" "Mozilla/5.0 AppleWebKit/537.36 (KHTML, like Gecko; compatible; bingbot/2.0; +http://www.bing.com/bingbot.htm) Chrome/116.0.1938.76 Safari/537.36"
74.7.227.11 - - [20/Sep/2026:08:11:46 +0000] "GET /goods.php?search/list/?LineID=199012655 HTTP/1.1" 403 5833 "https://dazzlingwebplanet.com/goods.php?kg-maido-tr-1239325" "Mozilla/5.0 AppleWebKit/537.36 (KHTML, like Gecko; compatible; GPTBot/1.4; +https://openai.com/gptbot)"
74.7.227.11 - - [20/Sep/2026:08:11:47 +0000] "GET /goods.php?search/list/?LineID=152012308 HTTP/1.1" 403 5833 "https://dazzlingwebplanet.com/goods.php?tuzukiya-m35-2103" "Mozilla/5.0 AppleWebKit/537.36 (KHTML, like Gecko; compatible; GPTBot/1.4; +https://openai.com/gptbot)"
74.7.227.11 - - [20/Sep/2026:08:11:49 +0000] "GET /goods.php?search/list/?LineID=273012821 HTTP/1.1" 403 5833 "https://dazzlingwebplanet.com/goods.php?edenki-ed1656198" "Mozilla/5.0 AppleWebKit/537.36 (KHTML, like Gecko; compatible; GPTBot/1.4; +https://openai.com/gptbot)"
74.7.227.11 - - [20/Sep/2026:08:11:50 +0000] "GET /goods.php?search/list/?LineID=039002285 HTTP/1.1" 403 5833 "https://dazzlingwebplanet.com/goods.php?jukei-n-27_3_2" "Mozilla/5.0 AppleWebKit/537.36 (KHTML, like Gecko; compatible; GPTBot/1.4; +https://openai.com/gptbot)"
74.7.227.11 - - [20/Sep/2026:08:11:51 +0000] "GET /goods.php?search/list/?LineID=019023945 HTTP/1.1" 403 5833 "https://dazzlingwebplanet.com/goods.php?tomcraft-62023111-2" "Mozilla/5.0 AppleWebKit/537.36 (KHTML, like Gecko; compatible; GPTBot/1.4; +https://openai.com/gptbot)"
74.7.227.11 - - [20/Sep/2026:08:11:52 +0000] "GET /goods.php?search/list/?LineID=042008360 HTTP/1.1" 403 5833 "https://dazzlingwebplanet.com/goods.php?bocci2-toyota-sy-000157" "Mozilla/5.0 AppleWebKit/537.36 (KHTML, like Gecko; compatible; GPTBot/1.4; +https://openai.com/gptbot)"
74.7.227.11 - - [20/Sep/2026:08:11:54 +0000] "GET /goods.php?search/list/?LineID=226042876 HTTP/1.1" 403 5833 "https://dazzlingwebplanet.com/goods.php?kanamonja-l-adm-155m-243" "Mozilla/5.0 AppleWebKit/537.36 (KHTML, like Gecko; compatible; GPTBot/1.4; +https://openai.com/gptbot)"
74.7.227.11 - - [20/Sep/2026:08:11:55 +0000] "GET /goods.php?search/list/?LineID=237036095 HTTP/1.1" 403 5833 "https://dazzlingwebplanet.com/goods.php?tuzukiya-g05-0410" "Mozilla/5.0 AppleWebKit/537.36 (KHTML, like Gecko; compatible; GPTBot/1.4; +https://openai.com/gptbot)"
74.7.227.11 - - [20/Sep/2026:08:11:56 +0000] "GET /goods.php?search/list/?LineID=108020638 HTTP/1.1" 403 5833 "https://dazzlingwebplanet.com/goods.php?world-depo-ds-2588455" "Mozilla/5.0 AppleWebKit/537.36 (KHTML, like Gecko; compatible; GPTBot/1.4; +https://openai.com/gptbot)"
74.7.227.11 - - [20/Sep/2026:08:11:57 +0000] "GET /goods.php?search/list/?LineID=079005369 HTTP/1.1" 403 5833 "https://dazzlingwebplanet.com/goods.php?painttool-otk00025" "Mozilla/5.0 AppleWebKit/537.36 (KHTML, like Gecko; compatible; GPTBot/1.4; +https://openai.com/gptbot)"
74.7.227.11 - - [20/Sep/2026:08:11:58 +0000] "GET /goods.php?search/list/?LineID=055034431 HTTP/1.1" 403 5833 "https://dazzlingwebplanet.com/goods.php?webike-rb-21410137" "Mozilla/5.0 AppleWebKit/537.36 (KHTML, like Gecko; compatible; GPTBot/1.4; +https://openai.com/gptbot)"
74.7.227.11 - - [20/Sep/2026:08:12:00 +0000] "GET /goods.php?search/list/?LineID=021011985 HTTP/1.1" 403 5833 "https://dazzlingwebplanet.com/goods.php?aline-ds-2602679" "Mozilla/5.0 AppleWebKit/537.36 (KHTML, like Gecko; compatible; GPTBot/1.4; +https://openai.com/gptbot)"
74.7.227.11 - - [20/Sep/2026:08:12:01 +0000] "GET /goods.php?search/list/?LineID=160031062 HTTP/1.1" 403 5833 "https://dazzlingwebplanet.com/goods.php?2doriem-hkb06vtj68jt" "Mozilla/5.0 AppleWebKit/537.36 (KHTML, like Gecko; compatible; GPTBot/1.4; +https://openai.com/gptbot)"
57.141.0.22 - - [20/Sep/2026:08:12:02 +0000] "GET /shop/84bc7177932101 HTTP/1.1" 200 6347 "-" "Mozilla/5.0 (Windows NT 10.0; Win64; x64) AppleWebKit/537.36 (KHTML, like Gecko) Chrome/145.0.0.0 Safari/537.36 (compatible; meta-externalagent/1.1 (+https://developers.facebook.com/docs/sharing/webmasters/crawler))"
74.7.227.11 - - [20/Sep/2026:08:12:02 +0000] "GET /goods.php?search/list/?LineID=282015776 HTTP/1.1" 403 5833 "https://dazzlingwebplanet.com/goods.php?toyoac-gjs0720a5hujx8an-1" "Mozilla/5.0 AppleWebKit/537.36 (KHTML, like Gecko; compatible; GPTBot/1.4; +https://openai.com/gptbot)"
57.141.0.25 - - [20/Sep/2026:08:12:03 +0000] "GET /item/K61258965.html HTTP/1.1" 200 6347 "-" "Mozilla/5.0 (Macintosh; Intel Mac OS X 10_15_7) AppleWebKit/537.36 (KHTML, like Gecko) Chrome/145.0.0.0 Safari/537.36 (compatible; meta-externalagent/1.1 (+https://developers.facebook.com/docs/sharing/webmasters/crawler))"
74.7.227.11 - - [20/Sep/2026:08:12:03 +0000] "GET /goods.php?search/list/?LineID=157010339 HTTP/1.1" 403 5833 "https://dazzlingwebplanet.com/goods.php?outlet/157005864.html" "Mozilla/5.0 AppleWebKit/537.36 (KHTML, like Gecko; compatible; GPTBot/1.4; +https://openai.com/gptbot)"
74.7.227.11 - - [20/Sep/2026:08:12:04 +0000] "GET /goods.php?search/list/?LineID=181029863 HTTP/1.1" 403 5833 "https://dazzlingwebplanet.com/goods.php?neowing-r-nsdx-9894" "Mozilla/5.0 AppleWebKit/537.36 (KHTML, like Gecko; compatible; GPTBot/1.4; +https://openai.com/gptbot)"
74.7.227.11 - - [20/Sep/2026:08:12:06 +0000] "GET /goods.php?search/list/?LineID=112045748 HTTP/1.1" 403 5833 "https://dazzlingwebplanet.com/goods.php?inskagu-103104" "Mozilla/5.0 AppleWebKit/537.36 (KHTML, like Gecko; compatible; GPTBot/1.4; +https://openai.com/gptbot)"
74.7.227.11 - - [20/Sep/2026:08:12:07 +0000] "GET /goods.php?search/list/?LineID=069004643 HTTP/1.1" 403 5833 "https://dazzlingwebplanet.com/goods.php?hirochishop-800841-tr" "Mozilla/5.0 AppleWebKit/537.36 (KHTML, like Gecko; compatible; GPTBot/1.4; +https://openai.com/gptbot)"
74.7.227.11 - - [20/Sep/2026:08:12:08 +0000] "GET /goods.php?search/list/?LineID=284016370 HTTP/1.1" 403 5833 "https://dazzlingwebplanet.com/goods.php?shop-polite-ds-2395113" "Mozilla/5.0 AppleWebKit/537.36 (KHTML, like Gecko; compatible; GPTBot/1.4; +https://openai.com/gptbot)"
74.7.227.11 - - [20/Sep/2026:08:12:09 +0000] "GET /goods.php?search/list/?LineID=232034482 HTTP/1.1" 403 5833 "https://dazzlingwebplanet.com/goods.php?livingut-355737-1" "Mozilla/5.0 AppleWebKit/537.36 (KHTML, like Gecko; compatible; GPTBot/1.4; +https://openai.com/gptbot)"
74.7.227.11 - - [20/Sep/2026:08:12:11 +0000] "GET /goods.php?search/list/?LineID=038001254 HTTP/1.1" 403 5833 "https://dazzlingwebplanet.com/goods.php?motor-parts-s-t12so3-hcqt" "Mozilla/5.0 AppleWebKit/537.36 (KHTML, like Gecko; compatible; GPTBot/1.4; +https://openai.com/gptbot)"
57.141.0.18 - - [20/Sep/2026:08:12:11 +0000] "GET /item/K10276928.html HTTP/1.1" 200 6347 "-" "Mozilla/5.0 (Windows NT 10.0; Win64; x64) AppleWebKit/537.36 (KHTML, like Gecko) Chrome/145.0.0.0 Safari/537.36 (compatible; meta-externalagent/1.1 (+https://developers.facebook.com/docs/sharing/webmasters/crawler))"
74.7.227.11 - - [20/Sep/2026:08:12:12 +0000] "GET /goods.php?search/list/?LineID=285042927 HTTP/1.1" 403 5833 "https://dazzlingwebplanet.com/goods.php?chuya-online-218651" "Mozilla/5.0 AppleWebKit/537.36 (KHTML, like Gecko; compatible; GPTBot/1.4; +https://openai.com/gptbot)"
