74.7.227.11 - - [20/Sep/2026:06:51:13 +0000] "GET /goods.php?first23-ebm-882755005 HTTP/1.1" 403 5833 "https://dazzlingwebplanet.com/goods.php?detail/148026784099" "Mozilla/5.0 AppleWebKit/537.36 (KHTML, like Gecko; compatible; GPTBot/1.4; +https://openai.com/gptbot)"
74.7.227.11 - - [20/Sep/2026:06:51:14 +0000] "GET /goods.php?scarlet2021-b000vhw0vo HTTP/1.1" 403 5833 "https://dazzlingwebplanet.com/goods.php?detail/004003518783" "Mozilla/5.0 AppleWebKit/537.36 (KHTML, like Gecko; compatible; GPTBot/1.4; +https://openai.com/gptbot)"
74.7.227.11 - - [20/Sep/2026:06:51:15 +0000] "GET /goods.php?watanabepearl-01000560 HTTP/1.1" 403 5833 "https://dazzlingwebplanet.com/goods.php?jp/234043773.html" "Mozilla/5.0 AppleWebKit/537.36 (KHTML, like Gecko; compatible; GPTBot/1.4; +https://openai.com/gptbot)"
74.7.227.11 - - [20/Sep/2026:06:51:16 +0000] "GET /goods.php?nicobase-nico-pa6-10-01522 HTTP/1.1" 403 5833 "https://dazzlingwebplanet.com/goods.php?detail/009040573145" "Mozilla/5.0 AppleWebKit/537.36 (KHTML, like Gecko; compatible; GPTBot/1.4; +https://openai.com/gptbot)"
74.7.227.11 - - [20/Sep/2026:06:51:18 +0000] "GET /goods.php?akarinohiroba-xnd1590slle9 HTTP/1.1" 403 5833 "https://dazzlingwebplanet.com/goods.php?detail/0870358066878" "Mozilla/5.0 AppleWebKit/537.36 (KHTML, like Gecko; compatible; GPTBot/1.4; +https://openai.com/gptbot)"
74.7.227.11 - - [20/Sep/2026:06:51:19 +0000] "GET /goods.php?tac-online-201306181749 HTTP/1.1" 403 5833 "https://dazzlingwebplanet.com/goods.php?detail/235040627107" "Mozilla/5.0 AppleWebKit/537.36 (KHTML, like Gecko; compatible; GPTBot/1.4; +https://openai.com/gptbot)"
74.7.227.11 - - [20/Sep/2026:06:51:20 +0000] "GET /goods.php?kaichouseikatsu-4985155230624 HTTP/1.1" 403 5833 "https://dazzlingwebplanet.com/goods.php?edifice-sa9755-1" "Mozilla/5.0 AppleWebKit/537.36 (KHTML, like Gecko; compatible; GPTBot/1.4; +https://openai.com/gptbot)"
74.7.227.11 - - [20/Sep/2026:06:51:21 +0000] "GET /goods.php?mituboshicamera-4530076236011 HTTP/1.1" 403 5833 "https://dazzlingwebplanet.com/goods.php?cometostore-b0863qdc86" "Mozilla/5.0 AppleWebKit/537.36 (KHTML, like Gecko; compatible; GPTBot/1.4; +https://openai.com/gptbot)"
74.7.227.11 - - [20/Sep/2026:06:51:22 +0000] "GET /goods.php?arkikaku1-zrkcduouqaozp535ctq5dthlwq HTTP/1.1" 403 5833 "https://dazzlingwebplanet.com/goods.php?detail/014005489890" "Mozilla/5.0 AppleWebKit/537.36 (KHTML, like Gecko; compatible; GPTBot/1.4; +https://openai.com/gptbot)"
57.141.0.6 - - [20/Sep/2026:06:51:23 +0000] "GET /item/K21638761.html HTTP/1.1" 200 6347 "-" "Mozilla/5.0 (Windows NT 10.0; Win64; x64) AppleWebKit/537.36 (KHTML, like Gecko) Chrome/145.0.0.0 Safari/537.36 (compatible; meta-externalagent/1.1 (+https://developers.facebook.com/docs/sharing/webmasters/crawler))"
74.7.227.11 - - [20/Sep/2026:06:51:24 +0000] "GET /goods.php?tireshop4u-rugged16655114gb-g016a2156516 HTTP/1.1" 403 5833 "https://dazzlingwebplanet.com/goods.php?detail/149011574164" "Mozilla/5.0 AppleWebKit/537.36 (KHTML, like Gecko; compatible; GPTBot/1.4; +https://openai.com/gptbot)"
74.7.227.11 - - [20/Sep/2026:06:51:25 +0000] "GET /goods.php?ginza-nisshindo-10004035 HTTP/1.1" 403 5833 "https://dazzlingwebplanet.com/goods.php?detail/070026017310" "Mozilla/5.0 AppleWebKit/537.36 (KHTML, like Gecko; compatible; GPTBot/1.4; +https://openai.com/gptbot)"
74.7.227.11 - - [20/Sep/2026:06:51:26 +0000] "GET /goods.php?toyoac-ss11184t3zlsbg3-1 HTTP/1.1" 403 5833 "https://dazzlingwebplanet.com/goods.php?detail/027021865740" "Mozilla/5.0 AppleWebKit/537.36 (KHTML, like Gecko; compatible; GPTBot/1.4; +https://openai.com/gptbot)"
74.7.227.11 - - [20/Sep/2026:06:51:27 +0000] "GET /goods.php?view-shop-p10049271022 HTTP/1.1" 403 5833 "https://dazzlingwebplanet.com/goods.php?ex-gstyle-to03sa-00430" "Mozilla/5.0 AppleWebKit/537.36 (KHTML, like Gecko; compatible; GPTBot/1.4; +https://openai.com/gptbot)"
57.141.0.38 - - [20/Sep/2026:06:51:28 +0000] "GET /item/K42103107.html HTTP/1.1" 200 6347 "-" "Mozilla/5.0 (Windows NT 10.0; Win64; x64) AppleWebKit/537.36 (KHTML, like Gecko) Chrome/145.0.0.0 Safari/537.36 Edg/145.0.0.0 (compatible; meta-externalagent/1.1 (+https://developers.facebook.com/docs/sharing/webmasters/crawler))"
74.7.227.11 - - [20/Sep/2026:06:51:29 +0000] "GET /goods.php?mzymzy-jppbvqu7y2kwbcvpamsighjioe-alm-1 HTTP/1.1" 403 5833 "https://dazzlingwebplanet.com/goods.php?goods/184028822" "Mozilla/5.0 AppleWebKit/537.36 (KHTML, like Gecko; compatible; GPTBot/1.4; +https://openai.com/gptbot)"
74.7.227.11 - - [20/Sep/2026:06:51:30 +0000] "GET /goods.php?ouchikenko-kbyilmugy3rmisymvxa5go4usa-ouc-1 HTTP/1.1" 403 5833 "https://dazzlingwebplanet.com/goods.php?detail/217032693970" "Mozilla/5.0 AppleWebKit/537.36 (KHTML, like Gecko; compatible; GPTBot/1.4; +https://openai.com/gptbot)"
74.7.227.11 - - [20/Sep/2026:06:51:31 +0000] "GET /goods.php?lachaceshop-bm4q4apyjzq7gegxnwmsuebnhm-lac-1 HTTP/1.1" 403 5833 "https://dazzlingwebplanet.com/goods.php?detail/150024333079" "Mozilla/5.0 AppleWebKit/537.36 (KHTML, like Gecko; compatible; GPTBot/1.4; +https://openai.com/gptbot)"
74.7.227.11 - - [20/Sep/2026:06:51:32 +0000] "GET /goods.php?search/list/?LineID=016020206 HTTP/1.1" 403 5833 "https://dazzlingwebplanet.com/goods.php?webike-rb-23270468" "Mozilla/5.0 AppleWebKit/537.36 (KHTML, like Gecko; compatible; GPTBot/1.4; +https://openai.com/gptbot)"
74.7.227.11 - - [20/Sep/2026:06:51:33 +0000] "GET /goods.php?search/list/?LineID=110040406 HTTP/1.1" 403 5833 "https://dazzlingwebplanet.com/goods.php?connect-hay-aac222-fg" "Mozilla/5.0 AppleWebKit/537.36 (KHTML, like Gecko; compatible; GPTBot/1.4; +https://openai.com/gptbot)"
74.7.227.11 - - [20/Sep/2026:06:51:35 +0000] "GET /goods.php?search/list/?LineID=001001993 HTTP/1.1" 403 5833 "https://dazzlingwebplanet.com/goods.php?kougurakuichi-8363326" "Mozilla/5.0 AppleWebKit/537.36 (KHTML, like Gecko; compatible; GPTBot/1.4; +https://openai.com/gptbot)"
74.7.227.11 - - [20/Sep/2026:06:51:36 +0000] "GET /goods.php?search/list/?LineID=014014244 HTTP/1.1" 403 5833 "https://dazzlingwebplanet.com/goods.php?tuzukiya-p252-2434" "Mozilla/5.0 AppleWebKit/537.36 (KHTML, like Gecko; compatible; GPTBot/1.4; +https://openai.com/gptbot)"
57.141.0.39 - - [20/Sep/2026:06:51:37 +0000] "GET /item/K12590328.html HTTP/1.1" 200 6347 "-" "Mozilla/5.0 (Windows NT 10.0; Win64; x64) AppleWebKit/537.36 (KHTML, like Gecko) Chrome/145.0.0.0 Safari/537.36 (compatible; meta-externalagent/1.1 (+https://developers.facebook.com/docs/sharing/webmasters/crawler))"
74.7.227.11 - - [20/Sep/2026:06:51:37 +0000] "GET /goods.php?search/list/?LineID=001001343 HTTP/1.1" 403 5833 "https://dazzlingwebplanet.com/goods.php?meicho-set-eb-1565160" "Mozilla/5.0 AppleWebKit/537.36 (KHTML, like Gecko; compatible; GPTBot/1.4; +https://openai.com/gptbot)"
74.7.227.11 - - [20/Sep/2026:06:51:38 +0000] "GET /goods.php?search/list/?LineID=214022402 HTTP/1.1" 403 5833 "https://dazzlingwebplanet.com/goods.php?edenki-ed3020891" "Mozilla/5.0 AppleWebKit/537.36 (KHTML, like Gecko; compatible; GPTBot/1.4; +https://openai.com/gptbot)"
74.7.227.11 - - [20/Sep/2026:06:51:39 +0000] "GET /goods.php?search/list/?LineID=201010099 HTTP/1.1" 403 5833 "https://dazzlingwebplanet.com/goods.php?egaos-1095595" "Mozilla/5.0 AppleWebKit/537.36 (KHTML, like Gecko; compatible; GPTBot/1.4; +https://openai.com/gptbot)"
74.7.227.11 - - [20/Sep/2026:06:51:41 +0000] "GET /goods.php?search/list/?LineID=170044700 HTTP/1.1" 403 5833 "https://dazzlingwebplanet.com/goods.php?outlet-f-a35458-1" "Mozilla/5.0 AppleWebKit/537.36 (KHTML, like Gecko; compatible; GPTBot/1.4; +https://openai.com/gptbot)"
74.7.227.11 - - [20/Sep/2026:06:51:42 +0000] "GET /goods.php?search/list/?LineID=002002144 HTTP/1.1" 403 5833 "https://dazzlingwebplanet.com/goods.php?pit-sports-csv-k1192z" "Mozilla/5.0 AppleWebKit/537.36 (KHTML, like Gecko; compatible; GPTBot/1.4; +https://openai.com/gptbot)"
74.7.227.11 - - [20/Sep/2026:06:51:43 +0000] "GET /goods.php?search/list/?LineID=007007959 HTTP/1.1" 403 5833 "https://dazzlingwebplanet.com/goods.php?douguyasan-p5-chuh-sb-03" "Mozilla/5.0 AppleWebKit/537.36 (KHTML, like Gecko; compatible; GPTBot/1.4; +https://openai.com/gptbot)"
74.7.227.11 - - [20/Sep/2026:06:51:44 +0000] "GET /goods.php?search/list/?LineID=001001997 HTTP/1.1" 403 5833 "https://dazzlingwebplanet.com/goods.php?kougurakuichi-8363326" "Mozilla/5.0 AppleWebKit/537.36 (KHTML, like Gecko; compatible; GPTBot/1.4; +https://openai.com/gptbot)"
74.7.227.11 - - [20/Sep/2026:06:51:46 +0000] "GET /goods.php?search/list/?LineID=001001299 HTTP/1.1" 403 5833 "https://dazzlingwebplanet.com/goods.php?2doriem-hkb074g2cknf" "Mozilla/5.0 AppleWebKit/537.36 (KHTML, like Gecko; compatible; GPTBot/1.4; +https://openai.com/gptbot)"
74.7.227.11 - - [20/Sep/2026:06:51:47 +0000] "GET /goods.php?search/list/?LineID=233002339 HTTP/1.1" 403 5833 "https://dazzlingwebplanet.com/goods.php?outlet/054035081.html" "Mozilla/5.0 AppleWebKit/537.36 (KHTML, like Gecko; compatible; GPTBot/1.4; +https://openai.com/gptbot)"
74.7.227.11 - - [20/Sep/2026:06:51:48 +0000] "GET /goods.php?search/list/?LineID=283032303 HTTP/1.1" 403 5833 "https://dazzlingwebplanet.com/goods.php?chubo-pro-soko-ebm-6200100" "Mozilla/5.0 AppleWebKit/537.36 (KHTML, like Gecko; compatible; GPTBot/1.4; +https://openai.com/gptbot)"
74.7.227.11 - - [20/Sep/2026:06:51:49 +0000] "GET /goods.php?search/list/?LineID=010010884 HTTP/1.1" 403 5833 "https://dazzlingwebplanet.com/goods.php?shop-easu-ds-2236346" "Mozilla/5.0 AppleWebKit/537.36 (KHTML, like Gecko; compatible; GPTBot/1.4; +https://openai.com/gptbot)"
74.7.227.11 - - [20/Sep/2026:06:51:50 +0000] "GET /goods.php?search/list/?LineID=018001850 HTTP/1.1" 403 5833 "https://dazzlingwebplanet.com/goods.php?search/list/?LineID=018000958" "Mozilla/5.0 AppleWebKit/537.36 (KHTML, like Gecko; compatible; GPTBot/1.4; +https://openai.com/gptbot)"
74.7.227.11 - - [20/Sep/2026:06:51:52 +0000] "GET /goods.php?search/list/?LineID=103040403 HTTP/1.1" 403 5833 "https://dazzlingwebplanet.com/goods.php?e-kikai-6919561" "Mozilla/5.0 AppleWebKit/537.36 (KHTML, like Gecko; compatible; GPTBot/1.4; +https://openai.com/gptbot)"
52.167.144.169 - - [20/Sep/2026:06:51:52 +0000] "GET /item/K30006778.html HTTP/1.1" 200 6347 "-" "Mozilla/5.0 AppleWebKit/537.36 (KHTML, like Gecko; compatible; bingbot/2.0; +http://www.bing.com/bingbot.htm) Chrome/116.0.1938.76 Safari/537.36"
74.7.227.11 - - [20/Sep/2026:06:51:53 +0000] "GET /goods.php?search/list/?LineID=007007551 HTTP/1.1" 403 5833 "https://dazzlingwebplanet.com/goods.php?rcmdse-tm-2229904" "Mozilla/5.0 AppleWebKit/537.36 (KHTML, like Gecko; compatible; GPTBot/1.4; +https://openai.com/gptbot)"
52.167.144.221 - - [20/Sep/2026:06:51:54 +0000] "GET /shop/8e751189607101 HTTP/1.1" 200 6347 "-" "Mozilla/5.0 AppleWebKit/537.36 (KHTML, like Gecko; compatible; bingbot/2.0; +http://www.bing.com/bingbot.htm) Chrome/116.0.1938.76 Safari/537.36"
74.7.227.11 - - [20/Sep/2026:06:51:54 +0000] "GET /goods.php?search/list/?LineID=213030313 HTTP/1.1" 403 5833 "https://dazzlingwebplanet.com/goods.php?doriem-b0015rtez4" "Mozilla/5.0 AppleWebKit/537.36 (KHTML, like Gecko; compatible; GPTBot/1.4; +https://openai.com/gptbot)"
52.167.144.169 - - [20/Sep/2026:06:51:55 +0000] "GET /shop/6192e160068701 HTTP/1.1" 200 6347 "-" "Mozilla/5.0 AppleWebKit/537.36 (KHTML, like Gecko; compatible; bingbot/2.0; +http://www.bing.com/bingbot.htm) Chrome/116.0.1938.76 Safari/537.36"
74.7.227.11 - - [20/Sep/2026:06:51:55 +0000] "GET /goods.php?search/list/?LineID=012001270 HTTP/1.1" 403 5833 "https://dazzlingwebplanet.com/goods.php?deco-maison-ds-2363298" "Mozilla/5.0 AppleWebKit/537.36 (KHTML, like Gecko; compatible; GPTBot/1.4; +https://openai.com/gptbot)"
74.7.227.11 - - [20/Sep/2026:06:51:57 +0000] "GET /goods.php?search/list/?LineID=101020203 HTTP/1.1" 403 5833 "https://dazzlingwebplanet.com/goods.php?outlet/012000093.html" "Mozilla/5.0 AppleWebKit/537.36 (KHTML, like Gecko; compatible; GPTBot/1.4; +https://openai.com/gptbot)"
74.7.227.11 - - [20/Sep/2026:06:51:58 +0000] "GET /goods.php?search/list/?LineID=043001043 HTTP/1.1" 403 5833 "https://dazzlingwebplanet.com/goods.php?usa-tire-set0035238" "Mozilla/5.0 AppleWebKit/537.36 (KHTML, like Gecko; compatible; GPTBot/1.4; +https://openai.com/gptbot)"
52.167.144.169 - - [20/Sep/2026:06:51:58 +0000] "GET /shop/16fb9172195901 HTTP/1.1" 200 6347 "-" "Mozilla/5.0 AppleWebKit/537.36 (KHTML, like Gecko; compatible; bingbot/2.0; +http://www.bing.com/bingbot.htm) Chrome/116.0.1938.76 Safari/537.36"
74.7.227.11 - - [20/Sep/2026:06:51:59 +0000] "GET /goods.php?search/list/?LineID=026026522 HTTP/1.1" 403 5833 "https://dazzlingwebplanet.com/goods.php?bene-kikkodo-skw6948" "Mozilla/5.0 AppleWebKit/537.36 (KHTML, like Gecko; compatible; GPTBot/1.4; +https://openai.com/gptbot)"
74.7.227.11 - - [20/Sep/2026:06:52:00 +0000] "GET /goods.php?search/list/?LineID=001001499 HTTP/1.1" 403 5833 "https://dazzlingwebplanet.com/goods.php?vivito-shop-item-020260-7668" "Mozilla/5.0 AppleWebKit/537.36 (KHTML, like Gecko; compatible; GPTBot/1.4; +https://openai.com/gptbot)"
52.167.144.169 - - [20/Sep/2026:06:52:01 +0000] "GET /shop/2266f149692301 HTTP/1.1" 200 6347 "-" "Mozilla/5.0 AppleWebKit/537.36 (KHTML, like Gecko; compatible; bingbot/2.0; +http://www.bing.com/bingbot.htm) Chrome/116.0.1938.76 Safari/537.36"
74.7.227.11 - - [20/Sep/2026:06:52:01 +0000] "GET /goods.php?search/list/?LineID=250029500 HTTP/1.1" 403 5833 "https://dazzlingwebplanet.com/goods.php?2doriem-yhb000pe0gqo" "Mozilla/5.0 AppleWebKit/537.36 (KHTML, like Gecko; compatible; GPTBot/1.4; +https://openai.com/gptbot)"
74.7.227.11 - - [20/Sep/2026:06:52:03 +0000] "GET /goods.php?search/list/?LineID=087001087 HTTP/1.1" 403 5833 "https://dazzlingwebplanet.com/goods.php?infomart-ab-1291294" "Mozilla/5.0 AppleWebKit/537.36 (KHTML, like Gecko; compatible; GPTBot/1.4; +https://openai.com/gptbot)"
74.7.227.11 - - [20/Sep/2026:06:52:04 +0000] "GET /goods.php?search/list/?LineID=018001860 HTTP/1.1" 403 5833 "https://dazzlingwebplanet.com/goods.php?hokushinco-11727147" "Mozilla/5.0 AppleWebKit/537.36 (KHTML, like Gecko; compatible; GPTBot/1.4; +https://openai.com/gptbot)"
74.7.227.11 - - [20/Sep/2026:06:52:05 +0000] "GET /goods.php?search/list/?LineID=001001233 HTTP/1.1" 403 5833 "https://dazzlingwebplanet.com/goods.php?2doriem-hkb079bgxcj9" "Mozilla/5.0 AppleWebKit/537.36 (KHTML, like Gecko; compatible; GPTBot/1.4; +https://openai.com/gptbot)"
74.7.227.11 - - [20/Sep/2026:06:52:06 +0000] "GET /goods.php?search/list/?LineID=032001320 HTTP/1.1" 403 5833 "https://dazzlingwebplanet.com/goods.php?auc-maj-nahoku-mhl-967a" "Mozilla/5.0 AppleWebKit/537.36 (KHTML, like Gecko; compatible; GPTBot/1.4; +https://openai.com/gptbot)"
74.7.227.11 - - [20/Sep/2026:06:52:07 +0000] "GET /goods.php?search/list/?LineID=012001260 HTTP/1.1" 403 5833 "https://dazzlingwebplanet.com/goods.php?deco-maison-ds-2363298" "Mozilla/5.0 AppleWebKit/537.36 (KHTML, like Gecko; compatible; GPTBot/1.4; +https://openai.com/gptbot)"
74.7.227.11 - - [20/Sep/2026:06:52:09 +0000] "GET /goods.php?search/list/?LineID=244024410 HTTP/1.1" 403 5833 "https://dazzlingwebplanet.com/goods.php?tuzukiya-i287-1671" "Mozilla/5.0 AppleWebKit/537.36 (KHTML, like Gecko; compatible; GPTBot/1.4; +https://openai.com/gptbot)"
74.7.227.11 - - [20/Sep/2026:06:52:10 +0000] "GET /goods.php?search/list/?LineID=057006057 HTTP/1.1" 403 5833 "https://dazzlingwebplanet.com/goods.php?kadenrand-283142-1" "Mozilla/5.0 AppleWebKit/537.36 (KHTML, like Gecko; compatible; GPTBot/1.4; +https://openai.com/gptbot)"
57.141.0.34 - - [20/Sep/2026:06:52:11 +0000] "GET /item/K80695975.html HTTP/1.1" 200 6347 "-" "Mozilla/5.0 (Windows NT 10.0; Win64; x64) AppleWebKit/537.36 (KHTML, like Gecko) Chrome/145.0.0.0 Safari/537.36 (compatible; meta-externalagent/1.1 (+https://developers.facebook.com/docs/sharing/webmasters/crawler))"
74.7.227.11 - - [20/Sep/2026:06:52:11 +0000] "GET /goods.php?search/list/?LineID=001001747 HTTP/1.1" 403 5833 "https://dazzlingwebplanet.com/goods.php?doriem-yb073b2272f" "Mozilla/5.0 AppleWebKit/537.36 (KHTML, like Gecko; compatible; GPTBot/1.4; +https://openai.com/gptbot)"
74.7.227.11 - - [20/Sep/2026:06:52:12 +0000] "GET /goods.php?search/list/?LineID=001001995 HTTP/1.1" 403 5833 "https://dazzlingwebplanet.com/goods.php?kougurakuichi-8363326" "Mozilla/5.0 AppleWebKit/537.36 (KHTML, like Gecko; compatible; GPTBot/1.4; +https://openai.com/gptbot)"
74.7.227.11 - - [20/Sep/2026:06:52:14 +0000] "GET /goods.php?search/list/?LineID=094001940 HTTP/1.1" 403 5833 "https://dazzlingwebplanet.com/goods.php?tsumugi33-b0c3v2qwg3" "Mozilla/5.0 AppleWebKit/537.36 (KHTML, like Gecko; compatible; GPTBot/1.4; +https://openai.com/gptbot)"
74.7.227.11 - - [20/Sep/2026:06:52:15 +0000] "GET /goods.php?search/list/?LineID=113013081 HTTP/1.1" 403 5833 "https://dazzlingwebplanet.com/goods.php?search/list/?LineID=084000006" "Mozilla/5.0 AppleWebKit/537.36 (KHTML, like Gecko; compatible; GPTBot/1.4; +https://openai.com/gptbot)"
74.7.227.11 - - [20/Sep/2026:06:52:16 +0000] "GET /goods.php?search/list/?LineID=118009118 HTTP/1.1" 403 5833 "https://dazzlingwebplanet.com/goods.php?rcmdse-tm-2330031" "Mozilla/5.0 AppleWebKit/537.36 (KHTML, like Gecko; compatible; GPTBot/1.4; +https://openai.com/gptbot)"
74.7.227.11 - - [20/Sep/2026:06:52:17 +0000] "GET /goods.php?search/list/?LineID=272030272 HTTP/1.1" 403 5833 "https://dazzlingwebplanet.com/goods.php?search/list/?LineID=058000872" "Mozilla/5.0 AppleWebKit/537.36 (KHTML, like Gecko; compatible; GPTBot/1.4; +https://openai.com/gptbot)"
74.7.227.11 - - [20/Sep/2026:06:52:18 +0000] "GET /goods.php?search/list/?LineID=071014141 HTTP/1.1" 403 5833 "https://dazzlingwebplanet.com/goods.php?u-kinoka-ta-1655-25set" "Mozilla/5.0 AppleWebKit/537.36 (KHTML, like Gecko; compatible; GPTBot/1.4; +https://openai.com/gptbot)"
74.7.227.11 - - [20/Sep/2026:06:52:20 +0000] "GET /goods.php?search/list/?LineID=016046040 HTTP/1.1" 403 5833 "https://dazzlingwebplanet.com/goods.php?ex-gstyle-ib07sa-01565" "Mozilla/5.0 AppleWebKit/537.36 (KHTML, like Gecko; compatible; GPTBot/1.4; +https://openai.com/gptbot)"
74.7.227.11 - - [20/Sep/2026:06:52:21 +0000] "GET /goods.php?search/list/?LineID=042026262 HTTP/1.1" 403 5833 "https://dazzlingwebplanet.com/goods.php?pakupaku-4-2827-06" "Mozilla/5.0 AppleWebKit/537.36 (KHTML, like Gecko; compatible; GPTBot/1.4; +https://openai.com/gptbot)"
74.7.227.11 - - [20/Sep/2026:06:52:22 +0000] "GET /goods.php?search/list/?LineID=007007911 HTTP/1.1" 403 5833 "https://dazzlingwebplanet.com/goods.php?douguyasan-p5-chuh-sb-03" "Mozilla/5.0 AppleWebKit/537.36 (KHTML, like Gecko; compatible; GPTBot/1.4; +https://openai.com/gptbot)"
74.7.227.11 - - [20/Sep/2026:06:52:23 +0000] "GET /goods.php?tilesghopyamashita-yfk-1275b-1-d HTTP/1.1" 403 5833 "https://dazzlingwebplanet.com/goods.php?detail/103029910080" "Mozilla/5.0 AppleWebKit/537.36 (KHTML, like Gecko; compatible; GPTBot/1.4; +https://openai.com/gptbot)"
74.7.227.11 - - [20/Sep/2026:06:52:24 +0000] "GET /goods.php?selection-j-nba-230530cfc38 HTTP/1.1" 403 5833 "https://dazzlingwebplanet.com/goods.php?detail/0480494209402" "Mozilla/5.0 AppleWebKit/537.36 (KHTML, like Gecko; compatible; GPTBot/1.4; +https://openai.com/gptbot)"
74.7.227.11 - - [20/Sep/2026:06:52:26 +0000] "GET /goods.php?vivakenzai-spmljt-1005-1410 HTTP/1.1" 403 5833 "https://dazzlingwebplanet.com/goods.php?happylight-fad985la" "Mozilla/5.0 AppleWebKit/537.36 (KHTML, like Gecko; compatible; GPTBot/1.4; +https://openai.com/gptbot)"
74.7.227.11 - - [20/Sep/2026:06:52:27 +0000] "GET /goods.php?r-kojima-4570159880090 HTTP/1.1" 403 5833 "https://dazzlingwebplanet.com/goods.php?search/list/?LineID=199024681" "Mozilla/5.0 AppleWebKit/537.36 (KHTML, like Gecko; compatible; GPTBot/1.4; +https://openai.com/gptbot)"
74.7.227.11 - - [20/Sep/2026:06:52:28 +0000] "GET /goods.php?r-kojima-4571126291147 HTTP/1.1" 403 5833 "https://dazzlingwebplanet.com/goods.php?detail/0110103600653" "Mozilla/5.0 AppleWebKit/537.36 (KHTML, like Gecko; compatible; GPTBot/1.4; +https://openai.com/gptbot)"
74.7.227.11 - - [20/Sep/2026:06:52:29 +0000] "GET /goods.php?r-kojima-4537694315975 HTTP/1.1" 403 5833 "https://dazzlingwebplanet.com/goods.php?detail/286001376699" "Mozilla/5.0 AppleWebKit/537.36 (KHTML, like Gecko; compatible; GPTBot/1.4; +https://openai.com/gptbot)"
74.7.227.11 - - [20/Sep/2026:06:52:31 +0000] "GET /goods.php?r-kojima-3026981691331 HTTP/1.1" 403 5833 "https://dazzlingwebplanet.com/goods.php?bocci2-toyota-sy-000157" "Mozilla/5.0 AppleWebKit/537.36 (KHTML, like Gecko; compatible; GPTBot/1.4; +https://openai.com/gptbot)"
74.7.227.11 - - [20/Sep/2026:06:52:32 +0000] "GET /goods.php?r-kojima-4991829125028 HTTP/1.1" 403 5833 "https://dazzlingwebplanet.com/goods.php?detail/008000313284" "Mozilla/5.0 AppleWebKit/537.36 (KHTML, like Gecko; compatible; GPTBot/1.4; +https://openai.com/gptbot)"
74.7.227.11 - - [20/Sep/2026:06:52:33 +0000] "GET /goods.php?r-kojima-4537694357173 HTTP/1.1" 403 5833 "https://dazzlingwebplanet.com/goods.php?detail/251018659561" "Mozilla/5.0 AppleWebKit/537.36 (KHTML, like Gecko; compatible; GPTBot/1.4; +https://openai.com/gptbot)"
74.7.227.11 - - [20/Sep/2026:06:52:34 +0000] "GET /goods.php?8989usagiya-10039425-1 HTTP/1.1" 403 5833 "https://dazzlingwebplanet.com/goods.php?detail/132009606607" "Mozilla/5.0 AppleWebKit/537.36 (KHTML, like Gecko; compatible; GPTBot/1.4; +https://openai.com/gptbot)"
74.7.227.11 - - [20/Sep/2026:06:52:35 +0000] "GET /goods.php?nanos-sr-4970210823569 HTTP/1.1" 403 5833 "https://dazzlingwebplanet.com/goods.php?detail/066018493289" "Mozilla/5.0 AppleWebKit/537.36 (KHTML, like Gecko; compatible; GPTBot/1.4; +https://openai.com/gptbot)"
74.7.227.11 - - [20/Sep/2026:06:52:37 +0000] "GET /goods.php?r-kojima-4997596560086 HTTP/1.1" 403 5833 "https://dazzlingwebplanet.com/goods.php?tuzukiya-n27-0815" "Mozilla/5.0 AppleWebKit/537.36 (KHTML, like Gecko; compatible; GPTBot/1.4; +https://openai.com/gptbot)"
74.7.227.11 - - [20/Sep/2026:06:52:38 +0000] "GET /goods.php?f392049-nankoku-ak151mp HTTP/1.1" 403 5833 "https://dazzlingwebplanet.com/goods.php?detail/1860442121376" "Mozilla/5.0 AppleWebKit/537.36 (KHTML, like Gecko; compatible; GPTBot/1.4; +https://openai.com/gptbot)"
74.7.227.11 - - [20/Sep/2026:06:52:39 +0000] "GET /goods.php?us-kidswear-ps241219030 HTTP/1.1" 403 5833 "https://dazzlingwebplanet.com/goods.php?detail/03600429074569" "Mozilla/5.0 AppleWebKit/537.36 (KHTML, like Gecko; compatible; GPTBot/1.4; +https://openai.com/gptbot)"
74.7.227.11 - - [20/Sep/2026:06:52:40 +0000] "GET /goods.php?fujinamielectric-b072dw33p5 HTTP/1.1" 403 5833 "https://dazzlingwebplanet.com/goods.php?taneha-17kv-km5011zc2" "Mozilla/5.0 AppleWebKit/537.36 (KHTML, like Gecko; compatible; GPTBot/1.4; +https://openai.com/gptbot)"
74.7.227.11 - - [20/Sep/2026:06:52:41 +0000] "GET /goods.php?fujinamielectric-b004w50nb0 HTTP/1.1" 403 5833 "https://dazzlingwebplanet.com/goods.php?goods/176011606" "Mozilla/5.0 AppleWebKit/537.36 (KHTML, like Gecko; compatible; GPTBot/1.4; +https://openai.com/gptbot)"
74.7.227.11 - - [20/Sep/2026:06:52:43 +0000] "GET /goods.php?revolut1-bazlfmr HTTP/1.1" 403 5833 "https://dazzlingwebplanet.com/goods.php?detail/027048109046" "Mozilla/5.0 AppleWebKit/537.36 (KHTML, like Gecko; compatible; GPTBot/1.4; +https://openai.com/gptbot)"
74.7.227.11 - - [20/Sep/2026:06:52:44 +0000] "GET /goods.php?gratiahome-taf-qyv-xq7333 HTTP/1.1" 403 5833 "https://dazzlingwebplanet.com/goods.php?detail/18600497484766" "Mozilla/5.0 AppleWebKit/537.36 (KHTML, like Gecko; compatible; GPTBot/1.4; +https://openai.com/gptbot)"
74.7.227.11 - - [20/Sep/2026:06:52:45 +0000] "GET /goods.php?enjoykobo2-mhy120410123 HTTP/1.1" 403 5833 "https://dazzlingwebplanet.com/goods.php?detail/069015021737" "Mozilla/5.0 AppleWebKit/537.36 (KHTML, like Gecko; compatible; GPTBot/1.4; +https://openai.com/gptbot)"
74.7.227.11 - - [20/Sep/2026:06:52:46 +0000] "GET /goods.php?tekarimasenka-mybc440463nahtn HTTP/1.1" 403 5833 "https://dazzlingwebplanet.com/goods.php?detail/071015148808" "Mozilla/5.0 AppleWebKit/537.36 (KHTML, like Gecko; compatible; GPTBot/1.4; +https://openai.com/gptbot)"
114.119.151.72 - - [20/Sep/2026:06:52:47 +0000] "GET /shopping/065012165 HTTP/1.1" 200 6347 "https://dazzlingwebplanet.com/?sitemap517.xml" "Mozilla/5.0 (Linux; Android 7.0;) AppleWebKit/537.36 (HTML, like Gecko) Mobile Safari/537.36 (compatible; PetalBot;+https://webmaster.petalsearch.com/site/petalbot)"
74.7.227.11 - - [20/Sep/2026:06:52:48 +0000] "GET /goods.php?sara-cera-200890000290 HTTP/1.1" 403 5833 "https://dazzlingwebplanet.com/goods.php?detail/247006120450" "Mozilla/5.0 AppleWebKit/537.36 (KHTML, like Gecko; compatible; GPTBot/1.4; +https://openai.com/gptbot)"
74.7.227.11 - - [20/Sep/2026:06:52:49 +0000] "GET /goods.php?arkikaku1-tl25aiqowign75onjlqla4j2dy HTTP/1.1" 403 5833 "https://dazzlingwebplanet.com/goods.php?jp/080008899.html" "Mozilla/5.0 AppleWebKit/537.36 (KHTML, like Gecko; compatible; GPTBot/1.4; +https://openai.com/gptbot)"
57.141.0.39 - - [20/Sep/2026:06:52:49 +0000] "GET /item/K60061845.html HTTP/1.1" 200 6347 "-" "Mozilla/5.0 (X11; Linux x86_64) AppleWebKit/537.36 (KHTML, like Gecko) Chrome/145.0.0.0 Safari/537.36 (compatible; meta-externalagent/1.1 (+https://developers.facebook.com/docs/sharing/webmasters/crawler))"
74.7.227.11 - - [20/Sep/2026:06:52:50 +0000] "GET /goods.php?uminokaze-lfuf5c2ti3dvwokxn73e5o6yle HTTP/1.1" 403 5833 "https://dazzlingwebplanet.com/goods.php?cdepot-fk-yky00048" "Mozilla/5.0 AppleWebKit/537.36 (KHTML, like Gecko; compatible; GPTBot/1.4; +https://openai.com/gptbot)"
74.7.227.11 - - [20/Sep/2026:06:52:51 +0000] "GET /goods.php?arkikaku1-6qgfbeg53522guhdijtcotssdu HTTP/1.1" 403 5833 "https://dazzlingwebplanet.com/goods.php?detail/087010571590" "Mozilla/5.0 AppleWebKit/537.36 (KHTML, like Gecko; compatible; GPTBot/1.4; +https://openai.com/gptbot)"
74.7.227.11 - - [20/Sep/2026:06:52:52 +0000] "GET /goods.php?shadowtail-vnnsnkv6xghvvmh6kfrtt5ifvu-sha-1 HTTP/1.1" 403 5833 "https://dazzlingwebplanet.com/goods.php?detail/180007894316" "Mozilla/5.0 AppleWebKit/537.36 (KHTML, like Gecko; compatible; GPTBot/1.4; +https://openai.com/gptbot)"
74.7.227.11 - - [20/Sep/2026:06:52:54 +0000] "GET /goods.php?ouchikenko-cbpfqujsns7fx43oaaojqfmqam-ouc-1 HTTP/1.1" 403 5833 "https://dazzlingwebplanet.com/goods.php?detail/023002099190" "Mozilla/5.0 AppleWebKit/537.36 (KHTML, like Gecko; compatible; GPTBot/1.4; +https://openai.com/gptbot)"
74.7.227.11 - - [20/Sep/2026:06:52:55 +0000] "GET /goods.php?secure-depo-bcmpy4smmmabkas5oqbdj7m62u-sdp-1 HTTP/1.1" 403 5833 "https://dazzlingwebplanet.com/goods.php?detail/229007037888" "Mozilla/5.0 AppleWebKit/537.36 (KHTML, like Gecko; compatible; GPTBot/1.4; +https://openai.com/gptbot)"
74.7.227.11 - - [20/Sep/2026:06:52:56 +0000] "GET /goods.php?wondertec-yam_1as-f11e0-v0-00 HTTP/1.1" 403 5833 "https://dazzlingwebplanet.com/goods.php?chibamart-ds-2532817" "Mozilla/5.0 AppleWebKit/537.36 (KHTML, like Gecko; compatible; GPTBot/1.4; +https://openai.com/gptbot)"
74.7.227.11 - - [20/Sep/2026:06:52:57 +0000] "GET /goods.php?kagami-clear-irregular8-400x500-1 HTTP/1.1" 403 5833 "https://dazzlingwebplanet.com/goods.php?jp/063048447.html" "Mozilla/5.0 AppleWebKit/537.36 (KHTML, like Gecko; compatible; GPTBot/1.4; +https://openai.com/gptbot)"
74.7.227.11 - - [20/Sep/2026:06:52:58 +0000] "GET /goods.php?ii-sakura-pana2018lighting-1130-q HTTP/1.1" 403 5833 "https://dazzlingwebplanet.com/goods.php?doriem-hb09f995g8l" "Mozilla/5.0 AppleWebKit/537.36 (KHTML, like Gecko; compatible; GPTBot/1.4; +https://openai.com/gptbot)"
74.7.227.11 - - [20/Sep/2026:06:53:00 +0000] "GET /goods.php?purebliss-aqly5oevs7uodlj4wtib6ashly-alp-1 HTTP/1.1" 403 5833 "https://dazzlingwebplanet.com/goods.php?goods/022016426" "Mozilla/5.0 AppleWebKit/537.36 (KHTML, like Gecko; compatible; GPTBot/1.4; +https://openai.com/gptbot)"
74.7.227.11 - - [20/Sep/2026:06:53:01 +0000] "GET /goods.php?sofapotato-esazp476dixsymlhmmuugx5arm-alb-1 HTTP/1.1" 403 5833 "https://dazzlingwebplanet.com/goods.php?detail/253011213881" "Mozilla/5.0 AppleWebKit/537.36 (KHTML, like Gecko; compatible; GPTBot/1.4; +https://openai.com/gptbot)"
74.7.227.11 - - [20/Sep/2026:06:53:02 +0000] "GET /goods.php?ouchikenko-v6h2souoxbntcqtpq2ux6cyrcu-alo-1 HTTP/1.1" 403 5833 "https://dazzlingwebplanet.com/goods.php?detail/0480066362404" "Mozilla/5.0 AppleWebKit/537.36 (KHTML, like Gecko; compatible; GPTBot/1.4; +https://openai.com/gptbot)"
74.7.227.11 - - [20/Sep/2026:06:53:03 +0000] "GET /goods.php?water-space-toto-lmas075a3gdc1g HTTP/1.1" 403 5833 "https://dazzlingwebplanet.com/goods.php?detail/009039972245" "Mozilla/5.0 AppleWebKit/537.36 (KHTML, like Gecko; compatible; GPTBot/1.4; +https://openai.com/gptbot)"
74.7.227.11 - - [20/Sep/2026:06:53:05 +0000] "GET /goods.php?licot-g7ifxlwg7wulpvmwk7akfu3onu-ric-1 HTTP/1.1" 403 5833 "https://dazzlingwebplanet.com/goods.php?detail/141018718454" "Mozilla/5.0 AppleWebKit/537.36 (KHTML, like Gecko; compatible; GPTBot/1.4; +https://openai.com/gptbot)"
74.7.227.11 - - [20/Sep/2026:06:53:06 +0000] "GET /goods.php?taico-s2bkdmyrh55hjdfpgwwmwu7rwi-hap-1 HTTP/1.1" 403 5833 "https://dazzlingwebplanet.com/goods.php?detail/239020740909" "Mozilla/5.0 AppleWebKit/537.36 (KHTML, like Gecko; compatible; GPTBot/1.4; +https://openai.com/gptbot)"
74.7.227.11 - - [20/Sep/2026:06:53:07 +0000] "GET /goods.php?licot-76nsl6imhybkighdkpbgdgje5y-ric-1 HTTP/1.1" 403 5833 "https://dazzlingwebplanet.com/goods.php?jp/251016964.html" "Mozilla/5.0 AppleWebKit/537.36 (KHTML, like Gecko; compatible; GPTBot/1.4; +https://openai.com/gptbot)"
74.7.227.11 - - [20/Sep/2026:06:53:08 +0000] "GET /goods.php?omatsuri-life2-hb09tst1qlw HTTP/1.1" 403 5833 "https://dazzlingwebplanet.com/goods.php?jp/112048225.html" "Mozilla/5.0 AppleWebKit/537.36 (KHTML, like Gecko; compatible; GPTBot/1.4; +https://openai.com/gptbot)"
57.141.0.46 - - [20/Sep/2026:06:53:09 +0000] "GET /shop/7414d139657001 HTTP/1.1" 200 6347 "-" "Mozilla/5.0 (Macintosh; Intel Mac OS X 10_15_7) AppleWebKit/537.36 (KHTML, like Gecko) Chrome/145.0.0.0 Safari/537.36 (compatible; meta-externalagent/1.1 (+https://developers.facebook.com/docs/sharing/webmasters/crawler))"
74.7.227.11 - - [20/Sep/2026:06:53:09 +0000] "GET /goods.php?omatsuri-life2-hb00cewtzg2 HTTP/1.1" 403 5833 "https://dazzlingwebplanet.com/goods.php?detail/0710030719731" "Mozilla/5.0 AppleWebKit/537.36 (KHTML, like Gecko; compatible; GPTBot/1.4; +https://openai.com/gptbot)"
74.7.227.11 - - [20/Sep/2026:06:53:11 +0000] "GET /goods.php?omatsuri-life2-sb005rxkkqo HTTP/1.1" 403 5833 "https://dazzlingwebplanet.com/goods.php?detail/012001258698" "Mozilla/5.0 AppleWebKit/537.36 (KHTML, like Gecko; compatible; GPTBot/1.4; +https://openai.com/gptbot)"
74.7.227.11 - - [20/Sep/2026:06:53:12 +0000] "GET /goods.php?jyusetsupro-1257000259 HTTP/1.1" 403 5833 "https://dazzlingwebplanet.com/goods.php?detail/096005154079" "Mozilla/5.0 AppleWebKit/537.36 (KHTML, like Gecko; compatible; GPTBot/1.4; +https://openai.com/gptbot)"
57.141.0.58 - - [20/Sep/2026:06:53:13 +0000] "GET /item/K80590631.html HTTP/1.1" 200 6347 "-" "Mozilla/5.0 (Windows NT 10.0; Win64; x64) AppleWebKit/537.36 (KHTML, like Gecko) Chrome/145.0.0.0 Safari/537.36 (compatible; meta-externalagent/1.1 (+https://developers.facebook.com/docs/sharing/webmasters/crawler))"
74.7.227.11 - - [20/Sep/2026:06:53:13 +0000] "GET /goods.php?jyusetsupro-1777016468 HTTP/1.1" 403 5833 "https://dazzlingwebplanet.com/goods.php?detail/223012242528" "Mozilla/5.0 AppleWebKit/537.36 (KHTML, like Gecko; compatible; GPTBot/1.4; +https://openai.com/gptbot)"
57.141.0.46 - - [20/Sep/2026:06:53:14 +0000] "GET /shop/bbb3f81313101 HTTP/1.1" 200 6347 "-" "Mozilla/5.0 (Macintosh; Intel Mac OS X 10_15_7) AppleWebKit/537.36 (KHTML, like Gecko) Chrome/145.0.0.0 Safari/537.36 (compatible; meta-externalagent/1.1 (+https://developers.facebook.com/docs/sharing/webmasters/crawler))"
74.7.227.11 - - [20/Sep/2026:06:53:14 +0000] "GET /goods.php?jyusetsupro-1297000308 HTTP/1.1" 403 5833 "https://dazzlingwebplanet.com/goods.php?detail/177017274258" "Mozilla/5.0 AppleWebKit/537.36 (KHTML, like Gecko; compatible; GPTBot/1.4; +https://openai.com/gptbot)"
74.7.227.11 - - [20/Sep/2026:06:53:16 +0000] "GET /goods.php?jyusetsupro-1852000527 HTTP/1.1" 403 5833 "https://dazzlingwebplanet.com/goods.php?detail/2680230183084" "Mozilla/5.0 AppleWebKit/537.36 (KHTML, like Gecko; compatible; GPTBot/1.4; +https://openai.com/gptbot)"
74.7.227.11 - - [20/Sep/2026:06:53:17 +0000] "GET /goods.php?jyusetsupro-1672000556 HTTP/1.1" 403 5833 "https://dazzlingwebplanet.com/goods.php?detail/040013454790" "Mozilla/5.0 AppleWebKit/537.36 (KHTML, like Gecko; compatible; GPTBot/1.4; +https://openai.com/gptbot)"
74.7.227.11 - - [20/Sep/2026:06:53:18 +0000] "GET /goods.php?jyusetsupro-1297000889 HTTP/1.1" 403 5833 "https://dazzlingwebplanet.com/goods.php?detail/0790198264017" "Mozilla/5.0 AppleWebKit/537.36 (KHTML, like Gecko; compatible; GPTBot/1.4; +https://openai.com/gptbot)"
74.7.227.11 - - [20/Sep/2026:06:53:19 +0000] "GET /goods.php?jyusetsupro-1351000589 HTTP/1.1" 403 5833 "https://dazzlingwebplanet.com/goods.php?detail/172031578393" "Mozilla/5.0 AppleWebKit/537.36 (KHTML, like Gecko; compatible; GPTBot/1.4; +https://openai.com/gptbot)"
74.7.227.11 - - [20/Sep/2026:06:53:20 +0000] "GET /goods.php?jyusetsupro-1372000155 HTTP/1.1" 403 5833 "https://dazzlingwebplanet.com/goods.php?detail/090041877049" "Mozilla/5.0 AppleWebKit/537.36 (KHTML, like Gecko; compatible; GPTBot/1.4; +https://openai.com/gptbot)"
74.7.227.11 - - [20/Sep/2026:06:53:22 +0000] "GET /goods.php?jyusetsupro-1636000184 HTTP/1.1" 403 5833 "https://dazzlingwebplanet.com/goods.php?detail/281010084462" "Mozilla/5.0 AppleWebKit/537.36 (KHTML, like Gecko; compatible; GPTBot/1.4; +https://openai.com/gptbot)"
74.7.227.11 - - [20/Sep/2026:06:53:23 +0000] "GET /goods.php?nenjyu-hana-2000200800606 HTTP/1.1" 403 5833 "https://dazzlingwebplanet.com/goods.php?detail/2840120375858" "Mozilla/5.0 AppleWebKit/537.36 (KHTML, like Gecko; compatible; GPTBot/1.4; +https://openai.com/gptbot)"
57.141.0.23 - - [20/Sep/2026:06:53:24 +0000] "GET /shop/64c6f117559201 HTTP/1.1" 200 6347 "-" "Mozilla/5.0 (Windows NT 10.0; Win64; x64) AppleWebKit/537.36 (KHTML, like Gecko) Chrome/145.0.0.0 Safari/537.36 (compatible; meta-externalagent/1.1 (+https://developers.facebook.com/docs/sharing/webmasters/crawler))"
74.7.227.11 - - [20/Sep/2026:06:53:24 +0000] "GET /goods.php?seisinr01-98428999135649-1 HTTP/1.1" 403 5833 "https://dazzlingwebplanet.com/goods.php?kvk-km5091c2" "Mozilla/5.0 AppleWebKit/537.36 (KHTML, like Gecko; compatible; GPTBot/1.4; +https://openai.com/gptbot)"
74.7.227.11 - - [20/Sep/2026:06:53:25 +0000] "GET /goods.php?search/list/?LineID=035000357 HTTP/1.1" 403 5833 "https://dazzlingwebplanet.com/goods.php?maluzen-set-441930" "Mozilla/5.0 AppleWebKit/537.36 (KHTML, like Gecko; compatible; GPTBot/1.4; +https://openai.com/gptbot)"
74.7.227.11 - - [20/Sep/2026:06:53:26 +0000] "GET /goods.php?search/list/?LineID=018000184 HTTP/1.1" 403 5833 "https://dazzlingwebplanet.com/goods.php?kg-maido-tr-8264726" "Mozilla/5.0 AppleWebKit/537.36 (KHTML, like Gecko; compatible; GPTBot/1.4; +https://openai.com/gptbot)"
74.7.227.11 - - [20/Sep/2026:06:53:28 +0000] "GET /goods.php?search/list/?LineID=057000579 HTTP/1.1" 403 5833 "https://dazzlingwebplanet.com/goods.php?cocodecow-r044gv" "Mozilla/5.0 AppleWebKit/537.36 (KHTML, like Gecko; compatible; GPTBot/1.4; +https://openai.com/gptbot)"
74.7.227.11 - - [20/Sep/2026:06:53:29 +0000] "GET /goods.php?search/list/?LineID=039000397 HTTP/1.1" 403 5833 "https://dazzlingwebplanet.com/goods.php?umibose-b000yywo8i" "Mozilla/5.0 AppleWebKit/537.36 (KHTML, like Gecko; compatible; GPTBot/1.4; +https://openai.com/gptbot)"
74.7.227.11 - - [20/Sep/2026:06:53:30 +0000] "GET /goods.php?search/list/?LineID=081000815 HTTP/1.1" 403 5833 "https://dazzlingwebplanet.com/goods.php?2doriem-hkb07gh61fct" "Mozilla/5.0 AppleWebKit/537.36 (KHTML, like Gecko; compatible; GPTBot/1.4; +https://openai.com/gptbot)"
74.7.227.11 - - [20/Sep/2026:06:53:31 +0000] "GET /goods.php?search/list/?LineID=045000453 HTTP/1.1" 403 5833 "https://dazzlingwebplanet.com/goods.php?maido-diy-xe53733e" "Mozilla/5.0 AppleWebKit/537.36 (KHTML, like Gecko; compatible; GPTBot/1.4; +https://openai.com/gptbot)"
74.7.227.11 - - [20/Sep/2026:06:53:33 +0000] "GET /goods.php?search/list/?LineID=043000439 HTTP/1.1" 403 5833 "https://dazzlingwebplanet.com/goods.php?atorieerina-b01n4d2xg6" "Mozilla/5.0 AppleWebKit/537.36 (KHTML, like Gecko; compatible; GPTBot/1.4; +https://openai.com/gptbot)"
74.7.227.11 - - [20/Sep/2026:06:53:34 +0000] "GET /goods.php?search/list/?LineID=179017999 HTTP/1.1" 403 5833 "https://dazzlingwebplanet.com/goods.php?net-c5-4780" "Mozilla/5.0 AppleWebKit/537.36 (KHTML, like Gecko; compatible; GPTBot/1.4; +https://openai.com/gptbot)"
74.7.227.11 - - [20/Sep/2026:06:53:35 +0000] "GET /goods.php?search/list/?LineID=079000795 HTTP/1.1" 403 5833 "https://dazzlingwebplanet.com/goods.php?painttool-otk00025" "Mozilla/5.0 AppleWebKit/537.36 (KHTML, like Gecko; compatible; GPTBot/1.4; +https://openai.com/gptbot)"
74.7.227.11 - - [20/Sep/2026:06:53:36 +0000] "GET /goods.php?search/list/?LineID=083000835 HTTP/1.1" 403 5833 "https://dazzlingwebplanet.com/goods.php?shop-polite-ds-1035913" "Mozilla/5.0 AppleWebKit/537.36 (KHTML, like Gecko; compatible; GPTBot/1.4; +https://openai.com/gptbot)"
74.7.227.11 - - [20/Sep/2026:06:53:37 +0000] "GET /goods.php?search/list/?LineID=083000837 HTTP/1.1" 403 5833 "https://dazzlingwebplanet.com/goods.php?doriem-hb0018bkz7i" "Mozilla/5.0 AppleWebKit/537.36 (KHTML, like Gecko; compatible; GPTBot/1.4; +https://openai.com/gptbot)"
74.7.227.11 - - [20/Sep/2026:06:53:39 +0000] "GET /goods.php?search/list/?LineID=081000819 HTTP/1.1" 403 5833 "https://dazzlingwebplanet.com/goods.php?2doriem-hkb07gh61fct" "Mozilla/5.0 AppleWebKit/537.36 (KHTML, like Gecko; compatible; GPTBot/1.4; +https://openai.com/gptbot)"
74.7.227.11 - - [20/Sep/2026:06:53:40 +0000] "GET /goods.php?search/list/?LineID=200009982 HTTP/1.1" 403 5833 "https://dazzlingwebplanet.com/goods.php?tuzukiya-g44-37177" "Mozilla/5.0 AppleWebKit/537.36 (KHTML, like Gecko; compatible; GPTBot/1.4; +https://openai.com/gptbot)"
74.7.227.11 - - [20/Sep/2026:06:53:41 +0000] "GET /goods.php?search/list/?LineID=075000753 HTTP/1.1" 403 5833 "https://dazzlingwebplanet.com/goods.php?prolabshop-9-834-12" "Mozilla/5.0 AppleWebKit/537.36 (KHTML, like Gecko; compatible; GPTBot/1.4; +https://openai.com/gptbot)"
74.7.227.11 - - [20/Sep/2026:06:53:42 +0000] "GET /goods.php?search/list/?LineID=244000012 HTTP/1.1" 403 5833 "https://dazzlingwebplanet.com/goods.php?jyusetsupro-4000660" "Mozilla/5.0 AppleWebKit/537.36 (KHTML, like Gecko; compatible; GPTBot/1.4; +https://openai.com/gptbot)"
74.7.227.11 - - [20/Sep/2026:06:53:44 +0000] "GET /goods.php?search/list/?LineID=031000319 HTTP/1.1" 403 5833 "https://dazzlingwebplanet.com/goods.php?celeb-kobe-ma-1153" "Mozilla/5.0 AppleWebKit/537.36 (KHTML, like Gecko; compatible; GPTBot/1.4; +https://openai.com/gptbot)"
74.7.227.11 - - [20/Sep/2026:06:53:45 +0000] "GET /goods.php?search/list/?LineID=280000182 HTTP/1.1" 403 5833 "https://dazzlingwebplanet.com/goods.php?trmt-1-b002yw5nao" "Mozilla/5.0 AppleWebKit/537.36 (KHTML, like Gecko; compatible; GPTBot/1.4; +https://openai.com/gptbot)"
74.7.227.11 - - [20/Sep/2026:06:53:46 +0000] "GET /goods.php?search/list/?LineID=089022229 HTTP/1.1" 403 5833 "https://dazzlingwebplanet.com/goods.php?sasakura-61gb2673-1" "Mozilla/5.0 AppleWebKit/537.36 (KHTML, like Gecko; compatible; GPTBot/1.4; +https://openai.com/gptbot)"
57.141.0.39 - - [20/Sep/2026:06:53:47 +0000] "GET /item/K81362087.html HTTP/1.1" 200 6347 "-" "Mozilla/5.0 (Macintosh; Intel Mac OS X 10_15_7) AppleWebKit/537.36 (KHTML, like Gecko) Chrome/145.0.0.0 Safari/537.36 (compatible; meta-externalagent/1.1 (+https://developers.facebook.com/docs/sharing/webmasters/crawler))"
74.7.227.11 - - [20/Sep/2026:06:53:47 +0000] "GET /goods.php?search/list/?LineID=264000024 HTTP/1.1" 403 5833 "https://dazzlingwebplanet.com/goods.php?wisemansstore-cdm2510111" "Mozilla/5.0 AppleWebKit/537.36 (KHTML, like Gecko; compatible; GPTBot/1.4; +https://openai.com/gptbot)"
74.7.227.11 - - [20/Sep/2026:06:53:48 +0000] "GET /goods.php?search/list/?LineID=051000519 HTTP/1.1" 403 5833 "https://dazzlingwebplanet.com/goods.php?bungoot-ed553452" "Mozilla/5.0 AppleWebKit/537.36 (KHTML, like Gecko; compatible; GPTBot/1.4; +https://openai.com/gptbot)"
74.7.227.11 - - [20/Sep/2026:06:53:50 +0000] "GET /goods.php?search/list/?LineID=028000284 HTTP/1.1" 403 5833 "https://dazzlingwebplanet.com/goods.php?search/list/?LineID=028000752" "Mozilla/5.0 AppleWebKit/537.36 (KHTML, like Gecko; compatible; GPTBot/1.4; +https://openai.com/gptbot)"
74.7.227.11 - - [20/Sep/2026:06:53:51 +0000] "GET /goods.php?search/list/?LineID=019000195 HTTP/1.1" 403 5833 "https://dazzlingwebplanet.com/goods.php?world-depo-ds-2122001" "Mozilla/5.0 AppleWebKit/537.36 (KHTML, like Gecko; compatible; GPTBot/1.4; +https://openai.com/gptbot)"
74.7.227.11 - - [20/Sep/2026:06:53:52 +0000] "GET /goods.php?search/list/?LineID=089000895 HTTP/1.1" 403 5833 "https://dazzlingwebplanet.com/goods.php?sjg-f-da12sa-00580" "Mozilla/5.0 AppleWebKit/537.36 (KHTML, like Gecko; compatible; GPTBot/1.4; +https://openai.com/gptbot)"
74.7.227.11 - - [20/Sep/2026:06:53:53 +0000] "GET /goods.php?search/list/?LineID=015000159 HTTP/1.1" 403 5833 "https://dazzlingwebplanet.com/goods.php?wwpc-576086" "Mozilla/5.0 AppleWebKit/537.36 (KHTML, like Gecko; compatible; GPTBot/1.4; +https://openai.com/gptbot)"
74.7.227.11 - - [20/Sep/2026:06:53:54 +0000] "GET /goods.php?search/list/?LineID=098000982 HTTP/1.1" 403 5833 "https://dazzlingwebplanet.com/goods.php?2doriem-hb00bwhklmw" "Mozilla/5.0 AppleWebKit/537.36 (KHTML, like Gecko; compatible; GPTBot/1.4; +https://openai.com/gptbot)"
161.35.159.150 - - [20/Sep/2026:06:53:55 +0000] "GET / HTTP/1.1" 200 7812 "HTTP://dazzlingwebplanet.com/" "Mozilla/5.0 (Windows NT 10.0; Win64; x64; rv:77.0) Gecko/20100101 Firefox/77.0"
74.7.227.11 - - [20/Sep/2026:06:53:56 +0000] "GET /goods.php?search/list/?LineID=034000346 HTTP/1.1" 403 5833 "https://dazzlingwebplanet.com/goods.php?tuzukiya-s858-2006" "Mozilla/5.0 AppleWebKit/537.36 (KHTML, like Gecko; compatible; GPTBot/1.4; +https://openai.com/gptbot)"
74.7.227.11 - - [20/Sep/2026:06:53:57 +0000] "GET /goods.php?search/list/?LineID=038000386 HTTP/1.1" 403 5833 "https://dazzlingwebplanet.com/goods.php?shopcp-zph-48fb-2ci7-1" "Mozilla/5.0 AppleWebKit/537.36 (KHTML, like Gecko; compatible; GPTBot/1.4; +https://openai.com/gptbot)"
74.7.227.11 - - [20/Sep/2026:06:53:58 +0000] "GET /goods.php?search/list/?LineID=280000118 HTTP/1.1" 403 5833 "https://dazzlingwebplanet.com/goods.php?halloc-esco-ea519ch-1" "Mozilla/5.0 AppleWebKit/537.36 (KHTML, like Gecko; compatible; GPTBot/1.4; +https://openai.com/gptbot)"
74.7.227.11 - - [20/Sep/2026:06:53:59 +0000] "GET /goods.php?search/list/?LineID=028028884 HTTP/1.1" 403 5833 "https://dazzlingwebplanet.com/goods.php?genba-102-037" "Mozilla/5.0 AppleWebKit/537.36 (KHTML, like Gecko; compatible; GPTBot/1.4; +https://openai.com/gptbot)"
74.7.227.11 - - [20/Sep/2026:06:54:01 +0000] "GET /goods.php?search/list/?LineID=240000288 HTTP/1.1" 403 5833 "https://dazzlingwebplanet.com/goods.php?e-yamagiwa-s2937" "Mozilla/5.0 AppleWebKit/537.36 (KHTML, like Gecko; compatible; GPTBot/1.4; +https://openai.com/gptbot)"
74.7.227.11 - - [20/Sep/2026:06:54:02 +0000] "GET /goods.php?search/list/?LineID=037000375 HTTP/1.1" 403 5833 "https://dazzlingwebplanet.com/goods.php?baby-sies-ssb-703f" "Mozilla/5.0 AppleWebKit/537.36 (KHTML, like Gecko; compatible; GPTBot/1.4; +https://openai.com/gptbot)"
74.7.227.11 - - [20/Sep/2026:06:54:03 +0000] "GET /goods.php?search/list/?LineID=021000217 HTTP/1.1" 403 5833 "https://dazzlingwebplanet.com/goods.php?hirochishop-ea506ag-25" "Mozilla/5.0 AppleWebKit/537.36 (KHTML, like Gecko; compatible; GPTBot/1.4; +https://openai.com/gptbot)"
74.7.227.11 - - [20/Sep/2026:06:54:04 +0000] "GET /goods.php?search/list/?LineID=056000568 HTTP/1.1" 403 5833 "https://dazzlingwebplanet.com/goods.php?vivitoplus-item-020200-1093" "Mozilla/5.0 AppleWebKit/537.36 (KHTML, like Gecko; compatible; GPTBot/1.4; +https://openai.com/gptbot)"
74.7.227.11 - - [20/Sep/2026:06:54:05 +0000] "GET /goods.php?search/list/?LineID=023000237 HTTP/1.1" 403 5833 "https://dazzlingwebplanet.com/goods.php?kig-ltd-3r10-1418" "Mozilla/5.0 AppleWebKit/537.36 (KHTML, like Gecko; compatible; GPTBot/1.4; +https://openai.com/gptbot)"
74.7.227.11 - - [20/Sep/2026:06:54:07 +0000] "GET /goods.php?search/list/?LineID=014000146 HTTP/1.1" 403 5833 "https://dazzlingwebplanet.com/goods.php?pro-taro-tru1359216" "Mozilla/5.0 AppleWebKit/537.36 (KHTML, like Gecko; compatible; GPTBot/1.4; +https://openai.com/gptbot)"
74.7.227.11 - - [20/Sep/2026:06:54:08 +0000] "GET /goods.php?search/list/?LineID=098000986 HTTP/1.1" 403 5833 "https://dazzlingwebplanet.com/goods.php?tuzukiya-p03-8859" "Mozilla/5.0 AppleWebKit/537.36 (KHTML, like Gecko; compatible; GPTBot/1.4; +https://openai.com/gptbot)"
74.7.227.11 - - [20/Sep/2026:06:54:09 +0000] "GET /goods.php?search/list/?LineID=031000317 HTTP/1.1" 403 5833 "https://dazzlingwebplanet.com/goods.php?office-com-ya-1908" "Mozilla/5.0 AppleWebKit/537.36 (KHTML, like Gecko; compatible; GPTBot/1.4; +https://openai.com/gptbot)"
74.7.227.11 - - [20/Sep/2026:06:54:10 +0000] "GET /goods.php?search/list/?LineID=032000328 HTTP/1.1" 403 5833 "https://dazzlingwebplanet.com/goods.php?lowbrow-radiall2395-1" "Mozilla/5.0 AppleWebKit/537.36 (KHTML, like Gecko; compatible; GPTBot/1.4; +https://openai.com/gptbot)"
57.141.0.38 - - [20/Sep/2026:06:54:10 +0000] "GET /item/K40087043.html HTTP/1.1" 200 6347 "-" "Mozilla/5.0 (Windows NT 10.0; Win64; x64) AppleWebKit/537.36 (KHTML, like Gecko) Chrome/145.0.0.0 Safari/537.36 (compatible; meta-externalagent/1.1 (+https://developers.facebook.com/docs/sharing/webmasters/crawler))"
57.141.0.39 - - [20/Sep/2026:06:54:10 +0000] "GET /item/K80987823.html HTTP/1.1" 200 6347 "-" "Mozilla/5.0 (Macintosh; Intel Mac OS X 10_15_7) AppleWebKit/537.36 (KHTML, like Gecko) Chrome/145.0.0.0 Safari/537.36 (compatible; meta-externalagent/1.1 (+https://developers.facebook.com/docs/sharing/webmasters/crawler))"
74.7.227.11 - - [20/Sep/2026:06:54:11 +0000] "GET /goods.php?search/list/?LineID=045000457 HTTP/1.1" 403 5833 "https://dazzlingwebplanet.com/goods.php?vie-up-ds-2243817" "Mozilla/5.0 AppleWebKit/537.36 (KHTML, like Gecko; compatible; GPTBot/1.4; +https://openai.com/gptbot)"
74.7.227.11 - - [20/Sep/2026:06:54:13 +0000] "GET /goods.php?search/list/?LineID=268000026 HTTP/1.1" 403 5833 "https://dazzlingwebplanet.com/goods.php?outlet/095000232.html" "Mozilla/5.0 AppleWebKit/537.36 (KHTML, like Gecko; compatible; GPTBot/1.4; +https://openai.com/gptbot)"
74.7.227.11 - - [20/Sep/2026:06:54:14 +0000] "GET /goods.php?search/list/?LineID=073000735 HTTP/1.1" 403 5833 "https://dazzlingwebplanet.com/goods.php?tuzukiya-i329-4818" "Mozilla/5.0 AppleWebKit/537.36 (KHTML, like Gecko; compatible; GPTBot/1.4; +https://openai.com/gptbot)"
74.7.227.11 - - [20/Sep/2026:06:54:15 +0000] "GET /goods.php?search/list/?LineID=228000038 HTTP/1.1" 403 5833 "https://dazzlingwebplanet.com/goods.php?ap-murase-sp0105-021" "Mozilla/5.0 AppleWebKit/537.36 (KHTML, like Gecko; compatible; GPTBot/1.4; +https://openai.com/gptbot)"
74.7.227.11 - - [20/Sep/2026:06:54:16 +0000] "GET /goods.php?search/list/?LineID=078000786 HTTP/1.1" 403 5833 "https://dazzlingwebplanet.com/goods.php?orangetool-thk210_8000" "Mozilla/5.0 AppleWebKit/537.36 (KHTML, like Gecko; compatible; GPTBot/1.4; +https://openai.com/gptbot)"
74.7.227.11 - - [20/Sep/2026:06:54:18 +0000] "GET /goods.php?search/list/?LineID=063000637 HTTP/1.1" 403 5833 "https://dazzlingwebplanet.com/goods.php?womensfitness-kl-02262" "Mozilla/5.0 AppleWebKit/537.36 (KHTML, like Gecko; compatible; GPTBot/1.4; +https://openai.com/gptbot)"
57.141.0.40 - - [20/Sep/2026:06:54:18 +0000] "GET /item/K62032789.html HTTP/1.1" 200 6347 "-" "Mozilla/5.0 (Windows NT 10.0; Win64; x64) AppleWebKit/537.36 (KHTML, like Gecko) Chrome/145.0.0.0 Safari/537.36 Edg/145.0.0.0 (compatible; meta-externalagent/1.1 (+https://developers.facebook.com/docs/sharing/webmasters/crawler))"
74.7.227.11 - - [20/Sep/2026:06:54:19 +0000] "GET /goods.php?search/list/?LineID=017000173 HTTP/1.1" 403 5833 "https://dazzlingwebplanet.com/goods.php?interiorshop-m-slt-2800" "Mozilla/5.0 AppleWebKit/537.36 (KHTML, like Gecko; compatible; GPTBot/1.4; +https://openai.com/gptbot)"
74.7.227.11 - - [20/Sep/2026:06:54:20 +0000] "GET /goods.php?search/list/?LineID=021000215 HTTP/1.1" 403 5833 "https://dazzlingwebplanet.com/goods.php?cocohouse-b07trd3f14" "Mozilla/5.0 AppleWebKit/537.36 (KHTML, like Gecko; compatible; GPTBot/1.4; +https://openai.com/gptbot)"
74.7.227.11 - - [20/Sep/2026:06:54:21 +0000] "GET /goods.php?search/list/?LineID=025000251 HTTP/1.1" 403 5833 "https://dazzlingwebplanet.com/goods.php?auc-access-rsrn285d1" "Mozilla/5.0 AppleWebKit/537.36 (KHTML, like Gecko; compatible; GPTBot/1.4; +https://openai.com/gptbot)"
74.7.227.11 - - [20/Sep/2026:06:54:22 +0000] "GET /goods.php?search/list/?LineID=300003676 HTTP/1.1" 403 5833 "https://dazzlingwebplanet.com/goods.php?t-c-laughtale-item-020692-3793" "Mozilla/5.0 AppleWebKit/537.36 (KHTML, like Gecko; compatible; GPTBot/1.4; +https://openai.com/gptbot)"
207.46.13.126 - - [20/Sep/2026:06:54:22 +0000] "GET /shop/bbeff148453301 HTTP/1.1" 200 6347 "-" "Mozilla/5.0 AppleWebKit/537.36 (KHTML, like Gecko; compatible; bingbot/2.0; +http://www.bing.com/bingbot.htm) Chrome/116.0.1938.76 Safari/537.36"
207.46.13.126 - - [20/Sep/2026:06:54:23 +0000] "GET /shop/55a01141530301 HTTP/1.1" 200 6347 "-" "Mozilla/5.0 AppleWebKit/537.36 (KHTML, like Gecko; compatible; bingbot/2.0; +http://www.bing.com/bingbot.htm) Chrome/116.0.1938.76 Safari/537.36"
