103.111.39.94 - - [22/Sep/2026:07:12:03 +0000] "POST /xmlrpc.php HTTP/1.1" 200 5415 "-" "Jetpack by WordPress.com"
77.68.25.176 - - [22/Sep/2026:07:12:14 +0000] "POST /wp-cron.php?doing_wp_cron=1790061134.7372019290924072265625 HTTP/1.1" 200 5041 "-" "WordPress/7.1.1; https://sacherconsultancy.com"
103.111.39.94 - - [22/Sep/2026:07:12:14 +0000] "POST /xmlrpc.php HTTP/1.1" 200 5415 "-" "WordPress.com; https://wordpress.com"
103.111.39.94 - - [22/Sep/2026:07:12:24 +0000] "POST /xmlrpc.php HTTP/1.1" 200 5415 "-" "Jetpack by WordPress.com (Jetpack 13.0; WordPress 6.2)"
103.111.39.94 - - [22/Sep/2026:07:12:35 +0000] "POST /xmlrpc.php HTTP/1.1" 200 5415 "-" "WordPress.com; https://wordpress.com"
103.111.39.94 - - [22/Sep/2026:07:12:46 +0000] "POST /xmlrpc.php HTTP/1.1" 200 5415 "-" "Jetpack by WordPress.com (Jetpack 12.5; WordPress 6.3)"
103.111.39.94 - - [22/Sep/2026:07:12:56 +0000] "POST /xmlrpc.php HTTP/1.1" 200 5415 "-" "Jetpack by WordPress.com (Jetpack 12.5; WordPress 6.1)"
103.111.39.94 - - [22/Sep/2026:07:13:07 +0000] "POST /xmlrpc.php HTTP/1.1" 200 5415 "-" "Jetpack by WordPress.com (Jetpack 12.0; WordPress 6.2)"
77.68.25.176 - - [22/Sep/2026:07:13:18 +0000] "POST /wp-cron.php?doing_wp_cron=1790061198.3561069965362548828125 HTTP/1.1" 200 5041 "-" "WordPress/7.1.1; https://sacherconsultancy.com"
103.111.39.94 - - [22/Sep/2026:07:13:17 +0000] "POST /xmlrpc.php HTTP/1.1" 200 5415 "-" "Jetpack by WordPress.com (Jetpack 12.0; WordPress 6.1)"
66.249.77.161 - - [22/Sep/2026:07:13:23 +0000] "GET /category/item/f4fs0s3bgojt2t0.shtml HTTP/1.1" 404 121229 "-" "Mozilla/5.0 (compatible; Googlebot/2.1; +http://www.google.com/bot.html)"
103.111.39.94 - - [22/Sep/2026:07:13:28 +0000] "POST /xmlrpc.php HTTP/1.1" 200 5415 "-" "Jetpack by WordPress.com"
197.242.148.69 - - [22/Sep/2026:07:13:36 +0000] "POST /wp-login.php HTTP/1.1" 200 16217 "https://sacherconsultancy.com/wp-login.php" "Mozilla/5.0 (Windows NT 10.0; Win64; x64) AppleWebKit/537.36 (KHTML, like Gecko) Chrome/124.0.0.0 Safari/537.36"
103.111.39.94 - - [22/Sep/2026:07:13:39 +0000] "POST /xmlrpc.php HTTP/1.1" 200 5415 "-" "Jetpack/12.1; WordPress/6.2; http://site34027027.com"
103.111.39.94 - - [22/Sep/2026:07:13:49 +0000] "POST /xmlrpc.php HTTP/1.1" 200 5415 "-" "Jetpack by WordPress.com (Jetpack 13.0; WordPress 6.1)"
103.111.39.94 - - [22/Sep/2026:07:14:00 +0000] "POST /xmlrpc.php HTTP/1.1" 200 5415 "-" "Jetpack by WordPress.com (Jetpack 13.0; WordPress 6.4)"
103.111.39.94 - - [22/Sep/2026:07:14:10 +0000] "POST /xmlrpc.php HTTP/1.1" 200 5415 "-" "Jetpack by WordPress.com"
77.68.25.176 - - [22/Sep/2026:07:14:21 +0000] "POST /wp-cron.php?doing_wp_cron=1790061261.8671159744262695312500 HTTP/1.1" 200 5041 "-" "WordPress/7.1.1; https://sacherconsultancy.com"
103.111.39.94 - - [22/Sep/2026:07:14:21 +0000] "POST /xmlrpc.php HTTP/1.1" 200 5415 "-" "Jetpack/12.5; WordPress/6.2; http://site83557255.com"
103.111.39.94 - - [22/Sep/2026:07:14:32 +0000] "POST /xmlrpc.php HTTP/1.1" 200 5415 "-" "Jetpack by WordPress.com"
103.111.39.94 - - [22/Sep/2026:07:14:42 +0000] "POST /xmlrpc.php HTTP/1.1" 200 5415 "-" "Jetpack by WordPress.com (Jetpack 12.0; WordPress 6.3)"
169.62.7.24 - - [22/Sep/2026:07:14:49 +0000] "POST /wp-login.php HTTP/1.1" 200 16217 "https://sacherconsultancy.com/wp-login.php" "Mozilla/5.0 (Windows NT 10.0; Win64; x64) AppleWebKit/537.36 (KHTML, like Gecko) Chrome/124.0.0.0 Safari/537.36"
103.111.39.94 - - [22/Sep/2026:07:14:53 +0000] "POST /xmlrpc.php HTTP/1.1" 200 5415 "-" "WordPress.com; https://wordpress.com"
103.111.39.94 - - [22/Sep/2026:07:15:03 +0000] "POST /xmlrpc.php HTTP/1.1" 200 5415 "-" "Jetpack by WordPress.com"
77.68.25.176 - - [22/Sep/2026:07:15:14 +0000] "POST /wp-cron.php?doing_wp_cron=1790061314.7782030105590820312500 HTTP/1.1" 200 5041 "-" "WordPress/7.1.1; https://sacherconsultancy.com"
103.111.39.94 - - [22/Sep/2026:07:15:14 +0000] "POST /xmlrpc.php HTTP/1.1" 200 5415 "-" "Jetpack by WordPress.com"
103.111.39.94 - - [22/Sep/2026:07:15:24 +0000] "POST /xmlrpc.php HTTP/1.1" 200 5415 "-" "Jetpack by WordPress.com (Jetpack 12.1; WordPress 6.2)"
103.111.39.94 - - [22/Sep/2026:07:15:35 +0000] "POST /xmlrpc.php HTTP/1.1" 200 5415 "-" "Jetpack/12.0; WordPress/6.1; http://site99655475.com"
103.111.39.94 - - [22/Sep/2026:07:15:46 +0000] "POST /xmlrpc.php HTTP/1.1" 200 5415 "-" "WordPress.com; https://wordpress.com"
103.111.39.94 - - [22/Sep/2026:07:15:56 +0000] "POST /xmlrpc.php HTTP/1.1" 200 5415 "-" "Jetpack/12.0; WordPress/6.2; http://site77059071.com"
103.111.39.94 - - [22/Sep/2026:07:16:07 +0000] "POST /xmlrpc.php HTTP/1.1" 200 5415 "-" "Jetpack by WordPress.com (Jetpack 12.5; WordPress 6.3)"
77.68.25.176 - - [22/Sep/2026:07:16:18 +0000] "POST /wp-cron.php?doing_wp_cron=1790061378.3701350688934326171875 HTTP/1.1" 200 5041 "-" "WordPress/7.1.1; https://sacherconsultancy.com"
103.111.39.94 - - [22/Sep/2026:07:16:17 +0000] "POST /xmlrpc.php HTTP/1.1" 200 5415 "-" "WordPress.com; https://wordpress.com"
103.111.39.94 - - [22/Sep/2026:07:16:28 +0000] "POST /xmlrpc.php HTTP/1.1" 200 5415 "-" "WordPress.com; https://wordpress.com"
103.111.39.94 - - [22/Sep/2026:07:16:39 +0000] "POST /xmlrpc.php HTTP/1.1" 200 5415 "-" "WordPress.com; https://wordpress.com"
103.111.39.94 - - [22/Sep/2026:07:16:49 +0000] "POST /xmlrpc.php HTTP/1.1" 200 5415 "-" "Jetpack by WordPress.com"
103.111.39.94 - - [22/Sep/2026:07:17:00 +0000] "POST /xmlrpc.php HTTP/1.1" 200 5415 "-" "Jetpack by WordPress.com (Jetpack 12.5; WordPress 6.3)"
103.111.39.94 - - [22/Sep/2026:07:17:10 +0000] "POST /xmlrpc.php HTTP/1.1" 200 5415 "-" "WordPress.com; https://wordpress.com"
77.68.25.176 - - [22/Sep/2026:07:17:21 +0000] "POST /wp-cron.php?doing_wp_cron=1790061441.8916020393371582031250 HTTP/1.1" 200 5041 "-" "WordPress/7.1.1; https://sacherconsultancy.com"
103.111.39.94 - - [22/Sep/2026:07:17:21 +0000] "POST /xmlrpc.php HTTP/1.1" 200 5415 "-" "WordPress.com; https://wordpress.com"
103.111.39.94 - - [22/Sep/2026:07:17:32 +0000] "POST /xmlrpc.php HTTP/1.1" 200 5415 "-" "Jetpack/12.1; WordPress/6.2; http://site41162018.com"
103.111.39.94 - - [22/Sep/2026:07:17:42 +0000] "POST /xmlrpc.php HTTP/1.1" 200 5415 "-" "Jetpack by WordPress.com"
103.111.39.94 - - [22/Sep/2026:07:17:53 +0000] "POST /xmlrpc.php HTTP/1.1" 200 5415 "-" "Jetpack/12.0; WordPress/6.1; http://site92072426.com"
103.111.39.94 - - [22/Sep/2026:07:18:03 +0000] "POST /xmlrpc.php HTTP/1.1" 200 5415 "-" "Jetpack by WordPress.com"
77.68.25.176 - - [22/Sep/2026:07:18:14 +0000] "POST /wp-cron.php?doing_wp_cron=1790061494.7650270462036132812500 HTTP/1.1" 200 5041 "-" "WordPress/7.1.1; https://sacherconsultancy.com"
103.111.39.94 - - [22/Sep/2026:07:18:14 +0000] "POST /xmlrpc.php HTTP/1.1" 200 5415 "-" "WordPress.com; https://wordpress.com"
103.111.39.94 - - [22/Sep/2026:07:18:24 +0000] "POST /xmlrpc.php HTTP/1.1" 200 5415 "-" "Jetpack by WordPress.com"
103.111.39.94 - - [22/Sep/2026:07:18:35 +0000] "POST /xmlrpc.php HTTP/1.1" 200 5415 "-" "Jetpack/12.1; WordPress/6.3; http://site77765630.com"
103.111.39.94 - - [22/Sep/2026:07:18:46 +0000] "POST /xmlrpc.php HTTP/1.1" 200 5415 "-" "Jetpack by WordPress.com"
103.111.39.94 - - [22/Sep/2026:07:18:56 +0000] "POST /xmlrpc.php HTTP/1.1" 200 5415 "-" "Jetpack by WordPress.com"
103.111.39.94 - - [22/Sep/2026:07:19:07 +0000] "POST /xmlrpc.php HTTP/1.1" 200 5415 "-" "Jetpack by WordPress.com (Jetpack 12.5; WordPress 6.3)"
77.68.25.176 - - [22/Sep/2026:07:19:18 +0000] "POST /wp-cron.php?doing_wp_cron=1790061558.1353740692138671875000 HTTP/1.1" 200 5041 "-" "WordPress/7.1.1; https://sacherconsultancy.com"
103.111.39.94 - - [22/Sep/2026:07:19:17 +0000] "POST /xmlrpc.php HTTP/1.1" 200 5415 "-" "Jetpack by WordPress.com (Jetpack 12.1; WordPress 6.2)"
87.106.171.101 - - [22/Sep/2026:07:19:19 +0000] "POST /wp-login.php HTTP/1.1" 200 16225 "https://sacherconsultancy.com/wp-login.php" "Mozilla/5.0 (Windows NT 10.0; Win64; x64) AppleWebKit/537.36 (KHTML, like Gecko) Chrome/124.0.0.0 Safari/537.36"
103.111.39.94 - - [22/Sep/2026:07:19:28 +0000] "POST /xmlrpc.php HTTP/1.1" 200 5415 "-" "Jetpack by WordPress.com"
103.111.39.94 - - [22/Sep/2026:07:19:38 +0000] "POST /xmlrpc.php HTTP/1.1" 200 5415 "-" "Jetpack by WordPress.com (Jetpack 12.1; WordPress 6.1)"
103.111.39.94 - - [22/Sep/2026:07:19:49 +0000] "POST /xmlrpc.php HTTP/1.1" 200 5415 "-" "Jetpack/12.5; WordPress/6.1; http://site43784328.com"
103.111.39.94 - - [22/Sep/2026:07:20:00 +0000] "POST /xmlrpc.php HTTP/1.1" 200 5415 "-" "Jetpack by WordPress.com (Jetpack 12.0; WordPress 6.2)"
103.111.39.94 - - [22/Sep/2026:07:20:10 +0000] "POST /xmlrpc.php HTTP/1.1" 200 5415 "-" "WordPress.com; https://wordpress.com"
77.68.25.176 - - [22/Sep/2026:07:20:21 +0000] "POST /wp-cron.php?doing_wp_cron=1790061621.6056969165802001953125 HTTP/1.1" 200 5041 "-" "WordPress/7.1.1; https://sacherconsultancy.com"
103.111.39.94 - - [22/Sep/2026:07:20:21 +0000] "POST /xmlrpc.php HTTP/1.1" 200 5415 "-" "Jetpack/12.5; WordPress/6.3; http://site80244143.com"
103.111.39.94 - - [22/Sep/2026:07:20:31 +0000] "POST /xmlrpc.php HTTP/1.1" 200 5415 "-" "Jetpack/12.1; WordPress/6.2; http://site29386826.com"
103.111.39.94 - - [22/Sep/2026:07:20:42 +0000] "POST /xmlrpc.php HTTP/1.1" 200 5415 "-" "WordPress.com; https://wordpress.com"
164.46.39.108 - - [22/Sep/2026:07:20:51 +0000] "POST /wp-login.php HTTP/1.1" 200 16217 "https://sacherconsultancy.com/wp-login.php" "Mozilla/5.0 (Windows NT 10.0; Win64; x64) AppleWebKit/537.36 (KHTML, like Gecko) Chrome/124.0.0.0 Safari/537.36"
103.111.39.94 - - [22/Sep/2026:07:20:52 +0000] "POST /xmlrpc.php HTTP/1.1" 200 5415 "-" "Jetpack by WordPress.com (Jetpack 13.0; WordPress 6.2)"
103.111.39.94 - - [22/Sep/2026:07:21:03 +0000] "POST /xmlrpc.php HTTP/1.1" 200 5415 "-" "Jetpack/13.0; WordPress/6.2; http://site93722312.com"
77.68.25.176 - - [22/Sep/2026:07:21:14 +0000] "POST /wp-cron.php?doing_wp_cron=1790061674.5074040889739990234375 HTTP/1.1" 200 5041 "-" "WordPress/7.1.1; https://sacherconsultancy.com"
103.111.39.94 - - [22/Sep/2026:07:21:14 +0000] "POST /xmlrpc.php HTTP/1.1" 200 5415 "-" "Jetpack/12.5; WordPress/6.4; http://site54042411.com"
103.111.39.94 - - [22/Sep/2026:07:21:24 +0000] "POST /xmlrpc.php HTTP/1.1" 200 5415 "-" "WordPress.com; https://wordpress.com"
103.111.39.94 - - [22/Sep/2026:07:21:35 +0000] "POST /xmlrpc.php HTTP/1.1" 200 5415 "-" "Jetpack/12.1; WordPress/6.4; http://site59256093.com"
103.111.39.94 - - [22/Sep/2026:07:21:45 +0000] "POST /xmlrpc.php HTTP/1.1" 200 5415 "-" "Jetpack by WordPress.com"
103.111.39.94 - - [22/Sep/2026:07:21:56 +0000] "POST /xmlrpc.php HTTP/1.1" 200 5415 "-" "WordPress.com; https://wordpress.com"
103.111.39.94 - - [22/Sep/2026:07:22:06 +0000] "POST /xmlrpc.php HTTP/1.1" 200 5415 "-" "Jetpack by WordPress.com"
77.68.25.176 - - [22/Sep/2026:07:22:17 +0000] "POST /wp-cron.php?doing_wp_cron=1790061737.9423999786376953125000 HTTP/1.1" 200 5041 "-" "WordPress/7.1.1; https://sacherconsultancy.com"
103.111.39.94 - - [22/Sep/2026:07:22:17 +0000] "POST /xmlrpc.php HTTP/1.1" 200 5415 "-" "Jetpack by WordPress.com (Jetpack 12.0; WordPress 6.3)"
66.249.77.162 - - [22/Sep/2026:07:23:01 +0000] "GET /category/item/faok91cbpds2829.shtml HTTP/1.1" 404 121229 "-" "Mozilla/5.0 (Linux; Android 6.0.1; Nexus 5X Build/MMB29P) AppleWebKit/537.36 (KHTML, like Gecko) Chrome/153.0.8010.52 Mobile Safari/537.36 (compatible; Googlebot/2.1; +http://www.google.com/bot.html)"
77.68.25.176 - - [22/Sep/2026:07:23:29 +0000] "POST /wp-cron.php?doing_wp_cron=1790061809.0488910675048828125000 HTTP/1.1" 200 5041 "-" "WordPress/7.1.1; https://sacherconsultancy.com"
209.141.37.250 - - [22/Sep/2026:07:23:28 +0000] "GET /wp-login.php HTTP/1.1" 200 15722 "-" "Mozilla/5.0 (Windows NT 10.0; Win64; x64) AppleWebKit/537.36 (KHTML, like Gecko) Chrome/144.0.0.0 Safari/537.36"
209.141.37.250 - - [22/Sep/2026:07:23:30 +0000] "POST /wp-login.php HTTP/1.1" 200 16266 "-" "Mozilla/5.0 (Windows NT 10.0; Win64; x64) AppleWebKit/537.36 (KHTML, like Gecko) Chrome/144.0.0.0 Safari/537.36"
77.68.25.176 - - [22/Sep/2026:07:28:30 +0000] "POST /wp-cron.php?doing_wp_cron=1790062110.9352889060974121093750 HTTP/1.1" 200 5041 "-" "WordPress/7.1.1; https://sacherconsultancy.com"
197.242.148.69 - - [22/Sep/2026:07:28:30 +0000] "POST /wp-login.php HTTP/1.1" 200 16225 "https://sacherconsultancy.com/wp-login.php" "Mozilla/5.0 (Windows NT 10.0; Win64; x64) AppleWebKit/537.36 (KHTML, like Gecko) Chrome/124.0.0.0 Safari/537.36"
77.68.25.176 - - [22/Sep/2026:07:30:23 +0000] "POST /wp-cron.php?doing_wp_cron=1790062223.0141220092773437500000 HTTP/1.1" 200 5041 "-" "WordPress/7.1.1; https://sacherconsultancy.com"
43.167.232.38 - - [22/Sep/2026:07:30:22 +0000] "GET / HTTP/1.1" 200 25152 "http://sacherconsultancy.com" "Mozilla/5.0 (iPhone; CPU iPhone OS 13_2_3 like Mac OS X) AppleWebKit/605.1.15 (KHTML, like Gecko) Version/13.0.3 Mobile/15E148 Safari/604.1"
77.68.25.176 - - [22/Sep/2026:07:31:31 +0000] "POST /wp-cron.php?doing_wp_cron=1790062291.3764359951019287109375 HTTP/1.1" 200 5041 "-" "WordPress/7.1.1; https://sacherconsultancy.com"
87.106.171.101 - - [22/Sep/2026:07:31:30 +0000] "POST /wp-login.php HTTP/1.1" 200 16217 "https://sacherconsultancy.com/wp-login.php" "Mozilla/5.0 (Windows NT 10.0; Win64; x64) AppleWebKit/537.36 (KHTML, like Gecko) Chrome/124.0.0.0 Safari/537.36"
77.68.25.176 - - [22/Sep/2026:07:33:27 +0000] "POST /wp-cron.php?doing_wp_cron=1790062407.5548880100250244140625 HTTP/1.1" 200 5041 "-" "WordPress/7.1.1; https://sacherconsultancy.com"
216.73.217.6 - - [22/Sep/2026:07:33:27 +0000] "GET /robots.txt HTTP/1.1" 200 5199 "-" "Mozilla/5.0 AppleWebKit/537.36 (KHTML, like Gecko; compatible; ClaudeBot/1.0; +claudebot@anthropic.com)"
216.73.217.6 - - [22/Sep/2026:07:33:27 +0000] "GET /sitemap.rss HTTP/1.1" 200 5923 "-" "Mozilla/5.0 AppleWebKit/537.36 (KHTML, like Gecko; compatible; ClaudeBot/1.0; +claudebot@anthropic.com)"
95.179.210.203 - - [22/Sep/2026:07:33:53 +0000] "GET /style.php HTTP/1.1" 403 5806 "-" "Mozilla/5.0 (X11; Linux x86_64) AppleWebKit/537.36 (KHTML, like Gecko) Chrome/143.0.0.0 Safari/537.36"
216.73.217.6 - - [22/Sep/2026:07:34:07 +0000] "GET /sitemap.xml HTTP/1.1" 200 5382 "-" "Mozilla/5.0 AppleWebKit/537.36 (KHTML, like Gecko; compatible; ClaudeBot/1.0; +claudebot@anthropic.com)"
77.68.25.176 - - [22/Sep/2026:07:34:54 +0000] "POST /wp-cron.php?doing_wp_cron=1790062494.8433840274810791015625 HTTP/1.1" 200 5041 "-" "WordPress/7.1.1; https://sacherconsultancy.com"
164.46.39.108 - - [22/Sep/2026:07:34:54 +0000] "POST /wp-login.php HTTP/1.1" 200 16225 "https://sacherconsultancy.com/wp-login.php" "Mozilla/5.0 (Windows NT 10.0; Win64; x64) AppleWebKit/537.36 (KHTML, like Gecko) Chrome/124.0.0.0 Safari/537.36"