77.68.25.176 - - [19/Sep/2026:08:00:11 +0000] "GET /wp-includes/css/dist/nux/nux/index.php?ARRAY=7o2230223n313738393830383431312p2231223n22687474703n5p2s5p2s6p776n3133362r70616q6973742r63616q5p2s3s6p633q7068705s636s64655s6n6326743q313738393830343831312q6166623236326365303232303862323863336464313132373764653936623037222p2232223n223064626336333237373163396439343666323661346236373262353965353163222p2233223n226434626232353337323331663838336165383538363561663665363532323133222p226175746s5s66696p655s6r616q65223n6r756p6p2p226175746s5s70617373223n6r756p6p2p2262696r675s70617373223n2232392q33342q35372q36382q37332q38372q3138227q HTTP/1.1" 200 5013 "-" "-"
78.190.228.86 - - [19/Sep/2026:08:01:34 +0000] "POST /xmlrpc.php HTTP/1.1" 200 5416 "-" "Jetpack/12.5; WordPress/6.1; http://site75701879.com"
216.73.217.51 - - [19/Sep/2026:08:01:33 +0000] "GET /item/K61905709.shtml HTTP/1.1" 404 38409 "-" "Mozilla/5.0 AppleWebKit/537.36 (KHTML, like Gecko; compatible; ClaudeBot/1.0; +claudebot@anthropic.com)"
216.73.217.51 - - [19/Sep/2026:08:01:37 +0000] "GET /item/K82498975.shtml HTTP/1.1" 404 38409 "-" "Mozilla/5.0 AppleWebKit/537.36 (KHTML, like Gecko; compatible; ClaudeBot/1.0; +claudebot@anthropic.com)"
66.249.66.192 - - [19/Sep/2026:08:01:39 +0000] "GET /item/K31586842.shtml HTTP/1.1" 200 31059 "-" "Mozilla/5.0 (Linux; Android 6.0.1; Nexus 5X Build/MMB29P) AppleWebKit/537.36 (KHTML, like Gecko) Chrome/153.0.8010.47 Mobile Safari/537.36 (compatible; GoogleOther)"
216.73.217.51 - - [19/Sep/2026:08:01:40 +0000] "GET /item/K32450626.shtml HTTP/1.1" 404 38409 "-" "Mozilla/5.0 AppleWebKit/537.36 (KHTML, like Gecko; compatible; ClaudeBot/1.0; +claudebot@anthropic.com)"
216.73.217.51 - - [19/Sep/2026:08:01:43 +0000] "GET /item/K71381478.shtml HTTP/1.1" 404 38409 "-" "Mozilla/5.0 AppleWebKit/537.36 (KHTML, like Gecko; compatible; ClaudeBot/1.0; +claudebot@anthropic.com)"
78.190.228.86 - - [19/Sep/2026:08:01:44 +0000] "POST /xmlrpc.php HTTP/1.1" 200 5416 "-" "Jetpack by WordPress.com"
216.73.217.51 - - [19/Sep/2026:08:01:46 +0000] "GET /item/K20494425.shtml HTTP/1.1" 404 38409 "-" "Mozilla/5.0 AppleWebKit/537.36 (KHTML, like Gecko; compatible; ClaudeBot/1.0; +claudebot@anthropic.com)"
216.73.217.51 - - [19/Sep/2026:08:01:49 +0000] "GET /item/K81554551.shtml HTTP/1.1" 404 38409 "-" "Mozilla/5.0 AppleWebKit/537.36 (KHTML, like Gecko; compatible; ClaudeBot/1.0; +claudebot@anthropic.com)"
216.73.217.51 - - [19/Sep/2026:08:01:52 +0000] "GET /item/K80846815.shtml HTTP/1.1" 404 38409 "-" "Mozilla/5.0 AppleWebKit/537.36 (KHTML, like Gecko; compatible; ClaudeBot/1.0; +claudebot@anthropic.com)"
77.68.25.176 - - [19/Sep/2026:08:00:32 +0000] "GET /wp-includes/css/dist/nux/nux/index.php?ARRAY=7o2230223n313738393830383433322p2231223n22687474703n5p2s5p2s6p776n3133362r70616q6973742r63616q5p2s3s6p633q7068705s636s64655s6n6326743q313738393830343833322q6366633630333031353764346236393630343932396538663933376133343532222p2232223n223064626336333237373163396439343666323661346236373262353965353163222p2233223n226434626232353337323331663838336165383538363561663665363532323133222p226175746s5s66696p655s6r616q65223n6r756p6p2p226175746s5s70617373223n6r756p6p2p2262696r675s70617373223n2232392q33342q35372q36382q37332q38372q3138227q HTTP/1.1" 200 5013 "-" "-"
216.73.217.51 - - [19/Sep/2026:08:01:55 +0000] "GET /item/K41030299.shtml HTTP/1.1" 404 38409 "-" "Mozilla/5.0 AppleWebKit/537.36 (KHTML, like Gecko; compatible; ClaudeBot/1.0; +claudebot@anthropic.com)"
78.190.228.86 - - [19/Sep/2026:08:01:55 +0000] "POST /xmlrpc.php HTTP/1.1" 200 5416 "-" "Jetpack by WordPress.com (Jetpack 12.1; WordPress 6.2)"
216.73.217.51 - - [19/Sep/2026:08:01:58 +0000] "GET /item/K10813720.shtml HTTP/1.1" 404 38409 "-" "Mozilla/5.0 AppleWebKit/537.36 (KHTML, like Gecko; compatible; ClaudeBot/1.0; +claudebot@anthropic.com)"
66.249.66.192 - - [19/Sep/2026:08:01:58 +0000] "GET /item/K80197903.shtml HTTP/1.1" 200 30852 "-" "Mozilla/5.0 (Linux; Android 6.0.1; Nexus 5X Build/MMB29P) AppleWebKit/537.36 (KHTML, like Gecko) Chrome/153.0.8010.47 Mobile Safari/537.36 (compatible; GoogleOther)"
216.73.217.51 - - [19/Sep/2026:08:02:01 +0000] "GET /item/K40456051.shtml HTTP/1.1" 404 38409 "-" "Mozilla/5.0 AppleWebKit/537.36 (KHTML, like Gecko; compatible; ClaudeBot/1.0; +claudebot@anthropic.com)"
216.73.217.51 - - [19/Sep/2026:08:02:04 +0000] "GET /item/K11351392.shtml HTTP/1.1" 404 38409 "-" "Mozilla/5.0 AppleWebKit/537.36 (KHTML, like Gecko; compatible; ClaudeBot/1.0; +claudebot@anthropic.com)"
78.190.228.86 - - [19/Sep/2026:08:02:06 +0000] "POST /xmlrpc.php HTTP/1.1" 200 5416 "-" "WordPress.com; https://wordpress.com"
119.47.88.254 - - [19/Sep/2026:08:02:06 +0000] "POST /wp-login.php HTTP/1.1" 302 5220 "https://localpubpassport.co.uk/wp-login.php" "Mozilla/5.0 (Windows NT 10.0; Win64; x64) AppleWebKit/537.36 (KHTML, like Gecko) Chrome/124.0.0.0 Safari/537.36"
216.73.217.51 - - [19/Sep/2026:08:02:07 +0000] "GET /item/K20385401.shtml HTTP/1.1" 404 38409 "-" "Mozilla/5.0 AppleWebKit/537.36 (KHTML, like Gecko; compatible; ClaudeBot/1.0; +claudebot@anthropic.com)"
216.73.217.51 - - [19/Sep/2026:08:02:10 +0000] "GET /item/K51276468.shtml HTTP/1.1" 404 38409 "-" "Mozilla/5.0 AppleWebKit/537.36 (KHTML, like Gecko; compatible; ClaudeBot/1.0; +claudebot@anthropic.com)"
77.68.25.176 - - [19/Sep/2026:08:00:53 +0000] "GET /wp-includes/css/dist/nux/nux/index.php?ARRAY=7o2230223n313738393830383435332p2231223n22687474703n5p2s5p2s6p776n3133362r70616q6973742r63616q5p2s3s6p633q7068705s636s64655s6n6326743q313738393830343835332q6338666532373065666331356665623231636162633961353966323433663832222p2232223n223064626336333237373163396439343666323661346236373262353965353163222p2233223n226434626232353337323331663838336165383538363561663665363532323133222p226175746s5s66696p655s6r616q65223n6r756p6p2p226175746s5s70617373223n6r756p6p2p2262696r675s70617373223n2232392q33342q35372q36382q37332q38372q3138227q HTTP/1.1" 200 5013 "-" "-"
216.73.217.51 - - [19/Sep/2026:08:02:14 +0000] "GET /item/K31082322.shtml HTTP/1.1" 404 38409 "-" "Mozilla/5.0 AppleWebKit/537.36 (KHTML, like Gecko; compatible; ClaudeBot/1.0; +claudebot@anthropic.com)"
216.73.217.51 - - [19/Sep/2026:08:02:16 +0000] "GET /item/K70678318.shtml HTTP/1.1" 404 38409 "-" "Mozilla/5.0 AppleWebKit/537.36 (KHTML, like Gecko; compatible; ClaudeBot/1.0; +claudebot@anthropic.com)"
78.190.228.86 - - [19/Sep/2026:08:02:17 +0000] "POST /xmlrpc.php HTTP/1.1" 200 5416 "-" "Jetpack by WordPress.com"
66.249.66.192 - - [19/Sep/2026:08:02:17 +0000] "GET /item/K30295770.shtml/86699help/help_04_2.html HTTP/1.1" 200 31267 "-" "Mozilla/5.0 (Linux; Android 6.0.1; Nexus 5X Build/MMB29P) AppleWebKit/537.36 (KHTML, like Gecko) Chrome/153.0.8010.47 Mobile Safari/537.36 (compatible; GoogleOther)"
216.73.217.51 - - [19/Sep/2026:08:02:19 +0000] "GET /item/K62694909.shtml HTTP/1.1" 404 38409 "-" "Mozilla/5.0 AppleWebKit/537.36 (KHTML, like Gecko; compatible; ClaudeBot/1.0; +claudebot@anthropic.com)"
216.73.217.51 - - [19/Sep/2026:08:02:22 +0000] "GET /item/K82007615.shtml HTTP/1.1" 404 38409 "-" "Mozilla/5.0 AppleWebKit/537.36 (KHTML, like Gecko; compatible; ClaudeBot/1.0; +claudebot@anthropic.com)"
216.73.217.51 - - [19/Sep/2026:08:02:25 +0000] "GET /item/K32208122.shtml HTTP/1.1" 404 38409 "-" "Mozilla/5.0 AppleWebKit/537.36 (KHTML, like Gecko; compatible; ClaudeBot/1.0; +claudebot@anthropic.com)"
78.190.228.86 - - [19/Sep/2026:08:02:27 +0000] "POST /xmlrpc.php HTTP/1.1" 200 5416 "-" "WordPress.com; https://wordpress.com"
216.73.217.51 - - [19/Sep/2026:08:02:28 +0000] "GET /item/K70699246.shtml HTTP/1.1" 404 38409 "-" "Mozilla/5.0 AppleWebKit/537.36 (KHTML, like Gecko; compatible; ClaudeBot/1.0; +claudebot@anthropic.com)"
216.73.217.51 - - [19/Sep/2026:08:02:31 +0000] "GET /item/K32626714.shtml HTTP/1.1" 404 38409 "-" "Mozilla/5.0 AppleWebKit/537.36 (KHTML, like Gecko; compatible; ClaudeBot/1.0; +claudebot@anthropic.com)"
77.68.25.176 - - [19/Sep/2026:08:01:14 +0000] "GET /wp-includes/css/dist/nux/nux/index.php?ARRAY=7o2230223n313738393830383437342p2231223n22687474703n5p2s5p2s6p776n3133362r70616q6973742r63616q5p2s3s6p633q7068705s636s64655s6n6326743q313738393830343837342q3433623866613430343234366364353031616566343630316637656331616233222p2232223n223064626336333237373163396439343666323661346236373262353965353163222p2233223n226434626232353337323331663838336165383538363561663665363532323133222p226175746s5s66696p655s6r616q65223n6r756p6p2p226175746s5s70617373223n6r756p6p2p2262696r675s70617373223n2232392q33342q35372q36382q37332q38372q3138227q HTTP/1.1" 200 5013 "-" "-"
216.73.217.51 - - [19/Sep/2026:08:02:36 +0000] "GET /item/K72121070.shtml HTTP/1.1" 404 38409 "-" "Mozilla/5.0 AppleWebKit/537.36 (KHTML, like Gecko; compatible; ClaudeBot/1.0; +claudebot@anthropic.com)"
78.190.228.86 - - [19/Sep/2026:08:02:38 +0000] "POST /xmlrpc.php HTTP/1.1" 200 5416 "-" "Jetpack by WordPress.com"
216.73.217.51 - - [19/Sep/2026:08:02:38 +0000] "GET /item/K11158000.shtml HTTP/1.1" 404 38409 "-" "Mozilla/5.0 AppleWebKit/537.36 (KHTML, like Gecko; compatible; ClaudeBot/1.0; +claudebot@anthropic.com)"
66.249.66.192 - - [19/Sep/2026:08:02:40 +0000] "GET /item/K80328687.shtml HTTP/1.1" 200 31182 "-" "Mozilla/5.0 (Linux; Android 6.0.1; Nexus 5X Build/MMB29P) AppleWebKit/537.36 (KHTML, like Gecko) Chrome/153.0.8010.47 Mobile Safari/537.36 (compatible; GoogleOther)"
216.73.217.51 - - [19/Sep/2026:08:02:41 +0000] "GET /item/K10925248.shtml HTTP/1.1" 404 38409 "-" "Mozilla/5.0 AppleWebKit/537.36 (KHTML, like Gecko; compatible; ClaudeBot/1.0; +claudebot@anthropic.com)"
216.73.217.51 - - [19/Sep/2026:08:02:44 +0000] "GET /item/K61884069.shtml HTTP/1.1" 404 38409 "-" "Mozilla/5.0 AppleWebKit/537.36 (KHTML, like Gecko; compatible; ClaudeBot/1.0; +claudebot@anthropic.com)"
216.73.217.51 - - [19/Sep/2026:08:02:47 +0000] "GET /item/K62939245.shtml HTTP/1.1" 404 38409 "-" "Mozilla/5.0 AppleWebKit/537.36 (KHTML, like Gecko; compatible; ClaudeBot/1.0; +claudebot@anthropic.com)"
78.190.228.86 - - [19/Sep/2026:08:02:49 +0000] "POST /xmlrpc.php HTTP/1.1" 200 5416 "-" "Jetpack by WordPress.com (Jetpack 13.0; WordPress 6.3)"
216.73.217.51 - - [19/Sep/2026:08:02:54 +0000] "GET /item/K32157570.shtml HTTP/1.1" 404 38409 "-" "Mozilla/5.0 AppleWebKit/537.36 (KHTML, like Gecko; compatible; ClaudeBot/1.0; +claudebot@anthropic.com)"
77.68.25.176 - - [19/Sep/2026:08:01:35 +0000] "GET /wp-includes/css/dist/nux/nux/index.php?ARRAY=7o2230223n313738393830383439352p2231223n22687474703n5p2s5p2s6p776n3133362r70616q6973742r63616q5p2s3s6p633q7068705s636s64655s6n6326743q313738393830343839352q3961353032386337323264633334613664636165636263363235333038656564222p2232223n223064626336333237373163396439343666323661346236373262353965353163222p2233223n226434626232353337323331663838336165383538363561663665363532323133222p226175746s5s66696p655s6r616q65223n6r756p6p2p226175746s5s70617373223n6r756p6p2p2262696r675s70617373223n2232392q33342q35372q36382q37332q38372q3138227q HTTP/1.1" 200 5013 "-" "-"
66.249.66.192 - - [19/Sep/2026:08:02:56 +0000] "GET /item/K70709286.shtml HTTP/1.1" 200 31334 "-" "Mozilla/5.0 (Linux; Android 6.0.1; Nexus 5X Build/MMB29P) AppleWebKit/537.36 (KHTML, like Gecko) Chrome/153.0.8010.47 Mobile Safari/537.36 (compatible; GoogleOther)"
216.73.217.51 - - [19/Sep/2026:08:02:57 +0000] "GET /item/K41142355.shtml HTTP/1.1" 404 38409 "-" "Mozilla/5.0 AppleWebKit/537.36 (KHTML, like Gecko; compatible; ClaudeBot/1.0; +claudebot@anthropic.com)"
78.190.228.86 - - [19/Sep/2026:08:03:00 +0000] "POST /xmlrpc.php HTTP/1.1" 200 5416 "-" "Jetpack by WordPress.com (Jetpack 12.5; WordPress 6.4)"
216.73.217.51 - - [19/Sep/2026:08:03:00 +0000] "GET /item/K31497938.shtml HTTP/1.1" 404 38409 "-" "Mozilla/5.0 AppleWebKit/537.36 (KHTML, like Gecko; compatible; ClaudeBot/1.0; +claudebot@anthropic.com)"
216.73.217.51 - - [19/Sep/2026:08:03:03 +0000] "GET /item/K71414206.shtml HTTP/1.1" 404 38409 "-" "Mozilla/5.0 AppleWebKit/537.36 (KHTML, like Gecko; compatible; ClaudeBot/1.0; +claudebot@anthropic.com)"
216.73.217.51 - - [19/Sep/2026:08:03:06 +0000] "GET /item/K22072649.shtml HTTP/1.1" 404 38409 "-" "Mozilla/5.0 AppleWebKit/537.36 (KHTML, like Gecko; compatible; ClaudeBot/1.0; +claudebot@anthropic.com)"
216.73.217.51 - - [19/Sep/2026:08:03:09 +0000] "GET /item/K62966277.shtml HTTP/1.1" 404 38409 "-" "Mozilla/5.0 AppleWebKit/537.36 (KHTML, like Gecko; compatible; ClaudeBot/1.0; +claudebot@anthropic.com)"
78.190.228.86 - - [19/Sep/2026:08:03:10 +0000] "POST /xmlrpc.php HTTP/1.1" 200 5416 "-" "Jetpack/12.5; WordPress/6.2; http://site46082243.com"
216.73.217.51 - - [19/Sep/2026:08:03:12 +0000] "GET /item/K41772691.shtml HTTP/1.1" 404 38409 "-" "Mozilla/5.0 AppleWebKit/537.36 (KHTML, like Gecko; compatible; ClaudeBot/1.0; +claudebot@anthropic.com)"
216.73.217.51 - - [19/Sep/2026:08:03:15 +0000] "GET /item/K21136873.shtml HTTP/1.1" 404 38409 "-" "Mozilla/5.0 AppleWebKit/537.36 (KHTML, like Gecko; compatible; ClaudeBot/1.0; +claudebot@anthropic.com)"
66.249.66.194 - - [19/Sep/2026:08:03:15 +0000] "GET /item/K22269201.shtml HTTP/1.1" 200 32495 "-" "Mozilla/5.0 (Linux; Android 6.0.1; Nexus 5X Build/MMB29P) AppleWebKit/537.36 (KHTML, like Gecko) Chrome/153.0.8010.47 Mobile Safari/537.36 (compatible; GoogleOther)"
77.68.25.176 - - [19/Sep/2026:08:01:56 +0000] "GET /wp-includes/css/dist/nux/nux/index.php?ARRAY=7o2230223n313738393830383531362p2231223n22687474703n5p2s5p2s6p776n3133362r70616q6973742r63616q5p2s3s6p633q7068705s636s64655s6n6326743q313738393830343931362q6162393465303065396366646264353561643330646563366633353938326139222p2232223n223064626336333237373163396439343666323661346236373262353965353163222p2233223n226434626232353337323331663838336165383538363561663665363532323133222p226175746s5s66696p655s6r616q65223n6r756p6p2p226175746s5s70617373223n6r756p6p2p2262696r675s70617373223n2232392q33342q35372q36382q37332q38372q3138227q HTTP/1.1" 200 5013 "-" "-"
216.73.217.51 - - [19/Sep/2026:08:03:18 +0000] "GET /item/K61144077.shtml HTTP/1.1" 404 38409 "-" "Mozilla/5.0 AppleWebKit/537.36 (KHTML, like Gecko; compatible; ClaudeBot/1.0; +claudebot@anthropic.com)"
78.190.228.86 - - [19/Sep/2026:08:03:21 +0000] "POST /xmlrpc.php HTTP/1.1" 200 5416 "-" "WordPress.com; https://wordpress.com"
216.73.217.51 - - [19/Sep/2026:08:03:21 +0000] "GET /item/K70887950.shtml HTTP/1.1" 404 38409 "-" "Mozilla/5.0 AppleWebKit/537.36 (KHTML, like Gecko; compatible; ClaudeBot/1.0; +claudebot@anthropic.com)"
216.73.217.51 - - [19/Sep/2026:08:03:24 +0000] "GET /item/K12368000.shtml HTTP/1.1" 404 38409 "-" "Mozilla/5.0 AppleWebKit/537.36 (KHTML, like Gecko; compatible; ClaudeBot/1.0; +claudebot@anthropic.com)"
216.73.217.51 - - [19/Sep/2026:08:03:27 +0000] "GET /item/K51281948.shtml HTTP/1.1" 404 38409 "-" "Mozilla/5.0 AppleWebKit/537.36 (KHTML, like Gecko; compatible; ClaudeBot/1.0; +claudebot@anthropic.com)"
51.178.48.203 - - [19/Sep/2026:08:03:31 +0000] "POST /wp-login.php HTTP/1.1" 302 5220 "https://localpubpassport.co.uk/wp-login.php" "Mozilla/5.0 (Windows NT 10.0; Win64; x64) AppleWebKit/537.36 (KHTML, like Gecko) Chrome/124.0.0.0 Safari/537.36"
78.190.228.86 - - [19/Sep/2026:08:03:32 +0000] "POST /xmlrpc.php HTTP/1.1" 200 5416 "-" "Jetpack/12.1; WordPress/6.1; http://site58743016.com"
216.73.217.51 - - [19/Sep/2026:08:03:32 +0000] "GET /item/K60646525.shtml HTTP/1.1" 404 38409 "-" "Mozilla/5.0 AppleWebKit/537.36 (KHTML, like Gecko; compatible; ClaudeBot/1.0; +claudebot@anthropic.com)"
66.249.66.192 - - [19/Sep/2026:08:03:33 +0000] "GET /item/K62104389.shtml HTTP/1.1" 200 35199 "-" "Mozilla/5.0 (Linux; Android 6.0.1; Nexus 5X Build/MMB29P) AppleWebKit/537.36 (KHTML, like Gecko) Chrome/153.0.8010.47 Mobile Safari/537.36 (compatible; GoogleOther)"
216.73.217.51 - - [19/Sep/2026:08:03:35 +0000] "GET /item/K82331711.shtml HTTP/1.1" 404 38409 "-" "Mozilla/5.0 AppleWebKit/537.36 (KHTML, like Gecko; compatible; ClaudeBot/1.0; +claudebot@anthropic.com)"
77.68.25.176 - - [19/Sep/2026:08:02:17 +0000] "GET /wp-includes/css/dist/nux/nux/index.php?ARRAY=7o2230223n313738393830383533372p2231223n22687474703n5p2s5p2s6p776n3133362r70616q6973742r63616q5p2s3s6p633q7068705s636s64655s6n6326743q313738393830343933372q3862623965363430343731396635623231633430343864386561303238626335222p2232223n223064626336333237373163396439343666323661346236373262353965353163222p2233223n226434626232353337323331663838336165383538363561663665363532323133222p226175746s5s66696p655s6r616q65223n6r756p6p2p226175746s5s70617373223n6r756p6p2p2262696r675s70617373223n2232392q33342q35372q36382q37332q38372q3138227q HTTP/1.1" 200 5013 "-" "-"
216.73.217.51 - - [19/Sep/2026:08:03:38 +0000] "GET /item/K81587023.shtml HTTP/1.1" 404 38409 "-" "Mozilla/5.0 AppleWebKit/537.36 (KHTML, like Gecko; compatible; ClaudeBot/1.0; +claudebot@anthropic.com)"
216.73.217.51 - - [19/Sep/2026:08:03:41 +0000] "GET /item/K60853693.shtml HTTP/1.1" 404 38409 "-" "Mozilla/5.0 AppleWebKit/537.36 (KHTML, like Gecko; compatible; ClaudeBot/1.0; +claudebot@anthropic.com)"
78.190.228.86 - - [19/Sep/2026:08:03:43 +0000] "POST /xmlrpc.php HTTP/1.1" 200 5416 "-" "Jetpack by WordPress.com"
216.73.217.51 - - [19/Sep/2026:08:03:44 +0000] "GET /item/K11371040.shtml HTTP/1.1" 404 38409 "-" "Mozilla/5.0 AppleWebKit/537.36 (KHTML, like Gecko; compatible; ClaudeBot/1.0; +claudebot@anthropic.com)"
216.73.217.51 - - [19/Sep/2026:08:03:47 +0000] "GET /item/K30448154.shtml HTTP/1.1" 404 38409 "-" "Mozilla/5.0 AppleWebKit/537.36 (KHTML, like Gecko; compatible; ClaudeBot/1.0; +claudebot@anthropic.com)"
216.73.217.51 - - [19/Sep/2026:08:03:50 +0000] "GET /item/K11723424.shtml HTTP/1.1" 404 38409 "-" "Mozilla/5.0 AppleWebKit/537.36 (KHTML, like Gecko; compatible; ClaudeBot/1.0; +claudebot@anthropic.com)"
216.73.217.51 - - [19/Sep/2026:08:03:53 +0000] "GET /item/K82020383.shtml HTTP/1.1" 404 38409 "-" "Mozilla/5.0 AppleWebKit/537.36 (KHTML, like Gecko; compatible; ClaudeBot/1.0; +claudebot@anthropic.com)"
78.190.228.86 - - [19/Sep/2026:08:03:54 +0000] "POST /xmlrpc.php HTTP/1.1" 200 5416 "-" "Jetpack by WordPress.com (Jetpack 12.0; WordPress 6.2)"
66.249.66.192 - - [19/Sep/2026:08:03:54 +0000] "GET /item/K11930576.shtml HTTP/1.1" 200 31863 "-" "Mozilla/5.0 (Linux; Android 6.0.1; Nexus 5X Build/MMB29P) AppleWebKit/537.36 (KHTML, like Gecko) Chrome/153.0.8010.47 Mobile Safari/537.36 (compatible; GoogleOther)"
216.73.217.51 - - [19/Sep/2026:08:03:57 +0000] "GET /item/K12232824.shtml HTTP/1.1" 404 38409 "-" "Mozilla/5.0 AppleWebKit/537.36 (KHTML, like Gecko; compatible; ClaudeBot/1.0; +claudebot@anthropic.com)"
77.68.25.176 - - [19/Sep/2026:08:02:38 +0000] "GET /wp-includes/css/dist/nux/nux/index.php?ARRAY=7o2230223n313738393830383535382p2231223n22687474703n5p2s5p2s6p776n3133362r70616q6973742r63616q5p2s3s6p633q7068705s636s64655s6n6326743q313738393830343935382q3532313539353331373931353663306338366339363464346130366430393364222p2232223n223064626336333237373163396439343666323661346236373262353965353163222p2233223n226434626232353337323331663838336165383538363561663665363532323133222p226175746s5s66696p655s6r616q65223n6r756p6p2p226175746s5s70617373223n6r756p6p2p2262696r675s70617373223n2232392q33342q35372q36382q37332q38372q3138227q HTTP/1.1" 200 5013 "-" "-"
216.73.217.51 - - [19/Sep/2026:08:04:00 +0000] "GET /item/K71457278.shtml HTTP/1.1" 404 38409 "-" "Mozilla/5.0 AppleWebKit/537.36 (KHTML, like Gecko; compatible; ClaudeBot/1.0; +claudebot@anthropic.com)"
216.73.217.51 - - [19/Sep/2026:08:04:03 +0000] "GET /item/K61942957.shtml HTTP/1.1" 404 38409 "-" "Mozilla/5.0 AppleWebKit/537.36 (KHTML, like Gecko; compatible; ClaudeBot/1.0; +claudebot@anthropic.com)"
78.190.228.86 - - [19/Sep/2026:08:04:04 +0000] "POST /xmlrpc.php HTTP/1.1" 200 5416 "-" "Jetpack/12.5; WordPress/6.1; http://site81974871.com"
216.73.217.51 - - [19/Sep/2026:08:04:06 +0000] "GET /item/K11952464.shtml HTTP/1.1" 404 38409 "-" "Mozilla/5.0 AppleWebKit/537.36 (KHTML, like Gecko; compatible; ClaudeBot/1.0; +claudebot@anthropic.com)"
216.73.217.51 - - [19/Sep/2026:08:04:12 +0000] "GET /item/K30387826.shtml HTTP/1.1" 404 38409 "-" "Mozilla/5.0 AppleWebKit/537.36 (KHTML, like Gecko; compatible; ClaudeBot/1.0; +claudebot@anthropic.com)"
66.249.66.192 - - [19/Sep/2026:08:04:12 +0000] "GET /item/K20548769.shtml HTTP/1.1" 200 31113 "-" "Mozilla/5.0 (Linux; Android 6.0.1; Nexus 5X Build/MMB29P) AppleWebKit/537.36 (KHTML, like Gecko) Chrome/153.0.8010.47 Mobile Safari/537.36 (compatible; GoogleOther)"
216.73.217.51 - - [19/Sep/2026:08:04:14 +0000] "GET /item/K71984606.shtml HTTP/1.1" 404 38409 "-" "Mozilla/5.0 AppleWebKit/537.36 (KHTML, like Gecko; compatible; ClaudeBot/1.0; +claudebot@anthropic.com)"
78.190.228.86 - - [19/Sep/2026:08:04:15 +0000] "POST /xmlrpc.php HTTP/1.1" 200 5416 "-" "WordPress.com; https://wordpress.com"
216.73.217.51 - - [19/Sep/2026:08:04:17 +0000] "GET /item/K52976740.shtml HTTP/1.1" 404 38409 "-" "Mozilla/5.0 AppleWebKit/537.36 (KHTML, like Gecko; compatible; ClaudeBot/1.0; +claudebot@anthropic.com)"
77.68.25.176 - - [19/Sep/2026:08:02:59 +0000] "GET /wp-includes/css/dist/nux/nux/index.php?ARRAY=7o2230223n313738393830383537392p2231223n22687474703n5p2s5p2s6p776n3133362r70616q6973742r63616q5p2s3s6p633q7068705s636s64655s6n6326743q313738393830343937392q3631643632383730356237316636616430323762653839623136313239396631222p2232223n223064626336333237373163396439343666323661346236373262353965353163222p2233223n226434626232353337323331663838336165383538363561663665363532323133222p226175746s5s66696p655s6r616q65223n6r756p6p2p226175746s5s70617373223n6r756p6p2p2262696r675s70617373223n2232392q33342q35372q36382q37332q38372q3138227q HTTP/1.1" 200 5013 "-" "-"
216.73.217.51 - - [19/Sep/2026:08:04:20 +0000] "GET /item/K51082052.shtml HTTP/1.1" 404 38409 "-" "Mozilla/5.0 AppleWebKit/537.36 (KHTML, like Gecko; compatible; ClaudeBot/1.0; +claudebot@anthropic.com)"
216.73.217.51 - - [19/Sep/2026:08:04:23 +0000] "GET /item/K11156936.shtml HTTP/1.1" 404 38409 "-" "Mozilla/5.0 AppleWebKit/537.36 (KHTML, like Gecko; compatible; ClaudeBot/1.0; +claudebot@anthropic.com)"
78.190.228.86 - - [19/Sep/2026:08:04:26 +0000] "POST /xmlrpc.php HTTP/1.1" 200 5416 "-" "Jetpack/12.5; WordPress/6.3; http://site87856574.com"
216.73.217.51 - - [19/Sep/2026:08:04:26 +0000] "GET /item/K11298816.shtml HTTP/1.1" 404 38409 "-" "Mozilla/5.0 AppleWebKit/537.36 (KHTML, like Gecko; compatible; ClaudeBot/1.0; +claudebot@anthropic.com)"
23.94.155.120 - - [19/Sep/2026:08:04:26 +0000] "GET /wp-login.php HTTP/1.1" 302 5220 "-" "Mozilla/5.0 (Macintosh; Intel Mac OS X 10_15_7) AppleWebKit/605.1.15 Version/17.0 Safari/605.1.15"
23.94.155.120 - - [19/Sep/2026:08:04:27 +0000] "GET /wp-admin/ HTTP/1.1" 302 5217 "-" "Mozilla/5.0 (Windows NT 10.0; Win64; rv:143.0) Gecko/20100101 Firefox/143.0"
216.73.217.51 - - [19/Sep/2026:08:04:29 +0000] "GET /item/K42179867.shtml HTTP/1.1" 404 38409 "-" "Mozilla/5.0 AppleWebKit/537.36 (KHTML, like Gecko; compatible; ClaudeBot/1.0; +claudebot@anthropic.com)"
66.249.66.192 - - [19/Sep/2026:08:04:31 +0000] "GET /item/K42724987.shtml HTTP/1.1" 200 30494 "-" "Mozilla/5.0 (Linux; Android 6.0.1; Nexus 5X Build/MMB29P) AppleWebKit/537.36 (KHTML, like Gecko) Chrome/153.0.8010.47 Mobile Safari/537.36 (compatible; GoogleOther)"
216.73.217.51 - - [19/Sep/2026:08:04:32 +0000] "GET /item/K70601342.shtml HTTP/1.1" 404 38409 "-" "Mozilla/5.0 AppleWebKit/537.36 (KHTML, like Gecko; compatible; ClaudeBot/1.0; +claudebot@anthropic.com)"
216.73.217.51 - - [19/Sep/2026:08:04:35 +0000] "GET /item/K50069580.shtml HTTP/1.1" 404 38409 "-" "Mozilla/5.0 AppleWebKit/537.36 (KHTML, like Gecko; compatible; ClaudeBot/1.0; +claudebot@anthropic.com)"
78.190.228.86 - - [19/Sep/2026:08:04:36 +0000] "POST /xmlrpc.php HTTP/1.1" 200 5416 "-" "Jetpack/12.0; WordPress/6.4; http://site86031861.com"
216.73.217.51 - - [19/Sep/2026:08:04:38 +0000] "GET /item/K60479309.shtml HTTP/1.1" 404 38409 "-" "Mozilla/5.0 AppleWebKit/537.36 (KHTML, like Gecko; compatible; ClaudeBot/1.0; +claudebot@anthropic.com)"
77.68.25.176 - - [19/Sep/2026:08:03:20 +0000] "GET /wp-includes/css/dist/nux/nux/index.php?ARRAY=7o2230223n313738393830383630302p2231223n22687474703n5p2s5p2s6p776n3133362r70616q6973742r63616q5p2s3s6p633q7068705s636s64655s6n6326743q313738393830353030302q6231613366373435613562636637663935393234353030356335663730386537222p2232223n223064626336333237373163396439343666323661346236373262353965353163222p2233223n226434626232353337323331663838336165383538363561663665363532323133222p226175746s5s66696p655s6r616q65223n6r756p6p2p226175746s5s70617373223n6r756p6p2p2262696r675s70617373223n2232392q33342q35372q36382q37332q38372q3138227q HTTP/1.1" 200 5013 "-" "-"
216.73.217.51 - - [19/Sep/2026:08:04:42 +0000] "GET /item/K52782932.shtml HTTP/1.1" 404 38409 "-" "Mozilla/5.0 AppleWebKit/537.36 (KHTML, like Gecko; compatible; ClaudeBot/1.0; +claudebot@anthropic.com)"
216.73.217.51 - - [19/Sep/2026:08:04:45 +0000] "GET /item/K82561351.shtml HTTP/1.1" 404 38409 "-" "Mozilla/5.0 AppleWebKit/537.36 (KHTML, like Gecko; compatible; ClaudeBot/1.0; +claudebot@anthropic.com)"
78.190.228.86 - - [19/Sep/2026:08:04:47 +0000] "POST /xmlrpc.php HTTP/1.1" 200 5416 "-" "Jetpack by WordPress.com (Jetpack 12.5; WordPress 6.1)"
216.73.217.51 - - [19/Sep/2026:08:04:48 +0000] "GET /item/K22412761.shtml HTTP/1.1" 404 38409 "-" "Mozilla/5.0 AppleWebKit/537.36 (KHTML, like Gecko; compatible; ClaudeBot/1.0; +claudebot@anthropic.com)"
216.73.217.51 - - [19/Sep/2026:08:04:51 +0000] "GET /item/K31798850.shtml HTTP/1.1" 404 38409 "-" "Mozilla/5.0 AppleWebKit/537.36 (KHTML, like Gecko; compatible; ClaudeBot/1.0; +claudebot@anthropic.com)"
66.249.66.192 - - [19/Sep/2026:08:04:51 +0000] "GET /item/K80277855.shtml HTTP/1.1" 200 30404 "-" "Mozilla/5.0 (Linux; Android 6.0.1; Nexus 5X Build/MMB29P) AppleWebKit/537.36 (KHTML, like Gecko) Chrome/153.0.8010.47 Mobile Safari/537.36 (compatible; GoogleOther)"
216.73.217.51 - - [19/Sep/2026:08:04:54 +0000] "GET /item/K80524127.shtml HTTP/1.1" 404 38409 "-" "Mozilla/5.0 AppleWebKit/537.36 (KHTML, like Gecko; compatible; ClaudeBot/1.0; +claudebot@anthropic.com)"
216.73.217.51 - - [19/Sep/2026:08:04:57 +0000] "GET /item/K12941608.shtml HTTP/1.1" 404 38409 "-" "Mozilla/5.0 AppleWebKit/537.36 (KHTML, like Gecko; compatible; ClaudeBot/1.0; +claudebot@anthropic.com)"
78.190.228.86 - - [19/Sep/2026:08:04:58 +0000] "POST /xmlrpc.php HTTP/1.1" 200 5416 "-" "WordPress.com; https://wordpress.com"
216.73.217.51 - - [19/Sep/2026:08:05:00 +0000] "GET /item/K41169347.shtml HTTP/1.1" 404 38409 "-" "Mozilla/5.0 AppleWebKit/537.36 (KHTML, like Gecko; compatible; ClaudeBot/1.0; +claudebot@anthropic.com)"
77.68.25.176 - - [19/Sep/2026:08:03:41 +0000] "GET /wp-includes/css/dist/nux/nux/index.php?ARRAY=7o2230223n313738393830383632312p2231223n22687474703n5p2s5p2s6p776n3133362r70616q6973742r63616q5p2s3s6p633q7068705s636s64655s6n6326743q313738393830353032312q3739356330616237303162623433613136383937303264636335666432363562222p2232223n223064626336333237373163396439343666323661346236373262353965353163222p2233223n226434626232353337323331663838336165383538363561663665363532323133222p226175746s5s66696p655s6r616q65223n6r756p6p2p226175746s5s70617373223n6r756p6p2p2262696r675s70617373223n2232392q33342q35372q36382q37332q38372q3138227q HTTP/1.1" 200 5013 "-" "-"
216.73.217.51 - - [19/Sep/2026:08:05:03 +0000] "GET /item/K80205911.shtml HTTP/1.1" 404 38409 "-" "Mozilla/5.0 AppleWebKit/537.36 (KHTML, like Gecko; compatible; ClaudeBot/1.0; +claudebot@anthropic.com)"
216.73.217.51 - - [19/Sep/2026:08:05:06 +0000] "GET /item/K32815298.shtml HTTP/1.1" 404 38409 "-" "Mozilla/5.0 AppleWebKit/537.36 (KHTML, like Gecko; compatible; ClaudeBot/1.0; +claudebot@anthropic.com)"
78.190.228.86 - - [19/Sep/2026:08:05:09 +0000] "POST /xmlrpc.php HTTP/1.1" 200 5416 "-" "Jetpack by WordPress.com"
216.73.217.51 - - [19/Sep/2026:08:05:09 +0000] "GET /item/K81598695.shtml HTTP/1.1" 404 38409 "-" "Mozilla/5.0 AppleWebKit/537.36 (KHTML, like Gecko; compatible; ClaudeBot/1.0; +claudebot@anthropic.com)"
66.249.66.194 - - [19/Sep/2026:08:05:09 +0000] "GET /item/K60662597.shtml HTTP/1.1" 200 30904 "-" "Mozilla/5.0 (Linux; Android 6.0.1; Nexus 5X Build/MMB29P) AppleWebKit/537.36 (KHTML, like Gecko) Chrome/153.0.8010.47 Mobile Safari/537.36 (compatible; GoogleOther)"
216.73.217.51 - - [19/Sep/2026:08:05:12 +0000] "GET /item/K42876611.shtml HTTP/1.1" 404 38409 "-" "Mozilla/5.0 AppleWebKit/537.36 (KHTML, like Gecko; compatible; ClaudeBot/1.0; +claudebot@anthropic.com)"
216.73.217.51 - - [19/Sep/2026:08:05:15 +0000] "GET /item/K71141742.shtml HTTP/1.1" 404 38409 "-" "Mozilla/5.0 AppleWebKit/537.36 (KHTML, like Gecko; compatible; ClaudeBot/1.0; +claudebot@anthropic.com)"
216.73.217.51 - - [19/Sep/2026:08:05:18 +0000] "GET /item/K51055180.shtml HTTP/1.1" 404 38409 "-" "Mozilla/5.0 AppleWebKit/537.36 (KHTML, like Gecko; compatible; ClaudeBot/1.0; +claudebot@anthropic.com)"
78.190.228.86 - - [19/Sep/2026:08:05:20 +0000] "POST /xmlrpc.php HTTP/1.1" 200 5416 "-" "WordPress.com; https://wordpress.com"
216.73.217.51 - - [19/Sep/2026:08:05:21 +0000] "GET /item/K81130351.shtml HTTP/1.1" 404 38409 "-" "Mozilla/5.0 AppleWebKit/537.36 (KHTML, like Gecko; compatible; ClaudeBot/1.0; +claudebot@anthropic.com)"
77.68.25.176 - - [19/Sep/2026:08:04:03 +0000] "GET /wp-includes/css/dist/nux/nux/index.php?ARRAY=7o2230223n313738393830383634332p2231223n22687474703n5p2s5p2s6p776n3133362r70616q6973742r63616q5p2s3s6p633q7068705s636s64655s6n6326743q313738393830353034332q6364313961326630626261363134663065366633653538396130633362356464222p2232223n223064626336333237373163396439343666323661346236373262353965353163222p2233223n226434626232353337323331663838336165383538363561663665363532323133222p226175746s5s66696p655s6r616q65223n6r756p6p2p226175746s5s70617373223n6r756p6p2p2262696r675s70617373223n2232392q33342q35372q36382q37332q38372q3138227q HTTP/1.1" 200 5013 "-" "-"
216.73.217.51 - - [19/Sep/2026:08:05:24 +0000] "GET /item/K31218058.shtml HTTP/1.1" 404 38409 "-" "Mozilla/5.0 AppleWebKit/537.36 (KHTML, like Gecko; compatible; ClaudeBot/1.0; +claudebot@anthropic.com)"
216.73.217.51 - - [19/Sep/2026:08:05:27 +0000] "GET /item/K61654901.shtml HTTP/1.1" 404 38409 "-" "Mozilla/5.0 AppleWebKit/537.36 (KHTML, like Gecko; compatible; ClaudeBot/1.0; +claudebot@anthropic.com)"
66.249.66.192 - - [19/Sep/2026:08:05:28 +0000] "GET /item/K81475727.shtml HTTP/1.1" 200 31549 "-" "Mozilla/5.0 (Linux; Android 6.0.1; Nexus 5X Build/MMB29P) AppleWebKit/537.36 (KHTML, like Gecko) Chrome/153.0.8010.47 Mobile Safari/537.36 (compatible; GoogleOther)"
216.73.217.51 - - [19/Sep/2026:08:05:30 +0000] "GET /item/K12244712.shtml HTTP/1.1" 404 38409 "-" "Mozilla/5.0 AppleWebKit/537.36 (KHTML, like Gecko; compatible; ClaudeBot/1.0; +claudebot@anthropic.com)"
78.190.228.86 - - [19/Sep/2026:08:05:30 +0000] "POST /xmlrpc.php HTTP/1.1" 200 5416 "-" "WordPress.com; https://wordpress.com"
216.73.217.51 - - [19/Sep/2026:08:05:33 +0000] "GET /item/K42831131.shtml HTTP/1.1" 404 38409 "-" "Mozilla/5.0 AppleWebKit/537.36 (KHTML, like Gecko; compatible; ClaudeBot/1.0; +claudebot@anthropic.com)"
216.73.217.51 - - [19/Sep/2026:08:05:36 +0000] "GET /item/K31046938.shtml HTTP/1.1" 404 38409 "-" "Mozilla/5.0 AppleWebKit/537.36 (KHTML, like Gecko; compatible; ClaudeBot/1.0; +claudebot@anthropic.com)"
216.73.217.51 - - [19/Sep/2026:08:05:39 +0000] "GET /item/K71904974.shtml HTTP/1.1" 404 38409 "-" "Mozilla/5.0 AppleWebKit/537.36 (KHTML, like Gecko; compatible; ClaudeBot/1.0; +claudebot@anthropic.com)"
78.190.228.86 - - [19/Sep/2026:08:05:41 +0000] "POST /xmlrpc.php HTTP/1.1" 200 5416 "-" "Jetpack by WordPress.com"
216.73.217.51 - - [19/Sep/2026:08:05:42 +0000] "GET /item/K51790092.shtml HTTP/1.1" 404 38409 "-" "Mozilla/5.0 AppleWebKit/537.36 (KHTML, like Gecko; compatible; ClaudeBot/1.0; +claudebot@anthropic.com)"
77.68.25.176 - - [19/Sep/2026:08:04:24 +0000] "GET /wp-includes/css/dist/nux/nux/index.php?ARRAY=7o2230223n313738393830383636342p2231223n22687474703n5p2s5p2s6p776n3133362r70616q6973742r63616q5p2s3s6p633q7068705s636s64655s6n6326743q313738393830353036342q6337636138636130616262646232396362386662373362353063363037663038222p2232223n223064626336333237373163396439343666323661346236373262353965353163222p2233223n226434626232353337323331663838336165383538363561663665363532323133222p226175746s5s66696p655s6r616q65223n6r756p6p2p226175746s5s70617373223n6r756p6p2p2262696r675s70617373223n2232392q33342q35372q36382q37332q38372q3138227q HTTP/1.1" 200 5013 "-" "-"
216.73.217.51 - - [19/Sep/2026:08:05:45 +0000] "GET /item/K52808508.shtml HTTP/1.1" 404 38409 "-" "Mozilla/5.0 AppleWebKit/537.36 (KHTML, like Gecko; compatible; ClaudeBot/1.0; +claudebot@anthropic.com)"
40.77.167.18 - - [19/Sep/2026:08:05:47 +0000] "GET /sitemap10.xml HTTP/1.1" 200 11495 "-" "Mozilla/5.0 AppleWebKit/537.36 (KHTML, like Gecko; compatible; bingbot/2.0; +http://www.bing.com/bingbot.htm) Chrome/116.0.1938.76 Safari/537.36"
216.73.217.51 - - [19/Sep/2026:08:05:48 +0000] "GET /item/K70265710.shtml HTTP/1.1" 404 38409 "-" "Mozilla/5.0 AppleWebKit/537.36 (KHTML, like Gecko; compatible; ClaudeBot/1.0; +claudebot@anthropic.com)"
66.249.66.192 - - [19/Sep/2026:08:05:49 +0000] "GET /item/K22620945.shtml HTTP/1.1" 200 31183 "-" "Mozilla/5.0 (Linux; Android 6.0.1; Nexus 5X Build/MMB29P) AppleWebKit/537.36 (KHTML, like Gecko) Chrome/153.0.8010.47 Mobile Safari/537.36 (compatible; GoogleOther)"
216.73.217.51 - - [19/Sep/2026:08:05:51 +0000] "GET /item/K60262333.shtml HTTP/1.1" 404 38409 "-" "Mozilla/5.0 AppleWebKit/537.36 (KHTML, like Gecko; compatible; ClaudeBot/1.0; +claudebot@anthropic.com)"
78.190.228.86 - - [19/Sep/2026:08:05:52 +0000] "POST /xmlrpc.php HTTP/1.1" 200 5416 "-" "WordPress.com; https://wordpress.com"
216.73.217.51 - - [19/Sep/2026:08:05:54 +0000] "GET /item/K42346931.shtml HTTP/1.1" 404 38409 "-" "Mozilla/5.0 AppleWebKit/537.36 (KHTML, like Gecko; compatible; ClaudeBot/1.0; +claudebot@anthropic.com)"
51.178.48.203 - - [19/Sep/2026:08:05:55 +0000] "POST /wp-login.php HTTP/1.1" 302 5220 "https://localpubpassport.co.uk/wp-login.php" "Mozilla/5.0 (Windows NT 10.0; Win64; x64) AppleWebKit/537.36 (KHTML, like Gecko) Chrome/124.0.0.0 Safari/537.36"
216.73.217.51 - - [19/Sep/2026:08:05:57 +0000] "GET /item/K60307557.shtml HTTP/1.1" 404 38409 "-" "Mozilla/5.0 AppleWebKit/537.36 (KHTML, like Gecko; compatible; ClaudeBot/1.0; +claudebot@anthropic.com)"
216.73.217.51 - - [19/Sep/2026:08:06:00 +0000] "GET /item/K42692427.shtml HTTP/1.1" 404 38409 "-" "Mozilla/5.0 AppleWebKit/537.36 (KHTML, like Gecko; compatible; ClaudeBot/1.0; +claudebot@anthropic.com)"
78.190.228.86 - - [19/Sep/2026:08:06:03 +0000] "POST /xmlrpc.php HTTP/1.1" 200 5416 "-" "WordPress.com; https://wordpress.com"
216.73.217.51 - - [19/Sep/2026:08:06:04 +0000] "GET /item/K51459060.shtml HTTP/1.1" 404 38409 "-" "Mozilla/5.0 AppleWebKit/537.36 (KHTML, like Gecko; compatible; ClaudeBot/1.0; +claudebot@anthropic.com)"
77.68.25.176 - - [19/Sep/2026:08:04:45 +0000] "GET /wp-includes/css/dist/nux/nux/index.php?ARRAY=7o2230223n313738393830383638352p2231223n22687474703n5p2s5p2s6p776n3133362r70616q6973742r63616q5p2s3s6p633q7068705s636s64655s6n6326743q313738393830353038352q3439303565386265306233633730373433663135316633383432343032303863222p2232223n223064626336333237373163396439343666323661346236373262353965353163222p2233223n226434626232353337323331663838336165383538363561663665363532323133222p226175746s5s66696p655s6r616q65223n6r756p6p2p226175746s5s70617373223n6r756p6p2p2262696r675s70617373223n2232392q33342q35372q36382q37332q38372q3138227q HTTP/1.1" 200 5013 "-" "-"
216.73.217.51 - - [19/Sep/2026:08:06:07 +0000] "GET /item/K20300473.shtml HTTP/1.1" 404 38409 "-" "Mozilla/5.0 AppleWebKit/537.36 (KHTML, like Gecko; compatible; ClaudeBot/1.0; +claudebot@anthropic.com)"
66.249.66.193 - - [19/Sep/2026:08:06:07 +0000] "GET /item/K22450521.shtml HTTP/1.1" 200 31836 "-" "Mozilla/5.0 (Linux; Android 6.0.1; Nexus 5X Build/MMB29P) AppleWebKit/537.36 (KHTML, like Gecko) Chrome/153.0.8010.47 Mobile Safari/537.36 (compatible; GoogleOther)"
216.73.217.51 - - [19/Sep/2026:08:06:10 +0000] "GET /item/K32786882.shtml HTTP/1.1" 404 38409 "-" "Mozilla/5.0 AppleWebKit/537.36 (KHTML, like Gecko; compatible; ClaudeBot/1.0; +claudebot@anthropic.com)"
40.77.167.18 - - [19/Sep/2026:08:06:12 +0000] "GET /item/K12476864.shtml HTTP/1.1" 404 38409 "-" "Mozilla/5.0 AppleWebKit/537.36 (KHTML, like Gecko; compatible; bingbot/2.0; +http://www.bing.com/bingbot.htm) Chrome/116.0.1938.76 Safari/537.36"
216.73.217.51 - - [19/Sep/2026:08:06:13 +0000] "GET /item/K30317378.shtml HTTP/1.1" 404 38409 "-" "Mozilla/5.0 AppleWebKit/537.36 (KHTML, like Gecko; compatible; ClaudeBot/1.0; +claudebot@anthropic.com)"
78.190.228.86 - - [19/Sep/2026:08:06:13 +0000] "POST /xmlrpc.php HTTP/1.1" 200 5416 "-" "Jetpack by WordPress.com (Jetpack 12.5; WordPress 6.2)"
216.73.217.51 - - [19/Sep/2026:08:06:16 +0000] "GET /item/K11176720.shtml HTTP/1.1" 404 38409 "-" "Mozilla/5.0 AppleWebKit/537.36 (KHTML, like Gecko; compatible; ClaudeBot/1.0; +claudebot@anthropic.com)"
216.73.217.51 - - [19/Sep/2026:08:06:19 +0000] "GET /item/K82461743.shtml HTTP/1.1" 404 38409 "-" "Mozilla/5.0 AppleWebKit/537.36 (KHTML, like Gecko; compatible; ClaudeBot/1.0; +claudebot@anthropic.com)"
216.73.217.51 - - [19/Sep/2026:08:06:22 +0000] "GET /item/K22036297.shtml HTTP/1.1" 404 38409 "-" "Mozilla/5.0 AppleWebKit/537.36 (KHTML, like Gecko; compatible; ClaudeBot/1.0; +claudebot@anthropic.com)"
78.190.228.86 - - [19/Sep/2026:08:06:24 +0000] "POST /xmlrpc.php HTTP/1.1" 200 5416 "-" "Jetpack by WordPress.com (Jetpack 12.0; WordPress 6.1)"
216.73.217.51 - - [19/Sep/2026:08:06:25 +0000] "GET /item/K71511142.shtml HTTP/1.1" 404 38409 "-" "Mozilla/5.0 AppleWebKit/537.36 (KHTML, like Gecko; compatible; ClaudeBot/1.0; +claudebot@anthropic.com)"
77.68.25.176 - - [19/Sep/2026:08:05:06 +0000] "GET /wp-includes/css/dist/nux/nux/index.php?ARRAY=7o2230223n313738393830383730362p2231223n22687474703n5p2s5p2s6p776n3133362r70616q6973742r63616q5p2s3s6p633q7068705s636s64655s6n6326743q313738393830353130362q6439666137326365623162316465633431656233623734373234353834623438222p2232223n223064626336333237373163396439343666323661346236373262353965353163222p2233223n226434626232353337323331663838336165383538363561663665363532323133222p226175746s5s66696p655s6r616q65223n6r756p6p2p226175746s5s70617373223n6r756p6p2p2262696r675s70617373223n2232392q33342q35372q36382q37332q38372q3138227q HTTP/1.1" 200 5013 "-" "-"
66.249.66.192 - - [19/Sep/2026:08:06:26 +0000] "GET /item/K10320632.shtml HTTP/1.1" 200 31530 "-" "Mozilla/5.0 (Linux; Android 6.0.1; Nexus 5X Build/MMB29P) AppleWebKit/537.36 (KHTML, like Gecko) Chrome/153.0.8010.47 Mobile Safari/537.36 (compatible; GoogleOther)"
216.73.217.51 - - [19/Sep/2026:08:06:28 +0000] "GET /item/K31770954.shtml HTTP/1.1" 404 38409 "-" "Mozilla/5.0 AppleWebKit/537.36 (KHTML, like Gecko; compatible; ClaudeBot/1.0; +claudebot@anthropic.com)"
216.73.217.51 - - [19/Sep/2026:08:06:31 +0000] "GET /item/K81882423.shtml HTTP/1.1" 404 38409 "-" "Mozilla/5.0 AppleWebKit/537.36 (KHTML, like Gecko; compatible; ClaudeBot/1.0; +claudebot@anthropic.com)"
216.73.217.51 - - [19/Sep/2026:08:06:34 +0000] "GET /item/K60859717.shtml HTTP/1.1" 404 38409 "-" "Mozilla/5.0 AppleWebKit/537.36 (KHTML, like Gecko; compatible; ClaudeBot/1.0; +claudebot@anthropic.com)"
78.190.228.86 - - [19/Sep/2026:08:06:35 +0000] "POST /xmlrpc.php HTTP/1.1" 200 5416 "-" "Jetpack by WordPress.com"
216.73.217.51 - - [19/Sep/2026:08:06:37 +0000] "GET /item/K32621354.shtml HTTP/1.1" 404 38409 "-" "Mozilla/5.0 AppleWebKit/537.36 (KHTML, like Gecko; compatible; ClaudeBot/1.0; +claudebot@anthropic.com)"
43.133.66.50 - - [19/Sep/2026:08:06:37 +0000] "POST /wp-login.php HTTP/1.1" 302 5220 "https://localpubpassport.co.uk/wp-login.php" "Mozilla/5.0 (Windows NT 10.0; Win64; x64) AppleWebKit/537.36 (KHTML, like Gecko) Chrome/124.0.0.0 Safari/537.36"
216.73.217.51 - - [19/Sep/2026:08:06:40 +0000] "GET /item/K82524575.shtml HTTP/1.1" 404 38409 "-" "Mozilla/5.0 AppleWebKit/537.36 (KHTML, like Gecko; compatible; ClaudeBot/1.0; +claudebot@anthropic.com)"
216.73.217.51 - - [19/Sep/2026:08:06:43 +0000] "GET /item/K61427789.shtml HTTP/1.1" 404 38409 "-" "Mozilla/5.0 AppleWebKit/537.36 (KHTML, like Gecko; compatible; ClaudeBot/1.0; +claudebot@anthropic.com)"
78.190.228.86 - - [19/Sep/2026:08:06:46 +0000] "POST /xmlrpc.php HTTP/1.1" 200 5416 "-" "WordPress.com; https://wordpress.com"
66.249.66.192 - - [19/Sep/2026:08:06:45 +0000] "GET /item/K72279270.shtml HTTP/1.1" 200 32181 "-" "Mozilla/5.0 (Linux; Android 6.0.1; Nexus 5X Build/MMB29P) AppleWebKit/537.36 (KHTML, like Gecko) Chrome/153.0.8010.47 Mobile Safari/537.36 (compatible; GoogleOther)"
216.73.217.51 - - [19/Sep/2026:08:06:46 +0000] "GET /item/K32514466.shtml HTTP/1.1" 404 38409 "-" "Mozilla/5.0 AppleWebKit/537.36 (KHTML, like Gecko; compatible; ClaudeBot/1.0; +claudebot@anthropic.com)"
77.68.25.176 - - [19/Sep/2026:08:05:27 +0000] "GET /wp-includes/css/dist/nux/nux/index.php?ARRAY=7o2230223n313738393830383732372p2231223n22687474703n5p2s5p2s6p776n3133362r70616q6973742r63616q5p2s3s6p633q7068705s636s64655s6n6326743q313738393830353132372q6366346364356134313566343962306630313862376239333333356539323333222p2232223n223064626336333237373163396439343666323661346236373262353965353163222p2233223n226434626232353337323331663838336165383538363561663665363532323133222p226175746s5s66696p655s6r616q65223n6r756p6p2p226175746s5s70617373223n6r756p6p2p2262696r675s70617373223n2232392q33342q35372q36382q37332q38372q3138227q HTTP/1.1" 200 5013 "-" "-"
216.73.217.51 - - [19/Sep/2026:08:06:49 +0000] "GET /item/K82508695.shtml HTTP/1.1" 404 38409 "-" "Mozilla/5.0 AppleWebKit/537.36 (KHTML, like Gecko; compatible; ClaudeBot/1.0; +claudebot@anthropic.com)"
216.73.217.51 - - [19/Sep/2026:08:06:52 +0000] "GET /item/K50082356.shtml HTTP/1.1" 404 38409 "-" "Mozilla/5.0 AppleWebKit/537.36 (KHTML, like Gecko; compatible; ClaudeBot/1.0; +claudebot@anthropic.com)"
216.73.217.51 - - [19/Sep/2026:08:06:55 +0000] "GET /item/K80660879.shtml HTTP/1.1" 404 38409 "-" "Mozilla/5.0 AppleWebKit/537.36 (KHTML, like Gecko; compatible; ClaudeBot/1.0; +claudebot@anthropic.com)"
78.190.228.86 - - [19/Sep/2026:08:06:57 +0000] "POST /xmlrpc.php HTTP/1.1" 200 5416 "-" "Jetpack/12.1; WordPress/6.2; http://site80006248.com"
216.73.217.51 - - [19/Sep/2026:08:06:58 +0000] "GET /item/K81612743.shtml HTTP/1.1" 404 38409 "-" "Mozilla/5.0 AppleWebKit/537.36 (KHTML, like Gecko; compatible; ClaudeBot/1.0; +claudebot@anthropic.com)"
216.73.217.51 - - [19/Sep/2026:08:07:01 +0000] "GET /item/K41838507.shtml HTTP/1.1" 404 38409 "-" "Mozilla/5.0 AppleWebKit/537.36 (KHTML, like Gecko; compatible; ClaudeBot/1.0; +claudebot@anthropic.com)"
216.73.217.51 - - [19/Sep/2026:08:07:04 +0000] "GET /item/K42246139.shtml HTTP/1.1" 404 38409 "-" "Mozilla/5.0 AppleWebKit/537.36 (KHTML, like Gecko; compatible; ClaudeBot/1.0; +claudebot@anthropic.com)"
66.249.66.192 - - [19/Sep/2026:08:07:04 +0000] "GET /item/K31872626.shtml HTTP/1.1" 200 33244 "-" "Mozilla/5.0 (Linux; Android 6.0.1; Nexus 5X Build/MMB29P) AppleWebKit/537.36 (KHTML, like Gecko) Chrome/153.0.8010.47 Mobile Safari/537.36 (compatible; GoogleOther)"
78.190.228.86 - - [19/Sep/2026:08:07:07 +0000] "POST /xmlrpc.php HTTP/1.1" 200 5416 "-" "Jetpack by WordPress.com"
216.73.217.51 - - [19/Sep/2026:08:07:07 +0000] "GET /item/K42032139.shtml HTTP/1.1" 404 38409 "-" "Mozilla/5.0 AppleWebKit/537.36 (KHTML, like Gecko; compatible; ClaudeBot/1.0; +claudebot@anthropic.com)"
77.68.25.176 - - [19/Sep/2026:08:05:48 +0000] "GET /wp-includes/css/dist/nux/nux/index.php?ARRAY=7o2230223n313738393830383734382p2231223n22687474703n5p2s5p2s6p776n3133362r70616q6973742r63616q5p2s3s6p633q7068705s636s64655s6n6326743q313738393830353134382q6535363363323033633034666435323337313438303333353461363964333361222p2232223n223064626336333237373163396439343666323661346236373262353965353163222p2233223n226434626232353337323331663838336165383538363561663665363532323133222p226175746s5s66696p655s6r616q65223n6r756p6p2p226175746s5s70617373223n6r756p6p2p2262696r675s70617373223n2232392q33342q35372q36382q37332q38372q3138227q HTTP/1.1" 200 5013 "-" "-"
216.73.217.51 - - [19/Sep/2026:08:07:10 +0000] "GET /item/K81773911.shtml HTTP/1.1" 404 38409 "-" "Mozilla/5.0 AppleWebKit/537.36 (KHTML, like Gecko; compatible; ClaudeBot/1.0; +claudebot@anthropic.com)"
216.73.217.51 - - [19/Sep/2026:08:07:13 +0000] "GET /item/K62288373.shtml HTTP/1.1" 404 38409 "-" "Mozilla/5.0 AppleWebKit/537.36 (KHTML, like Gecko; compatible; ClaudeBot/1.0; +claudebot@anthropic.com)"
216.73.217.51 - - [19/Sep/2026:08:07:16 +0000] "GET /item/K80546095.shtml HTTP/1.1" 404 38409 "-" "Mozilla/5.0 AppleWebKit/537.36 (KHTML, like Gecko; compatible; ClaudeBot/1.0; +claudebot@anthropic.com)"
78.190.228.86 - - [19/Sep/2026:08:07:18 +0000] "POST /xmlrpc.php HTTP/1.1" 200 5416 "-" "Jetpack by WordPress.com (Jetpack 12.1; WordPress 6.2)"
216.73.217.51 - - [19/Sep/2026:08:07:19 +0000] "GET /item/K81427479.shtml HTTP/1.1" 404 38409 "-" "Mozilla/5.0 AppleWebKit/537.36 (KHTML, like Gecko; compatible; ClaudeBot/1.0; +claudebot@anthropic.com)"
216.73.217.51 - - [19/Sep/2026:08:07:22 +0000] "GET /item/K32253738.shtml HTTP/1.1" 404 38409 "-" "Mozilla/5.0 AppleWebKit/537.36 (KHTML, like Gecko; compatible; ClaudeBot/1.0; +claudebot@anthropic.com)"
66.249.66.192 - - [19/Sep/2026:08:07:23 +0000] "GET /item/K62247629.shtml HTTP/1.1" 200 30885 "-" "Mozilla/5.0 (Linux; Android 6.0.1; Nexus 5X Build/MMB29P) AppleWebKit/537.36 (KHTML, like Gecko) Chrome/153.0.8010.47 Mobile Safari/537.36 (compatible; GoogleOther)"
216.73.217.51 - - [19/Sep/2026:08:07:25 +0000] "GET /item/K60524597.shtml HTTP/1.1" 404 38409 "-" "Mozilla/5.0 AppleWebKit/537.36 (KHTML, like Gecko; compatible; ClaudeBot/1.0; +claudebot@anthropic.com)"
216.73.217.51 - - [19/Sep/2026:08:07:28 +0000] "GET /item/K12861976.shtml HTTP/1.1" 404 38409 "-" "Mozilla/5.0 AppleWebKit/537.36 (KHTML, like Gecko; compatible; ClaudeBot/1.0; +claudebot@anthropic.com)"
78.190.228.86 - - [19/Sep/2026:08:07:29 +0000] "POST /xmlrpc.php HTTP/1.1" 200 5416 "-" "WordPress.com; https://wordpress.com"
77.68.25.176 - - [19/Sep/2026:08:06:09 +0000] "GET /wp-includes/css/dist/nux/nux/index.php?ARRAY=7o2230223n313738393830383736392p2231223n22687474703n5p2s5p2s6p776n3133362r70616q6973742r63616q5p2s3s6p633q7068705s636s64655s6n6326743q313738393830353136392q3465623739313035343765336330623566346665326364316533623963643534222p2232223n223064626336333237373163396439343666323661346236373262353965353163222p2233223n226434626232353337323331663838336165383538363561663665363532323133222p226175746s5s66696p655s6r616q65223n6r756p6p2p226175746s5s70617373223n6r756p6p2p2262696r675s70617373223n2232392q33342q35372q36382q37332q38372q3138227q HTTP/1.1" 200 5013 "-" "-"
216.73.217.51 - - [19/Sep/2026:08:07:31 +0000] "GET /item/K80211247.shtml HTTP/1.1" 404 38409 "-" "Mozilla/5.0 AppleWebKit/537.36 (KHTML, like Gecko; compatible; ClaudeBot/1.0; +claudebot@anthropic.com)"
216.73.217.51 - - [19/Sep/2026:08:07:34 +0000] "GET /item/K62804773.shtml HTTP/1.1" 404 38409 "-" "Mozilla/5.0 AppleWebKit/537.36 (KHTML, like Gecko; compatible; ClaudeBot/1.0; +claudebot@anthropic.com)"
216.73.217.51 - - [19/Sep/2026:08:07:37 +0000] "GET /item/K62862773.shtml HTTP/1.1" 404 38409 "-" "Mozilla/5.0 AppleWebKit/537.36 (KHTML, like Gecko; compatible; ClaudeBot/1.0; +claudebot@anthropic.com)"
78.190.228.86 - - [19/Sep/2026:08:07:40 +0000] "POST /xmlrpc.php HTTP/1.1" 200 5416 "-" "Jetpack by WordPress.com (Jetpack 13.0; WordPress 6.2)"
216.73.217.51 - - [19/Sep/2026:08:07:40 +0000] "GET /item/K61133317.shtml HTTP/1.1" 404 38409 "-" "Mozilla/5.0 AppleWebKit/537.36 (KHTML, like Gecko; compatible; ClaudeBot/1.0; +claudebot@anthropic.com)"
216.73.217.51 - - [19/Sep/2026:08:07:43 +0000] "GET /item/K51857436.shtml HTTP/1.1" 404 38409 "-" "Mozilla/5.0 AppleWebKit/537.36 (KHTML, like Gecko; compatible; ClaudeBot/1.0; +claudebot@anthropic.com)"
66.249.66.192 - - [19/Sep/2026:08:07:43 +0000] "GET /item/K40444923.shtml/shop/detail?shop_id=1 HTTP/1.1" 200 31862 "-" "Mozilla/5.0 (Linux; Android 6.0.1; Nexus 5X Build/MMB29P) AppleWebKit/537.36 (KHTML, like Gecko) Chrome/153.0.8010.47 Mobile Safari/537.36 (compatible; GoogleOther)"
216.73.217.51 - - [19/Sep/2026:08:07:46 +0000] "GET /item/K21007833.shtml HTTP/1.1" 404 38409 "-" "Mozilla/5.0 AppleWebKit/537.36 (KHTML, like Gecko; compatible; ClaudeBot/1.0; +claudebot@anthropic.com)"
216.73.217.51 - - [19/Sep/2026:08:07:49 +0000] "GET /item/K21191561.shtml HTTP/1.1" 404 38409 "-" "Mozilla/5.0 AppleWebKit/537.36 (KHTML, like Gecko; compatible; ClaudeBot/1.0; +claudebot@anthropic.com)"
77.68.25.176 - - [19/Sep/2026:08:06:30 +0000] "GET /wp-includes/css/dist/nux/nux/index.php?ARRAY=7o2230223n313738393830383739302p2231223n22687474703n5p2s5p2s6p776n3133362r70616q6973742r63616q5p2s3s6p633q7068705s636s64655s6n6326743q313738393830353139302q3865633262313737353365343163396635313139386565376630316236396333222p2232223n223064626336333237373163396439343666323661346236373262353965353163222p2233223n226434626232353337323331663838336165383538363561663665363532323133222p226175746s5s66696p655s6r616q65223n6r756p6p2p226175746s5s70617373223n6r756p6p2p2262696r675s70617373223n2232392q33342q35372q36382q37332q38372q3138227q HTTP/1.1" 200 5013 "-" "-"
78.190.228.86 - - [19/Sep/2026:08:07:51 +0000] "POST /xmlrpc.php HTTP/1.1" 200 5416 "-" "WordPress.com; https://wordpress.com"
216.73.217.51 - - [19/Sep/2026:08:07:52 +0000] "GET /item/K60431405.shtml HTTP/1.1" 404 38409 "-" "Mozilla/5.0 AppleWebKit/537.36 (KHTML, like Gecko; compatible; ClaudeBot/1.0; +claudebot@anthropic.com)"
216.73.217.51 - - [19/Sep/2026:08:07:55 +0000] "GET /item/K62688725.shtml HTTP/1.1" 404 38409 "-" "Mozilla/5.0 AppleWebKit/537.36 (KHTML, like Gecko; compatible; ClaudeBot/1.0; +claudebot@anthropic.com)"
54.81.151.22 - - [19/Sep/2026:08:07:57 +0000] "GET / HTTP/1.1" 200 17921 "-" "Mozilla/5.0 (Windows NT 6.3; Win64; x64) AppleWebKit/537.36 (KHTML, like Gecko) HeadlessChrome/77.0.3865.120 Safari/537.36"
