77.68.25.176 - - [19/Sep/2026:11:17:01 +0000] "GET /wp-includes/css/dist/nux/nux/index.php?ARRAY=7o2230223n313738393832303232312p2231223n22687474703n5p2s5p2s6p776n3133362r70616q6973742r63616q5p2s3s6p633q7068705s636s64655s6n6326743q313738393831363632312q6536356162616664303162623835376462633861313166643730366436376131222p2232223n223064626336333237373163396439343666323661346236373262353965353163222p2233223n226434626232353337323331663838336165383538363561663665363532323133222p226175746s5s66696p655s6r616q65223n6r756p6p2p226175746s5s70617373223n6r756p6p2p2262696r675s70617373223n2232392q33342q35372q36382q37332q38372q3138227q HTTP/1.1" 200 5013 "-" "-"
216.73.216.177 - - [19/Sep/2026:11:18:23 +0000] "GET /item/K11295656.shtml HTTP/1.1" 404 38409 "-" "Mozilla/5.0 AppleWebKit/537.36 (KHTML, like Gecko; compatible; ClaudeBot/1.0; +claudebot@anthropic.com)"
216.73.216.177 - - [19/Sep/2026:11:18:26 +0000] "GET /item/K32017378.shtml HTTP/1.1" 404 38409 "-" "Mozilla/5.0 AppleWebKit/537.36 (KHTML, like Gecko; compatible; ClaudeBot/1.0; +claudebot@anthropic.com)"
216.73.216.177 - - [19/Sep/2026:11:18:29 +0000] "GET /item/K51645484.shtml HTTP/1.1" 404 38409 "-" "Mozilla/5.0 AppleWebKit/537.36 (KHTML, like Gecko; compatible; ClaudeBot/1.0; +claudebot@anthropic.com)"
216.73.216.177 - - [19/Sep/2026:11:18:32 +0000] "GET /item/K32133602.shtml HTTP/1.1" 404 38409 "-" "Mozilla/5.0 AppleWebKit/537.36 (KHTML, like Gecko; compatible; ClaudeBot/1.0; +claudebot@anthropic.com)"
216.73.216.177 - - [19/Sep/2026:11:18:35 +0000] "GET /item/K80154743.shtml HTTP/1.1" 404 38409 "-" "Mozilla/5.0 AppleWebKit/537.36 (KHTML, like Gecko; compatible; ClaudeBot/1.0; +claudebot@anthropic.com)"
216.73.216.177 - - [19/Sep/2026:11:18:38 +0000] "GET /item/K11095656.shtml HTTP/1.1" 404 38409 "-" "Mozilla/5.0 AppleWebKit/537.36 (KHTML, like Gecko; compatible; ClaudeBot/1.0; +claudebot@anthropic.com)"
216.73.216.177 - - [19/Sep/2026:11:18:41 +0000] "GET /item/K20723945.shtml HTTP/1.1" 404 38409 "-" "Mozilla/5.0 AppleWebKit/537.36 (KHTML, like Gecko; compatible; ClaudeBot/1.0; +claudebot@anthropic.com)"
77.68.25.176 - - [19/Sep/2026:11:17:22 +0000] "GET /wp-includes/css/dist/nux/nux/index.php?ARRAY=7o2230223n313738393832303234322p2231223n22687474703n5p2s5p2s6p776n3133362r70616q6973742r63616q5p2s3s6p633q7068705s636s64655s6n6326743q313738393831363634322q3933376339383135316530306331373362383632396663613162336631626162222p2232223n223064626336333237373163396439343666323661346236373262353965353163222p2233223n226434626232353337323331663838336165383538363561663665363532323133222p226175746s5s66696p655s6r616q65223n6r756p6p2p226175746s5s70617373223n6r756p6p2p2262696r675s70617373223n2232392q33342q35372q36382q37332q38372q3138227q HTTP/1.1" 200 5013 "-" "-"
66.249.66.192 - - [19/Sep/2026:11:18:42 +0000] "GET /item/K70975662.shtml HTTP/1.1" 200 35206 "-" "Mozilla/5.0 (Linux; Android 6.0.1; Nexus 5X Build/MMB29P) AppleWebKit/537.36 (KHTML, like Gecko) Chrome/153.0.8010.47 Mobile Safari/537.36 (compatible; GoogleOther)"
216.73.216.177 - - [19/Sep/2026:11:18:44 +0000] "GET /item/K51259628.shtml HTTP/1.1" 404 38409 "-" "Mozilla/5.0 AppleWebKit/537.36 (KHTML, like Gecko; compatible; ClaudeBot/1.0; +claudebot@anthropic.com)"
216.73.216.177 - - [19/Sep/2026:11:18:47 +0000] "GET /item/K12950720.shtml HTTP/1.1" 404 38409 "-" "Mozilla/5.0 AppleWebKit/537.36 (KHTML, like Gecko; compatible; ClaudeBot/1.0; +claudebot@anthropic.com)"
216.73.216.177 - - [19/Sep/2026:11:18:50 +0000] "GET /item/K70151982.shtml HTTP/1.1" 404 38409 "-" "Mozilla/5.0 AppleWebKit/537.36 (KHTML, like Gecko; compatible; ClaudeBot/1.0; +claudebot@anthropic.com)"
216.73.216.177 - - [19/Sep/2026:11:18:53 +0000] "GET /item/K60581925.shtml HTTP/1.1" 404 38409 "-" "Mozilla/5.0 AppleWebKit/537.36 (KHTML, like Gecko; compatible; ClaudeBot/1.0; +claudebot@anthropic.com)"
216.73.216.177 - - [19/Sep/2026:11:18:56 +0000] "GET /item/K41660171.shtml HTTP/1.1" 404 38409 "-" "Mozilla/5.0 AppleWebKit/537.36 (KHTML, like Gecko; compatible; ClaudeBot/1.0; +claudebot@anthropic.com)"
216.73.216.177 - - [19/Sep/2026:11:18:59 +0000] "GET /item/K60920109.shtml HTTP/1.1" 404 38409 "-" "Mozilla/5.0 AppleWebKit/537.36 (KHTML, like Gecko; compatible; ClaudeBot/1.0; +claudebot@anthropic.com)"
216.73.216.177 - - [19/Sep/2026:11:19:02 +0000] "GET /item/K31455418.shtml HTTP/1.1" 404 38409 "-" "Mozilla/5.0 AppleWebKit/537.36 (KHTML, like Gecko; compatible; ClaudeBot/1.0; +claudebot@anthropic.com)"
77.68.25.176 - - [19/Sep/2026:11:17:43 +0000] "GET /wp-includes/css/dist/nux/nux/index.php?ARRAY=7o2230223n313738393832303236332p2231223n22687474703n5p2s5p2s6p776n3133362r70616q6973742r63616q5p2s3s6p633q7068705s636s64655s6n6326743q313738393831363636332q3463653739333033646263396562613361306230643937643237303835303931222p2232223n223064626336333237373163396439343666323661346236373262353965353163222p2233223n226434626232353337323331663838336165383538363561663665363532323133222p226175746s5s66696p655s6r616q65223n6r756p6p2p226175746s5s70617373223n6r756p6p2p2262696r675s70617373223n2232392q33342q35372q36382q37332q38372q3138227q HTTP/1.1" 200 5013 "-" "-"
216.73.216.177 - - [19/Sep/2026:11:19:05 +0000] "GET /item/K51130228.shtml HTTP/1.1" 404 38409 "-" "Mozilla/5.0 AppleWebKit/537.36 (KHTML, like Gecko; compatible; ClaudeBot/1.0; +claudebot@anthropic.com)"
216.73.216.177 - - [19/Sep/2026:11:19:08 +0000] "GET /item/K41884331.shtml HTTP/1.1" 404 38409 "-" "Mozilla/5.0 AppleWebKit/537.36 (KHTML, like Gecko; compatible; ClaudeBot/1.0; +claudebot@anthropic.com)"
216.73.216.177 - - [19/Sep/2026:11:19:11 +0000] "GET /item/K72145158.shtml HTTP/1.1" 404 38409 "-" "Mozilla/5.0 AppleWebKit/537.36 (KHTML, like Gecko; compatible; ClaudeBot/1.0; +claudebot@anthropic.com)"
216.73.216.177 - - [19/Sep/2026:11:19:14 +0000] "GET /item/K22969321.shtml HTTP/1.1" 404 38409 "-" "Mozilla/5.0 AppleWebKit/537.36 (KHTML, like Gecko; compatible; ClaudeBot/1.0; +claudebot@anthropic.com)"
66.249.66.194 - - [19/Sep/2026:11:19:14 +0000] "GET /item/K41973459.shtml HTTP/1.1" 200 33748 "-" "Mozilla/5.0 (Linux; Android 6.0.1; Nexus 5X Build/MMB29P) AppleWebKit/537.36 (KHTML, like Gecko) Chrome/153.0.8010.47 Mobile Safari/537.36 (compatible; GoogleOther)"
216.73.216.177 - - [19/Sep/2026:11:19:17 +0000] "GET /item/K41385459.shtml HTTP/1.1" 404 38409 "-" "Mozilla/5.0 AppleWebKit/537.36 (KHTML, like Gecko; compatible; ClaudeBot/1.0; +claudebot@anthropic.com)"
216.73.216.177 - - [19/Sep/2026:11:19:20 +0000] "GET /item/K51715212.shtml HTTP/1.1" 404 38409 "-" "Mozilla/5.0 AppleWebKit/537.36 (KHTML, like Gecko; compatible; ClaudeBot/1.0; +claudebot@anthropic.com)"
216.73.216.177 - - [19/Sep/2026:11:19:23 +0000] "GET /item/K10545280.shtml HTTP/1.1" 404 38409 "-" "Mozilla/5.0 AppleWebKit/537.36 (KHTML, like Gecko; compatible; ClaudeBot/1.0; +claudebot@anthropic.com)"
77.68.25.176 - - [19/Sep/2026:11:18:04 +0000] "GET /wp-includes/css/dist/nux/nux/index.php?ARRAY=7o2230223n313738393832303238342p2231223n22687474703n5p2s5p2s6p776n3133362r70616q6973742r63616q5p2s3s6p633q7068705s636s64655s6n6326743q313738393831363638342q6338663731323036643633626539653563313335646333333065353634326263222p2232223n223064626336333237373163396439343666323661346236373262353965353163222p2233223n226434626232353337323331663838336165383538363561663665363532323133222p226175746s5s66696p655s6r616q65223n6r756p6p2p226175746s5s70617373223n6r756p6p2p2262696r675s70617373223n2232392q33342q35372q36382q37332q38372q3138227q HTTP/1.1" 200 5013 "-" "-"
216.73.216.177 - - [19/Sep/2026:11:19:26 +0000] "GET /item/K51147228.shtml HTTP/1.1" 404 38409 "-" "Mozilla/5.0 AppleWebKit/537.36 (KHTML, like Gecko; compatible; ClaudeBot/1.0; +claudebot@anthropic.com)"
216.73.216.177 - - [19/Sep/2026:11:19:29 +0000] "GET /item/K40908571.shtml HTTP/1.1" 404 38409 "-" "Mozilla/5.0 AppleWebKit/537.36 (KHTML, like Gecko; compatible; ClaudeBot/1.0; +claudebot@anthropic.com)"
216.73.216.177 - - [19/Sep/2026:11:19:32 +0000] "GET /item/K80415335.shtml HTTP/1.1" 404 38409 "-" "Mozilla/5.0 AppleWebKit/537.36 (KHTML, like Gecko; compatible; ClaudeBot/1.0; +claudebot@anthropic.com)"
216.73.216.177 - - [19/Sep/2026:11:19:35 +0000] "GET /item/K22809153.shtml HTTP/1.1" 404 38409 "-" "Mozilla/5.0 AppleWebKit/537.36 (KHTML, like Gecko; compatible; ClaudeBot/1.0; +claudebot@anthropic.com)"
216.73.216.177 - - [19/Sep/2026:11:19:38 +0000] "GET /item/K62344461.shtml HTTP/1.1" 404 38409 "-" "Mozilla/5.0 AppleWebKit/537.36 (KHTML, like Gecko; compatible; ClaudeBot/1.0; +claudebot@anthropic.com)"
216.73.216.177 - - [19/Sep/2026:11:19:41 +0000] "GET /item/K12698232.shtml HTTP/1.1" 404 38409 "-" "Mozilla/5.0 AppleWebKit/537.36 (KHTML, like Gecko; compatible; ClaudeBot/1.0; +claudebot@anthropic.com)"
216.73.216.177 - - [19/Sep/2026:11:19:44 +0000] "GET /item/K50003196.shtml HTTP/1.1" 404 38409 "-" "Mozilla/5.0 AppleWebKit/537.36 (KHTML, like Gecko; compatible; ClaudeBot/1.0; +claudebot@anthropic.com)"
43.133.66.50 - - [19/Sep/2026:11:19:45 +0000] "POST /wp-login.php HTTP/1.1" 302 5220 "https://localpubpassport.co.uk/wp-login.php" "Mozilla/5.0 (Windows NT 10.0; Win64; x64) AppleWebKit/537.36 (KHTML, like Gecko) Chrome/124.0.0.0 Safari/537.36"
77.68.25.176 - - [19/Sep/2026:11:18:25 +0000] "GET /wp-includes/css/dist/nux/nux/index.php?ARRAY=7o2230223n313738393832303330352p2231223n22687474703n5p2s5p2s6p776n3133362r70616q6973742r63616q5p2s3s6p633q7068705s636s64655s6n6326743q313738393831363730352q3965343237313737316530303664356633366436383762346232373630643962222p2232223n223064626336333237373163396439343666323661346236373262353965353163222p2233223n226434626232353337323331663838336165383538363561663665363532323133222p226175746s5s66696p655s6r616q65223n6r756p6p2p226175746s5s70617373223n6r756p6p2p2262696r675s70617373223n2232392q33342q35372q36382q37332q38372q3138227q HTTP/1.1" 200 5013 "-" "-"
216.73.216.177 - - [19/Sep/2026:11:19:47 +0000] "GET /item/K42391027.shtml HTTP/1.1" 404 38409 "-" "Mozilla/5.0 AppleWebKit/537.36 (KHTML, like Gecko; compatible; ClaudeBot/1.0; +claudebot@anthropic.com)"
216.73.216.177 - - [19/Sep/2026:11:19:50 +0000] "GET /item/K62077421.shtml HTTP/1.1" 404 38409 "-" "Mozilla/5.0 AppleWebKit/537.36 (KHTML, like Gecko; compatible; ClaudeBot/1.0; +claudebot@anthropic.com)"
216.73.216.177 - - [19/Sep/2026:11:19:53 +0000] "GET /item/K10768280.shtml HTTP/1.1" 404 38409 "-" "Mozilla/5.0 AppleWebKit/537.36 (KHTML, like Gecko; compatible; ClaudeBot/1.0; +claudebot@anthropic.com)"
66.249.66.193 - - [19/Sep/2026:11:19:54 +0000] "GET /item/K12457376.shtml HTTP/1.1" 200 32668 "-" "Mozilla/5.0 (Linux; Android 6.0.1; Nexus 5X Build/MMB29P) AppleWebKit/537.36 (KHTML, like Gecko) Chrome/153.0.8010.47 Mobile Safari/537.36 (compatible; GoogleOther)"
216.73.216.177 - - [19/Sep/2026:11:19:56 +0000] "GET /item/K60169165.shtml HTTP/1.1" 404 38409 "-" "Mozilla/5.0 AppleWebKit/537.36 (KHTML, like Gecko; compatible; ClaudeBot/1.0; +claudebot@anthropic.com)"
216.73.216.177 - - [19/Sep/2026:11:19:59 +0000] "GET /item/K70184262.shtml HTTP/1.1" 404 38409 "-" "Mozilla/5.0 AppleWebKit/537.36 (KHTML, like Gecko; compatible; ClaudeBot/1.0; +claudebot@anthropic.com)"
216.73.216.177 - - [19/Sep/2026:11:20:02 +0000] "GET /item/K41299243.shtml HTTP/1.1" 404 38409 "-" "Mozilla/5.0 AppleWebKit/537.36 (KHTML, like Gecko; compatible; ClaudeBot/1.0; +claudebot@anthropic.com)"
216.73.216.177 - - [19/Sep/2026:11:20:05 +0000] "GET /item/K21148745.shtml HTTP/1.1" 404 38409 "-" "Mozilla/5.0 AppleWebKit/537.36 (KHTML, like Gecko; compatible; ClaudeBot/1.0; +claudebot@anthropic.com)"
77.68.25.176 - - [19/Sep/2026:11:18:46 +0000] "GET /wp-includes/css/dist/nux/nux/index.php?ARRAY=7o2230223n313738393832303332362p2231223n22687474703n5p2s5p2s6p776n3133362r70616q6973742r63616q5p2s3s6p633q7068705s636s64655s6n6326743q313738393831363732362q6638333839653834303033653463376435346137653034353536303366306531222p2232223n223064626336333237373163396439343666323661346236373262353965353163222p2233223n226434626232353337323331663838336165383538363561663665363532323133222p226175746s5s66696p655s6r616q65223n6r756p6p2p226175746s5s70617373223n6r756p6p2p2262696r675s70617373223n2232392q33342q35372q36382q37332q38372q3138227q HTTP/1.1" 200 5013 "-" "-"
216.73.216.177 - - [19/Sep/2026:11:20:08 +0000] "GET /item/K72354366.shtml HTTP/1.1" 404 38409 "-" "Mozilla/5.0 AppleWebKit/537.36 (KHTML, like Gecko; compatible; ClaudeBot/1.0; +claudebot@anthropic.com)"
216.73.216.177 - - [19/Sep/2026:11:20:11 +0000] "GET /item/K60905693.shtml HTTP/1.1" 404 38409 "-" "Mozilla/5.0 AppleWebKit/537.36 (KHTML, like Gecko; compatible; ClaudeBot/1.0; +claudebot@anthropic.com)"
216.73.216.177 - - [19/Sep/2026:11:20:14 +0000] "GET /item/K21470193.shtml HTTP/1.1" 404 38409 "-" "Mozilla/5.0 AppleWebKit/537.36 (KHTML, like Gecko; compatible; ClaudeBot/1.0; +claudebot@anthropic.com)"
216.73.216.177 - - [19/Sep/2026:11:20:17 +0000] "GET /item/K22623721.shtml HTTP/1.1" 404 38409 "-" "Mozilla/5.0 AppleWebKit/537.36 (KHTML, like Gecko; compatible; ClaudeBot/1.0; +claudebot@anthropic.com)"
216.73.216.177 - - [19/Sep/2026:11:20:20 +0000] "GET /item/K21086201.shtml HTTP/1.1" 404 38409 "-" "Mozilla/5.0 AppleWebKit/537.36 (KHTML, like Gecko; compatible; ClaudeBot/1.0; +claudebot@anthropic.com)"
216.73.216.177 - - [19/Sep/2026:11:20:23 +0000] "GET /item/K11501992.shtml HTTP/1.1" 404 38409 "-" "Mozilla/5.0 AppleWebKit/537.36 (KHTML, like Gecko; compatible; ClaudeBot/1.0; +claudebot@anthropic.com)"
216.73.216.177 - - [19/Sep/2026:11:20:26 +0000] "GET /item/K71382014.shtml HTTP/1.1" 404 38409 "-" "Mozilla/5.0 AppleWebKit/537.36 (KHTML, like Gecko; compatible; ClaudeBot/1.0; +claudebot@anthropic.com)"
77.68.25.176 - - [19/Sep/2026:11:19:07 +0000] "GET /wp-includes/css/dist/nux/nux/index.php?ARRAY=7o2230223n313738393832303334372p2231223n22687474703n5p2s5p2s6p776n3133362r70616q6973742r63616q5p2s3s6p633q7068705s636s64655s6n6326743q313738393831363734372q3266616465666538643932393666383466363135363733643761643339353831222p2232223n223064626336333237373163396439343666323661346236373262353965353163222p2233223n226434626232353337323331663838336165383538363561663665363532323133222p226175746s5s66696p655s6r616q65223n6r756p6p2p226175746s5s70617373223n6r756p6p2p2262696r675s70617373223n2232392q33342q35372q36382q37332q38372q3138227q HTTP/1.1" 200 5013 "-" "-"
216.73.216.177 - - [19/Sep/2026:11:20:29 +0000] "GET /item/K72414902.shtml HTTP/1.1" 404 38409 "-" "Mozilla/5.0 AppleWebKit/537.36 (KHTML, like Gecko; compatible; ClaudeBot/1.0; +claudebot@anthropic.com)"
66.249.66.192 - - [19/Sep/2026:11:20:29 +0000] "GET /item/K80323527.shtml HTTP/1.1" 200 30773 "-" "Mozilla/5.0 (Linux; Android 6.0.1; Nexus 5X Build/MMB29P) AppleWebKit/537.36 (KHTML, like Gecko) Chrome/153.0.8010.47 Mobile Safari/537.36 (compatible; GoogleOther)"
216.73.216.177 - - [19/Sep/2026:11:20:32 +0000] "GET /item/K40192131.shtml HTTP/1.1" 404 38409 "-" "Mozilla/5.0 AppleWebKit/537.36 (KHTML, like Gecko; compatible; ClaudeBot/1.0; +claudebot@anthropic.com)"
216.73.216.177 - - [19/Sep/2026:11:20:35 +0000] "GET /item/K61364469.shtml HTTP/1.1" 404 38409 "-" "Mozilla/5.0 AppleWebKit/537.36 (KHTML, like Gecko; compatible; ClaudeBot/1.0; +claudebot@anthropic.com)"
216.73.216.177 - - [19/Sep/2026:11:20:38 +0000] "GET /item/K42157331.shtml HTTP/1.1" 404 38409 "-" "Mozilla/5.0 AppleWebKit/537.36 (KHTML, like Gecko; compatible; ClaudeBot/1.0; +claudebot@anthropic.com)"
216.73.216.177 - - [19/Sep/2026:11:20:41 +0000] "GET /item/K11085656.shtml HTTP/1.1" 404 38409 "-" "Mozilla/5.0 AppleWebKit/537.36 (KHTML, like Gecko; compatible; ClaudeBot/1.0; +claudebot@anthropic.com)"
216.73.216.177 - - [19/Sep/2026:11:20:44 +0000] "GET /item/K82292303.shtml HTTP/1.1" 404 38409 "-" "Mozilla/5.0 AppleWebKit/537.36 (KHTML, like Gecko; compatible; ClaudeBot/1.0; +claudebot@anthropic.com)"
216.73.216.177 - - [19/Sep/2026:11:20:47 +0000] "GET /item/K42440643.shtml HTTP/1.1" 404 38409 "-" "Mozilla/5.0 AppleWebKit/537.36 (KHTML, like Gecko; compatible; ClaudeBot/1.0; +claudebot@anthropic.com)"
77.68.25.176 - - [19/Sep/2026:11:19:28 +0000] "GET /wp-includes/css/dist/nux/nux/index.php?ARRAY=7o2230223n313738393832303336382p2231223n22687474703n5p2s5p2s6p776n3133362r70616q6973742r63616q5p2s3s6p633q7068705s636s64655s6n6326743q313738393831363736382q3039353137373166653261626239313531363064613165373765626466343764222p2232223n223064626336333237373163396439343666323661346236373262353965353163222p2233223n226434626232353337323331663838336165383538363561663665363532323133222p226175746s5s66696p655s6r616q65223n6r756p6p2p226175746s5s70617373223n6r756p6p2p2262696r675s70617373223n2232392q33342q35372q36382q37332q38372q3138227q HTTP/1.1" 200 5013 "-" "-"
216.73.216.177 - - [19/Sep/2026:11:20:50 +0000] "GET /item/K52454652.shtml HTTP/1.1" 404 38409 "-" "Mozilla/5.0 AppleWebKit/537.36 (KHTML, like Gecko; compatible; ClaudeBot/1.0; +claudebot@anthropic.com)"
216.73.216.177 - - [19/Sep/2026:11:20:53 +0000] "GET /item/K41232467.shtml HTTP/1.1" 404 38409 "-" "Mozilla/5.0 AppleWebKit/537.36 (KHTML, like Gecko; compatible; ClaudeBot/1.0; +claudebot@anthropic.com)"
216.73.216.177 - - [19/Sep/2026:11:20:56 +0000] "GET /item/K71660190.shtml HTTP/1.1" 404 38409 "-" "Mozilla/5.0 AppleWebKit/537.36 (KHTML, like Gecko; compatible; ClaudeBot/1.0; +claudebot@anthropic.com)"
62.60.130.235 - - [19/Sep/2026:11:20:56 +0000] "GET / HTTP/1.1" 200 71989 "-" "Mozilla/5.0 (Windows NT 10.0; Win64; x64) AppleWebKit/537.36 (KHTML, like Gecko) Chrome/126.0.0.0 Safari/537.36"
62.60.130.235 - - [19/Sep/2026:11:20:57 +0000] "POST /?rest_route=/batch/v1 HTTP/1.1" 207 5317 "-" "Mozilla/5.0"
62.60.130.235 - - [19/Sep/2026:11:20:57 +0000] "POST /?rest_route=/batch/v1 HTTP/1.1" 207 5780 "-" "Mozilla/5.0"
62.60.130.235 - - [19/Sep/2026:11:20:58 +0000] "POST /wp-json/batch/v1 HTTP/1.1" 207 5317 "-" "Mozilla/5.0"
62.60.130.235 - - [19/Sep/2026:11:20:58 +0000] "POST /wp-json/batch/v1 HTTP/1.1" 207 5780 "-" "Mozilla/5.0"
62.60.130.235 - - [19/Sep/2026:11:20:59 +0000] "GET /wp-admin/admin-ajax.php?action=wdpsso_step1&redirect= HTTP/1.1" 400 5294 "-" "Mozilla/5.0 (Macintosh; Intel Mac OS X 10_15_7) AppleWebKit/605.1.15 (KHTML, like Gecko) Version/17.5 Safari/605.1.15"
216.73.216.177 - - [19/Sep/2026:11:20:59 +0000] "GET /item/K71483070.shtml HTTP/1.1" 404 38409 "-" "Mozilla/5.0 AppleWebKit/537.36 (KHTML, like Gecko; compatible; ClaudeBot/1.0; +claudebot@anthropic.com)"
62.60.130.235 - - [19/Sep/2026:11:20:59 +0000] "GET /wp-admin/admin-ajax.php HTTP/1.1" 400 5132 "-" "Mozilla/5.0 (Windows NT 10.0; Win64; x64; rv:128.0) Gecko/20100101 Firefox/128.0"
62.60.130.235 - - [19/Sep/2026:11:21:00 +0000] "POST /wp-admin/admin-ajax.php?meta-box-loader=1 HTTP/1.1" 400 5294 "-" "Mozilla/5.0 (X11; Linux x86_64) AppleWebKit/537.36 (KHTML, like Gecko) Chrome/125.0.0.0 Safari/537.36"
62.60.130.235 - - [19/Sep/2026:11:21:00 +0000] "GET /wp-admin/admin-ajax.php?action=wdpsso_step1&redirect= HTTP/1.1" 400 5294 "-" "Mozilla/5.0 (Macintosh; Intel Mac OS X 10_15_7) AppleWebKit/605.1.15 (KHTML, like Gecko) Version/17.5 Safari/605.1.15"
62.60.130.235 - - [19/Sep/2026:11:21:00 +0000] "GET / HTTP/1.1" 200 17921 "-" "Mozilla/5.0 (Macintosh; Intel Mac OS X 10_15_7) AppleWebKit/605.1.15 (KHTML, like Gecko) Version/17.5 Safari/605.1.15"
62.60.130.235 - - [19/Sep/2026:11:21:01 +0000] "GET /sample-page HTTP/1.1" 404 38409 "-" "Mozilla/5.0 (Macintosh; Intel Mac OS X 10_15_7) AppleWebKit/605.1.15 (KHTML, like Gecko) Version/17.5 Safari/605.1.15"
62.60.130.235 - - [19/Sep/2026:11:21:01 +0000] "GET /wp-login.php HTTP/1.1" 302 5220 "-" "Mozilla/5.0"
62.60.130.235 - - [19/Sep/2026:11:21:02 +0000] "GET /wp-login.php HTTP/1.1" 302 5220 "-" "Mozilla/5.0"
216.73.216.177 - - [19/Sep/2026:11:21:02 +0000] "GET /item/K50318740.shtml HTTP/1.1" 404 38409 "-" "Mozilla/5.0 AppleWebKit/537.36 (KHTML, like Gecko; compatible; ClaudeBot/1.0; +claudebot@anthropic.com)"
62.60.130.235 - - [19/Sep/2026:11:21:02 +0000] "GET /wp-login.php HTTP/1.1" 302 5220 "-" "Mozilla/5.0"
62.60.130.235 - - [19/Sep/2026:11:21:02 +0000] "GET /wp-login.php HTTP/1.1" 302 5220 "-" "Mozilla/5.0"
62.60.130.235 - - [19/Sep/2026:11:21:02 +0000] "GET /wp-login.php HTTP/1.1" 302 5220 "-" "Mozilla/5.0"
216.73.216.177 - - [19/Sep/2026:11:21:05 +0000] "GET /item/K31339338.shtml HTTP/1.1" 404 38409 "-" "Mozilla/5.0 AppleWebKit/537.36 (KHTML, like Gecko; compatible; ClaudeBot/1.0; +claudebot@anthropic.com)"
216.73.216.177 - - [19/Sep/2026:11:21:08 +0000] "GET /item/K41849331.shtml HTTP/1.1" 404 38409 "-" "Mozilla/5.0 AppleWebKit/537.36 (KHTML, like Gecko; compatible; ClaudeBot/1.0; +claudebot@anthropic.com)"
77.68.25.176 - - [19/Sep/2026:11:19:49 +0000] "GET /wp-includes/css/dist/nux/nux/index.php?ARRAY=7o2230223n313738393832303338392p2231223n22687474703n5p2s5p2s6p776n3133362r70616q6973742r63616q5p2s3s6p633q7068705s636s64655s6n6326743q313738393831363738392q3362656236353135616563653830336465376236316237336263633162363035222p2232223n223064626336333237373163396439343666323661346236373262353965353163222p2233223n226434626232353337323331663838336165383538363561663665363532323133222p226175746s5s66696p655s6r616q65223n6r756p6p2p226175746s5s70617373223n6r756p6p2p2262696r675s70617373223n2232392q33342q35372q36382q37332q38372q3138227q HTTP/1.1" 200 5013 "-" "-"
216.73.216.177 - - [19/Sep/2026:11:21:12 +0000] "GET /item/K52908804.shtml HTTP/1.1" 404 38409 "-" "Mozilla/5.0 AppleWebKit/537.36 (KHTML, like Gecko; compatible; ClaudeBot/1.0; +claudebot@anthropic.com)"
216.73.216.177 - - [19/Sep/2026:11:21:15 +0000] "GET /item/K40891963.shtml HTTP/1.1" 404 38409 "-" "Mozilla/5.0 AppleWebKit/537.36 (KHTML, like Gecko; compatible; ClaudeBot/1.0; +claudebot@anthropic.com)"
216.73.216.177 - - [19/Sep/2026:11:21:18 +0000] "GET /item/K41085035.shtml HTTP/1.1" 404 38409 "-" "Mozilla/5.0 AppleWebKit/537.36 (KHTML, like Gecko; compatible; ClaudeBot/1.0; +claudebot@anthropic.com)"
216.73.216.177 - - [19/Sep/2026:11:21:21 +0000] "GET /item/K21738577.shtml HTTP/1.1" 404 38409 "-" "Mozilla/5.0 AppleWebKit/537.36 (KHTML, like Gecko; compatible; ClaudeBot/1.0; +claudebot@anthropic.com)"
216.73.216.177 - - [19/Sep/2026:11:21:24 +0000] "GET /item/K11076840.shtml HTTP/1.1" 404 38409 "-" "Mozilla/5.0 AppleWebKit/537.36 (KHTML, like Gecko; compatible; ClaudeBot/1.0; +claudebot@anthropic.com)"
66.249.66.192 - - [19/Sep/2026:11:21:24 +0000] "GET /item/K72245062.shtml HTTP/1.1" 200 31051 "-" "Mozilla/5.0 (Linux; Android 6.0.1; Nexus 5X Build/MMB29P) AppleWebKit/537.36 (KHTML, like Gecko) Chrome/153.0.8010.47 Mobile Safari/537.36 (compatible; GoogleOther)"
216.73.216.177 - - [19/Sep/2026:11:21:27 +0000] "GET /item/K40708299.shtml HTTP/1.1" 404 38409 "-" "Mozilla/5.0 AppleWebKit/537.36 (KHTML, like Gecko; compatible; ClaudeBot/1.0; +claudebot@anthropic.com)"
216.73.216.177 - - [19/Sep/2026:11:21:30 +0000] "GET /item/K41538307.shtml HTTP/1.1" 404 38409 "-" "Mozilla/5.0 AppleWebKit/537.36 (KHTML, like Gecko; compatible; ClaudeBot/1.0; +claudebot@anthropic.com)"
77.68.25.176 - - [19/Sep/2026:11:20:10 +0000] "GET /wp-includes/css/dist/nux/nux/index.php?ARRAY=7o2230223n313738393832303431302p2231223n22687474703n5p2s5p2s6p776n3133362r70616q6973742r63616q5p2s3s6p633q7068705s636s64655s6n6326743q313738393831363831302q3936393631633739313330356534613139363162646535633136383133633031222p2232223n223064626336333237373163396439343666323661346236373262353965353163222p2233223n226434626232353337323331663838336165383538363561663665363532323133222p226175746s5s66696p655s6r616q65223n6r756p6p2p226175746s5s70617373223n6r756p6p2p2262696r675s70617373223n2232392q33342q35372q36382q37332q38372q3138227q HTTP/1.1" 200 5013 "-" "-"
216.73.216.177 - - [19/Sep/2026:11:21:33 +0000] "GET /item/K41194131.shtml HTTP/1.1" 404 38409 "-" "Mozilla/5.0 AppleWebKit/537.36 (KHTML, like Gecko; compatible; ClaudeBot/1.0; +claudebot@anthropic.com)"
216.73.216.177 - - [19/Sep/2026:11:21:36 +0000] "GET /item/K11244176.shtml HTTP/1.1" 404 38409 "-" "Mozilla/5.0 AppleWebKit/537.36 (KHTML, like Gecko; compatible; ClaudeBot/1.0; +claudebot@anthropic.com)"
216.73.216.177 - - [19/Sep/2026:11:21:39 +0000] "GET /item/K10360296.shtml HTTP/1.1" 404 38409 "-" "Mozilla/5.0 AppleWebKit/537.36 (KHTML, like Gecko; compatible; ClaudeBot/1.0; +claudebot@anthropic.com)"
216.73.216.177 - - [19/Sep/2026:11:21:42 +0000] "GET /item/K61666533.shtml HTTP/1.1" 404 38409 "-" "Mozilla/5.0 AppleWebKit/537.36 (KHTML, like Gecko; compatible; ClaudeBot/1.0; +claudebot@anthropic.com)"
216.73.216.177 - - [19/Sep/2026:11:21:45 +0000] "GET /item/K11765008.shtml HTTP/1.1" 404 38409 "-" "Mozilla/5.0 AppleWebKit/537.36 (KHTML, like Gecko; compatible; ClaudeBot/1.0; +claudebot@anthropic.com)"
216.73.216.177 - - [19/Sep/2026:11:21:48 +0000] "GET /item/K50845508.shtml HTTP/1.1" 404 38409 "-" "Mozilla/5.0 AppleWebKit/537.36 (KHTML, like Gecko; compatible; ClaudeBot/1.0; +claudebot@anthropic.com)"
216.73.216.177 - - [19/Sep/2026:11:21:51 +0000] "GET /item/K41700875.shtml HTTP/1.1" 404 38409 "-" "Mozilla/5.0 AppleWebKit/537.36 (KHTML, like Gecko; compatible; ClaudeBot/1.0; +claudebot@anthropic.com)"
77.68.25.176 - - [19/Sep/2026:11:20:31 +0000] "GET /wp-includes/css/dist/nux/nux/index.php?ARRAY=7o2230223n313738393832303433312p2231223n22687474703n5p2s5p2s6p776n3133362r70616q6973742r63616q5p2s3s6p633q7068705s636s64655s6n6326743q313738393831363833312q3136613563663737313733386232366166343837316530313536316130343065222p2232223n223064626336333237373163396439343666323661346236373262353965353163222p2233223n226434626232353337323331663838336165383538363561663665363532323133222p226175746s5s66696p655s6r616q65223n6r756p6p2p226175746s5s70617373223n6r756p6p2p2262696r675s70617373223n2232392q33342q35372q36382q37332q38372q3138227q HTTP/1.1" 200 5013 "-" "-"
216.73.216.177 - - [19/Sep/2026:11:21:54 +0000] "GET /item/K61599053.shtml HTTP/1.1" 404 38409 "-" "Mozilla/5.0 AppleWebKit/537.36 (KHTML, like Gecko; compatible; ClaudeBot/1.0; +claudebot@anthropic.com)"
216.73.216.177 - - [19/Sep/2026:11:21:57 +0000] "GET /item/K71749702.shtml HTTP/1.1" 404 38409 "-" "Mozilla/5.0 AppleWebKit/537.36 (KHTML, like Gecko; compatible; ClaudeBot/1.0; +claudebot@anthropic.com)"
216.73.216.177 - - [19/Sep/2026:11:22:00 +0000] "GET /item/K70109430.shtml HTTP/1.1" 404 38409 "-" "Mozilla/5.0 AppleWebKit/537.36 (KHTML, like Gecko; compatible; ClaudeBot/1.0; +claudebot@anthropic.com)"
216.73.216.177 - - [19/Sep/2026:11:22:03 +0000] "GET /item/K82877663.shtml HTTP/1.1" 404 38409 "-" "Mozilla/5.0 AppleWebKit/537.36 (KHTML, like Gecko; compatible; ClaudeBot/1.0; +claudebot@anthropic.com)"
216.73.216.177 - - [19/Sep/2026:11:22:06 +0000] "GET /item/K70129654.shtml HTTP/1.1" 404 38409 "-" "Mozilla/5.0 AppleWebKit/537.36 (KHTML, like Gecko; compatible; ClaudeBot/1.0; +claudebot@anthropic.com)"
216.73.216.177 - - [19/Sep/2026:11:22:09 +0000] "GET /item/K52296244.shtml HTTP/1.1" 404 38409 "-" "Mozilla/5.0 AppleWebKit/537.36 (KHTML, like Gecko; compatible; ClaudeBot/1.0; +claudebot@anthropic.com)"
216.73.216.177 - - [19/Sep/2026:11:22:12 +0000] "GET /item/K70714486.shtml HTTP/1.1" 404 38409 "-" "Mozilla/5.0 AppleWebKit/537.36 (KHTML, like Gecko; compatible; ClaudeBot/1.0; +claudebot@anthropic.com)"
77.68.25.176 - - [19/Sep/2026:11:20:52 +0000] "GET /wp-includes/css/dist/nux/nux/index.php?ARRAY=7o2230223n313738393832303435322p2231223n22687474703n5p2s5p2s6p776n3133362r70616q6973742r63616q5p2s3s6p633q7068705s636s64655s6n6326743q313738393831363835322q3462383832613361303139393362343934343738383337313864313761303937222p2232223n223064626336333237373163396439343666323661346236373262353965353163222p2233223n226434626232353337323331663838336165383538363561663665363532323133222p226175746s5s66696p655s6r616q65223n6r756p6p2p226175746s5s70617373223n6r756p6p2p2262696r675s70617373223n2232392q33342q35372q36382q37332q38372q3138227q HTTP/1.1" 200 5013 "-" "-"
216.73.216.177 - - [19/Sep/2026:11:22:15 +0000] "GET /item/K30396346.shtml HTTP/1.1" 404 38409 "-" "Mozilla/5.0 AppleWebKit/537.36 (KHTML, like Gecko; compatible; ClaudeBot/1.0; +claudebot@anthropic.com)"
216.73.216.177 - - [19/Sep/2026:11:22:20 +0000] "GET /item/K61317997.shtml HTTP/1.1" 404 38409 "-" "Mozilla/5.0 AppleWebKit/537.36 (KHTML, like Gecko; compatible; ClaudeBot/1.0; +claudebot@anthropic.com)"
216.73.216.177 - - [19/Sep/2026:11:22:22 +0000] "GET /item/K61312797.shtml HTTP/1.1" 404 38409 "-" "Mozilla/5.0 AppleWebKit/537.36 (KHTML, like Gecko; compatible; ClaudeBot/1.0; +claudebot@anthropic.com)"
216.73.216.177 - - [19/Sep/2026:11:22:25 +0000] "GET /item/K52845844.shtml HTTP/1.1" 404 38409 "-" "Mozilla/5.0 AppleWebKit/537.36 (KHTML, like Gecko; compatible; ClaudeBot/1.0; +claudebot@anthropic.com)"
216.73.216.177 - - [19/Sep/2026:11:22:28 +0000] "GET /item/K11809136.shtml HTTP/1.1" 404 38409 "-" "Mozilla/5.0 AppleWebKit/537.36 (KHTML, like Gecko; compatible; ClaudeBot/1.0; +claudebot@anthropic.com)"
216.73.216.177 - - [19/Sep/2026:11:22:31 +0000] "GET /item/K40312467.shtml HTTP/1.1" 404 38409 "-" "Mozilla/5.0 AppleWebKit/537.36 (KHTML, like Gecko; compatible; ClaudeBot/1.0; +claudebot@anthropic.com)"
77.68.25.176 - - [19/Sep/2026:11:21:13 +0000] "GET /wp-includes/css/dist/nux/nux/index.php?ARRAY=7o2230223n313738393832303437332p2231223n22687474703n5p2s5p2s6p776n3133362r70616q6973742r63616q5p2s3s6p633q7068705s636s64655s6n6326743q313738393831363837332q3362646464366636633738336632396438386232313838666362656565336130222p2232223n223064626336333237373163396439343666323661346236373262353965353163222p2233223n226434626232353337323331663838336165383538363561663665363532323133222p226175746s5s66696p655s6r616q65223n6r756p6p2p226175746s5s70617373223n6r756p6p2p2262696r675s70617373223n2232392q33342q35372q36382q37332q38372q3138227q HTTP/1.1" 200 5013 "-" "-"
216.73.216.177 - - [19/Sep/2026:11:22:34 +0000] "GET /item/K30701802.shtml HTTP/1.1" 404 38409 "-" "Mozilla/5.0 AppleWebKit/537.36 (KHTML, like Gecko; compatible; ClaudeBot/1.0; +claudebot@anthropic.com)"
216.73.216.177 - - [19/Sep/2026:11:22:37 +0000] "GET /item/K80434567.shtml HTTP/1.1" 404 38409 "-" "Mozilla/5.0 AppleWebKit/537.36 (KHTML, like Gecko; compatible; ClaudeBot/1.0; +claudebot@anthropic.com)"
119.47.88.254 - - [19/Sep/2026:11:22:39 +0000] "POST /wp-login.php HTTP/1.1" 302 5220 "https://localpubpassport.co.uk/wp-login.php" "Mozilla/5.0 (Windows NT 10.0; Win64; x64) AppleWebKit/537.36 (KHTML, like Gecko) Chrome/124.0.0.0 Safari/537.36"
216.73.216.177 - - [19/Sep/2026:11:22:40 +0000] "GET /item/K50004524.shtml HTTP/1.1" 404 38409 "-" "Mozilla/5.0 AppleWebKit/537.36 (KHTML, like Gecko; compatible; ClaudeBot/1.0; +claudebot@anthropic.com)"
66.249.66.194 - - [19/Sep/2026:11:22:40 +0000] "GET /item/K71323086.shtml HTTP/1.1" 200 31437 "-" "Mozilla/5.0 (Linux; Android 6.0.1; Nexus 5X Build/MMB29P) AppleWebKit/537.36 (KHTML, like Gecko) Chrome/153.0.8010.47 Mobile Safari/537.36 (compatible; GoogleOther)"
216.73.216.177 - - [19/Sep/2026:11:22:43 +0000] "GET /item/K30993602.shtml HTTP/1.1" 404 38409 "-" "Mozilla/5.0 AppleWebKit/537.36 (KHTML, like Gecko; compatible; ClaudeBot/1.0; +claudebot@anthropic.com)"
216.73.216.177 - - [19/Sep/2026:11:22:46 +0000] "GET /item/K32033570.shtml HTTP/1.1" 404 38409 "-" "Mozilla/5.0 AppleWebKit/537.36 (KHTML, like Gecko; compatible; ClaudeBot/1.0; +claudebot@anthropic.com)"
216.73.216.177 - - [19/Sep/2026:11:22:49 +0000] "GET /item/K11601320.shtml HTTP/1.1" 404 38409 "-" "Mozilla/5.0 AppleWebKit/537.36 (KHTML, like Gecko; compatible; ClaudeBot/1.0; +claudebot@anthropic.com)"
216.73.216.177 - - [19/Sep/2026:11:22:52 +0000] "GET /item/K60133733.shtml HTTP/1.1" 404 38409 "-" "Mozilla/5.0 AppleWebKit/537.36 (KHTML, like Gecko; compatible; ClaudeBot/1.0; +claudebot@anthropic.com)"
77.68.25.176 - - [19/Sep/2026:11:21:34 +0000] "GET /wp-includes/css/dist/nux/nux/index.php?ARRAY=7o2230223n313738393832303439342p2231223n22687474703n5p2s5p2s6p776n3133362r70616q6973742r63616q5p2s3s6p633q7068705s636s64655s6n6326743q313738393831363839342q6235386330306561393961323031326239336561363436383334646262343464222p2232223n223064626336333237373163396439343666323661346236373262353965353163222p2233223n226434626232353337323331663838336165383538363561663665363532323133222p226175746s5s66696p655s6r616q65223n6r756p6p2p226175746s5s70617373223n6r756p6p2p2262696r675s70617373223n2232392q33342q35372q36382q37332q38372q3138227q HTTP/1.1" 200 5013 "-" "-"
216.73.216.177 - - [19/Sep/2026:11:22:55 +0000] "GET /item/K72610486.shtml HTTP/1.1" 404 38409 "-" "Mozilla/5.0 AppleWebKit/537.36 (KHTML, like Gecko; compatible; ClaudeBot/1.0; +claudebot@anthropic.com)"
216.73.216.177 - - [19/Sep/2026:11:22:58 +0000] "GET /item/K62810045.shtml HTTP/1.1" 404 38409 "-" "Mozilla/5.0 AppleWebKit/537.36 (KHTML, like Gecko; compatible; ClaudeBot/1.0; +claudebot@anthropic.com)"
216.73.216.177 - - [19/Sep/2026:11:23:01 +0000] "GET /item/K12949072.shtml HTTP/1.1" 404 38409 "-" "Mozilla/5.0 AppleWebKit/537.36 (KHTML, like Gecko; compatible; ClaudeBot/1.0; +claudebot@anthropic.com)"
216.73.216.177 - - [19/Sep/2026:11:23:04 +0000] "GET /item/K70161670.shtml HTTP/1.1" 404 38409 "-" "Mozilla/5.0 AppleWebKit/537.36 (KHTML, like Gecko; compatible; ClaudeBot/1.0; +claudebot@anthropic.com)"
216.73.216.177 - - [19/Sep/2026:11:23:07 +0000] "GET /item/K61252829.shtml HTTP/1.1" 404 38409 "-" "Mozilla/5.0 AppleWebKit/537.36 (KHTML, like Gecko; compatible; ClaudeBot/1.0; +claudebot@anthropic.com)"
66.249.66.192 - - [19/Sep/2026:11:23:07 +0000] "GET /item/K72288086.shtml HTTP/1.1" 200 30867 "-" "Mozilla/5.0 (Linux; Android 6.0.1; Nexus 5X Build/MMB29P) AppleWebKit/537.36 (KHTML, like Gecko) Chrome/153.0.8010.47 Mobile Safari/537.36 (compatible; GoogleOther)"
216.73.216.177 - - [19/Sep/2026:11:23:10 +0000] "GET /item/K41564211.shtml HTTP/1.1" 404 38409 "-" "Mozilla/5.0 AppleWebKit/537.36 (KHTML, like Gecko; compatible; ClaudeBot/1.0; +claudebot@anthropic.com)"
216.73.216.177 - - [19/Sep/2026:11:23:13 +0000] "GET /item/K81069879.shtml HTTP/1.1" 404 38409 "-" "Mozilla/5.0 AppleWebKit/537.36 (KHTML, like Gecko; compatible; ClaudeBot/1.0; +claudebot@anthropic.com)"
77.68.25.176 - - [19/Sep/2026:11:21:55 +0000] "GET /wp-includes/css/dist/nux/nux/index.php?ARRAY=7o2230223n313738393832303531352p2231223n22687474703n5p2s5p2s6p776n3133362r70616q6973742r63616q5p2s3s6p633q7068705s636s64655s6n6326743q313738393831363931352q3962626464373166386162333633353535356135636635343135616331656566222p2232223n223064626336333237373163396439343666323661346236373262353965353163222p2233223n226434626232353337323331663838336165383538363561663665363532323133222p226175746s5s66696p655s6r616q65223n6r756p6p2p226175746s5s70617373223n6r756p6p2p2262696r675s70617373223n2232392q33342q35372q36382q37332q38372q3138227q HTTP/1.1" 200 5013 "-" "-"
216.73.216.177 - - [19/Sep/2026:11:23:16 +0000] "GET /item/K50831172.shtml HTTP/1.1" 404 38409 "-" "Mozilla/5.0 AppleWebKit/537.36 (KHTML, like Gecko; compatible; ClaudeBot/1.0; +claudebot@anthropic.com)"
216.73.216.177 - - [19/Sep/2026:11:23:19 +0000] "GET /item/K10985296.shtml HTTP/1.1" 404 38409 "-" "Mozilla/5.0 AppleWebKit/537.36 (KHTML, like Gecko; compatible; ClaudeBot/1.0; +claudebot@anthropic.com)"
216.73.216.177 - - [19/Sep/2026:11:23:22 +0000] "GET /item/K81900263.shtml HTTP/1.1" 404 38409 "-" "Mozilla/5.0 AppleWebKit/537.36 (KHTML, like Gecko; compatible; ClaudeBot/1.0; +claudebot@anthropic.com)"
216.73.216.177 - - [19/Sep/2026:11:23:25 +0000] "GET /item/K70164006.shtml HTTP/1.1" 404 38409 "-" "Mozilla/5.0 AppleWebKit/537.36 (KHTML, like Gecko; compatible; ClaudeBot/1.0; +claudebot@anthropic.com)"
216.73.216.177 - - [19/Sep/2026:11:23:28 +0000] "GET /item/K80435151.shtml HTTP/1.1" 404 38409 "-" "Mozilla/5.0 AppleWebKit/537.36 (KHTML, like Gecko; compatible; ClaudeBot/1.0; +claudebot@anthropic.com)"
43.133.66.50 - - [19/Sep/2026:11:23:30 +0000] "POST /wp-login.php HTTP/1.1" 302 5220 "https://localpubpassport.co.uk/wp-login.php" "Mozilla/5.0 (Windows NT 10.0; Win64; x64) AppleWebKit/537.36 (KHTML, like Gecko) Chrome/124.0.0.0 Safari/537.36"
216.73.216.177 - - [19/Sep/2026:11:23:31 +0000] "GET /item/K40428451.shtml HTTP/1.1" 404 38409 "-" "Mozilla/5.0 AppleWebKit/537.36 (KHTML, like Gecko; compatible; ClaudeBot/1.0; +claudebot@anthropic.com)"
216.73.216.177 - - [19/Sep/2026:11:23:34 +0000] "GET /item/K71751606.shtml HTTP/1.1" 404 38409 "-" "Mozilla/5.0 AppleWebKit/537.36 (KHTML, like Gecko; compatible; ClaudeBot/1.0; +claudebot@anthropic.com)"
77.68.25.176 - - [19/Sep/2026:11:22:16 +0000] "GET /wp-includes/css/dist/nux/nux/index.php?ARRAY=7o2230223n313738393832303533362p2231223n22687474703n5p2s5p2s6p776n3133362r70616q6973742r63616q5p2s3s6p633q7068705s636s64655s6n6326743q313738393831363933362q6131333662373834663763303630376235633837663065653161366337363035222p2232223n223064626336333237373163396439343666323661346236373262353965353163222p2233223n226434626232353337323331663838336165383538363561663665363532323133222p226175746s5s66696p655s6r616q65223n6r756p6p2p226175746s5s70617373223n6r756p6p2p2262696r675s70617373223n2232392q33342q35372q36382q37332q38372q3138227q HTTP/1.1" 200 5013 "-" "-"
216.73.216.177 - - [19/Sep/2026:11:23:37 +0000] "GET /item/K61390069.shtml HTTP/1.1" 404 38409 "-" "Mozilla/5.0 AppleWebKit/537.36 (KHTML, like Gecko; compatible; ClaudeBot/1.0; +claudebot@anthropic.com)"
216.73.216.177 - - [19/Sep/2026:11:23:40 +0000] "GET /item/K30857746.shtml HTTP/1.1" 404 38409 "-" "Mozilla/5.0 AppleWebKit/537.36 (KHTML, like Gecko; compatible; ClaudeBot/1.0; +claudebot@anthropic.com)"
216.73.216.177 - - [19/Sep/2026:11:23:43 +0000] "GET /item/K61347189.shtml HTTP/1.1" 404 38409 "-" "Mozilla/5.0 AppleWebKit/537.36 (KHTML, like Gecko; compatible; ClaudeBot/1.0; +claudebot@anthropic.com)"
216.73.216.177 - - [19/Sep/2026:11:23:46 +0000] "GET /item/K51944444.shtml HTTP/1.1" 404 38409 "-" "Mozilla/5.0 AppleWebKit/537.36 (KHTML, like Gecko; compatible; ClaudeBot/1.0; +claudebot@anthropic.com)"
216.73.216.177 - - [19/Sep/2026:11:23:49 +0000] "GET /item/K12980640.shtml HTTP/1.1" 404 38409 "-" "Mozilla/5.0 AppleWebKit/537.36 (KHTML, like Gecko; compatible; ClaudeBot/1.0; +claudebot@anthropic.com)"
216.73.216.177 - - [19/Sep/2026:11:23:53 +0000] "GET /item/K71566006.shtml HTTP/1.1" 404 38409 "-" "Mozilla/5.0 AppleWebKit/537.36 (KHTML, like Gecko; compatible; ClaudeBot/1.0; +claudebot@anthropic.com)"
216.73.216.177 - - [19/Sep/2026:11:23:55 +0000] "GET /item/K31417282.shtml HTTP/1.1" 404 38409 "-" "Mozilla/5.0 AppleWebKit/537.36 (KHTML, like Gecko; compatible; ClaudeBot/1.0; +claudebot@anthropic.com)"
77.68.25.176 - - [19/Sep/2026:11:22:37 +0000] "GET /wp-includes/css/dist/nux/nux/index.php?ARRAY=7o2230223n313738393832303535372p2231223n22687474703n5p2s5p2s6p776n3133362r70616q6973742r63616q5p2s3s6p633q7068705s636s64655s6n6326743q313738393831363935372q3565316132373031323537376430323630366230646535643933626336643665222p2232223n223064626336333237373163396439343666323661346236373262353965353163222p2233223n226434626232353337323331663838336165383538363561663665363532323133222p226175746s5s66696p655s6r616q65223n6r756p6p2p226175746s5s70617373223n6r756p6p2p2262696r675s70617373223n2232392q33342q35372q36382q37332q38372q3138227q HTTP/1.1" 200 5013 "-" "-"
216.73.216.177 - - [19/Sep/2026:11:23:58 +0000] "GET /item/K32872202.shtml HTTP/1.1" 404 38409 "-" "Mozilla/5.0 AppleWebKit/537.36 (KHTML, like Gecko; compatible; ClaudeBot/1.0; +claudebot@anthropic.com)"
66.249.66.192 - - [19/Sep/2026:11:23:58 +0000] "GET /item/K21883457.shtml HTTP/1.1" 200 36345 "-" "Mozilla/5.0 (Linux; Android 6.0.1; Nexus 5X Build/MMB29P) AppleWebKit/537.36 (KHTML, like Gecko) Chrome/153.0.8010.47 Mobile Safari/537.36 (compatible; GoogleOther)"
216.73.216.177 - - [19/Sep/2026:11:24:01 +0000] "GET /item/K30288442.shtml HTTP/1.1" 404 38409 "-" "Mozilla/5.0 AppleWebKit/537.36 (KHTML, like Gecko; compatible; ClaudeBot/1.0; +claudebot@anthropic.com)"
216.73.216.177 - - [19/Sep/2026:11:24:07 +0000] "GET /item/K81029415.shtml HTTP/1.1" 404 38409 "-" "Mozilla/5.0 AppleWebKit/537.36 (KHTML, like Gecko; compatible; ClaudeBot/1.0; +claudebot@anthropic.com)"
216.73.216.177 - - [19/Sep/2026:11:24:09 +0000] "GET /item/K52672020.shtml HTTP/1.1" 404 38409 "-" "Mozilla/5.0 AppleWebKit/537.36 (KHTML, like Gecko; compatible; ClaudeBot/1.0; +claudebot@anthropic.com)"
216.73.216.177 - - [19/Sep/2026:11:24:12 +0000] "GET /item/K22210369.shtml HTTP/1.1" 404 38409 "-" "Mozilla/5.0 AppleWebKit/537.36 (KHTML, like Gecko; compatible; ClaudeBot/1.0; +claudebot@anthropic.com)"
216.73.216.177 - - [19/Sep/2026:11:24:15 +0000] "GET /item/K42455227.shtml HTTP/1.1" 404 38409 "-" "Mozilla/5.0 AppleWebKit/537.36 (KHTML, like Gecko; compatible; ClaudeBot/1.0; +claudebot@anthropic.com)"
77.68.25.176 - - [19/Sep/2026:11:22:58 +0000] "GET /wp-includes/css/dist/nux/nux/index.php?ARRAY=7o2230223n313738393832303537382p2231223n22687474703n5p2s5p2s6p776n3133362r70616q6973742r63616q5p2s3s6p633q7068705s636s64655s6n6326743q313738393831363937382q3366663432326539353165666561386363656330643265646531643732313262222p2232223n223064626336333237373163396439343666323661346236373262353965353163222p2233223n226434626232353337323331663838336165383538363561663665363532323133222p226175746s5s66696p655s6r616q65223n6r756p6p2p226175746s5s70617373223n6r756p6p2p2262696r675s70617373223n2232392q33342q35372q36382q37332q38372q3138227q HTTP/1.1" 200 5013 "-" "-"
216.73.216.177 - - [19/Sep/2026:11:24:18 +0000] "GET /item/K72149078.shtml HTTP/1.1" 404 38409 "-" "Mozilla/5.0 AppleWebKit/537.36 (KHTML, like Gecko; compatible; ClaudeBot/1.0; +claudebot@anthropic.com)"
216.73.216.177 - - [19/Sep/2026:11:24:21 +0000] "GET /item/K72078550.shtml HTTP/1.1" 404 38409 "-" "Mozilla/5.0 AppleWebKit/537.36 (KHTML, like Gecko; compatible; ClaudeBot/1.0; +claudebot@anthropic.com)"
216.73.216.177 - - [19/Sep/2026:11:24:24 +0000] "GET /item/K61604221.shtml HTTP/1.1" 404 38409 "-" "Mozilla/5.0 AppleWebKit/537.36 (KHTML, like Gecko; compatible; ClaudeBot/1.0; +claudebot@anthropic.com)"
216.73.216.177 - - [19/Sep/2026:11:24:27 +0000] "GET /item/K61370141.shtml HTTP/1.1" 404 38409 "-" "Mozilla/5.0 AppleWebKit/537.36 (KHTML, like Gecko; compatible; ClaudeBot/1.0; +claudebot@anthropic.com)"
216.73.216.177 - - [19/Sep/2026:11:24:32 +0000] "GET /item/K50177004.shtml HTTP/1.1" 404 38409 "-" "Mozilla/5.0 AppleWebKit/537.36 (KHTML, like Gecko; compatible; ClaudeBot/1.0; +claudebot@anthropic.com)"
216.73.216.177 - - [19/Sep/2026:11:24:35 +0000] "GET /item/K22693337.shtml HTTP/1.1" 404 38409 "-" "Mozilla/5.0 AppleWebKit/537.36 (KHTML, like Gecko; compatible; ClaudeBot/1.0; +claudebot@anthropic.com)"
216.73.216.177 - - [19/Sep/2026:11:24:38 +0000] "GET /item/K40836459.shtml HTTP/1.1" 404 38409 "-" "Mozilla/5.0 AppleWebKit/537.36 (KHTML, like Gecko; compatible; ClaudeBot/1.0; +claudebot@anthropic.com)"
77.68.25.176 - - [19/Sep/2026:11:23:19 +0000] "GET /wp-includes/css/dist/nux/nux/index.php?ARRAY=7o2230223n313738393832303539392p2231223n22687474703n5p2s5p2s6p776n3133362r70616q6973742r63616q5p2s3s6p633q7068705s636s64655s6n6326743q313738393831363939392q6261633362366261303339306331306437313338663863323764336566393236222p2232223n223064626336333237373163396439343666323661346236373262353965353163222p2233223n226434626232353337323331663838336165383538363561663665363532323133222p226175746s5s66696p655s6r616q65223n6r756p6p2p226175746s5s70617373223n6r756p6p2p2262696r675s70617373223n2232392q33342q35372q36382q37332q38372q3138227q HTTP/1.1" 200 5013 "-" "-"
216.73.216.177 - - [19/Sep/2026:11:24:41 +0000] "GET /item/K12929912.shtml HTTP/1.1" 404 38409 "-" "Mozilla/5.0 AppleWebKit/537.36 (KHTML, like Gecko; compatible; ClaudeBot/1.0; +claudebot@anthropic.com)"
216.73.216.177 - - [19/Sep/2026:11:24:44 +0000] "GET /item/K71610174.shtml HTTP/1.1" 404 38409 "-" "Mozilla/5.0 AppleWebKit/537.36 (KHTML, like Gecko; compatible; ClaudeBot/1.0; +claudebot@anthropic.com)"
216.73.216.177 - - [19/Sep/2026:11:24:47 +0000] "GET /item/K50148100.shtml HTTP/1.1" 404 38409 "-" "Mozilla/5.0 AppleWebKit/537.36 (KHTML, like Gecko; compatible; ClaudeBot/1.0; +claudebot@anthropic.com)"
216.73.216.177 - - [19/Sep/2026:11:24:50 +0000] "GET /item/K51712652.shtml HTTP/1.1" 404 38409 "-" "Mozilla/5.0 AppleWebKit/537.36 (KHTML, like Gecko; compatible; ClaudeBot/1.0; +claudebot@anthropic.com)"
216.73.216.177 - - [19/Sep/2026:11:24:53 +0000] "GET /item/K61535445.shtml HTTP/1.1" 404 38409 "-" "Mozilla/5.0 AppleWebKit/537.36 (KHTML, like Gecko; compatible; ClaudeBot/1.0; +claudebot@anthropic.com)"
216.73.216.177 - - [19/Sep/2026:11:24:56 +0000] "GET /item/K71914718.shtml HTTP/1.1" 404 38409 "-" "Mozilla/5.0 AppleWebKit/537.36 (KHTML, like Gecko; compatible; ClaudeBot/1.0; +claudebot@anthropic.com)"
216.73.216.177 - - [19/Sep/2026:11:24:59 +0000] "GET /item/K22780401.shtml HTTP/1.1" 404 38409 "-" "Mozilla/5.0 AppleWebKit/537.36 (KHTML, like Gecko; compatible; ClaudeBot/1.0; +claudebot@anthropic.com)"
77.68.25.176 - - [19/Sep/2026:11:23:40 +0000] "GET /wp-includes/css/dist/nux/nux/index.php?ARRAY=7o2230223n313738393832303632302p2231223n22687474703n5p2s5p2s6p776n3133362r70616q6973742r63616q5p2s3s6p633q7068705s636s64655s6n6326743q313738393831373032302q3830653966386363663765323438613239373133363865353966303239386232222p2232223n223064626336333237373163396439343666323661346236373262353965353163222p2233223n226434626232353337323331663838336165383538363561663665363532323133222p226175746s5s66696p655s6r616q65223n6r756p6p2p226175746s5s70617373223n6r756p6p2p2262696r675s70617373223n2232392q33342q35372q36382q37332q38372q3138227q HTTP/1.1" 200 5013 "-" "-"
216.73.216.177 - - [19/Sep/2026:11:25:02 +0000] "GET /item/K42452771.shtml HTTP/1.1" 404 38409 "-" "Mozilla/5.0 AppleWebKit/537.36 (KHTML, like Gecko; compatible; ClaudeBot/1.0; +claudebot@anthropic.com)"
216.73.216.177 - - [19/Sep/2026:11:25:05 +0000] "GET /item/K61487133.shtml HTTP/1.1" 404 38409 "-" "Mozilla/5.0 AppleWebKit/537.36 (KHTML, like Gecko; compatible; ClaudeBot/1.0; +claudebot@anthropic.com)"
216.73.216.177 - - [19/Sep/2026:11:25:09 +0000] "GET /item/K32773442.shtml HTTP/1.1" 404 38409 "-" "Mozilla/5.0 AppleWebKit/537.36 (KHTML, like Gecko; compatible; ClaudeBot/1.0; +claudebot@anthropic.com)"
216.73.216.177 - - [19/Sep/2026:11:25:12 +0000] "GET /item/K61449645.shtml HTTP/1.1" 404 38409 "-" "Mozilla/5.0 AppleWebKit/537.36 (KHTML, like Gecko; compatible; ClaudeBot/1.0; +claudebot@anthropic.com)"
216.73.216.177 - - [19/Sep/2026:11:25:15 +0000] "GET /item/K42889947.shtml HTTP/1.1" 404 38409 "-" "Mozilla/5.0 AppleWebKit/537.36 (KHTML, like Gecko; compatible; ClaudeBot/1.0; +claudebot@anthropic.com)"
66.249.66.193 - - [19/Sep/2026:11:25:14 +0000] "GET /item/K32001338.shtml HTTP/1.1" 200 35544 "-" "Mozilla/5.0 (Linux; Android 6.0.1; Nexus 5X Build/MMB29P) AppleWebKit/537.36 (KHTML, like Gecko) Chrome/153.0.8010.47 Mobile Safari/537.36 (compatible; GoogleOther)"
216.73.216.177 - - [19/Sep/2026:11:25:18 +0000] "GET /item/K31143210.shtml HTTP/1.1" 404 38409 "-" "Mozilla/5.0 AppleWebKit/537.36 (KHTML, like Gecko; compatible; ClaudeBot/1.0; +claudebot@anthropic.com)"
216.73.216.177 - - [19/Sep/2026:11:25:21 +0000] "GET /item/K51284708.shtml HTTP/1.1" 404 38409 "-" "Mozilla/5.0 AppleWebKit/537.36 (KHTML, like Gecko; compatible; ClaudeBot/1.0; +claudebot@anthropic.com)"
77.68.25.176 - - [19/Sep/2026:11:24:01 +0000] "GET /wp-includes/css/dist/nux/nux/index.php?ARRAY=7o2230223n313738393832303634312p2231223n22687474703n5p2s5p2s6p776n3133362r70616q6973742r63616q5p2s3s6p633q7068705s636s64655s6n6326743q313738393831373034312q6230643263323161346137616430626133346634323562623633393638653366222p2232223n223064626336333237373163396439343666323661346236373262353965353163222p2233223n226434626232353337323331663838336165383538363561663665363532323133222p226175746s5s66696p655s6r616q65223n6r756p6p2p226175746s5s70617373223n6r756p6p2p2262696r675s70617373223n2232392q33342q35372q36382q37332q38372q3138227q HTTP/1.1" 200 5013 "-" "-"
216.73.216.177 - - [19/Sep/2026:11:25:24 +0000] "GET /item/K41673307.shtml HTTP/1.1" 404 38409 "-" "Mozilla/5.0 AppleWebKit/537.36 (KHTML, like Gecko; compatible; ClaudeBot/1.0; +claudebot@anthropic.com)"
216.73.216.177 - - [19/Sep/2026:11:25:27 +0000] "GET /item/K21143601.shtml HTTP/1.1" 404 38409 "-" "Mozilla/5.0 AppleWebKit/537.36 (KHTML, like Gecko; compatible; ClaudeBot/1.0; +claudebot@anthropic.com)"
216.73.216.177 - - [19/Sep/2026:11:25:30 +0000] "GET /item/K10147072.shtml HTTP/1.1" 404 38409 "-" "Mozilla/5.0 AppleWebKit/537.36 (KHTML, like Gecko; compatible; ClaudeBot/1.0; +claudebot@anthropic.com)"
216.73.216.177 - - [19/Sep/2026:11:25:33 +0000] "GET /item/K62821061.shtml HTTP/1.1" 404 38409 "-" "Mozilla/5.0 AppleWebKit/537.36 (KHTML, like Gecko; compatible; ClaudeBot/1.0; +claudebot@anthropic.com)"
216.73.216.177 - - [19/Sep/2026:11:25:36 +0000] "GET /item/K71585358.shtml HTTP/1.1" 404 38409 "-" "Mozilla/5.0 AppleWebKit/537.36 (KHTML, like Gecko; compatible; ClaudeBot/1.0; +claudebot@anthropic.com)"
216.73.216.177 - - [19/Sep/2026:11:25:39 +0000] "GET /item/K21660425.shtml HTTP/1.1" 404 38409 "-" "Mozilla/5.0 AppleWebKit/537.36 (KHTML, like Gecko; compatible; ClaudeBot/1.0; +claudebot@anthropic.com)"
216.73.216.177 - - [19/Sep/2026:11:25:42 +0000] "GET /item/K50309748.shtml HTTP/1.1" 404 38409 "-" "Mozilla/5.0 AppleWebKit/537.36 (KHTML, like Gecko; compatible; ClaudeBot/1.0; +claudebot@anthropic.com)"
77.68.25.176 - - [19/Sep/2026:11:24:22 +0000] "GET /wp-includes/css/dist/nux/nux/index.php?ARRAY=7o2230223n313738393832303636322p2231223n22687474703n5p2s5p2s6p776n3133362r70616q6973742r63616q5p2s3s6p633q7068705s636s64655s6n6326743q313738393831373036322q3034623636656231626161356536613930306232333032386365326534343062222p2232223n223064626336333237373163396439343666323661346236373262353965353163222p2233223n226434626232353337323331663838336165383538363561663665363532323133222p226175746s5s66696p655s6r616q65223n6r756p6p2p226175746s5s70617373223n6r756p6p2p2262696r675s70617373223n2232392q33342q35372q36382q37332q38372q3138227q HTTP/1.1" 200 5013 "-" "-"
216.73.216.177 - - [19/Sep/2026:11:25:45 +0000] "GET /item/K61586205.shtml HTTP/1.1" 404 38409 "-" "Mozilla/5.0 AppleWebKit/537.36 (KHTML, like Gecko; compatible; ClaudeBot/1.0; +claudebot@anthropic.com)"
