81.100.250.115 - - [17/Nov/2021:09:26:02 +0000] "GET /wp-includes/js/imgareaselect/jquery.imgareaselect.min.js?ver=5.7.4 HTTP/1.1" 200 9717 "http://hackney.dazzlingwebplanet.com/wp-admin/" "Mozilla/5.0 (Macintosh; Intel Mac OS X 10_15_7) AppleWebKit/537.36 (KHTML, like Gecko) Chrome/95.0.4638.69 Safari/537.36"
81.100.250.115 - - [17/Nov/2021:09:26:02 +0000] "GET /wp-includes/js/media-audiovideo.min.js?ver=5.7.4 HTTP/1.1" 200 12857 "http://hackney.dazzlingwebplanet.com/wp-admin/" "Mozilla/5.0 (Macintosh; Intel Mac OS X 10_15_7) AppleWebKit/537.36 (KHTML, like Gecko) Chrome/95.0.4638.69 Safari/537.36"
81.100.250.115 - - [17/Nov/2021:09:26:02 +0000] "GET /wp-admin/js/image-edit.min.js?ver=5.7.4 HTTP/1.1" 200 11263 "http://hackney.dazzlingwebplanet.com/wp-admin/" "Mozilla/5.0 (Macintosh; Intel Mac OS X 10_15_7) AppleWebKit/537.36 (KHTML, like Gecko) Chrome/95.0.4638.69 Safari/537.36"
81.100.250.115 - - [17/Nov/2021:09:26:02 +0000] "GET /wp-content/plugins/elementor/assets/js/app-loader.min.js?ver=3.1.4 HTTP/1.1" 200 82153 "http://hackney.dazzlingwebplanet.com/wp-admin/" "Mozilla/5.0 (Macintosh; Intel Mac OS X 10_15_7) AppleWebKit/537.36 (KHTML, like Gecko) Chrome/95.0.4638.69 Safari/537.36"
81.100.250.115 - - [17/Nov/2021:09:26:02 +0000] "GET /wp-content/plugins/elementor/assets/js/admin.min.js?ver=3.1.4 HTTP/1.1" 200 54855 "http://hackney.dazzlingwebplanet.com/wp-admin/" "Mozilla/5.0 (Macintosh; Intel Mac OS X 10_15_7) AppleWebKit/537.36 (KHTML, like Gecko) Chrome/95.0.4638.69 Safari/537.36"
81.100.250.115 - - [17/Nov/2021:09:26:02 +0000] "GET /wp-content/plugins/wpforms-lite/assets/js/chart.min.js?ver=2.7.2 HTTP/1.1" 200 159638 "http://hackney.dazzlingwebplanet.com/wp-admin/" "Mozilla/5.0 (Macintosh; Intel Mac OS X 10_15_7) AppleWebKit/537.36 (KHTML, like Gecko) Chrome/95.0.4638.69 Safari/537.36"
81.100.250.115 - - [17/Nov/2021:09:26:02 +0000] "GET /wp-content/plugins/wpforms-lite/assets/js/moment.min.js?ver=2.22.2 HTTP/1.1" 200 51679 "http://hackney.dazzlingwebplanet.com/wp-admin/" "Mozilla/5.0 (Macintosh; Intel Mac OS X 10_15_7) AppleWebKit/537.36 (KHTML, like Gecko) Chrome/95.0.4638.69 Safari/537.36"
81.100.250.115 - - [17/Nov/2021:09:26:02 +0000] "GET /wp-content/plugins/wpforms-lite/lite/assets/js/admin/dashboard-widget.min.js?ver=1.6.7.2 HTTP/1.1" 200 2131 "http://hackney.dazzlingwebplanet.com/wp-admin/" "Mozilla/5.0 (Macintosh; Intel Mac OS X 10_15_7) AppleWebKit/537.36 (KHTML, like Gecko) Chrome/95.0.4638.69 Safari/537.36"
81.100.250.115 - - [17/Nov/2021:09:26:02 +0000] "GET /wp-content/plugins/wp-mail-smtp/assets/js/smtp-dashboard-widget.min.js?ver=2.9.0 HTTP/1.1" 200 2237 "http://hackney.dazzlingwebplanet.com/wp-admin/" "Mozilla/5.0 (Macintosh; Intel Mac OS X 10_15_7) AppleWebKit/537.36 (KHTML, like Gecko) Chrome/95.0.4638.69 Safari/537.36"
81.100.250.115 - - [17/Nov/2021:09:26:02 +0000] "GET /wp-content/plugins/wp-mail-smtp/assets/js/vendor/moment.min.js?ver=2.22.2 HTTP/1.1" 200 51679 "http://hackney.dazzlingwebplanet.com/wp-admin/" "Mozilla/5.0 (Macintosh; Intel Mac OS X 10_15_7) AppleWebKit/537.36 (KHTML, like Gecko) Chrome/95.0.4638.69 Safari/537.36"
81.100.250.115 - - [17/Nov/2021:09:26:02 +0000] "GET /wp-content/plugins/wp-mail-smtp/assets/js/vendor/chart.min.js?ver=2.9.4 HTTP/1.1" 200 173077 "http://hackney.dazzlingwebplanet.com/wp-admin/" "Mozilla/5.0 (Macintosh; Intel Mac OS X 10_15_7) AppleWebKit/537.36 (KHTML, like Gecko) Chrome/95.0.4638.69 Safari/537.36"
81.100.250.115 - - [17/Nov/2021:09:26:02 +0000] "GET /wp-includes/js/wplink.min.js?ver=5.7.4 HTTP/1.1" 200 11283 "http://hackney.dazzlingwebplanet.com/wp-admin/" "Mozilla/5.0 (Macintosh; Intel Mac OS X 10_15_7) AppleWebKit/537.36 (KHTML, like Gecko) Chrome/95.0.4638.69 Safari/537.36"
81.100.250.115 - - [17/Nov/2021:09:26:02 +0000] "GET /wp-includes/js/jquery/ui/menu.min.js?ver=1.12.1 HTTP/1.1" 200 9531 "http://hackney.dazzlingwebplanet.com/wp-admin/" "Mozilla/5.0 (Macintosh; Intel Mac OS X 10_15_7) AppleWebKit/537.36 (KHTML, like Gecko) Chrome/95.0.4638.69 Safari/537.36"
81.100.250.115 - - [17/Nov/2021:09:26:02 +0000] "GET /wp-includes/js/jquery/ui/autocomplete.min.js?ver=1.12.1 HTTP/1.1" 200 8539 "http://hackney.dazzlingwebplanet.com/wp-admin/" "Mozilla/5.0 (Macintosh; Intel Mac OS X 10_15_7) AppleWebKit/537.36 (KHTML, like Gecko) Chrome/95.0.4638.69 Safari/537.36"
81.100.250.115 - - [17/Nov/2021:09:26:03 +0000] "GET /wp-includes/js/thickbox/loadingAnimation.gif HTTP/1.1" 200 15238 "http://hackney.dazzlingwebplanet.com/wp-admin/" "Mozilla/5.0 (Macintosh; Intel Mac OS X 10_15_7) AppleWebKit/537.36 (KHTML, like Gecko) Chrome/95.0.4638.69 Safari/537.36"
81.100.250.115 - - [17/Nov/2021:09:26:43 +0000] "GET /wp-includes/css/admin-bar.min.css?ver=5.7.4 HTTP/1.1" 200 19601 "http://hackney.dazzlingwebplanet.com/" "Mozilla/5.0 (Macintosh; Intel Mac OS X 10_15_7) AppleWebKit/537.36 (KHTML, like Gecko) Chrome/95.0.4638.69 Safari/537.36"
81.100.250.115 - - [17/Nov/2021:09:26:43 +0000] "GET /wp-content/plugins/elementor/assets/js/elementor-admin-bar.min.js?ver=3.1.4 HTTP/1.1" 200 25324 "http://hackney.dazzlingwebplanet.com/" "Mozilla/5.0 (Macintosh; Intel Mac OS X 10_15_7) AppleWebKit/537.36 (KHTML, like Gecko) Chrome/95.0.4638.69 Safari/537.36"
81.100.250.115 - - [17/Nov/2021:09:26:49 +0000] "GET /wp-content/plugins/givewp-donation-widgets-for-elementor/assets/dw4elementor-notice.css?ver=744 HTTP/1.1" 200 1227 "http://hackney.dazzlingwebplanet.com/wp-admin/profile.php" "Mozilla/5.0 (Macintosh; Intel Mac OS X 10_15_7) AppleWebKit/537.36 (KHTML, like Gecko) Chrome/95.0.4638.69 Safari/537.36"
81.100.250.115 - - [17/Nov/2021:09:26:49 +0000] "GET /wp-content/plugins/woocommerce/assets/css/admin.css?ver=5.2.2 HTTP/1.1" 200 295998 "http://hackney.dazzlingwebplanet.com/wp-admin/profile.php" "Mozilla/5.0 (Macintosh; Intel Mac OS X 10_15_7) AppleWebKit/537.36 (KHTML, like Gecko) Chrome/95.0.4638.69 Safari/537.36"
81.100.250.115 - - [17/Nov/2021:09:26:49 +0000] "GET /wp-content/plugins/woocommerce/assets/css/jquery-ui/jquery-ui.min.css?ver=5.2.2 HTTP/1.1" 200 30044 "http://hackney.dazzlingwebplanet.com/wp-admin/profile.php" "Mozilla/5.0 (Macintosh; Intel Mac OS X 10_15_7) AppleWebKit/537.36 (KHTML, like Gecko) Chrome/95.0.4638.69 Safari/537.36"
81.100.250.115 - - [17/Nov/2021:09:26:49 +0000] "GET /wp-content/plugins/woocommerce/assets/js/jquery-tiptip/jquery.tipTip.min.js?ver=5.2.2 HTTP/1.1" 200 2737 "http://hackney.dazzlingwebplanet.com/wp-admin/profile.php" "Mozilla/5.0 (Macintosh; Intel Mac OS X 10_15_7) AppleWebKit/537.36 (KHTML, like Gecko) Chrome/95.0.4638.69 Safari/537.36"
81.100.250.115 - - [17/Nov/2021:09:26:49 +0000] "GET /wp-content/plugins/woocommerce/assets/js/selectWoo/selectWoo.full.min.js?ver=1.0.6 HTTP/1.1" 200 76674 "http://hackney.dazzlingwebplanet.com/wp-admin/profile.php" "Mozilla/5.0 (Macintosh; Intel Mac OS X 10_15_7) AppleWebKit/537.36 (KHTML, like Gecko) Chrome/95.0.4638.69 Safari/537.36"
81.100.250.115 - - [17/Nov/2021:09:26:49 +0000] "GET /wp-content/plugins/woocommerce/assets/js/admin/woocommerce_admin.min.js?ver=5.2.2 HTTP/1.1" 200 8285 "http://hackney.dazzlingwebplanet.com/wp-admin/profile.php" "Mozilla/5.0 (Macintosh; Intel Mac OS X 10_15_7) AppleWebKit/537.36 (KHTML, like Gecko) Chrome/95.0.4638.69 Safari/537.36"
81.100.250.115 - - [17/Nov/2021:09:26:49 +0000] "GET /wp-content/plugins/woocommerce/assets/js/admin/wc-enhanced-select.min.js?ver=5.2.2 HTTP/1.1" 200 5294 "http://hackney.dazzlingwebplanet.com/wp-admin/profile.php" "Mozilla/5.0 (Macintosh; Intel Mac OS X 10_15_7) AppleWebKit/537.36 (KHTML, like Gecko) Chrome/95.0.4638.69 Safari/537.36"
81.100.250.115 - - [17/Nov/2021:09:26:49 +0000] "GET /wp-content/plugins/woocommerce/assets/js/admin/users.min.js?ver=5.2.2 HTTP/1.1" 200 1914 "http://hackney.dazzlingwebplanet.com/wp-admin/profile.php" "Mozilla/5.0 (Macintosh; Intel Mac OS X 10_15_7) AppleWebKit/537.36 (KHTML, like Gecko) Chrome/95.0.4638.69 Safari/537.36"
81.100.250.115 - - [17/Nov/2021:09:26:53 +0000] "GET /wp-content/plugins/givewp-donation-widgets-for-elementor/assets/dw4elementor-notice.css?ver=391 HTTP/1.1" 200 1227 "http://hackney.dazzlingwebplanet.com/wp-admin/index.php" "Mozilla/5.0 (Macintosh; Intel Mac OS X 10_15_7) AppleWebKit/537.36 (KHTML, like Gecko) Chrome/95.0.4638.69 Safari/537.36"
77.68.25.176 - - [18/Nov/2021:11:25:56 +0000] "POST /wp-cron.php?doing_wp_cron=1637234756.2847380638122558593750 HTTP/1.0" 200 269 "http://hackney.dazzlingwebplanet.com/wp-cron.php?doing_wp_cron=1637234756.2847380638122558593750" "WordPress/5.7.4; http://hackney.dazzlingwebplanet.com"
54.176.85.243 - - [18/Nov/2021:11:25:56 +0000] "GET / HTTP/1.0" 200 14831 "-" "Mozilla/5.0 (Windows NT 10.0; Win64; x64) AppleWebKit/537.36 (KHTML, like Gecko) Chrome/92.0.4515.131 Safari/537.36"
77.68.25.176 - - [19/Nov/2021:04:09:16 +0000] "POST /wp-cron.php?doing_wp_cron=1637294956.1241250038146972656250 HTTP/1.0" 200 269 "http://hackney.dazzlingwebplanet.com/wp-cron.php?doing_wp_cron=1637294956.1241250038146972656250" "WordPress/5.7.4; http://hackney.dazzlingwebplanet.com"
77.68.25.176 - - [19/Nov/2021:04:09:17 +0000] "GET /wp-json/wp/v2/types/post?context=edit HTTP/1.0" 401 659 "http://hackney.dazzlingwebplanet.com/wp-json/wp/v2/types/post?context=edit" "WordPress/5.7.4; http://hackney.dazzlingwebplanet.com"
77.68.25.176 - - [19/Nov/2021:04:09:18 +0000] "POST /wp-cron.php HTTP/1.0" 200 269 "http://hackney.dazzlingwebplanet.com/wp-cron.php" "WordPress/5.7.4; http://hackney.dazzlingwebplanet.com"
77.68.25.176 - - [19/Nov/2021:04:09:20 +0000] "POST /wp-admin/admin-ajax.php?action=wp_1_wc_privacy_cleanup&nonce=a841b3c633 HTTP/1.0" 200 404 "http://hackney.dazzlingwebplanet.com/wp-admin/admin-ajax.php?action=wp_1_wc_privacy_cleanup&nonce=a841b3c633" "WordPress/5.7.4; http://hackney.dazzlingwebplanet.com"
77.68.25.176 - - [19/Nov/2021:04:09:23 +0000] "POST /wp-cron.php?doing_wp_cron=1637294963.4465351104736328125000 HTTP/1.0" 200 269 "http://hackney.dazzlingwebplanet.com/wp-cron.php?doing_wp_cron=1637294963.4465351104736328125000" "WordPress/5.7.4; http://hackney.dazzlingwebplanet.com"
77.68.25.176 - - [20/Nov/2021:04:09:14 +0000] "POST /wp-cron.php?doing_wp_cron=1637381354.9510819911956787109375 HTTP/1.0" 200 269 "http://hackney.dazzlingwebplanet.com/wp-cron.php?doing_wp_cron=1637381354.9510819911956787109375" "WordPress/5.7.4; http://hackney.dazzlingwebplanet.com"
77.68.25.176 - - [20/Nov/2021:04:09:20 +0000] "POST /wp-admin/admin-ajax.php?action=wp_1_wc_privacy_cleanup&nonce=1681df9a6e HTTP/1.0" 200 404 "http://hackney.dazzlingwebplanet.com/wp-admin/admin-ajax.php?action=wp_1_wc_privacy_cleanup&nonce=1681df9a6e" "WordPress/5.7.4; http://hackney.dazzlingwebplanet.com"
77.68.25.176 - - [20/Nov/2021:04:09:22 +0000] "POST /wp-cron.php?doing_wp_cron=1637381362.8153870105743408203125 HTTP/1.0" 200 269 "http://hackney.dazzlingwebplanet.com/wp-cron.php?doing_wp_cron=1637381362.8153870105743408203125" "WordPress/5.7.4; http://hackney.dazzlingwebplanet.com"
77.68.25.176 - - [21/Nov/2021:04:09:17 +0000] "POST /wp-cron.php?doing_wp_cron=1637467757.2824180126190185546875 HTTP/1.0" 200 269 "http://hackney.dazzlingwebplanet.com/wp-cron.php?doing_wp_cron=1637467757.2824180126190185546875" "WordPress/5.7.4; http://hackney.dazzlingwebplanet.com"
77.68.25.176 - - [21/Nov/2021:04:09:19 +0000] "POST /wp-admin/admin-ajax.php?action=wp_1_wc_privacy_cleanup&nonce=3d111378a2 HTTP/1.0" 200 404 "http://hackney.dazzlingwebplanet.com/wp-admin/admin-ajax.php?action=wp_1_wc_privacy_cleanup&nonce=3d111378a2" "WordPress/5.7.4; http://hackney.dazzlingwebplanet.com"
77.68.25.176 - - [21/Nov/2021:04:09:21 +0000] "POST /wp-cron.php?doing_wp_cron=1637467761.6123020648956298828125 HTTP/1.0" 200 269 "http://hackney.dazzlingwebplanet.com/wp-cron.php?doing_wp_cron=1637467761.6123020648956298828125" "WordPress/5.7.4; http://hackney.dazzlingwebplanet.com"
77.68.25.176 - - [22/Nov/2021:04:09:15 +0000] "POST /wp-cron.php?doing_wp_cron=1637554155.0032560825347900390625 HTTP/1.0" 200 269 "http://hackney.dazzlingwebplanet.com/wp-cron.php?doing_wp_cron=1637554155.0032560825347900390625" "WordPress/5.7.4; http://hackney.dazzlingwebplanet.com"
77.68.25.176 - - [22/Nov/2021:18:01:51 +0000] "POST /wp-cron.php?doing_wp_cron=1637604111.7160890102386474609375 HTTP/1.0" 200 269 "http://hackney.dazzlingwebplanet.com/wp-cron.php?doing_wp_cron=1637604111.7160890102386474609375" "WordPress/5.7.4; http://hackney.dazzlingwebplanet.com"
92.118.160.45 - - [22/Nov/2021:18:01:51 +0000] "GET / HTTP/1.0" 200 92966 "-" "NetSystemsResearch studies the availability of various services across the internet. Our website is netsystemsresearch.com"
66.249.89.187 - - [22/Nov/2021:18:01:58 +0000] "GET /wp-content/plugins/wpforms-lite/assets/images/logo.png HTTP/1.0" 200 264 "http://mail.google.com/" "Mozilla/5.0 (Windows NT 10.0; Win64; x64) AppleWebKit/537.36 (KHTML, like Gecko) Chrome/42.0.2311.135 Safari/537.36 Edge/12.246 Mozilla/5.0"
77.68.25.176 - - [23/Nov/2021:04:09:13 +0000] "POST /wp-cron.php?doing_wp_cron=1637640553.8766028881072998046875 HTTP/1.0" 200 269 "http://hackney.dazzlingwebplanet.com/wp-cron.php?doing_wp_cron=1637640553.8766028881072998046875" "WordPress/5.7.4; http://hackney.dazzlingwebplanet.com"
77.68.25.176 - - [23/Nov/2021:04:09:14 +0000] "POST /wp-admin/admin-ajax.php?action=wp_1_wc_privacy_cleanup&nonce=c6aad74c30 HTTP/1.0" 200 404 "http://hackney.dazzlingwebplanet.com/wp-admin/admin-ajax.php?action=wp_1_wc_privacy_cleanup&nonce=c6aad74c30" "WordPress/5.7.4; http://hackney.dazzlingwebplanet.com"
77.68.25.176 - - [23/Nov/2021:04:09:17 +0000] "POST /wp-cron.php?doing_wp_cron=1637640557.9812738895416259765625 HTTP/1.0" 200 269 "http://hackney.dazzlingwebplanet.com/wp-cron.php?doing_wp_cron=1637640557.9812738895416259765625" "WordPress/5.7.4; http://hackney.dazzlingwebplanet.com"
66.249.89.187 - - [22/Nov/2021:18:01:58 +0000] "GET /wp-content/plugins/wpforms-lite/assets/images/logo.png HTTP/1.1" 200 7668 "http://mail.google.com/" "Mozilla/5.0 (Windows NT 10.0; Win64; x64) AppleWebKit/537.36 (KHTML, like Gecko) Chrome/42.0.2311.135 Safari/537.36 Edge/12.246 Mozilla/5.0"
77.68.25.176 - - [24/Nov/2021:04:09:16 +0000] "POST /wp-cron.php?doing_wp_cron=1637726956.2126350402832031250000 HTTP/1.0" 200 269 "http://hackney.dazzlingwebplanet.com/wp-cron.php?doing_wp_cron=1637726956.2126350402832031250000" "WordPress/5.7.4; http://hackney.dazzlingwebplanet.com"
77.68.25.176 - - [24/Nov/2021:04:09:25 +0000] "POST /wp-cron.php?doing_wp_cron=1637726965.2630670070648193359375 HTTP/1.0" 200 269 "http://hackney.dazzlingwebplanet.com/wp-cron.php?doing_wp_cron=1637726965.2630670070648193359375" "WordPress/5.7.4; http://hackney.dazzlingwebplanet.com"
77.68.25.176 - - [24/Nov/2021:04:09:22 +0000] "POST /wp-admin/admin-ajax.php?action=wp_1_wc_privacy_cleanup&nonce=313664b687 HTTP/1.0" 200 404 "http://hackney.dazzlingwebplanet.com/wp-admin/admin-ajax.php?action=wp_1_wc_privacy_cleanup&nonce=313664b687" "WordPress/5.7.4; http://hackney.dazzlingwebplanet.com"
77.68.25.176 - - [25/Nov/2021:04:09:16 +0000] "POST /wp-cron.php?doing_wp_cron=1637813355.9709739685058593750000 HTTP/1.0" 200 269 "http://hackney.dazzlingwebplanet.com/wp-cron.php?doing_wp_cron=1637813355.9709739685058593750000" "WordPress/5.7.4; http://hackney.dazzlingwebplanet.com"
77.68.25.176 - - [25/Nov/2021:04:09:20 +0000] "POST /wp-admin/admin-ajax.php?action=wp_1_wc_privacy_cleanup&nonce=c0cf40cc02 HTTP/1.0" 200 404 "http://hackney.dazzlingwebplanet.com/wp-admin/admin-ajax.php?action=wp_1_wc_privacy_cleanup&nonce=c0cf40cc02" "WordPress/5.7.4; http://hackney.dazzlingwebplanet.com"
77.68.25.176 - - [25/Nov/2021:04:09:23 +0000] "POST /wp-cron.php?doing_wp_cron=1637813363.7838370800018310546875 HTTP/1.0" 200 269 "http://hackney.dazzlingwebplanet.com/wp-cron.php?doing_wp_cron=1637813363.7838370800018310546875" "WordPress/5.7.4; http://hackney.dazzlingwebplanet.com"
77.68.25.176 - - [25/Nov/2021:04:09:21 +0000] "POST /wp-admin/admin-ajax.php?action=as_async_request_queue_runner&nonce=6d2e84bea4 HTTP/1.0" 200 404 "http://hackney.dazzlingwebplanet.com/wp-admin/admin-ajax.php?action=as_async_request_queue_runner&nonce=6d2e84bea4" "WordPress/5.7.4; http://hackney.dazzlingwebplanet.com"
77.68.25.176 - - [26/Nov/2021:00:32:14 +0000] "POST /wp-cron.php?doing_wp_cron=1637886734.5398740768432617187500 HTTP/1.0" 200 269 "http://hackney.dazzlingwebplanet.com/wp-cron.php?doing_wp_cron=1637886734.5398740768432617187500" "WordPress/5.7.4; http://hackney.dazzlingwebplanet.com"
157.230.109.157 - - [26/Nov/2021:00:32:14 +0000] "GET / HTTP/1.0" 200 14831 "-" "-"
157.230.109.157 - - [26/Nov/2021:00:32:15 +0000] "GET /wp-content/themes/caridad/style.css HTTP/1.0" 200 823 "-" "-"
77.68.25.176 - - [26/Nov/2021:00:32:20 +0000] "GET /wp-json/wp/v2/types/post?context=edit HTTP/1.0" 401 659 "http://hackney.dazzlingwebplanet.com/wp-json/wp/v2/types/post?context=edit" "WordPress/5.7.4; http://hackney.dazzlingwebplanet.com"
77.68.25.176 - - [26/Nov/2021:00:32:22 +0000] "POST /wp-cron.php HTTP/1.0" 200 269 "http://hackney.dazzlingwebplanet.com/wp-cron.php" "WordPress/5.7.4; http://hackney.dazzlingwebplanet.com"
77.68.25.176 - - [26/Nov/2021:00:32:22 +0000] "POST /wp-admin/admin-ajax.php?action=wp_1_wc_privacy_cleanup&nonce=74c05e0cd3 HTTP/1.0" 200 404 "http://hackney.dazzlingwebplanet.com/wp-admin/admin-ajax.php?action=wp_1_wc_privacy_cleanup&nonce=74c05e0cd3" "WordPress/5.7.4; http://hackney.dazzlingwebplanet.com"
77.68.25.176 - - [26/Nov/2021:04:09:14 +0000] "POST /wp-cron.php?doing_wp_cron=1637899754.6558849811553955078125 HTTP/1.0" 200 269 "http://hackney.dazzlingwebplanet.com/wp-cron.php?doing_wp_cron=1637899754.6558849811553955078125" "WordPress/5.7.4; http://hackney.dazzlingwebplanet.com"
77.68.25.176 - - [26/Nov/2021:13:41:41 +0000] "POST /wp-cron.php?doing_wp_cron=1637934101.0067269802093505859375 HTTP/1.0" 200 269 "http://hackney.dazzlingwebplanet.com/wp-cron.php?doing_wp_cron=1637934101.0067269802093505859375" "WordPress/5.7.4; http://hackney.dazzlingwebplanet.com"
34.77.162.19 - - [26/Nov/2021:13:41:40 +0000] "GET / HTTP/1.0" 200 92966 "-" "Expanse indexes the network perimeters of our customers. If you have any questions or concerns, please reach out to: scaninfo@expanseinc.com"
77.68.25.176 - - [27/Nov/2021:04:09:16 +0000] "POST /wp-cron.php?doing_wp_cron=1637986156.2027990818023681640625 HTTP/1.0" 200 269 "http://hackney.dazzlingwebplanet.com/wp-cron.php?doing_wp_cron=1637986156.2027990818023681640625" "WordPress/5.7.4; http://hackney.dazzlingwebplanet.com"
77.68.25.176 - - [27/Nov/2021:04:09:21 +0000] "POST /wp-admin/admin-ajax.php?action=wp_1_wc_privacy_cleanup&nonce=942b8bfe8b HTTP/1.0" 200 404 "http://hackney.dazzlingwebplanet.com/wp-admin/admin-ajax.php?action=wp_1_wc_privacy_cleanup&nonce=942b8bfe8b" "WordPress/5.7.4; http://hackney.dazzlingwebplanet.com"
77.68.25.176 - - [27/Nov/2021:04:09:23 +0000] "POST /wp-cron.php?doing_wp_cron=1637986163.9350810050964355468750 HTTP/1.0" 200 269 "http://hackney.dazzlingwebplanet.com/wp-cron.php?doing_wp_cron=1637986163.9350810050964355468750" "WordPress/5.7.4; http://hackney.dazzlingwebplanet.com"
77.68.25.176 - - [28/Nov/2021:04:09:14 +0000] "POST /wp-cron.php?doing_wp_cron=1638072554.7282130718231201171875 HTTP/1.0" 200 269 "http://hackney.dazzlingwebplanet.com/wp-cron.php?doing_wp_cron=1638072554.7282130718231201171875" "WordPress/5.7.4; http://hackney.dazzlingwebplanet.com"
77.68.25.176 - - [28/Nov/2021:04:09:19 +0000] "POST /wp-admin/admin-ajax.php?action=wp_1_wc_privacy_cleanup&nonce=269a953ebb HTTP/1.0" 200 404 "http://hackney.dazzlingwebplanet.com/wp-admin/admin-ajax.php?action=wp_1_wc_privacy_cleanup&nonce=269a953ebb" "WordPress/5.7.4; http://hackney.dazzlingwebplanet.com"
77.68.25.176 - - [28/Nov/2021:04:09:22 +0000] "POST /wp-cron.php?doing_wp_cron=1638072562.5037810802459716796875 HTTP/1.0" 200 269 "http://hackney.dazzlingwebplanet.com/wp-cron.php?doing_wp_cron=1638072562.5037810802459716796875" "WordPress/5.7.4; http://hackney.dazzlingwebplanet.com"
77.68.25.176 - - [28/Nov/2021:12:25:16 +0000] "POST /wp-cron.php?doing_wp_cron=1638102316.8768548965454101562500 HTTP/1.0" 200 269 "http://hackney.dazzlingwebplanet.com/wp-cron.php?doing_wp_cron=1638102316.8768548965454101562500" "WordPress/5.7.4; http://hackney.dazzlingwebplanet.com"
92.118.160.37 - - [28/Nov/2021:12:25:16 +0000] "GET / HTTP/1.0" 200 92966 "-" "NetSystemsResearch studies the availability of various services across the internet. Our website is netsystemsresearch.com"
77.68.25.176 - - [29/Nov/2021:04:09:15 +0000] "POST /wp-cron.php?doing_wp_cron=1638158955.0460379123687744140625 HTTP/1.0" 200 269 "http://hackney.dazzlingwebplanet.com/wp-cron.php?doing_wp_cron=1638158955.0460379123687744140625" "WordPress/5.7.4; http://hackney.dazzlingwebplanet.com"
77.68.25.176 - - [29/Nov/2021:04:09:17 +0000] "POST /wp-admin/admin-ajax.php?action=wp_1_wc_privacy_cleanup&nonce=3eef68357d HTTP/1.0" 200 404 "http://hackney.dazzlingwebplanet.com/wp-admin/admin-ajax.php?action=wp_1_wc_privacy_cleanup&nonce=3eef68357d" "WordPress/5.7.4; http://hackney.dazzlingwebplanet.com"
77.68.25.176 - - [29/Nov/2021:04:09:19 +0000] "POST /wp-cron.php?doing_wp_cron=1638158959.2701900005340576171875 HTTP/1.0" 200 269 "http://hackney.dazzlingwebplanet.com/wp-cron.php?doing_wp_cron=1638158959.2701900005340576171875" "WordPress/5.7.4; http://hackney.dazzlingwebplanet.com"
77.68.25.176 - - [30/Nov/2021:04:09:15 +0000] "POST /wp-cron.php?doing_wp_cron=1638245355.0587439537048339843750 HTTP/1.0" 200 269 "http://hackney.dazzlingwebplanet.com/wp-cron.php?doing_wp_cron=1638245355.0587439537048339843750" "WordPress/5.7.4; http://hackney.dazzlingwebplanet.com"
77.68.25.176 - - [30/Nov/2021:04:09:17 +0000] "POST /wp-admin/admin-ajax.php?action=wp_1_wc_privacy_cleanup&nonce=97bd649770 HTTP/1.0" 200 404 "http://hackney.dazzlingwebplanet.com/wp-admin/admin-ajax.php?action=wp_1_wc_privacy_cleanup&nonce=97bd649770" "WordPress/5.7.4; http://hackney.dazzlingwebplanet.com"
66.249.89.183 - - [30/Nov/2021:04:09:17 +0000] "GET /wp-content/plugins/wpforms-lite/assets/images/logo.png HTTP/1.0" 200 264 "http://mail.google.com/" "Mozilla/5.0 (Windows NT 10.0; Win64; x64) AppleWebKit/537.36 (KHTML, like Gecko) Chrome/42.0.2311.135 Safari/537.36 Edge/12.246 Mozilla/5.0"
77.68.25.176 - - [30/Nov/2021:04:09:19 +0000] "POST /wp-cron.php?doing_wp_cron=1638245359.2819209098815917968750 HTTP/1.0" 200 269 "http://hackney.dazzlingwebplanet.com/wp-cron.php?doing_wp_cron=1638245359.2819209098815917968750" "WordPress/5.7.4; http://hackney.dazzlingwebplanet.com"
66.249.89.183 - - [30/Nov/2021:04:09:17 +0000] "GET /wp-content/plugins/wpforms-lite/assets/images/logo.png HTTP/1.1" 200 7668 "http://mail.google.com/" "Mozilla/5.0 (Windows NT 10.0; Win64; x64) AppleWebKit/537.36 (KHTML, like Gecko) Chrome/42.0.2311.135 Safari/537.36 Edge/12.246 Mozilla/5.0"
77.68.25.176 - - [01/Dec/2021:04:09:16 +0000] "POST /wp-cron.php?doing_wp_cron=1638331756.4487650394439697265625 HTTP/1.0" 200 269 "http://hackney.dazzlingwebplanet.com/wp-cron.php?doing_wp_cron=1638331756.4487650394439697265625" "WordPress/5.7.4; http://hackney.dazzlingwebplanet.com"
77.68.25.176 - - [01/Dec/2021:04:09:21 +0000] "POST /wp-admin/admin-ajax.php?action=wp_1_wc_privacy_cleanup&nonce=90fa0d6a22 HTTP/1.0" 200 404 "http://hackney.dazzlingwebplanet.com/wp-admin/admin-ajax.php?action=wp_1_wc_privacy_cleanup&nonce=90fa0d6a22" "WordPress/5.7.4; http://hackney.dazzlingwebplanet.com"
77.68.25.176 - - [01/Dec/2021:04:09:24 +0000] "POST /wp-cron.php?doing_wp_cron=1638331764.3918359279632568359375 HTTP/1.0" 200 269 "http://hackney.dazzlingwebplanet.com/wp-cron.php?doing_wp_cron=1638331764.3918359279632568359375" "WordPress/5.7.4; http://hackney.dazzlingwebplanet.com"
77.68.25.176 - - [02/Dec/2021:04:09:13 +0000] "POST /wp-cron.php?doing_wp_cron=1638418153.1429018974304199218750 HTTP/1.0" 200 269 "http://hackney.dazzlingwebplanet.com/wp-cron.php?doing_wp_cron=1638418153.1429018974304199218750" "WordPress/5.7.4; http://hackney.dazzlingwebplanet.com"
77.68.25.176 - - [02/Dec/2021:04:09:18 +0000] "POST /wp-admin/admin-ajax.php?action=wp_1_wc_privacy_cleanup&nonce=ea55d617a3 HTTP/1.0" 200 404 "http://hackney.dazzlingwebplanet.com/wp-admin/admin-ajax.php?action=wp_1_wc_privacy_cleanup&nonce=ea55d617a3" "WordPress/5.7.4; http://hackney.dazzlingwebplanet.com"
77.68.25.176 - - [02/Dec/2021:04:09:20 +0000] "POST /wp-cron.php?doing_wp_cron=1638418160.8487029075622558593750 HTTP/1.0" 200 269 "http://hackney.dazzlingwebplanet.com/wp-cron.php?doing_wp_cron=1638418160.8487029075622558593750" "WordPress/5.7.4; http://hackney.dazzlingwebplanet.com"
77.68.25.176 - - [02/Dec/2021:04:09:18 +0000] "POST /wp-admin/admin-ajax.php?action=as_async_request_queue_runner&nonce=25b6a8990b HTTP/1.0" 200 404 "http://hackney.dazzlingwebplanet.com/wp-admin/admin-ajax.php?action=as_async_request_queue_runner&nonce=25b6a8990b" "WordPress/5.7.4; http://hackney.dazzlingwebplanet.com"
77.68.25.176 - - [03/Dec/2021:04:09:14 +0000] "POST /wp-cron.php?doing_wp_cron=1638504554.8266749382019042968750 HTTP/1.0" 200 269 "http://hackney.dazzlingwebplanet.com/wp-cron.php?doing_wp_cron=1638504554.8266749382019042968750" "WordPress/5.7.4; http://hackney.dazzlingwebplanet.com"
77.68.25.176 - - [03/Dec/2021:04:09:20 +0000] "GET /wp-json/wp/v2/types/post?context=edit HTTP/1.0" 401 659 "http://hackney.dazzlingwebplanet.com/wp-json/wp/v2/types/post?context=edit" "WordPress/5.7.4; http://hackney.dazzlingwebplanet.com"
77.68.25.176 - - [03/Dec/2021:04:09:21 +0000] "POST /wp-cron.php HTTP/1.0" 200 269 "http://hackney.dazzlingwebplanet.com/wp-cron.php" "WordPress/5.7.4; http://hackney.dazzlingwebplanet.com"
77.68.25.176 - - [03/Dec/2021:04:09:22 +0000] "POST /wp-admin/admin-ajax.php?action=wp_1_wc_privacy_cleanup&nonce=70ab781e97 HTTP/1.0" 200 404 "http://hackney.dazzlingwebplanet.com/wp-admin/admin-ajax.php?action=wp_1_wc_privacy_cleanup&nonce=70ab781e97" "WordPress/5.7.4; http://hackney.dazzlingwebplanet.com"
77.68.25.176 - - [03/Dec/2021:04:09:24 +0000] "POST /wp-cron.php?doing_wp_cron=1638504564.8006730079650878906250 HTTP/1.0" 200 269 "http://hackney.dazzlingwebplanet.com/wp-cron.php?doing_wp_cron=1638504564.8006730079650878906250" "WordPress/5.7.4; http://hackney.dazzlingwebplanet.com"
77.68.25.176 - - [03/Dec/2021:04:09:22 +0000] "POST /wp-admin/admin-ajax.php?action=as_async_request_queue_runner&nonce=aa8796e40b HTTP/1.0" 200 404 "http://hackney.dazzlingwebplanet.com/wp-admin/admin-ajax.php?action=as_async_request_queue_runner&nonce=aa8796e40b" "WordPress/5.7.4; http://hackney.dazzlingwebplanet.com"
77.68.25.176 - - [04/Dec/2021:04:09:14 +0000] "POST /wp-cron.php?doing_wp_cron=1638590954.1175899505615234375000 HTTP/1.0" 200 269 "http://hackney.dazzlingwebplanet.com/wp-cron.php?doing_wp_cron=1638590954.1175899505615234375000" "WordPress/5.7.4; http://hackney.dazzlingwebplanet.com"
77.68.25.176 - - [04/Dec/2021:04:09:18 +0000] "POST /wp-admin/admin-ajax.php?action=wp_1_wc_privacy_cleanup&nonce=c68dd8422d HTTP/1.0" 200 404 "http://hackney.dazzlingwebplanet.com/wp-admin/admin-ajax.php?action=wp_1_wc_privacy_cleanup&nonce=c68dd8422d" "WordPress/5.7.4; http://hackney.dazzlingwebplanet.com"
77.68.25.176 - - [04/Dec/2021:04:09:21 +0000] "POST /wp-cron.php?doing_wp_cron=1638590961.6473419666290283203125 HTTP/1.0" 200 269 "http://hackney.dazzlingwebplanet.com/wp-cron.php?doing_wp_cron=1638590961.6473419666290283203125" "WordPress/5.7.4; http://hackney.dazzlingwebplanet.com"
77.68.25.176 - - [04/Dec/2021:04:09:19 +0000] "POST /wp-admin/admin-ajax.php?action=as_async_request_queue_runner&nonce=61b2062efa HTTP/1.0" 200 404 "http://hackney.dazzlingwebplanet.com/wp-admin/admin-ajax.php?action=as_async_request_queue_runner&nonce=61b2062efa" "WordPress/5.7.4; http://hackney.dazzlingwebplanet.com"
77.68.25.176 - - [04/Dec/2021:04:09:25 +0000] "POST /wp-admin/admin-ajax.php?action=as_async_request_queue_runner&nonce=61b2062efa HTTP/1.0" 200 404 "http://hackney.dazzlingwebplanet.com/wp-admin/admin-ajax.php?action=as_async_request_queue_runner&nonce=61b2062efa" "WordPress/5.7.4; http://hackney.dazzlingwebplanet.com"
77.68.25.176 - - [05/Dec/2021:04:09:16 +0000] "POST /wp-cron.php?doing_wp_cron=1638677356.0795199871063232421875 HTTP/1.0" 200 269 "http://hackney.dazzlingwebplanet.com/wp-cron.php?doing_wp_cron=1638677356.0795199871063232421875" "WordPress/5.7.4; http://hackney.dazzlingwebplanet.com"
77.68.25.176 - - [05/Dec/2021:04:09:20 +0000] "POST /wp-admin/admin-ajax.php?action=wp_1_wc_privacy_cleanup&nonce=0cee2b63c9 HTTP/1.0" 200 404 "http://hackney.dazzlingwebplanet.com/wp-admin/admin-ajax.php?action=wp_1_wc_privacy_cleanup&nonce=0cee2b63c9" "WordPress/5.7.4; http://hackney.dazzlingwebplanet.com"
77.68.25.176 - - [05/Dec/2021:04:09:23 +0000] "POST /wp-cron.php?doing_wp_cron=1638677363.8579370975494384765625 HTTP/1.0" 200 269 "http://hackney.dazzlingwebplanet.com/wp-cron.php?doing_wp_cron=1638677363.8579370975494384765625" "WordPress/5.7.4; http://hackney.dazzlingwebplanet.com"
77.68.25.176 - - [06/Dec/2021:04:09:15 +0000] "POST /wp-cron.php?doing_wp_cron=1638763755.3358039855957031250000 HTTP/1.0" 200 269 "http://hackney.dazzlingwebplanet.com/wp-cron.php?doing_wp_cron=1638763755.3358039855957031250000" "WordPress/5.7.4; http://hackney.dazzlingwebplanet.com"
77.68.25.176 - - [06/Dec/2021:04:09:20 +0000] "POST /wp-admin/admin-ajax.php?action=wp_1_wc_privacy_cleanup&nonce=9bf7c76ffb HTTP/1.0" 200 404 "http://hackney.dazzlingwebplanet.com/wp-admin/admin-ajax.php?action=wp_1_wc_privacy_cleanup&nonce=9bf7c76ffb" "WordPress/5.7.4; http://hackney.dazzlingwebplanet.com"
77.68.25.176 - - [06/Dec/2021:04:09:23 +0000] "POST /wp-cron.php?doing_wp_cron=1638763763.2132821083068847656250 HTTP/1.0" 200 269 "http://hackney.dazzlingwebplanet.com/wp-cron.php?doing_wp_cron=1638763763.2132821083068847656250" "WordPress/5.7.4; http://hackney.dazzlingwebplanet.com"
77.68.25.176 - - [07/Dec/2021:04:09:20 +0000] "POST /wp-cron.php?doing_wp_cron=1638850160.0975990295410156250000 HTTP/1.0" 200 269 "http://hackney.dazzlingwebplanet.com/wp-cron.php?doing_wp_cron=1638850160.0975990295410156250000" "WordPress/5.7.4; http://hackney.dazzlingwebplanet.com"
74.125.216.11 - - [07/Dec/2021:04:09:23 +0000] "GET /wp-content/plugins/wpforms-lite/assets/images/logo.png HTTP/1.0" 200 264 "http://mail.google.com/" "Mozilla/5.0 (Windows NT 10.0; Win64; x64) AppleWebKit/537.36 (KHTML, like Gecko) Chrome/42.0.2311.135 Safari/537.36 Edge/12.246 Mozilla/5.0"
77.68.25.176 - - [07/Dec/2021:04:09:25 +0000] "POST /wp-admin/admin-ajax.php?action=wp_1_wc_privacy_cleanup&nonce=f5d5885e05 HTTP/1.0" 200 404 "http://hackney.dazzlingwebplanet.com/wp-admin/admin-ajax.php?action=wp_1_wc_privacy_cleanup&nonce=f5d5885e05" "WordPress/5.7.4; http://hackney.dazzlingwebplanet.com"
77.68.25.176 - - [07/Dec/2021:04:09:28 +0000] "POST /wp-cron.php?doing_wp_cron=1638850168.4007909297943115234375 HTTP/1.0" 200 269 "http://hackney.dazzlingwebplanet.com/wp-cron.php?doing_wp_cron=1638850168.4007909297943115234375" "WordPress/5.7.4; http://hackney.dazzlingwebplanet.com"
74.125.216.11 - - [07/Dec/2021:04:09:23 +0000] "GET /wp-content/plugins/wpforms-lite/assets/images/logo.png HTTP/1.1" 200 7668 "http://mail.google.com/" "Mozilla/5.0 (Windows NT 10.0; Win64; x64) AppleWebKit/537.36 (KHTML, like Gecko) Chrome/42.0.2311.135 Safari/537.36 Edge/12.246 Mozilla/5.0"
77.68.25.176 - - [08/Dec/2021:04:09:15 +0000] "POST /wp-cron.php?doing_wp_cron=1638936555.3611919879913330078125 HTTP/1.0" 200 269 "http://hackney.dazzlingwebplanet.com/wp-cron.php?doing_wp_cron=1638936555.3611919879913330078125" "WordPress/5.7.4; http://hackney.dazzlingwebplanet.com"
77.68.25.176 - - [08/Dec/2021:04:09:20 +0000] "POST /wp-admin/admin-ajax.php?action=wp_1_wc_privacy_cleanup&nonce=319551fd5c HTTP/1.0" 200 404 "http://hackney.dazzlingwebplanet.com/wp-admin/admin-ajax.php?action=wp_1_wc_privacy_cleanup&nonce=319551fd5c" "WordPress/5.7.4; http://hackney.dazzlingwebplanet.com"
77.68.25.176 - - [08/Dec/2021:04:09:23 +0000] "POST /wp-cron.php?doing_wp_cron=1638936562.9928529262542724609375 HTTP/1.0" 200 269 "http://hackney.dazzlingwebplanet.com/wp-cron.php?doing_wp_cron=1638936562.9928529262542724609375" "WordPress/5.7.4; http://hackney.dazzlingwebplanet.com"
77.68.25.176 - - [08/Dec/2021:04:09:21 +0000] "POST /wp-admin/admin-ajax.php?action=as_async_request_queue_runner&nonce=a9dd5270be HTTP/1.0" 200 404 "http://hackney.dazzlingwebplanet.com/wp-admin/admin-ajax.php?action=as_async_request_queue_runner&nonce=a9dd5270be" "WordPress/5.7.4; http://hackney.dazzlingwebplanet.com"
77.68.25.176 - - [09/Dec/2021:04:09:14 +0000] "POST /wp-cron.php?doing_wp_cron=1639022954.2301249504089355468750 HTTP/1.0" 200 269 "http://hackney.dazzlingwebplanet.com/wp-cron.php?doing_wp_cron=1639022954.2301249504089355468750" "WordPress/5.7.4; http://hackney.dazzlingwebplanet.com"
77.68.25.176 - - [09/Dec/2021:04:09:19 +0000] "POST /wp-admin/admin-ajax.php?action=wp_1_wc_privacy_cleanup&nonce=518cced718 HTTP/1.0" 200 404 "http://hackney.dazzlingwebplanet.com/wp-admin/admin-ajax.php?action=wp_1_wc_privacy_cleanup&nonce=518cced718" "WordPress/5.7.4; http://hackney.dazzlingwebplanet.com"
77.68.25.176 - - [09/Dec/2021:04:09:21 +0000] "POST /wp-cron.php?doing_wp_cron=1639022961.8252489566802978515625 HTTP/1.0" 200 269 "http://hackney.dazzlingwebplanet.com/wp-cron.php?doing_wp_cron=1639022961.8252489566802978515625" "WordPress/5.7.4; http://hackney.dazzlingwebplanet.com"
77.68.25.176 - - [09/Dec/2021:05:30:37 +0000] "POST /wp-cron.php?doing_wp_cron=1639027837.4871139526367187500000 HTTP/1.0" 200 269 "http://hackney.dazzlingwebplanet.com/wp-cron.php?doing_wp_cron=1639027837.4871139526367187500000" "WordPress/5.7.4; http://hackney.dazzlingwebplanet.com"
13.48.85.134 - - [09/Dec/2021:05:30:37 +0000] "HEAD / HTTP/1.0" 200 402 "-" "Mozilla/5.0 (Windows NT 10.0; Win64; x64) AppleWebKit/537.36 (KHTML, like Gecko) Chrome/92.0.4515.131 Safari/537.36"
77.68.25.176 - - [09/Dec/2021:14:07:37 +0000] "POST /wp-cron.php?doing_wp_cron=1639058857.9525289535522460937500 HTTP/1.0" 200 269 "http://hackney.dazzlingwebplanet.com/wp-cron.php?doing_wp_cron=1639058857.9525289535522460937500" "WordPress/5.7.4; http://hackney.dazzlingwebplanet.com"
167.94.138.43 - - [09/Dec/2021:14:07:37 +0000] "GET / HTTP/1.0" 200 14831 "-" "Mozilla/5.0 (compatible; CensysInspect/1.1; +https://about.censys.io/)"
77.68.25.176 - - [10/Dec/2021:04:09:14 +0000] "POST /wp-cron.php?doing_wp_cron=1639109354.9094960689544677734375 HTTP/1.0" 200 269 "http://hackney.dazzlingwebplanet.com/wp-cron.php?doing_wp_cron=1639109354.9094960689544677734375" "WordPress/5.7.4; http://hackney.dazzlingwebplanet.com"
77.68.25.176 - - [10/Dec/2021:04:09:16 +0000] "GET /wp-json/wp/v2/types/post?context=edit HTTP/1.0" 401 659 "http://hackney.dazzlingwebplanet.com/wp-json/wp/v2/types/post?context=edit" "WordPress/5.7.4; http://hackney.dazzlingwebplanet.com"
77.68.25.176 - - [10/Dec/2021:04:09:17 +0000] "POST /wp-cron.php HTTP/1.0" 200 269 "http://hackney.dazzlingwebplanet.com/wp-cron.php" "WordPress/5.7.4; http://hackney.dazzlingwebplanet.com"
77.68.25.176 - - [10/Dec/2021:04:09:18 +0000] "POST /wp-admin/admin-ajax.php?action=wp_1_wc_privacy_cleanup&nonce=a47f5968ca HTTP/1.0" 200 404 "http://hackney.dazzlingwebplanet.com/wp-admin/admin-ajax.php?action=wp_1_wc_privacy_cleanup&nonce=a47f5968ca" "WordPress/5.7.4; http://hackney.dazzlingwebplanet.com"
77.68.25.176 - - [10/Dec/2021:04:09:22 +0000] "POST /wp-cron.php?doing_wp_cron=1639109362.2509150505065917968750 HTTP/1.0" 200 269 "http://hackney.dazzlingwebplanet.com/wp-cron.php?doing_wp_cron=1639109362.2509150505065917968750" "WordPress/5.7.4; http://hackney.dazzlingwebplanet.com"
77.68.25.176 - - [11/Dec/2021:04:09:18 +0000] "POST /wp-cron.php?doing_wp_cron=1639195758.5804290771484375000000 HTTP/1.0" 200 269 "http://hackney.dazzlingwebplanet.com/wp-cron.php?doing_wp_cron=1639195758.5804290771484375000000" "WordPress/5.7.4; http://hackney.dazzlingwebplanet.com"
77.68.25.176 - - [11/Dec/2021:04:09:23 +0000] "POST /wp-admin/admin-ajax.php?action=wp_1_wc_privacy_cleanup&nonce=c6c78a05ec HTTP/1.0" 200 404 "http://hackney.dazzlingwebplanet.com/wp-admin/admin-ajax.php?action=wp_1_wc_privacy_cleanup&nonce=c6c78a05ec" "WordPress/5.7.4; http://hackney.dazzlingwebplanet.com"
77.68.25.176 - - [11/Dec/2021:04:09:26 +0000] "POST /wp-cron.php?doing_wp_cron=1639195766.2540938854217529296875 HTTP/1.0" 200 269 "http://hackney.dazzlingwebplanet.com/wp-cron.php?doing_wp_cron=1639195766.2540938854217529296875" "WordPress/5.7.4; http://hackney.dazzlingwebplanet.com"
77.68.25.176 - - [11/Dec/2021:04:09:24 +0000] "POST /wp-admin/admin-ajax.php?action=as_async_request_queue_runner&nonce=2da4003df5 HTTP/1.0" 200 404 "http://hackney.dazzlingwebplanet.com/wp-admin/admin-ajax.php?action=as_async_request_queue_runner&nonce=2da4003df5" "WordPress/5.7.4; http://hackney.dazzlingwebplanet.com"
77.68.25.176 - - [11/Dec/2021:19:38:59 +0000] "POST /wp-cron.php?doing_wp_cron=1639251539.2011609077453613281250 HTTP/1.0" 200 269 "http://hackney.dazzlingwebplanet.com/wp-cron.php?doing_wp_cron=1639251539.2011609077453613281250" "WordPress/5.7.4; http://hackney.dazzlingwebplanet.com"
52.17.98.131 - - [11/Dec/2021:19:38:58 +0000] "GET / HTTP/1.0" 200 14831 "-" "Mozilla/5.0 (compatible; Detectify; subdomain-takeover)"
77.68.25.176 - - [12/Dec/2021:03:43:10 +0000] "POST /wp-cron.php?doing_wp_cron=1639280590.1011209487915039062500 HTTP/1.0" 200 269 "http://hackney.dazzlingwebplanet.com/wp-cron.php?doing_wp_cron=1639280590.1011209487915039062500" "WordPress/5.7.4; http://hackney.dazzlingwebplanet.com"
52.17.98.131 - - [12/Dec/2021:03:43:09 +0000] "GET / HTTP/1.0" 200 14831 "-" "Mozilla/5.0 (compatible; Detectify; subdomain-takeover)"
77.68.25.176 - - [12/Dec/2021:03:43:11 +0000] "POST /wp-admin/admin-ajax.php?action=wp_1_wc_privacy_cleanup&nonce=e8ba68cbb7 HTTP/1.0" 200 404 "http://hackney.dazzlingwebplanet.com/wp-admin/admin-ajax.php?action=wp_1_wc_privacy_cleanup&nonce=e8ba68cbb7" "WordPress/5.7.4; http://hackney.dazzlingwebplanet.com"
77.68.25.176 - - [12/Dec/2021:04:09:18 +0000] "POST /wp-cron.php?doing_wp_cron=1639282158.4407799243927001953125 HTTP/1.0" 200 269 "http://hackney.dazzlingwebplanet.com/wp-cron.php?doing_wp_cron=1639282158.4407799243927001953125" "WordPress/5.7.4; http://hackney.dazzlingwebplanet.com"
77.68.25.176 - - [12/Dec/2021:11:46:04 +0000] "POST /wp-cron.php?doing_wp_cron=1639309564.4866468906402587890625 HTTP/1.0" 200 269 "http://hackney.dazzlingwebplanet.com/wp-cron.php?doing_wp_cron=1639309564.4866468906402587890625" "WordPress/5.7.4; http://hackney.dazzlingwebplanet.com"
52.17.98.131 - - [12/Dec/2021:11:46:04 +0000] "GET / HTTP/1.0" 200 14831 "-" "Mozilla/5.0 (compatible; Detectify; subdomain-takeover)"
77.68.25.176 - - [12/Dec/2021:19:49:25 +0000] "POST /wp-cron.php?doing_wp_cron=1639338565.7507100105285644531250 HTTP/1.0" 200 269 "http://hackney.dazzlingwebplanet.com/wp-cron.php?doing_wp_cron=1639338565.7507100105285644531250" "WordPress/5.7.4; http://hackney.dazzlingwebplanet.com"
52.17.98.131 - - [12/Dec/2021:19:49:25 +0000] "GET / HTTP/1.0" 200 14830 "-" "Mozilla/5.0 (compatible; Detectify; subdomain-takeover)"
52.17.98.131 - - [12/Dec/2021:19:49:26 +0000] "GET / HTTP/1.0" 200 14830 "-" "Mozilla/5.0 (compatible; Detectify; subdomain-takeover)"
77.68.25.176 - - [13/Dec/2021:03:52:52 +0000] "POST /wp-cron.php?doing_wp_cron=1639367572.1072349548339843750000 HTTP/1.0" 200 269 "http://hackney.dazzlingwebplanet.com/wp-cron.php?doing_wp_cron=1639367572.1072349548339843750000" "WordPress/5.7.4; http://hackney.dazzlingwebplanet.com"
52.17.98.131 - - [13/Dec/2021:03:52:51 +0000] "GET / HTTP/1.0" 200 14830 "-" "Mozilla/5.0 (compatible; Detectify; subdomain-takeover)"
77.68.25.176 - - [13/Dec/2021:03:52:53 +0000] "POST /wp-admin/admin-ajax.php?action=wp_1_wc_privacy_cleanup&nonce=ad65831300 HTTP/1.0" 200 404 "http://hackney.dazzlingwebplanet.com/wp-admin/admin-ajax.php?action=wp_1_wc_privacy_cleanup&nonce=ad65831300" "WordPress/5.7.4; http://hackney.dazzlingwebplanet.com"
77.68.25.176 - - [13/Dec/2021:04:09:16 +0000] "POST /wp-cron.php?doing_wp_cron=1639368556.3900380134582519531250 HTTP/1.0" 200 269 "http://hackney.dazzlingwebplanet.com/wp-cron.php?doing_wp_cron=1639368556.3900380134582519531250" "WordPress/5.7.4; http://hackney.dazzlingwebplanet.com"
77.68.25.176 - - [13/Dec/2021:10:58:22 +0000] "POST /wp-cron.php?doing_wp_cron=1639393102.9331419467926025390625 HTTP/1.0" 200 269 "http://hackney.dazzlingwebplanet.com/wp-cron.php?doing_wp_cron=1639393102.9331419467926025390625" "WordPress/5.7.4; http://hackney.dazzlingwebplanet.com"
15.237.25.22 - - [13/Dec/2021:10:58:22 +0000] "GET / HTTP/1.0" 200 14830 "-" "Mozilla/5.0 (Windows NT 10.0; Win64; x64) AppleWebKit/537.36 (KHTML, like Gecko) Chrome/91.0.4472.124 Safari/537.36"
77.68.25.176 - - [13/Dec/2021:11:57:47 +0000] "POST /wp-cron.php?doing_wp_cron=1639396667.0570290088653564453125 HTTP/1.0" 200 269 "http://hackney.dazzlingwebplanet.com/wp-cron.php?doing_wp_cron=1639396667.0570290088653564453125" "WordPress/5.7.4; http://hackney.dazzlingwebplanet.com"
52.17.98.131 - - [13/Dec/2021:11:57:46 +0000] "GET / HTTP/1.0" 200 14830 "-" "Mozilla/5.0 (compatible; Detectify; subdomain-takeover)"
77.68.25.176 - - [13/Dec/2021:20:00:30 +0000] "POST /wp-cron.php?doing_wp_cron=1639425630.1541199684143066406250 HTTP/1.0" 200 269 "http://hackney.dazzlingwebplanet.com/wp-cron.php?doing_wp_cron=1639425630.1541199684143066406250" "WordPress/5.7.4; http://hackney.dazzlingwebplanet.com"
52.17.98.131 - - [13/Dec/2021:20:00:29 +0000] "GET / HTTP/1.0" 200 14830 "-" "Mozilla/5.0 (compatible; Detectify; subdomain-takeover)"
72.14.199.149 - - [13/Dec/2021:20:00:32 +0000] "GET /wp-content/plugins/wpforms-lite/assets/images/logo.png HTTP/1.0" 200 264 "http://mail.google.com/" "Mozilla/5.0 (Windows NT 10.0; Win64; x64) AppleWebKit/537.36 (KHTML, like Gecko) Chrome/42.0.2311.135 Safari/537.36 Edge/12.246 Mozilla/5.0"
77.68.25.176 - - [14/Dec/2021:04:04:07 +0000] "POST /wp-cron.php?doing_wp_cron=1639454647.5760190486907958984375 HTTP/1.0" 200 269 "http://hackney.dazzlingwebplanet.com/wp-cron.php?doing_wp_cron=1639454647.5760190486907958984375" "WordPress/5.7.4; http://hackney.dazzlingwebplanet.com"
52.17.98.131 - - [14/Dec/2021:04:04:07 +0000] "GET / HTTP/1.0" 200 14832 "-" "Mozilla/5.0 (compatible; Detectify; subdomain-takeover)"
52.17.98.131 - - [14/Dec/2021:04:04:08 +0000] "GET / HTTP/1.0" 200 14832 "-" "Mozilla/5.0 (compatible; Detectify; subdomain-takeover)"
77.68.25.176 - - [14/Dec/2021:04:04:08 +0000] "POST /wp-admin/admin-ajax.php?action=wp_1_wc_privacy_cleanup&nonce=8408d52d85 HTTP/1.0" 200 404 "http://hackney.dazzlingwebplanet.com/wp-admin/admin-ajax.php?action=wp_1_wc_privacy_cleanup&nonce=8408d52d85" "WordPress/5.7.4; http://hackney.dazzlingwebplanet.com"
77.68.25.176 - - [14/Dec/2021:04:09:16 +0000] "POST /wp-cron.php?doing_wp_cron=1639454956.4170250892639160156250 HTTP/1.0" 200 269 "http://hackney.dazzlingwebplanet.com/wp-cron.php?doing_wp_cron=1639454956.4170250892639160156250" "WordPress/5.7.4; http://hackney.dazzlingwebplanet.com"
72.14.199.149 - - [13/Dec/2021:20:00:32 +0000] "GET /wp-content/plugins/wpforms-lite/assets/images/logo.png HTTP/1.1" 200 7668 "http://mail.google.com/" "Mozilla/5.0 (Windows NT 10.0; Win64; x64) AppleWebKit/537.36 (KHTML, like Gecko) Chrome/42.0.2311.135 Safari/537.36 Edge/12.246 Mozilla/5.0"
77.68.25.176 - - [14/Dec/2021:12:03:28 +0000] "POST /wp-cron.php?doing_wp_cron=1639483408.0389389991760253906250 HTTP/1.0" 200 269 "http://hackney.dazzlingwebplanet.com/wp-cron.php?doing_wp_cron=1639483408.0389389991760253906250" "WordPress/5.7.4; http://hackney.dazzlingwebplanet.com"
52.17.98.131 - - [14/Dec/2021:12:03:27 +0000] "GET / HTTP/1.0" 200 14831 "-" "Mozilla/5.0 (compatible; Detectify; subdomain-takeover)"
77.68.25.176 - - [14/Dec/2021:20:08:38 +0000] "POST /wp-cron.php?doing_wp_cron=1639512518.1292650699615478515625 HTTP/1.0" 200 269 "http://hackney.dazzlingwebplanet.com/wp-cron.php?doing_wp_cron=1639512518.1292650699615478515625" "WordPress/5.7.4; http://hackney.dazzlingwebplanet.com"
52.17.98.131 - - [14/Dec/2021:20:08:37 +0000] "GET / HTTP/1.0" 200 14831 "-" "Mozilla/5.0 (compatible; Detectify; subdomain-takeover)"
52.17.98.131 - - [14/Dec/2021:20:08:38 +0000] "GET / HTTP/1.0" 200 14831 "-" "Mozilla/5.0 (compatible; Detectify; subdomain-takeover)"
77.68.25.176 - - [15/Dec/2021:04:09:18 +0000] "POST /wp-cron.php?doing_wp_cron=1639541358.7195470333099365234375 HTTP/1.0" 200 269 "http://hackney.dazzlingwebplanet.com/wp-cron.php?doing_wp_cron=1639541358.7195470333099365234375" "WordPress/5.7.4; http://hackney.dazzlingwebplanet.com"
77.68.25.176 - - [15/Dec/2021:04:09:19 +0000] "POST /wp-admin/admin-ajax.php?action=wp_1_wc_privacy_cleanup&nonce=527b8da294 HTTP/1.0" 200 404 "http://hackney.dazzlingwebplanet.com/wp-admin/admin-ajax.php?action=wp_1_wc_privacy_cleanup&nonce=527b8da294" "WordPress/5.7.4; http://hackney.dazzlingwebplanet.com"
77.68.25.176 - - [15/Dec/2021:04:09:22 +0000] "POST /wp-cron.php?doing_wp_cron=1639541362.8826270103454589843750 HTTP/1.0" 200 269 "http://hackney.dazzlingwebplanet.com/wp-cron.php?doing_wp_cron=1639541362.8826270103454589843750" "WordPress/5.7.4; http://hackney.dazzlingwebplanet.com"
77.68.25.176 - - [15/Dec/2021:04:13:19 +0000] "POST /wp-cron.php?doing_wp_cron=1639541599.8542850017547607421875 HTTP/1.0" 200 269 "http://hackney.dazzlingwebplanet.com/wp-cron.php?doing_wp_cron=1639541599.8542850017547607421875" "WordPress/5.7.4; http://hackney.dazzlingwebplanet.com"
52.17.98.131 - - [15/Dec/2021:04:13:19 +0000] "GET / HTTP/1.0" 200 14832 "-" "Mozilla/5.0 (compatible; Detectify; subdomain-takeover)"
77.68.25.176 - - [15/Dec/2021:12:14:42 +0000] "POST /wp-cron.php?doing_wp_cron=1639570482.1846048831939697265625 HTTP/1.0" 200 269 "http://hackney.dazzlingwebplanet.com/wp-cron.php?doing_wp_cron=1639570482.1846048831939697265625" "WordPress/5.7.4; http://hackney.dazzlingwebplanet.com"
52.17.98.131 - - [15/Dec/2021:12:14:41 +0000] "GET / HTTP/1.0" 200 14832 "-" "Mozilla/5.0 (compatible; Detectify; subdomain-takeover)"
77.68.25.176 - - [15/Dec/2021:20:18:00 +0000] "POST /wp-cron.php?doing_wp_cron=1639599480.3827240467071533203125 HTTP/1.0" 200 269 "http://hackney.dazzlingwebplanet.com/wp-cron.php?doing_wp_cron=1639599480.3827240467071533203125" "WordPress/5.7.4; http://hackney.dazzlingwebplanet.com"
52.17.98.131 - - [15/Dec/2021:20:18:00 +0000] "GET / HTTP/1.0" 200 14832 "-" "Mozilla/5.0 (compatible; Detectify; subdomain-takeover)"
52.17.98.131 - - [15/Dec/2021:20:18:00 +0000] "GET / HTTP/1.0" 200 14832 "-" "Mozilla/5.0 (compatible; Detectify; subdomain-takeover)"
77.68.25.176 - - [16/Dec/2021:04:09:19 +0000] "POST /wp-cron.php?doing_wp_cron=1639627759.5237910747528076171875 HTTP/1.0" 200 269 "http://hackney.dazzlingwebplanet.com/wp-cron.php?doing_wp_cron=1639627759.5237910747528076171875" "WordPress/5.7.4; http://hackney.dazzlingwebplanet.com"
77.68.25.176 - - [16/Dec/2021:04:09:20 +0000] "POST /wp-admin/admin-ajax.php?action=wp_1_wc_privacy_cleanup&nonce=f23c6e3f0b HTTP/1.0" 200 404 "http://hackney.dazzlingwebplanet.com/wp-admin/admin-ajax.php?action=wp_1_wc_privacy_cleanup&nonce=f23c6e3f0b" "WordPress/5.7.4; http://hackney.dazzlingwebplanet.com"
77.68.25.176 - - [16/Dec/2021:04:09:23 +0000] "POST /wp-cron.php?doing_wp_cron=1639627763.7824020385742187500000 HTTP/1.0" 200 269 "http://hackney.dazzlingwebplanet.com/wp-cron.php?doing_wp_cron=1639627763.7824020385742187500000" "WordPress/5.7.4; http://hackney.dazzlingwebplanet.com"
77.68.25.176 - - [16/Dec/2021:04:17:33 +0000] "POST /wp-cron.php?doing_wp_cron=1639628253.6981410980224609375000 HTTP/1.0" 200 269 "http://hackney.dazzlingwebplanet.com/wp-cron.php?doing_wp_cron=1639628253.6981410980224609375000" "WordPress/5.7.4; http://hackney.dazzlingwebplanet.com"
52.17.98.131 - - [16/Dec/2021:04:17:33 +0000] "GET / HTTP/1.0" 200 14830 "-" "Mozilla/5.0 (compatible; Detectify; subdomain-takeover)"
52.17.98.131 - - [16/Dec/2021:04:17:34 +0000] "GET / HTTP/1.0" 200 14830 "-" "Mozilla/5.0 (compatible; Detectify; subdomain-takeover)"
77.68.25.176 - - [16/Dec/2021:12:20:18 +0000] "POST /wp-cron.php?doing_wp_cron=1639657218.2684121131896972656250 HTTP/1.0" 200 269 "http://hackney.dazzlingwebplanet.com/wp-cron.php?doing_wp_cron=1639657218.2684121131896972656250" "WordPress/5.7.4; http://hackney.dazzlingwebplanet.com"
52.17.98.131 - - [16/Dec/2021:12:20:17 +0000] "GET / HTTP/1.0" 200 14830 "-" "Mozilla/5.0 (compatible; Detectify; subdomain-takeover)"
77.68.25.176 - - [17/Dec/2021:04:09:13 +0000] "POST /wp-cron.php?doing_wp_cron=1639714153.5923850536346435546875 HTTP/1.0" 200 269 "http://hackney.dazzlingwebplanet.com/wp-cron.php?doing_wp_cron=1639714153.5923850536346435546875" "WordPress/5.7.4; http://hackney.dazzlingwebplanet.com"
77.68.25.176 - - [17/Dec/2021:04:09:15 +0000] "GET /wp-json/wp/v2/types/post?context=edit HTTP/1.0" 401 659 "http://hackney.dazzlingwebplanet.com/wp-json/wp/v2/types/post?context=edit" "WordPress/5.7.4; http://hackney.dazzlingwebplanet.com"
77.68.25.176 - - [17/Dec/2021:04:09:16 +0000] "POST /wp-cron.php HTTP/1.0" 200 269 "http://hackney.dazzlingwebplanet.com/wp-cron.php" "WordPress/5.7.4; http://hackney.dazzlingwebplanet.com"
77.68.25.176 - - [17/Dec/2021:04:09:17 +0000] "POST /wp-admin/admin-ajax.php?action=wp_1_wc_privacy_cleanup&nonce=91a9c9b72f HTTP/1.0" 200 404 "http://hackney.dazzlingwebplanet.com/wp-admin/admin-ajax.php?action=wp_1_wc_privacy_cleanup&nonce=91a9c9b72f" "WordPress/5.7.4; http://hackney.dazzlingwebplanet.com"
77.68.25.176 - - [17/Dec/2021:04:09:20 +0000] "POST /wp-cron.php?doing_wp_cron=1639714160.3306720256805419921875 HTTP/1.0" 200 269 "http://hackney.dazzlingwebplanet.com/wp-cron.php?doing_wp_cron=1639714160.3306720256805419921875" "WordPress/5.7.4; http://hackney.dazzlingwebplanet.com"
77.68.25.176 - - [17/Dec/2021:04:26:34 +0000] "POST /wp-cron.php?doing_wp_cron=1639715194.5291221141815185546875 HTTP/1.0" 200 269 "http://hackney.dazzlingwebplanet.com/wp-cron.php?doing_wp_cron=1639715194.5291221141815185546875" "WordPress/5.7.4; http://hackney.dazzlingwebplanet.com"
