188.82.94.163 - - [21/Oct/2021:10:43:37 +0000] "GET /wp-includes/js/tinymce/skins/wordpress/wp-content.css?ver=5.7.3&wp-mce-49110-20201110 HTTP/1.0" 200 262 "http://hackney.dazzlingwebplanet.com/wp-admin/post.php?post=20370&action=elementor" "Mozilla/5.0 (Macintosh; Intel Mac OS X 10_15_7) AppleWebKit/537.36 (KHTML, like Gecko) Chrome/94.0.4606.81 Safari/537.36"
188.82.94.163 - - [21/Oct/2021:10:43:47 +0000] "POST /wp-admin/admin-ajax.php HTTP/1.0" 200 576 "http://hackney.dazzlingwebplanet.com/wp-admin/post.php?post=20370&action=elementor" "Mozilla/5.0 (Macintosh; Intel Mac OS X 10_15_7) AppleWebKit/537.36 (KHTML, like Gecko) Chrome/94.0.4606.81 Safari/537.36"
77.68.25.176 - - [21/Oct/2021:10:44:03 +0000] "POST /wp-cron.php?doing_wp_cron=1634813043.0702729225158691406250 HTTP/1.0" 200 269 "http://hackney.dazzlingwebplanet.com/wp-cron.php?doing_wp_cron=1634813043.0702729225158691406250" "WordPress/5.7.3; http://hackney.dazzlingwebplanet.com"
188.82.94.163 - - [21/Oct/2021:10:44:02 +0000] "POST /wp-admin/admin-ajax.php HTTP/1.0" 200 576 "http://hackney.dazzlingwebplanet.com/wp-admin/post.php?post=20370&action=elementor" "Mozilla/5.0 (Macintosh; Intel Mac OS X 10_15_7) AppleWebKit/537.36 (KHTML, like Gecko) Chrome/94.0.4606.81 Safari/537.36"
188.82.94.163 - - [21/Oct/2021:10:44:17 +0000] "POST /wp-admin/admin-ajax.php HTTP/1.0" 200 576 "http://hackney.dazzlingwebplanet.com/wp-admin/post.php?post=20370&action=elementor" "Mozilla/5.0 (Macintosh; Intel Mac OS X 10_15_7) AppleWebKit/537.36 (KHTML, like Gecko) Chrome/94.0.4606.81 Safari/537.36"
188.82.94.163 - - [21/Oct/2021:10:44:29 +0000] "POST /wp-admin/admin-ajax.php HTTP/1.0" 200 822 "http://hackney.dazzlingwebplanet.com/wp-admin/post.php?post=20370&action=elementor" "Mozilla/5.0 (Macintosh; Intel Mac OS X 10_15_7) AppleWebKit/537.36 (KHTML, like Gecko) Chrome/94.0.4606.81 Safari/537.36"
188.82.94.163 - - [21/Oct/2021:10:44:30 +0000] "POST /wp-admin/admin-ajax.php HTTP/1.0" 200 820 "http://hackney.dazzlingwebplanet.com/wp-admin/post.php?post=20370&action=elementor" "Mozilla/5.0 (Macintosh; Intel Mac OS X 10_15_7) AppleWebKit/537.36 (KHTML, like Gecko) Chrome/94.0.4606.81 Safari/537.36"
188.82.94.163 - - [21/Oct/2021:10:44:32 +0000] "POST /wp-admin/admin-ajax.php HTTP/1.0" 200 576 "http://hackney.dazzlingwebplanet.com/wp-admin/post.php?post=20370&action=elementor" "Mozilla/5.0 (Macintosh; Intel Mac OS X 10_15_7) AppleWebKit/537.36 (KHTML, like Gecko) Chrome/94.0.4606.81 Safari/537.36"
188.82.94.163 - - [21/Oct/2021:10:44:47 +0000] "POST /wp-admin/admin-ajax.php HTTP/1.0" 200 576 "http://hackney.dazzlingwebplanet.com/wp-admin/post.php?post=20370&action=elementor" "Mozilla/5.0 (Macintosh; Intel Mac OS X 10_15_7) AppleWebKit/537.36 (KHTML, like Gecko) Chrome/94.0.4606.81 Safari/537.36"
188.82.94.163 - - [21/Oct/2021:10:44:49 +0000] "POST /wp-admin/admin-ajax.php HTTP/1.0" 200 585 "http://hackney.dazzlingwebplanet.com/wp-admin/post.php?post=20370&action=elementor" "Mozilla/5.0 (Macintosh; Intel Mac OS X 10_15_7) AppleWebKit/537.36 (KHTML, like Gecko) Chrome/94.0.4606.81 Safari/537.36"
77.68.25.176 - - [21/Oct/2021:10:45:01 +0000] "POST /wp-cron.php?doing_wp_cron=1634813101.4646959304809570312500 HTTP/1.0" 200 269 "http://hackney.dazzlingwebplanet.com/wp-cron.php?doing_wp_cron=1634813101.4646959304809570312500" "WordPress/5.7.3; http://hackney.dazzlingwebplanet.com"
188.82.94.163 - - [21/Oct/2021:10:45:01 +0000] "POST /wp-admin/admin-ajax.php HTTP/1.0" 200 684 "http://hackney.dazzlingwebplanet.com/wp-admin/post.php?post=20370&action=elementor" "Mozilla/5.0 (Macintosh; Intel Mac OS X 10_15_7) AppleWebKit/537.36 (KHTML, like Gecko) Chrome/94.0.4606.81 Safari/537.36"
188.82.94.163 - - [21/Oct/2021:10:45:02 +0000] "POST /wp-admin/admin-ajax.php HTTP/1.0" 200 576 "http://hackney.dazzlingwebplanet.com/wp-admin/post.php?post=20370&action=elementor" "Mozilla/5.0 (Macintosh; Intel Mac OS X 10_15_7) AppleWebKit/537.36 (KHTML, like Gecko) Chrome/94.0.4606.81 Safari/537.36"
77.68.25.176 - - [21/Oct/2021:10:45:18 +0000] "POST /wp-cron.php?doing_wp_cron=1634813118.1007490158081054687500 HTTP/1.0" 200 269 "http://hackney.dazzlingwebplanet.com/wp-cron.php?doing_wp_cron=1634813118.1007490158081054687500" "WordPress/5.7.3; http://hackney.dazzlingwebplanet.com"
188.82.94.163 - - [21/Oct/2021:10:45:17 +0000] "POST /wp-admin/admin-ajax.php HTTP/1.0" 200 576 "http://hackney.dazzlingwebplanet.com/wp-admin/post.php?post=20370&action=elementor" "Mozilla/5.0 (Macintosh; Intel Mac OS X 10_15_7) AppleWebKit/537.36 (KHTML, like Gecko) Chrome/94.0.4606.81 Safari/537.36"
188.82.94.163 - - [21/Oct/2021:10:45:23 +0000] "POST /wp-admin/admin-ajax.php HTTP/1.0" 200 742 "http://hackney.dazzlingwebplanet.com/wp-admin/post.php?post=20370&action=elementor" "Mozilla/5.0 (Macintosh; Intel Mac OS X 10_15_7) AppleWebKit/537.36 (KHTML, like Gecko) Chrome/94.0.4606.81 Safari/537.36"
188.82.94.163 - - [21/Oct/2021:10:45:32 +0000] "POST /wp-admin/admin-ajax.php HTTP/1.0" 200 576 "http://hackney.dazzlingwebplanet.com/wp-admin/post.php?post=20370&action=elementor" "Mozilla/5.0 (Macintosh; Intel Mac OS X 10_15_7) AppleWebKit/537.36 (KHTML, like Gecko) Chrome/94.0.4606.81 Safari/537.36"
188.82.94.163 - - [21/Oct/2021:10:45:47 +0000] "POST /wp-admin/admin-ajax.php HTTP/1.0" 200 576 "http://hackney.dazzlingwebplanet.com/wp-admin/post.php?post=20370&action=elementor" "Mozilla/5.0 (Macintosh; Intel Mac OS X 10_15_7) AppleWebKit/537.36 (KHTML, like Gecko) Chrome/94.0.4606.81 Safari/537.36"
77.68.25.176 - - [21/Oct/2021:10:46:03 +0000] "POST /wp-cron.php?doing_wp_cron=1634813163.1070508956909179687500 HTTP/1.0" 200 269 "http://hackney.dazzlingwebplanet.com/wp-cron.php?doing_wp_cron=1634813163.1070508956909179687500" "WordPress/5.7.3; http://hackney.dazzlingwebplanet.com"
188.82.94.163 - - [21/Oct/2021:10:46:02 +0000] "POST /wp-admin/admin-ajax.php HTTP/1.0" 200 576 "http://hackney.dazzlingwebplanet.com/wp-admin/post.php?post=20370&action=elementor" "Mozilla/5.0 (Macintosh; Intel Mac OS X 10_15_7) AppleWebKit/537.36 (KHTML, like Gecko) Chrome/94.0.4606.81 Safari/537.36"
188.82.94.163 - - [21/Oct/2021:10:46:14 +0000] "POST /wp-admin/admin-ajax.php HTTP/1.0" 200 798 "http://hackney.dazzlingwebplanet.com/wp-admin/post.php?post=20370&action=elementor" "Mozilla/5.0 (Macintosh; Intel Mac OS X 10_15_7) AppleWebKit/537.36 (KHTML, like Gecko) Chrome/94.0.4606.81 Safari/537.36"
188.82.94.163 - - [21/Oct/2021:10:46:17 +0000] "POST /wp-admin/admin-ajax.php HTTP/1.0" 200 576 "http://hackney.dazzlingwebplanet.com/wp-admin/post.php?post=20370&action=elementor" "Mozilla/5.0 (Macintosh; Intel Mac OS X 10_15_7) AppleWebKit/537.36 (KHTML, like Gecko) Chrome/94.0.4606.81 Safari/537.36"
188.82.94.163 - - [21/Oct/2021:10:46:20 +0000] "POST /wp-admin/admin-ajax.php HTTP/1.0" 200 1280 "http://hackney.dazzlingwebplanet.com/wp-admin/post.php?post=20370&action=elementor" "Mozilla/5.0 (Macintosh; Intel Mac OS X 10_15_7) AppleWebKit/537.36 (KHTML, like Gecko) Chrome/94.0.4606.81 Safari/537.36"
188.82.94.163 - - [21/Oct/2021:10:46:21 +0000] "POST /wp-admin/admin-ajax.php HTTP/1.0" 200 1904 "http://hackney.dazzlingwebplanet.com/wp-admin/post.php?post=20370&action=elementor" "Mozilla/5.0 (Macintosh; Intel Mac OS X 10_15_7) AppleWebKit/537.36 (KHTML, like Gecko) Chrome/94.0.4606.81 Safari/537.36"
188.82.94.163 - - [21/Oct/2021:10:46:26 +0000] "POST /wp-admin/admin-ajax.php HTTP/1.0" 200 58964 "http://hackney.dazzlingwebplanet.com/wp-admin/post.php?post=20370&action=elementor" "Mozilla/5.0 (Macintosh; Intel Mac OS X 10_15_7) AppleWebKit/537.36 (KHTML, like Gecko) Chrome/94.0.4606.81 Safari/537.36"
188.82.94.163 - - [21/Oct/2021:10:46:27 +0000] "POST /wp-admin/admin-ajax.php HTTP/1.0" 200 576 "http://hackney.dazzlingwebplanet.com/wp-admin/post.php?post=20370&action=elementor" "Mozilla/5.0 (Macintosh; Intel Mac OS X 10_15_7) AppleWebKit/537.36 (KHTML, like Gecko) Chrome/94.0.4606.81 Safari/537.36"
188.82.94.163 - - [21/Oct/2021:10:46:30 +0000] "POST /wp-admin/admin-ajax.php HTTP/1.0" 200 727 "http://hackney.dazzlingwebplanet.com/wp-admin/post.php?post=20370&action=elementor" "Mozilla/5.0 (Macintosh; Intel Mac OS X 10_15_7) AppleWebKit/537.36 (KHTML, like Gecko) Chrome/94.0.4606.81 Safari/537.36"
188.82.94.163 - - [21/Oct/2021:10:46:31 +0000] "POST /wp-admin/admin-ajax.php HTTP/1.0" 200 3661 "http://hackney.dazzlingwebplanet.com/wp-admin/post.php?post=20370&action=elementor" "Mozilla/5.0 (Macintosh; Intel Mac OS X 10_15_7) AppleWebKit/537.36 (KHTML, like Gecko) Chrome/94.0.4606.81 Safari/537.36"
188.82.94.163 - - [21/Oct/2021:10:46:42 +0000] "POST /wp-admin/admin-ajax.php HTTP/1.0" 200 576 "http://hackney.dazzlingwebplanet.com/wp-admin/post.php?post=20370&action=elementor" "Mozilla/5.0 (Macintosh; Intel Mac OS X 10_15_7) AppleWebKit/537.36 (KHTML, like Gecko) Chrome/94.0.4606.81 Safari/537.36"
77.68.25.176 - - [21/Oct/2021:10:46:57 +0000] "POST /wp-cron.php?doing_wp_cron=1634813217.4470880031585693359375 HTTP/1.0" 200 269 "http://hackney.dazzlingwebplanet.com/wp-cron.php?doing_wp_cron=1634813217.4470880031585693359375" "WordPress/5.7.3; http://hackney.dazzlingwebplanet.com"
188.82.94.163 - - [21/Oct/2021:10:46:57 +0000] "POST /wp-admin/admin-ajax.php HTTP/1.0" 200 576 "http://hackney.dazzlingwebplanet.com/wp-admin/post.php?post=20370&action=elementor" "Mozilla/5.0 (Macintosh; Intel Mac OS X 10_15_7) AppleWebKit/537.36 (KHTML, like Gecko) Chrome/94.0.4606.81 Safari/537.36"
188.82.94.163 - - [21/Oct/2021:10:47:02 +0000] "GET / HTTP/1.0" 200 19645 "http://hackney.dazzlingwebplanet.com/wp-admin/post.php?post=20370&action=elementor" "Mozilla/5.0 (Macintosh; Intel Mac OS X 10_15_7) AppleWebKit/537.36 (KHTML, like Gecko) Chrome/94.0.4606.81 Safari/537.36"
188.82.94.163 - - [21/Oct/2021:10:47:03 +0000] "GET /wp-content/uploads/elementor/css/post-20370.css?ver=1634813223 HTTP/1.0" 200 256 "http://hackney.dazzlingwebplanet.com/" "Mozilla/5.0 (Macintosh; Intel Mac OS X 10_15_7) AppleWebKit/537.36 (KHTML, like Gecko) Chrome/94.0.4606.81 Safari/537.36"
188.82.94.163 - - [21/Oct/2021:10:47:20 +0000] "GET /about-us/ HTTP/1.0" 200 20086 "http://hackney.dazzlingwebplanet.com/" "Mozilla/5.0 (Macintosh; Intel Mac OS X 10_15_7) AppleWebKit/537.36 (KHTML, like Gecko) Chrome/94.0.4606.81 Safari/537.36"
188.82.94.163 - - [21/Oct/2021:10:47:21 +0000] "GET /wp-content/uploads/elementor/css/post-18149.css?ver=1634745102 HTTP/1.0" 200 256 "http://hackney.dazzlingwebplanet.com/about-us/" "Mozilla/5.0 (Macintosh; Intel Mac OS X 10_15_7) AppleWebKit/537.36 (KHTML, like Gecko) Chrome/94.0.4606.81 Safari/537.36"
188.82.94.163 - - [21/Oct/2021:10:47:25 +0000] "GET /wp-admin/post.php?post=18149&action=edit HTTP/1.0" 200 178504 "http://hackney.dazzlingwebplanet.com/about-us/" "Mozilla/5.0 (Macintosh; Intel Mac OS X 10_15_7) AppleWebKit/537.36 (KHTML, like Gecko) Chrome/94.0.4606.81 Safari/537.36"
188.82.94.163 - - [21/Oct/2021:10:47:26 +0000] "GET /wp-content/plugins/givewp-donation-widgets-for-elementor/assets/dw4elementor-notice.css?ver=859 HTTP/1.0" 200 296 "http://hackney.dazzlingwebplanet.com/wp-admin/post.php?post=18149&action=edit" "Mozilla/5.0 (Macintosh; Intel Mac OS X 10_15_7) AppleWebKit/537.36 (KHTML, like Gecko) Chrome/94.0.4606.81 Safari/537.36"
188.82.94.163 - - [21/Oct/2021:10:47:27 +0000] "GET /wp-json/contact-form-7/v1/contact-forms?per_page=20&_locale=user HTTP/1.0" 200 688 "http://hackney.dazzlingwebplanet.com/wp-admin/post.php?post=18149&action=edit" "Mozilla/5.0 (Macintosh; Intel Mac OS X 10_15_7) AppleWebKit/537.36 (KHTML, like Gecko) Chrome/94.0.4606.81 Safari/537.36"
188.82.94.163 - - [21/Oct/2021:10:47:28 +0000] "GET /wp-json/wp/v2/blocks?per_page=100&context=edit&_locale=user HTTP/1.0" 200 644 "http://hackney.dazzlingwebplanet.com/wp-admin/post.php?post=18149&action=edit" "Mozilla/5.0 (Macintosh; Intel Mac OS X 10_15_7) AppleWebKit/537.36 (KHTML, like Gecko) Chrome/94.0.4606.81 Safari/537.36"
188.82.94.163 - - [21/Oct/2021:10:47:28 +0000] "GET /wp-json/wp/v2/users/me?_locale=user HTTP/1.0" 200 1826 "http://hackney.dazzlingwebplanet.com/wp-admin/post.php?post=18149&action=edit" "Mozilla/5.0 (Macintosh; Intel Mac OS X 10_15_7) AppleWebKit/537.36 (KHTML, like Gecko) Chrome/94.0.4606.81 Safari/537.36"
188.82.94.163 - - [21/Oct/2021:10:47:28 +0000] "GET /wp-json/?context=edit&_locale=user HTTP/1.0" 200 930168 "http://hackney.dazzlingwebplanet.com/wp-admin/post.php?post=18149&action=edit" "Mozilla/5.0 (Macintosh; Intel Mac OS X 10_15_7) AppleWebKit/537.36 (KHTML, like Gecko) Chrome/94.0.4606.81 Safari/537.36"
188.82.94.163 - - [21/Oct/2021:10:47:28 +0000] "GET /wp-json/wp/v2/users/?who=authors&per_page=100&_locale=user HTTP/1.0" 200 3055 "http://hackney.dazzlingwebplanet.com/wp-admin/post.php?post=18149&action=edit" "Mozilla/5.0 (Macintosh; Intel Mac OS X 10_15_7) AppleWebKit/537.36 (KHTML, like Gecko) Chrome/94.0.4606.81 Safari/537.36"
188.82.94.163 - - [21/Oct/2021:10:47:28 +0000] "GET /wp-json/wp/v2/pages/18149?_locale=user HTTP/1.0" 200 15142 "http://hackney.dazzlingwebplanet.com/wp-admin/post.php?post=18149&action=edit" "Mozilla/5.0 (Macintosh; Intel Mac OS X 10_15_7) AppleWebKit/537.36 (KHTML, like Gecko) Chrome/94.0.4606.81 Safari/537.36"
188.82.94.163 - - [21/Oct/2021:10:47:30 +0000] "POST /wp-admin/admin-ajax.php HTTP/1.0" 200 580 "http://hackney.dazzlingwebplanet.com/wp-admin/post.php?post=18149&action=edit" "Mozilla/5.0 (Macintosh; Intel Mac OS X 10_15_7) AppleWebKit/537.36 (KHTML, like Gecko) Chrome/94.0.4606.81 Safari/537.36"
188.82.94.163 - - [21/Oct/2021:10:47:30 +0000] "GET /wp-admin/post.php?post=18149&action=elementor HTTP/1.0" 200 153696 "http://hackney.dazzlingwebplanet.com/wp-admin/post.php?post=18149&action=edit" "Mozilla/5.0 (Macintosh; Intel Mac OS X 10_15_7) AppleWebKit/537.36 (KHTML, like Gecko) Chrome/94.0.4606.81 Safari/537.36"
188.82.94.163 - - [21/Oct/2021:10:47:31 +0000] "GET /wp-content/plugins/givewp-donation-widgets-for-elementor//assets/dw4elementor-admin.css?ver=398 HTTP/1.0" 200 295 "http://hackney.dazzlingwebplanet.com/wp-admin/post.php?post=18149&action=elementor" "Mozilla/5.0 (Macintosh; Intel Mac OS X 10_15_7) AppleWebKit/537.36 (KHTML, like Gecko) Chrome/94.0.4606.81 Safari/537.36"
188.82.94.163 - - [21/Oct/2021:10:47:31 +0000] "POST /wp-admin/admin-ajax.php HTTP/1.0" 200 576 "http://hackney.dazzlingwebplanet.com/wp-admin/post.php?post=18149&action=elementor" "Mozilla/5.0 (Macintosh; Intel Mac OS X 10_15_7) AppleWebKit/537.36 (KHTML, like Gecko) Chrome/94.0.4606.81 Safari/537.36"
188.82.94.163 - - [21/Oct/2021:10:47:31 +0000] "GET /about-us/?elementor-preview=18149&ver=1634813250 HTTP/1.0" 200 15800 "http://hackney.dazzlingwebplanet.com/wp-admin/post.php?post=18149&action=elementor" "Mozilla/5.0 (Macintosh; Intel Mac OS X 10_15_7) AppleWebKit/537.36 (KHTML, like Gecko) Chrome/94.0.4606.81 Safari/537.36"
188.82.94.163 - - [21/Oct/2021:10:47:32 +0000] "POST /wp-admin/admin-ajax.php HTTP/1.0" 200 298544 "http://hackney.dazzlingwebplanet.com/wp-admin/post.php?post=18149&action=elementor" "Mozilla/5.0 (Macintosh; Intel Mac OS X 10_15_7) AppleWebKit/537.36 (KHTML, like Gecko) Chrome/94.0.4606.81 Safari/537.36"
188.82.94.163 - - [21/Oct/2021:10:47:32 +0000] "GET /wp-json/elementor/v1/globals HTTP/1.0" 200 7938 "http://hackney.dazzlingwebplanet.com/wp-admin/post.php?post=18149&action=elementor" "Mozilla/5.0 (Macintosh; Intel Mac OS X 10_15_7) AppleWebKit/537.36 (KHTML, like Gecko) Chrome/94.0.4606.81 Safari/537.36"
188.82.94.163 - - [21/Oct/2021:10:47:46 +0000] "GET /wp-admin/post.php?post=18149&action=edit HTTP/1.0" 200 178511 "http://hackney.dazzlingwebplanet.com/wp-admin/post.php?post=18149&action=edit" "Mozilla/5.0 (Macintosh; Intel Mac OS X 10_15_7) AppleWebKit/537.36 (KHTML, like Gecko) Chrome/94.0.4606.81 Safari/537.36"
188.82.94.163 - - [21/Oct/2021:10:47:47 +0000] "GET /wp-content/plugins/givewp-donation-widgets-for-elementor/assets/dw4elementor-notice.css?ver=582 HTTP/1.0" 200 296 "http://hackney.dazzlingwebplanet.com/wp-admin/post.php?post=18149&action=edit" "Mozilla/5.0 (Macintosh; Intel Mac OS X 10_15_7) AppleWebKit/537.36 (KHTML, like Gecko) Chrome/94.0.4606.81 Safari/537.36"
188.82.94.163 - - [21/Oct/2021:10:47:47 +0000] "GET /wp-json/contact-form-7/v1/contact-forms?per_page=20&_locale=user HTTP/1.0" 200 688 "http://hackney.dazzlingwebplanet.com/wp-admin/post.php?post=18149&action=edit" "Mozilla/5.0 (Macintosh; Intel Mac OS X 10_15_7) AppleWebKit/537.36 (KHTML, like Gecko) Chrome/94.0.4606.81 Safari/537.36"
188.82.94.163 - - [21/Oct/2021:10:47:48 +0000] "GET /favicon.ico HTTP/1.0" 200 236 "http://hackney.dazzlingwebplanet.com/about-us/" "Mozilla/5.0 (Macintosh; Intel Mac OS X 10_15_7) AppleWebKit/537.36 (KHTML, like Gecko) Chrome/94.0.4606.81 Safari/537.36"
77.68.25.176 - - [21/Oct/2021:10:47:52 +0000] "POST /wp-cron.php?doing_wp_cron=1634813272.8805339336395263671875 HTTP/1.0" 200 269 "http://hackney.dazzlingwebplanet.com/wp-cron.php?doing_wp_cron=1634813272.8805339336395263671875" "WordPress/5.7.3; http://hackney.dazzlingwebplanet.com"
188.82.94.163 - - [21/Oct/2021:10:47:52 +0000] "GET /training/ HTTP/1.0" 200 19727 "http://hackney.dazzlingwebplanet.com/about-us/" "Mozilla/5.0 (Macintosh; Intel Mac OS X 10_15_7) AppleWebKit/537.36 (KHTML, like Gecko) Chrome/94.0.4606.81 Safari/537.36"
188.82.94.163 - - [21/Oct/2021:10:48:05 +0000] "GET /wp-admin/post.php?post=988288&action=edit HTTP/1.0" 200 176754 "http://hackney.dazzlingwebplanet.com/training/" "Mozilla/5.0 (Macintosh; Intel Mac OS X 10_15_7) AppleWebKit/537.36 (KHTML, like Gecko) Chrome/94.0.4606.81 Safari/537.36"
188.82.94.163 - - [21/Oct/2021:10:48:05 +0000] "GET /wp-content/plugins/givewp-donation-widgets-for-elementor/assets/dw4elementor-notice.css?ver=854 HTTP/1.0" 200 296 "http://hackney.dazzlingwebplanet.com/wp-admin/post.php?post=988288&action=edit" "Mozilla/5.0 (Macintosh; Intel Mac OS X 10_15_7) AppleWebKit/537.36 (KHTML, like Gecko) Chrome/94.0.4606.81 Safari/537.36"
188.82.94.163 - - [21/Oct/2021:10:48:06 +0000] "GET /wp-json/contact-form-7/v1/contact-forms?per_page=20&_locale=user HTTP/1.0" 200 688 "http://hackney.dazzlingwebplanet.com/wp-admin/post.php?post=988288&action=edit" "Mozilla/5.0 (Macintosh; Intel Mac OS X 10_15_7) AppleWebKit/537.36 (KHTML, like Gecko) Chrome/94.0.4606.81 Safari/537.36"
188.82.94.163 - - [21/Oct/2021:10:48:07 +0000] "GET /wp-json/wp/v2/blocks?per_page=100&context=edit&_locale=user HTTP/1.0" 200 644 "http://hackney.dazzlingwebplanet.com/wp-admin/post.php?post=988288&action=edit" "Mozilla/5.0 (Macintosh; Intel Mac OS X 10_15_7) AppleWebKit/537.36 (KHTML, like Gecko) Chrome/94.0.4606.81 Safari/537.36"
188.82.94.163 - - [21/Oct/2021:10:48:07 +0000] "GET /wp-json/?context=edit&_locale=user HTTP/1.0" 200 930168 "http://hackney.dazzlingwebplanet.com/wp-admin/post.php?post=988288&action=edit" "Mozilla/5.0 (Macintosh; Intel Mac OS X 10_15_7) AppleWebKit/537.36 (KHTML, like Gecko) Chrome/94.0.4606.81 Safari/537.36"
188.82.94.163 - - [21/Oct/2021:10:48:07 +0000] "GET /wp-json/wp/v2/users/?who=authors&per_page=100&_locale=user HTTP/1.0" 200 3055 "http://hackney.dazzlingwebplanet.com/wp-admin/post.php?post=988288&action=edit" "Mozilla/5.0 (Macintosh; Intel Mac OS X 10_15_7) AppleWebKit/537.36 (KHTML, like Gecko) Chrome/94.0.4606.81 Safari/537.36"
188.82.94.163 - - [21/Oct/2021:10:48:07 +0000] "GET /wp-json/wp/v2/users/me?_locale=user HTTP/1.0" 200 1826 "http://hackney.dazzlingwebplanet.com/wp-admin/post.php?post=988288&action=edit" "Mozilla/5.0 (Macintosh; Intel Mac OS X 10_15_7) AppleWebKit/537.36 (KHTML, like Gecko) Chrome/94.0.4606.81 Safari/537.36"
188.82.94.163 - - [21/Oct/2021:10:48:07 +0000] "GET /wp-json/wp/v2/pages/988288?_locale=user HTTP/1.0" 200 9058 "http://hackney.dazzlingwebplanet.com/wp-admin/post.php?post=988288&action=edit" "Mozilla/5.0 (Macintosh; Intel Mac OS X 10_15_7) AppleWebKit/537.36 (KHTML, like Gecko) Chrome/94.0.4606.81 Safari/537.36"
188.82.94.163 - - [21/Oct/2021:10:48:08 +0000] "POST /wp-admin/admin-ajax.php HTTP/1.0" 200 580 "http://hackney.dazzlingwebplanet.com/wp-admin/post.php?post=988288&action=edit" "Mozilla/5.0 (Macintosh; Intel Mac OS X 10_15_7) AppleWebKit/537.36 (KHTML, like Gecko) Chrome/94.0.4606.81 Safari/537.36"
188.82.94.163 - - [21/Oct/2021:10:48:08 +0000] "GET /wp-admin/post.php?post=988288&action=elementor HTTP/1.0" 200 151595 "http://hackney.dazzlingwebplanet.com/wp-admin/post.php?post=988288&action=edit" "Mozilla/5.0 (Macintosh; Intel Mac OS X 10_15_7) AppleWebKit/537.36 (KHTML, like Gecko) Chrome/94.0.4606.81 Safari/537.36"
188.82.94.163 - - [21/Oct/2021:10:48:09 +0000] "GET /wp-content/plugins/givewp-donation-widgets-for-elementor//assets/dw4elementor-admin.css?ver=149 HTTP/1.0" 200 295 "http://hackney.dazzlingwebplanet.com/wp-admin/post.php?post=988288&action=elementor" "Mozilla/5.0 (Macintosh; Intel Mac OS X 10_15_7) AppleWebKit/537.36 (KHTML, like Gecko) Chrome/94.0.4606.81 Safari/537.36"
188.82.94.163 - - [21/Oct/2021:10:48:10 +0000] "POST /wp-admin/admin-ajax.php HTTP/1.0" 200 576 "http://hackney.dazzlingwebplanet.com/wp-admin/post.php?post=988288&action=elementor" "Mozilla/5.0 (Macintosh; Intel Mac OS X 10_15_7) AppleWebKit/537.36 (KHTML, like Gecko) Chrome/94.0.4606.81 Safari/537.36"
188.82.94.163 - - [21/Oct/2021:10:48:10 +0000] "GET /training/?elementor-preview=988288&ver=1634813289 HTTP/1.0" 200 15800 "http://hackney.dazzlingwebplanet.com/wp-admin/post.php?post=988288&action=elementor" "Mozilla/5.0 (Macintosh; Intel Mac OS X 10_15_7) AppleWebKit/537.36 (KHTML, like Gecko) Chrome/94.0.4606.81 Safari/537.36"
188.82.94.163 - - [21/Oct/2021:10:48:11 +0000] "GET /wp-json/elementor/v1/globals HTTP/1.0" 200 7938 "http://hackney.dazzlingwebplanet.com/wp-admin/post.php?post=988288&action=elementor" "Mozilla/5.0 (Macintosh; Intel Mac OS X 10_15_7) AppleWebKit/537.36 (KHTML, like Gecko) Chrome/94.0.4606.81 Safari/537.36"
188.82.94.163 - - [21/Oct/2021:10:48:11 +0000] "POST /wp-admin/admin-ajax.php HTTP/1.0" 200 298544 "http://hackney.dazzlingwebplanet.com/wp-admin/post.php?post=988288&action=elementor" "Mozilla/5.0 (Macintosh; Intel Mac OS X 10_15_7) AppleWebKit/537.36 (KHTML, like Gecko) Chrome/94.0.4606.81 Safari/537.36"
188.82.94.163 - - [21/Oct/2021:10:48:25 +0000] "POST /wp-admin/admin-ajax.php HTTP/1.0" 200 576 "http://hackney.dazzlingwebplanet.com/wp-admin/post.php?post=988288&action=elementor" "Mozilla/5.0 (Macintosh; Intel Mac OS X 10_15_7) AppleWebKit/537.36 (KHTML, like Gecko) Chrome/94.0.4606.81 Safari/537.36"
188.82.94.163 - - [21/Oct/2021:10:48:32 +0000] "POST /wp-admin/admin-ajax.php HTTP/1.0" 200 1085 "http://hackney.dazzlingwebplanet.com/wp-admin/post.php?post=988288&action=elementor" "Mozilla/5.0 (Macintosh; Intel Mac OS X 10_15_7) AppleWebKit/537.36 (KHTML, like Gecko) Chrome/94.0.4606.81 Safari/537.36"
188.82.94.163 - - [21/Oct/2021:10:48:40 +0000] "POST /wp-admin/admin-ajax.php HTTP/1.0" 200 576 "http://hackney.dazzlingwebplanet.com/wp-admin/post.php?post=988288&action=elementor" "Mozilla/5.0 (Macintosh; Intel Mac OS X 10_15_7) AppleWebKit/537.36 (KHTML, like Gecko) Chrome/94.0.4606.81 Safari/537.36"
188.82.94.163 - - [21/Oct/2021:10:48:40 +0000] "POST /wp-admin/admin-ajax.php HTTP/1.0" 200 1092 "http://hackney.dazzlingwebplanet.com/wp-admin/post.php?post=988288&action=elementor" "Mozilla/5.0 (Macintosh; Intel Mac OS X 10_15_7) AppleWebKit/537.36 (KHTML, like Gecko) Chrome/94.0.4606.81 Safari/537.36"
77.68.25.176 - - [21/Oct/2021:10:48:55 +0000] "POST /wp-cron.php?doing_wp_cron=1634813335.5371310710906982421875 HTTP/1.0" 200 269 "http://hackney.dazzlingwebplanet.com/wp-cron.php?doing_wp_cron=1634813335.5371310710906982421875" "WordPress/5.7.3; http://hackney.dazzlingwebplanet.com"
188.82.94.163 - - [21/Oct/2021:10:48:55 +0000] "POST /wp-admin/admin-ajax.php HTTP/1.0" 200 576 "http://hackney.dazzlingwebplanet.com/wp-admin/post.php?post=988288&action=elementor" "Mozilla/5.0 (Macintosh; Intel Mac OS X 10_15_7) AppleWebKit/537.36 (KHTML, like Gecko) Chrome/94.0.4606.81 Safari/537.36"
188.82.94.163 - - [21/Oct/2021:10:49:10 +0000] "POST /wp-admin/admin-ajax.php HTTP/1.0" 200 576 "http://hackney.dazzlingwebplanet.com/wp-admin/post.php?post=988288&action=elementor" "Mozilla/5.0 (Macintosh; Intel Mac OS X 10_15_7) AppleWebKit/537.36 (KHTML, like Gecko) Chrome/94.0.4606.81 Safari/537.36"
188.82.94.163 - - [21/Oct/2021:10:49:25 +0000] "POST /wp-admin/admin-ajax.php HTTP/1.0" 200 576 "http://hackney.dazzlingwebplanet.com/wp-admin/post.php?post=988288&action=elementor" "Mozilla/5.0 (Macintosh; Intel Mac OS X 10_15_7) AppleWebKit/537.36 (KHTML, like Gecko) Chrome/94.0.4606.81 Safari/537.36"
188.82.94.163 - - [21/Oct/2021:10:49:40 +0000] "POST /wp-admin/admin-ajax.php HTTP/1.0" 200 576 "http://hackney.dazzlingwebplanet.com/wp-admin/post.php?post=988288&action=elementor" "Mozilla/5.0 (Macintosh; Intel Mac OS X 10_15_7) AppleWebKit/537.36 (KHTML, like Gecko) Chrome/94.0.4606.81 Safari/537.36"
77.68.25.176 - - [21/Oct/2021:10:49:56 +0000] "POST /wp-cron.php?doing_wp_cron=1634813396.7802629470825195312500 HTTP/1.0" 200 269 "http://hackney.dazzlingwebplanet.com/wp-cron.php?doing_wp_cron=1634813396.7802629470825195312500" "WordPress/5.7.3; http://hackney.dazzlingwebplanet.com"
188.82.94.163 - - [21/Oct/2021:10:49:56 +0000] "POST /wp-admin/admin-ajax.php HTTP/1.0" 200 576 "http://hackney.dazzlingwebplanet.com/wp-admin/post.php?post=988288&action=elementor" "Mozilla/5.0 (Macintosh; Intel Mac OS X 10_15_7) AppleWebKit/537.36 (KHTML, like Gecko) Chrome/94.0.4606.81 Safari/537.36"
188.82.94.163 - - [21/Oct/2021:10:50:11 +0000] "POST /wp-admin/admin-ajax.php HTTP/1.0" 200 576 "http://hackney.dazzlingwebplanet.com/wp-admin/post.php?post=988288&action=elementor" "Mozilla/5.0 (Macintosh; Intel Mac OS X 10_15_7) AppleWebKit/537.36 (KHTML, like Gecko) Chrome/94.0.4606.81 Safari/537.36"
188.82.94.163 - - [21/Oct/2021:10:50:26 +0000] "POST /wp-admin/admin-ajax.php HTTP/1.0" 200 576 "http://hackney.dazzlingwebplanet.com/wp-admin/post.php?post=988288&action=elementor" "Mozilla/5.0 (Macintosh; Intel Mac OS X 10_15_7) AppleWebKit/537.36 (KHTML, like Gecko) Chrome/94.0.4606.81 Safari/537.36"
188.82.94.163 - - [21/Oct/2021:10:50:41 +0000] "POST /wp-admin/admin-ajax.php HTTP/1.0" 200 576 "http://hackney.dazzlingwebplanet.com/wp-admin/post.php?post=988288&action=elementor" "Mozilla/5.0 (Macintosh; Intel Mac OS X 10_15_7) AppleWebKit/537.36 (KHTML, like Gecko) Chrome/94.0.4606.81 Safari/537.36"
77.68.25.176 - - [21/Oct/2021:10:50:56 +0000] "POST /wp-cron.php?doing_wp_cron=1634813456.8275458812713623046875 HTTP/1.0" 200 269 "http://hackney.dazzlingwebplanet.com/wp-cron.php?doing_wp_cron=1634813456.8275458812713623046875" "WordPress/5.7.3; http://hackney.dazzlingwebplanet.com"
188.82.94.163 - - [21/Oct/2021:10:50:56 +0000] "POST /wp-admin/admin-ajax.php HTTP/1.0" 200 576 "http://hackney.dazzlingwebplanet.com/wp-admin/post.php?post=988288&action=elementor" "Mozilla/5.0 (Macintosh; Intel Mac OS X 10_15_7) AppleWebKit/537.36 (KHTML, like Gecko) Chrome/94.0.4606.81 Safari/537.36"
188.82.94.163 - - [21/Oct/2021:10:51:12 +0000] "POST /wp-admin/admin-ajax.php HTTP/1.0" 200 576 "http://hackney.dazzlingwebplanet.com/wp-admin/post.php?post=988288&action=elementor" "Mozilla/5.0 (Macintosh; Intel Mac OS X 10_15_7) AppleWebKit/537.36 (KHTML, like Gecko) Chrome/94.0.4606.81 Safari/537.36"
188.82.94.163 - - [21/Oct/2021:10:51:27 +0000] "POST /wp-admin/admin-ajax.php HTTP/1.0" 200 576 "http://hackney.dazzlingwebplanet.com/wp-admin/post.php?post=988288&action=elementor" "Mozilla/5.0 (Macintosh; Intel Mac OS X 10_15_7) AppleWebKit/537.36 (KHTML, like Gecko) Chrome/94.0.4606.81 Safari/537.36"
188.82.94.163 - - [21/Oct/2021:10:51:42 +0000] "POST /wp-admin/admin-ajax.php HTTP/1.0" 200 576 "http://hackney.dazzlingwebplanet.com/wp-admin/post.php?post=988288&action=elementor" "Mozilla/5.0 (Macintosh; Intel Mac OS X 10_15_7) AppleWebKit/537.36 (KHTML, like Gecko) Chrome/94.0.4606.81 Safari/537.36"
77.68.25.176 - - [21/Oct/2021:10:51:57 +0000] "POST /wp-cron.php?doing_wp_cron=1634813517.3087160587310791015625 HTTP/1.0" 200 269 "http://hackney.dazzlingwebplanet.com/wp-cron.php?doing_wp_cron=1634813517.3087160587310791015625" "WordPress/5.7.3; http://hackney.dazzlingwebplanet.com"
188.82.94.163 - - [21/Oct/2021:10:51:57 +0000] "POST /wp-admin/admin-ajax.php HTTP/1.0" 200 576 "http://hackney.dazzlingwebplanet.com/wp-admin/post.php?post=988288&action=elementor" "Mozilla/5.0 (Macintosh; Intel Mac OS X 10_15_7) AppleWebKit/537.36 (KHTML, like Gecko) Chrome/94.0.4606.81 Safari/537.36"
188.82.94.163 - - [21/Oct/2021:10:52:12 +0000] "POST /wp-admin/admin-ajax.php HTTP/1.0" 200 576 "http://hackney.dazzlingwebplanet.com/wp-admin/post.php?post=988288&action=elementor" "Mozilla/5.0 (Macintosh; Intel Mac OS X 10_15_7) AppleWebKit/537.36 (KHTML, like Gecko) Chrome/94.0.4606.81 Safari/537.36"
188.82.94.163 - - [21/Oct/2021:10:52:27 +0000] "POST /wp-admin/admin-ajax.php HTTP/1.0" 200 576 "http://hackney.dazzlingwebplanet.com/wp-admin/post.php?post=988288&action=elementor" "Mozilla/5.0 (Macintosh; Intel Mac OS X 10_15_7) AppleWebKit/537.36 (KHTML, like Gecko) Chrome/94.0.4606.81 Safari/537.36"
188.82.94.163 - - [21/Oct/2021:10:52:27 +0000] "POST /wp-admin/admin-ajax.php HTTP/1.0" 200 1109 "http://hackney.dazzlingwebplanet.com/wp-admin/post.php?post=988288&action=elementor" "Mozilla/5.0 (Macintosh; Intel Mac OS X 10_15_7) AppleWebKit/537.36 (KHTML, like Gecko) Chrome/94.0.4606.81 Safari/537.36"
188.82.94.163 - - [21/Oct/2021:10:52:28 +0000] "POST /wp-admin/admin-ajax.php HTTP/1.0" 200 1095 "http://hackney.dazzlingwebplanet.com/wp-admin/post.php?post=988288&action=elementor" "Mozilla/5.0 (Macintosh; Intel Mac OS X 10_15_7) AppleWebKit/537.36 (KHTML, like Gecko) Chrome/94.0.4606.81 Safari/537.36"
188.82.94.163 - - [21/Oct/2021:10:52:35 +0000] "POST /wp-admin/admin-ajax.php HTTP/1.0" 200 1902 "http://hackney.dazzlingwebplanet.com/wp-admin/post.php?post=988288&action=elementor" "Mozilla/5.0 (Macintosh; Intel Mac OS X 10_15_7) AppleWebKit/537.36 (KHTML, like Gecko) Chrome/94.0.4606.81 Safari/537.36"
188.82.94.163 - - [21/Oct/2021:10:52:36 +0000] "POST /wp-admin/admin-ajax.php HTTP/1.0" 200 1047 "http://hackney.dazzlingwebplanet.com/wp-admin/post.php?post=988288&action=elementor" "Mozilla/5.0 (Macintosh; Intel Mac OS X 10_15_7) AppleWebKit/537.36 (KHTML, like Gecko) Chrome/94.0.4606.81 Safari/537.36"
188.82.94.163 - - [21/Oct/2021:10:52:42 +0000] "POST /wp-admin/admin-ajax.php HTTP/1.0" 200 576 "http://hackney.dazzlingwebplanet.com/wp-admin/post.php?post=988288&action=elementor" "Mozilla/5.0 (Macintosh; Intel Mac OS X 10_15_7) AppleWebKit/537.36 (KHTML, like Gecko) Chrome/94.0.4606.81 Safari/537.36"
77.68.25.176 - - [21/Oct/2021:10:52:53 +0000] "POST /wp-cron.php?doing_wp_cron=1634813573.8459010124206542968750 HTTP/1.0" 200 269 "http://hackney.dazzlingwebplanet.com/wp-cron.php?doing_wp_cron=1634813573.8459010124206542968750" "WordPress/5.7.3; http://hackney.dazzlingwebplanet.com"
188.82.94.163 - - [21/Oct/2021:10:52:53 +0000] "POST /wp-admin/admin-ajax.php HTTP/1.0" 200 1902 "http://hackney.dazzlingwebplanet.com/wp-admin/post.php?post=988288&action=elementor" "Mozilla/5.0 (Macintosh; Intel Mac OS X 10_15_7) AppleWebKit/537.36 (KHTML, like Gecko) Chrome/94.0.4606.81 Safari/537.36"
188.82.94.163 - - [21/Oct/2021:10:52:57 +0000] "POST /wp-admin/admin-ajax.php HTTP/1.0" 200 576 "http://hackney.dazzlingwebplanet.com/wp-admin/post.php?post=988288&action=elementor" "Mozilla/5.0 (Macintosh; Intel Mac OS X 10_15_7) AppleWebKit/537.36 (KHTML, like Gecko) Chrome/94.0.4606.81 Safari/537.36"
188.82.94.163 - - [21/Oct/2021:10:52:58 +0000] "POST /wp-admin/admin-ajax.php HTTP/1.0" 200 738 "http://hackney.dazzlingwebplanet.com/wp-admin/post.php?post=988288&action=elementor" "Mozilla/5.0 (Macintosh; Intel Mac OS X 10_15_7) AppleWebKit/537.36 (KHTML, like Gecko) Chrome/94.0.4606.81 Safari/537.36"
188.82.94.163 - - [21/Oct/2021:10:52:58 +0000] "POST /wp-admin/admin-ajax.php HTTP/1.0" 200 830 "http://hackney.dazzlingwebplanet.com/wp-admin/post.php?post=988288&action=elementor" "Mozilla/5.0 (Macintosh; Intel Mac OS X 10_15_7) AppleWebKit/537.36 (KHTML, like Gecko) Chrome/94.0.4606.81 Safari/537.36"
188.82.94.163 - - [21/Oct/2021:10:53:04 +0000] "POST /wp-admin/admin-ajax.php HTTP/1.0" 200 1896 "http://hackney.dazzlingwebplanet.com/wp-admin/post.php?post=988288&action=elementor" "Mozilla/5.0 (Macintosh; Intel Mac OS X 10_15_7) AppleWebKit/537.36 (KHTML, like Gecko) Chrome/94.0.4606.81 Safari/537.36"
188.82.94.163 - - [21/Oct/2021:10:53:12 +0000] "POST /wp-admin/admin-ajax.php HTTP/1.0" 200 576 "http://hackney.dazzlingwebplanet.com/wp-admin/post.php?post=988288&action=elementor" "Mozilla/5.0 (Macintosh; Intel Mac OS X 10_15_7) AppleWebKit/537.36 (KHTML, like Gecko) Chrome/94.0.4606.81 Safari/537.36"
188.82.94.163 - - [21/Oct/2021:10:53:27 +0000] "POST /wp-admin/admin-ajax.php HTTP/1.0" 200 576 "http://hackney.dazzlingwebplanet.com/wp-admin/post.php?post=988288&action=elementor" "Mozilla/5.0 (Macintosh; Intel Mac OS X 10_15_7) AppleWebKit/537.36 (KHTML, like Gecko) Chrome/94.0.4606.81 Safari/537.36"
188.82.94.163 - - [21/Oct/2021:10:53:42 +0000] "POST /wp-admin/admin-ajax.php HTTP/1.0" 200 576 "http://hackney.dazzlingwebplanet.com/wp-admin/post.php?post=988288&action=elementor" "Mozilla/5.0 (Macintosh; Intel Mac OS X 10_15_7) AppleWebKit/537.36 (KHTML, like Gecko) Chrome/94.0.4606.81 Safari/537.36"
77.68.25.176 - - [21/Oct/2021:10:53:57 +0000] "POST /wp-cron.php?doing_wp_cron=1634813637.3584439754486083984375 HTTP/1.0" 200 269 "http://hackney.dazzlingwebplanet.com/wp-cron.php?doing_wp_cron=1634813637.3584439754486083984375" "WordPress/5.7.3; http://hackney.dazzlingwebplanet.com"
188.82.94.163 - - [21/Oct/2021:10:53:57 +0000] "POST /wp-admin/admin-ajax.php HTTP/1.0" 200 576 "http://hackney.dazzlingwebplanet.com/wp-admin/post.php?post=988288&action=elementor" "Mozilla/5.0 (Macintosh; Intel Mac OS X 10_15_7) AppleWebKit/537.36 (KHTML, like Gecko) Chrome/94.0.4606.81 Safari/537.36"
188.82.94.163 - - [21/Oct/2021:10:54:19 +0000] "POST /wp-admin/admin-ajax.php HTTP/1.0" 200 576 "http://hackney.dazzlingwebplanet.com/wp-admin/post.php?post=988288&action=elementor" "Mozilla/5.0 (Macintosh; Intel Mac OS X 10_15_7) AppleWebKit/537.36 (KHTML, like Gecko) Chrome/94.0.4606.81 Safari/537.36"
188.82.94.163 - - [21/Oct/2021:10:54:19 +0000] "POST /wp-admin/admin-ajax.php HTTP/1.0" 200 1114 "http://hackney.dazzlingwebplanet.com/wp-admin/post.php?post=988288&action=elementor" "Mozilla/5.0 (Macintosh; Intel Mac OS X 10_15_7) AppleWebKit/537.36 (KHTML, like Gecko) Chrome/94.0.4606.81 Safari/537.36"
188.82.94.163 - - [21/Oct/2021:10:54:23 +0000] "POST /wp-admin/admin-ajax.php HTTP/1.0" 200 58970 "http://hackney.dazzlingwebplanet.com/wp-admin/post.php?post=988288&action=elementor" "Mozilla/5.0 (Macintosh; Intel Mac OS X 10_15_7) AppleWebKit/537.36 (KHTML, like Gecko) Chrome/94.0.4606.81 Safari/537.36"
188.82.94.163 - - [21/Oct/2021:10:54:24 +0000] "POST /wp-admin/admin-ajax.php HTTP/1.0" 200 576 "http://hackney.dazzlingwebplanet.com/wp-admin/post.php?post=988288&action=elementor" "Mozilla/5.0 (Macintosh; Intel Mac OS X 10_15_7) AppleWebKit/537.36 (KHTML, like Gecko) Chrome/94.0.4606.81 Safari/537.36"
188.82.94.163 - - [21/Oct/2021:10:54:27 +0000] "POST /wp-admin/admin-ajax.php HTTP/1.0" 200 743 "http://hackney.dazzlingwebplanet.com/wp-admin/post.php?post=988288&action=elementor" "Mozilla/5.0 (Macintosh; Intel Mac OS X 10_15_7) AppleWebKit/537.36 (KHTML, like Gecko) Chrome/94.0.4606.81 Safari/537.36"
188.82.94.163 - - [21/Oct/2021:10:54:28 +0000] "POST /wp-admin/admin-ajax.php HTTP/1.0" 200 3661 "http://hackney.dazzlingwebplanet.com/wp-admin/post.php?post=988288&action=elementor" "Mozilla/5.0 (Macintosh; Intel Mac OS X 10_15_7) AppleWebKit/537.36 (KHTML, like Gecko) Chrome/94.0.4606.81 Safari/537.36"
188.82.94.163 - - [21/Oct/2021:10:54:34 +0000] "POST /wp-admin/admin-ajax.php HTTP/1.0" 200 1137 "http://hackney.dazzlingwebplanet.com/wp-admin/post.php?post=988288&action=elementor" "Mozilla/5.0 (Macintosh; Intel Mac OS X 10_15_7) AppleWebKit/537.36 (KHTML, like Gecko) Chrome/94.0.4606.81 Safari/537.36"
188.82.94.163 - - [21/Oct/2021:10:54:35 +0000] "POST /wp-admin/admin-ajax.php HTTP/1.0" 200 1405 "http://hackney.dazzlingwebplanet.com/wp-admin/post.php?post=988288&action=elementor" "Mozilla/5.0 (Macintosh; Intel Mac OS X 10_15_7) AppleWebKit/537.36 (KHTML, like Gecko) Chrome/94.0.4606.81 Safari/537.36"
188.82.94.163 - - [21/Oct/2021:10:54:39 +0000] "POST /wp-admin/admin-ajax.php HTTP/1.0" 200 576 "http://hackney.dazzlingwebplanet.com/wp-admin/post.php?post=988288&action=elementor" "Mozilla/5.0 (Macintosh; Intel Mac OS X 10_15_7) AppleWebKit/537.36 (KHTML, like Gecko) Chrome/94.0.4606.81 Safari/537.36"
77.68.25.176 - - [21/Oct/2021:10:54:55 +0000] "POST /wp-cron.php?doing_wp_cron=1634813695.1107110977172851562500 HTTP/1.0" 200 269 "http://hackney.dazzlingwebplanet.com/wp-cron.php?doing_wp_cron=1634813695.1107110977172851562500" "WordPress/5.7.3; http://hackney.dazzlingwebplanet.com"
188.82.94.163 - - [21/Oct/2021:10:54:54 +0000] "POST /wp-admin/admin-ajax.php HTTP/1.0" 200 576 "http://hackney.dazzlingwebplanet.com/wp-admin/post.php?post=988288&action=elementor" "Mozilla/5.0 (Macintosh; Intel Mac OS X 10_15_7) AppleWebKit/537.36 (KHTML, like Gecko) Chrome/94.0.4606.81 Safari/537.36"
188.82.94.163 - - [21/Oct/2021:10:54:57 +0000] "POST /wp-admin/admin-ajax.php HTTP/1.0" 200 29393 "http://hackney.dazzlingwebplanet.com/wp-admin/post.php?post=988288&action=elementor" "Mozilla/5.0 (Macintosh; Intel Mac OS X 10_15_7) AppleWebKit/537.36 (KHTML, like Gecko) Chrome/94.0.4606.81 Safari/537.36"
188.82.94.163 - - [21/Oct/2021:10:54:58 +0000] "POST /wp-admin/admin-ajax.php HTTP/1.0" 200 576 "http://hackney.dazzlingwebplanet.com/wp-admin/post.php?post=988288&action=elementor" "Mozilla/5.0 (Macintosh; Intel Mac OS X 10_15_7) AppleWebKit/537.36 (KHTML, like Gecko) Chrome/94.0.4606.81 Safari/537.36"
188.82.94.163 - - [21/Oct/2021:10:55:11 +0000] "POST /wp-admin/admin-ajax.php HTTP/1.0" 200 1912 "http://hackney.dazzlingwebplanet.com/wp-admin/post.php?post=988288&action=elementor" "Mozilla/5.0 (Macintosh; Intel Mac OS X 10_15_7) AppleWebKit/537.36 (KHTML, like Gecko) Chrome/94.0.4606.81 Safari/537.36"
188.82.94.163 - - [21/Oct/2021:10:55:13 +0000] "POST /wp-admin/admin-ajax.php HTTP/1.0" 200 576 "http://hackney.dazzlingwebplanet.com/wp-admin/post.php?post=988288&action=elementor" "Mozilla/5.0 (Macintosh; Intel Mac OS X 10_15_7) AppleWebKit/537.36 (KHTML, like Gecko) Chrome/94.0.4606.81 Safari/537.36"
188.82.94.163 - - [21/Oct/2021:10:55:28 +0000] "POST /wp-admin/admin-ajax.php HTTP/1.0" 200 576 "http://hackney.dazzlingwebplanet.com/wp-admin/post.php?post=988288&action=elementor" "Mozilla/5.0 (Macintosh; Intel Mac OS X 10_15_7) AppleWebKit/537.36 (KHTML, like Gecko) Chrome/94.0.4606.81 Safari/537.36"
188.82.94.163 - - [21/Oct/2021:10:55:28 +0000] "POST /wp-admin/admin-ajax.php HTTP/1.0" 200 1897 "http://hackney.dazzlingwebplanet.com/wp-admin/post.php?post=988288&action=elementor" "Mozilla/5.0 (Macintosh; Intel Mac OS X 10_15_7) AppleWebKit/537.36 (KHTML, like Gecko) Chrome/94.0.4606.81 Safari/537.36"
188.82.94.163 - - [21/Oct/2021:10:55:43 +0000] "POST /wp-admin/admin-ajax.php HTTP/1.0" 200 576 "http://hackney.dazzlingwebplanet.com/wp-admin/post.php?post=988288&action=elementor" "Mozilla/5.0 (Macintosh; Intel Mac OS X 10_15_7) AppleWebKit/537.36 (KHTML, like Gecko) Chrome/94.0.4606.81 Safari/537.36"
77.68.25.176 - - [21/Oct/2021:10:56:09 +0000] "POST /wp-cron.php?doing_wp_cron=1634813769.4871349334716796875000 HTTP/1.0" 200 269 "http://hackney.dazzlingwebplanet.com/wp-cron.php?doing_wp_cron=1634813769.4871349334716796875000" "WordPress/5.7.3; http://hackney.dazzlingwebplanet.com"
188.82.94.163 - - [21/Oct/2021:10:56:09 +0000] "POST /wp-admin/admin-ajax.php HTTP/1.0" 200 576 "http://hackney.dazzlingwebplanet.com/wp-admin/post.php?post=988288&action=elementor" "Mozilla/5.0 (Macintosh; Intel Mac OS X 10_15_7) AppleWebKit/537.36 (KHTML, like Gecko) Chrome/94.0.4606.81 Safari/537.36"
188.82.94.163 - - [21/Oct/2021:10:56:12 +0000] "POST /wp-admin/admin-ajax.php HTTP/1.0" 200 1304 "http://hackney.dazzlingwebplanet.com/wp-admin/post.php?post=988288&action=elementor" "Mozilla/5.0 (Macintosh; Intel Mac OS X 10_15_7) AppleWebKit/537.36 (KHTML, like Gecko) Chrome/94.0.4606.81 Safari/537.36"
188.82.94.163 - - [21/Oct/2021:10:56:12 +0000] "POST /wp-admin/admin-ajax.php HTTP/1.0" 200 585 "http://hackney.dazzlingwebplanet.com/wp-admin/post.php?post=988288&action=elementor" "Mozilla/5.0 (Macintosh; Intel Mac OS X 10_15_7) AppleWebKit/537.36 (KHTML, like Gecko) Chrome/94.0.4606.81 Safari/537.36"
188.82.94.163 - - [21/Oct/2021:10:56:13 +0000] "POST /wp-admin/admin-ajax.php HTTP/1.0" 200 576 "http://hackney.dazzlingwebplanet.com/wp-admin/post.php?post=988288&action=elementor" "Mozilla/5.0 (Macintosh; Intel Mac OS X 10_15_7) AppleWebKit/537.36 (KHTML, like Gecko) Chrome/94.0.4606.81 Safari/537.36"
188.82.94.163 - - [21/Oct/2021:10:56:28 +0000] "POST /wp-admin/admin-ajax.php HTTP/1.0" 200 576 "http://hackney.dazzlingwebplanet.com/wp-admin/post.php?post=988288&action=elementor" "Mozilla/5.0 (Macintosh; Intel Mac OS X 10_15_7) AppleWebKit/537.36 (KHTML, like Gecko) Chrome/94.0.4606.81 Safari/537.36"
188.82.94.163 - - [21/Oct/2021:10:56:43 +0000] "POST /wp-admin/admin-ajax.php HTTP/1.0" 200 576 "http://hackney.dazzlingwebplanet.com/wp-admin/post.php?post=988288&action=elementor" "Mozilla/5.0 (Macintosh; Intel Mac OS X 10_15_7) AppleWebKit/537.36 (KHTML, like Gecko) Chrome/94.0.4606.81 Safari/537.36"
77.68.25.176 - - [21/Oct/2021:10:56:59 +0000] "POST /wp-cron.php?doing_wp_cron=1634813819.6579649448394775390625 HTTP/1.0" 200 269 "http://hackney.dazzlingwebplanet.com/wp-cron.php?doing_wp_cron=1634813819.6579649448394775390625" "WordPress/5.7.3; http://hackney.dazzlingwebplanet.com"
188.82.94.163 - - [21/Oct/2021:10:56:59 +0000] "POST /wp-admin/admin-ajax.php HTTP/1.0" 200 576 "http://hackney.dazzlingwebplanet.com/wp-admin/post.php?post=988288&action=elementor" "Mozilla/5.0 (Macintosh; Intel Mac OS X 10_15_7) AppleWebKit/537.36 (KHTML, like Gecko) Chrome/94.0.4606.81 Safari/537.36"
188.82.94.163 - - [21/Oct/2021:10:57:47 +0000] "POST /wp-admin/admin-ajax.php HTTP/1.0" 200 1140 "http://hackney.dazzlingwebplanet.com/wp-admin/post.php?post=988288&action=elementor" "Mozilla/5.0 (Macintosh; Intel Mac OS X 10_15_7) AppleWebKit/537.36 (KHTML, like Gecko) Chrome/94.0.4606.81 Safari/537.36"
188.82.94.163 - - [21/Oct/2021:10:57:48 +0000] "POST /wp-admin/admin-ajax.php HTTP/1.0" 200 1158 "http://hackney.dazzlingwebplanet.com/wp-admin/post.php?post=988288&action=elementor" "Mozilla/5.0 (Macintosh; Intel Mac OS X 10_15_7) AppleWebKit/537.36 (KHTML, like Gecko) Chrome/94.0.4606.81 Safari/537.36"
77.68.25.176 - - [21/Oct/2021:10:59:01 +0000] "POST /wp-cron.php?doing_wp_cron=1634813941.1209568977355957031250 HTTP/1.0" 200 269 "http://hackney.dazzlingwebplanet.com/wp-cron.php?doing_wp_cron=1634813941.1209568977355957031250" "WordPress/5.7.3; http://hackney.dazzlingwebplanet.com"
188.82.94.163 - - [21/Oct/2021:10:59:00 +0000] "POST /wp-admin/admin-ajax.php HTTP/1.0" 200 576 "http://hackney.dazzlingwebplanet.com/wp-admin/post.php?post=988288&action=elementor" "Mozilla/5.0 (Macintosh; Intel Mac OS X 10_15_7) AppleWebKit/537.36 (KHTML, like Gecko) Chrome/94.0.4606.81 Safari/537.36"
188.82.94.163 - - [21/Oct/2021:10:59:48 +0000] "POST /wp-admin/admin-ajax.php HTTP/1.0" 200 576 "http://hackney.dazzlingwebplanet.com/wp-admin/post.php?post=988288&action=elementor" "Mozilla/5.0 (Macintosh; Intel Mac OS X 10_15_7) AppleWebKit/537.36 (KHTML, like Gecko) Chrome/94.0.4606.81 Safari/537.36"
77.68.25.176 - - [21/Oct/2021:10:59:50 +0000] "POST /wp-cron.php?doing_wp_cron=1634813990.1442139148712158203125 HTTP/1.0" 200 269 "http://hackney.dazzlingwebplanet.com/wp-cron.php?doing_wp_cron=1634813990.1442139148712158203125" "WordPress/5.7.3; http://hackney.dazzlingwebplanet.com"
188.82.94.163 - - [21/Oct/2021:10:59:49 +0000] "POST /wp-admin/admin-ajax.php HTTP/1.0" 200 929 "http://hackney.dazzlingwebplanet.com/wp-admin/post.php?post=988288&action=elementor" "Mozilla/5.0 (Macintosh; Intel Mac OS X 10_15_7) AppleWebKit/537.36 (KHTML, like Gecko) Chrome/94.0.4606.81 Safari/537.36"
188.82.94.163 - - [21/Oct/2021:11:00:03 +0000] "POST /wp-admin/admin-ajax.php HTTP/1.0" 200 576 "http://hackney.dazzlingwebplanet.com/wp-admin/post.php?post=988288&action=elementor" "Mozilla/5.0 (Macintosh; Intel Mac OS X 10_15_7) AppleWebKit/537.36 (KHTML, like Gecko) Chrome/94.0.4606.81 Safari/537.36"
188.82.94.163 - - [21/Oct/2021:11:00:19 +0000] "POST /wp-admin/admin-ajax.php HTTP/1.0" 200 576 "http://hackney.dazzlingwebplanet.com/wp-admin/post.php?post=988288&action=elementor" "Mozilla/5.0 (Macintosh; Intel Mac OS X 10_15_7) AppleWebKit/537.36 (KHTML, like Gecko) Chrome/94.0.4606.81 Safari/537.36"
188.82.94.163 - - [21/Oct/2021:11:00:34 +0000] "POST /wp-admin/admin-ajax.php HTTP/1.0" 200 576 "http://hackney.dazzlingwebplanet.com/wp-admin/post.php?post=988288&action=elementor" "Mozilla/5.0 (Macintosh; Intel Mac OS X 10_15_7) AppleWebKit/537.36 (KHTML, like Gecko) Chrome/94.0.4606.81 Safari/537.36"
188.82.94.163 - - [21/Oct/2021:11:00:49 +0000] "POST /wp-admin/admin-ajax.php HTTP/1.0" 200 576 "http://hackney.dazzlingwebplanet.com/wp-admin/post.php?post=988288&action=elementor" "Mozilla/5.0 (Macintosh; Intel Mac OS X 10_15_7) AppleWebKit/537.36 (KHTML, like Gecko) Chrome/94.0.4606.81 Safari/537.36"
77.68.25.176 - - [21/Oct/2021:11:01:04 +0000] "POST /wp-cron.php?doing_wp_cron=1634814064.6985049247741699218750 HTTP/1.0" 200 269 "http://hackney.dazzlingwebplanet.com/wp-cron.php?doing_wp_cron=1634814064.6985049247741699218750" "WordPress/5.7.3; http://hackney.dazzlingwebplanet.com"
188.82.94.163 - - [21/Oct/2021:11:01:04 +0000] "POST /wp-admin/admin-ajax.php HTTP/1.0" 200 576 "http://hackney.dazzlingwebplanet.com/wp-admin/post.php?post=988288&action=elementor" "Mozilla/5.0 (Macintosh; Intel Mac OS X 10_15_7) AppleWebKit/537.36 (KHTML, like Gecko) Chrome/94.0.4606.81 Safari/537.36"
188.82.94.163 - - [21/Oct/2021:11:01:19 +0000] "POST /wp-admin/admin-ajax.php HTTP/1.0" 200 576 "http://hackney.dazzlingwebplanet.com/wp-admin/post.php?post=988288&action=elementor" "Mozilla/5.0 (Macintosh; Intel Mac OS X 10_15_7) AppleWebKit/537.36 (KHTML, like Gecko) Chrome/94.0.4606.81 Safari/537.36"
188.82.94.163 - - [21/Oct/2021:11:01:34 +0000] "POST /wp-admin/admin-ajax.php HTTP/1.0" 200 576 "http://hackney.dazzlingwebplanet.com/wp-admin/post.php?post=988288&action=elementor" "Mozilla/5.0 (Macintosh; Intel Mac OS X 10_15_7) AppleWebKit/537.36 (KHTML, like Gecko) Chrome/94.0.4606.81 Safari/537.36"
188.82.94.163 - - [21/Oct/2021:11:01:36 +0000] "POST /wp-admin/admin-ajax.php HTTP/1.0" 200 1309 "http://hackney.dazzlingwebplanet.com/wp-admin/post.php?post=988288&action=elementor" "Mozilla/5.0 (Macintosh; Intel Mac OS X 10_15_7) AppleWebKit/537.36 (KHTML, like Gecko) Chrome/94.0.4606.81 Safari/537.36"
188.82.94.163 - - [21/Oct/2021:11:01:39 +0000] "POST /wp-admin/admin-ajax.php HTTP/1.0" 200 1897 "http://hackney.dazzlingwebplanet.com/wp-admin/post.php?post=988288&action=elementor" "Mozilla/5.0 (Macintosh; Intel Mac OS X 10_15_7) AppleWebKit/537.36 (KHTML, like Gecko) Chrome/94.0.4606.81 Safari/537.36"
188.82.94.163 - - [21/Oct/2021:11:01:49 +0000] "POST /wp-admin/admin-ajax.php HTTP/1.0" 200 576 "http://hackney.dazzlingwebplanet.com/wp-admin/post.php?post=988288&action=elementor" "Mozilla/5.0 (Macintosh; Intel Mac OS X 10_15_7) AppleWebKit/537.36 (KHTML, like Gecko) Chrome/94.0.4606.81 Safari/537.36"
77.68.25.176 - - [21/Oct/2021:11:02:04 +0000] "POST /wp-cron.php?doing_wp_cron=1634814124.7416028976440429687500 HTTP/1.0" 200 269 "http://hackney.dazzlingwebplanet.com/wp-cron.php?doing_wp_cron=1634814124.7416028976440429687500" "WordPress/5.7.3; http://hackney.dazzlingwebplanet.com"
188.82.94.163 - - [21/Oct/2021:11:02:04 +0000] "POST /wp-admin/admin-ajax.php HTTP/1.0" 200 576 "http://hackney.dazzlingwebplanet.com/wp-admin/post.php?post=988288&action=elementor" "Mozilla/5.0 (Macintosh; Intel Mac OS X 10_15_7) AppleWebKit/537.36 (KHTML, like Gecko) Chrome/94.0.4606.81 Safari/537.36"
188.82.94.163 - - [21/Oct/2021:11:02:17 +0000] "POST /wp-admin/admin-ajax.php HTTP/1.0" 200 1121 "http://hackney.dazzlingwebplanet.com/wp-admin/post.php?post=988288&action=elementor" "Mozilla/5.0 (Macintosh; Intel Mac OS X 10_15_7) AppleWebKit/537.36 (KHTML, like Gecko) Chrome/94.0.4606.81 Safari/537.36"
188.82.94.163 - - [21/Oct/2021:11:02:19 +0000] "POST /wp-admin/admin-ajax.php HTTP/1.0" 200 576 "http://hackney.dazzlingwebplanet.com/wp-admin/post.php?post=988288&action=elementor" "Mozilla/5.0 (Macintosh; Intel Mac OS X 10_15_7) AppleWebKit/537.36 (KHTML, like Gecko) Chrome/94.0.4606.81 Safari/537.36"
188.82.94.163 - - [21/Oct/2021:11:02:34 +0000] "POST /wp-admin/admin-ajax.php HTTP/1.0" 200 576 "http://hackney.dazzlingwebplanet.com/wp-admin/post.php?post=988288&action=elementor" "Mozilla/5.0 (Macintosh; Intel Mac OS X 10_15_7) AppleWebKit/537.36 (KHTML, like Gecko) Chrome/94.0.4606.81 Safari/537.36"
188.82.94.163 - - [21/Oct/2021:11:02:34 +0000] "POST /wp-admin/admin-ajax.php HTTP/1.0" 200 1905 "http://hackney.dazzlingwebplanet.com/wp-admin/post.php?post=988288&action=elementor" "Mozilla/5.0 (Macintosh; Intel Mac OS X 10_15_7) AppleWebKit/537.36 (KHTML, like Gecko) Chrome/94.0.4606.81 Safari/537.36"
188.82.94.163 - - [21/Oct/2021:11:02:36 +0000] "GET /training/ HTTP/1.0" 200 19561 "http://hackney.dazzlingwebplanet.com/wp-admin/post.php?post=988288&action=elementor" "Mozilla/5.0 (Macintosh; Intel Mac OS X 10_15_7) AppleWebKit/537.36 (KHTML, like Gecko) Chrome/94.0.4606.81 Safari/537.36"
188.82.94.163 - - [21/Oct/2021:11:02:37 +0000] "GET /wp-content/uploads/elementor/css/post-21889.css?ver=1634814156 HTTP/1.0" 200 256 "http://hackney.dazzlingwebplanet.com/training/" "Mozilla/5.0 (Macintosh; Intel Mac OS X 10_15_7) AppleWebKit/537.36 (KHTML, like Gecko) Chrome/94.0.4606.81 Safari/537.36"
