208.127.198.247 - - [20/Oct/2021:15:20:36 +0000] "GET /blog/ HTTP/1.0" 200 19582 "http://hackney.dazzlingwebplanet.com/contacts/" "Mozilla/5.0 (Windows NT 10.0; Win64; x64) AppleWebKit/537.36 (KHTML, like Gecko) Chrome/92.0.4515.159 Safari/537.36 Edg/92.0.902.78"
188.82.94.163 - - [20/Oct/2021:15:20:46 +0000] "POST /wp-admin/admin-ajax.php HTTP/1.0" 200 576 "http://hackney.dazzlingwebplanet.com/wp-admin/post.php?post=20370&action=elementor" "Mozilla/5.0 (Macintosh; Intel Mac OS X 10_15_7) AppleWebKit/537.36 (KHTML, like Gecko) Chrome/94.0.4606.81 Safari/537.36"
77.68.25.176 - - [20/Oct/2021:15:21:02 +0000] "POST /wp-cron.php?doing_wp_cron=1634743262.0652840137481689453125 HTTP/1.0" 200 269 "http://hackney.dazzlingwebplanet.com/wp-cron.php?doing_wp_cron=1634743262.0652840137481689453125" "WordPress/5.7.3; http://hackney.dazzlingwebplanet.com"
188.82.94.163 - - [20/Oct/2021:15:21:01 +0000] "POST /wp-admin/admin-ajax.php HTTP/1.0" 200 576 "http://hackney.dazzlingwebplanet.com/wp-admin/post.php?post=20370&action=elementor" "Mozilla/5.0 (Macintosh; Intel Mac OS X 10_15_7) AppleWebKit/537.36 (KHTML, like Gecko) Chrome/94.0.4606.81 Safari/537.36"
208.127.198.247 - - [20/Oct/2021:15:21:12 +0000] "GET /ools-for-direct-work-with-families/ HTTP/1.0" 200 23938 "http://hackney.dazzlingwebplanet.com/blog/" "Mozilla/5.0 (Windows NT 10.0; Win64; x64) AppleWebKit/537.36 (KHTML, like Gecko) Chrome/92.0.4515.159 Safari/537.36 Edg/92.0.902.78"
208.127.198.247 - - [20/Oct/2021:15:21:13 +0000] "GET /wp-content/uploads/elementor/css/post-988113.css?ver=1624828338 HTTP/1.0" 200 257 "http://hackney.dazzlingwebplanet.com/ools-for-direct-work-with-families/" "Mozilla/5.0 (Windows NT 10.0; Win64; x64) AppleWebKit/537.36 (KHTML, like Gecko) Chrome/92.0.4515.159 Safari/537.36 Edg/92.0.902.78"
208.127.198.247 - - [20/Oct/2021:15:21:13 +0000] "GET /wp-content/uploads/2021/06/ParentingPrevent-1024x926.png HTTP/1.0" 200 266 "http://hackney.dazzlingwebplanet.com/ools-for-direct-work-with-families/" "Mozilla/5.0 (Windows NT 10.0; Win64; x64) AppleWebKit/537.36 (KHTML, like Gecko) Chrome/92.0.4515.159 Safari/537.36 Edg/92.0.902.78"
208.127.198.247 - - [20/Oct/2021:15:21:13 +0000] "GET /wp-content/uploads/2021/06/The-Relationship-1024x1003.png HTTP/1.0" 200 267 "http://hackney.dazzlingwebplanet.com/ools-for-direct-work-with-families/" "Mozilla/5.0 (Windows NT 10.0; Win64; x64) AppleWebKit/537.36 (KHTML, like Gecko) Chrome/92.0.4515.159 Safari/537.36 Edg/92.0.902.78"
208.127.198.247 - - [20/Oct/2021:15:21:15 +0000] "GET /wp-content/uploads/2021/06/SW17_SI-CareCope-295x300.png HTTP/1.0" 200 265 "http://hackney.dazzlingwebplanet.com/ools-for-direct-work-with-families/" "Mozilla/5.0 (Windows NT 10.0; Win64; x64) AppleWebKit/537.36 (KHTML, like Gecko) Chrome/92.0.4515.159 Safari/537.36 Edg/92.0.902.78"
208.127.198.247 - - [20/Oct/2021:15:21:15 +0000] "GET /wp-content/uploads/2021/06/Building-Resilie-286x300.png HTTP/1.0" 200 265 "http://hackney.dazzlingwebplanet.com/ools-for-direct-work-with-families/" "Mozilla/5.0 (Windows NT 10.0; Win64; x64) AppleWebKit/537.36 (KHTML, like Gecko) Chrome/92.0.4515.159 Safari/537.36 Edg/92.0.902.78"
188.82.94.163 - - [20/Oct/2021:15:21:17 +0000] "POST /wp-admin/admin-ajax.php HTTP/1.0" 200 576 "http://hackney.dazzlingwebplanet.com/wp-admin/post.php?post=20370&action=elementor" "Mozilla/5.0 (Macintosh; Intel Mac OS X 10_15_7) AppleWebKit/537.36 (KHTML, like Gecko) Chrome/94.0.4606.81 Safari/537.36"
188.82.94.163 - - [20/Oct/2021:15:21:32 +0000] "POST /wp-admin/admin-ajax.php HTTP/1.0" 200 576 "http://hackney.dazzlingwebplanet.com/wp-admin/post.php?post=20370&action=elementor" "Mozilla/5.0 (Macintosh; Intel Mac OS X 10_15_7) AppleWebKit/537.36 (KHTML, like Gecko) Chrome/94.0.4606.81 Safari/537.36"
188.82.94.163 - - [20/Oct/2021:15:21:40 +0000] "GET /wp-admin/post.php?post=20370 HTTP/1.0" 302 443 "-" "Mozilla/5.0 (Macintosh; Intel Mac OS X 10_15_7) AppleWebKit/537.36 (KHTML, like Gecko) Chrome/94.0.4606.81 Safari/537.36"
188.82.94.163 - - [20/Oct/2021:15:21:40 +0000] "GET /wp-admin/edit.php HTTP/1.0" 200 35904 "-" "Mozilla/5.0 (Macintosh; Intel Mac OS X 10_15_7) AppleWebKit/537.36 (KHTML, like Gecko) Chrome/94.0.4606.81 Safari/537.36"
188.82.94.163 - - [20/Oct/2021:15:21:41 +0000] "GET /wp-content/plugins/givewp-donation-widgets-for-elementor/assets/dw4elementor-notice.css?ver=184 HTTP/1.0" 200 296 "http://hackney.dazzlingwebplanet.com/wp-admin/edit.php" "Mozilla/5.0 (Macintosh; Intel Mac OS X 10_15_7) AppleWebKit/537.36 (KHTML, like Gecko) Chrome/94.0.4606.81 Safari/537.36"
188.82.94.163 - - [20/Oct/2021:15:21:41 +0000] "GET /wp-admin/load-styles.php?c=0&dir=ltr&load%5Bchunk_0%5D=dashicons,admin-bar,common,forms,admin-menu,dashboard,list-tables,edit,revisions,media,themes,about,nav-menus,wp-pointer,widgets&load%5Bchunk_1%5D=,site-icon,l10n,buttons,wp-auth-check,media-views&ver=5.7.3 HTTP/1.0" 200 104482 "http://hackney.dazzlingwebplanet.com/wp-admin/edit.php" "Mozilla/5.0 (Macintosh; Intel Mac OS X 10_15_7) AppleWebKit/537.36 (KHTML, like Gecko) Chrome/94.0.4606.81 Safari/537.36"
188.82.94.163 - - [20/Oct/2021:15:21:41 +0000] "GET /wp-admin/js/tags-suggest.min.js?ver=5.7.3 HTTP/1.0" 200 254 "http://hackney.dazzlingwebplanet.com/wp-admin/edit.php" "Mozilla/5.0 (Macintosh; Intel Mac OS X 10_15_7) AppleWebKit/537.36 (KHTML, like Gecko) Chrome/94.0.4606.81 Safari/537.36"
188.82.94.163 - - [20/Oct/2021:15:21:41 +0000] "GET /wp-admin/load-scripts.php?c=0&load%5Bchunk_0%5D=jquery-core,jquery-migrate,utils,moxiejs,plupload&ver=5.7.3 HTTP/1.0" 200 67121 "http://hackney.dazzlingwebplanet.com/wp-admin/edit.php" "Mozilla/5.0 (Macintosh; Intel Mac OS X 10_15_7) AppleWebKit/537.36 (KHTML, like Gecko) Chrome/94.0.4606.81 Safari/537.36"
188.82.94.163 - - [20/Oct/2021:15:21:41 +0000] "GET /wp-admin/js/inline-edit-post.min.js?ver=5.7.3 HTTP/1.0" 200 258 "http://hackney.dazzlingwebplanet.com/wp-admin/edit.php" "Mozilla/5.0 (Macintosh; Intel Mac OS X 10_15_7) AppleWebKit/537.36 (KHTML, like Gecko) Chrome/94.0.4606.81 Safari/537.36"
188.82.94.163 - - [20/Oct/2021:15:21:41 +0000] "POST /wp-admin/admin-ajax.php HTTP/1.0" 200 546 "http://hackney.dazzlingwebplanet.com/wp-admin/edit.php" "Mozilla/5.0 (Macintosh; Intel Mac OS X 10_15_7) AppleWebKit/537.36 (KHTML, like Gecko) Chrome/94.0.4606.81 Safari/537.36"
188.82.94.163 - - [20/Oct/2021:15:21:46 +0000] "GET / HTTP/1.0" 200 19985 "http://hackney.dazzlingwebplanet.com/wp-admin/edit.php" "Mozilla/5.0 (Macintosh; Intel Mac OS X 10_15_7) AppleWebKit/537.36 (KHTML, like Gecko) Chrome/94.0.4606.81 Safari/537.36"
188.82.94.163 - - [20/Oct/2021:15:21:49 +0000] "GET /blog/ HTTP/1.0" 200 19579 "http://hackney.dazzlingwebplanet.com/" "Mozilla/5.0 (Macintosh; Intel Mac OS X 10_15_7) AppleWebKit/537.36 (KHTML, like Gecko) Chrome/94.0.4606.81 Safari/537.36"
188.82.94.163 - - [20/Oct/2021:15:21:49 +0000] "GET /wp-content/uploads/elementor/css/post-13750.css?ver=1624829421 HTTP/1.0" 200 256 "http://hackney.dazzlingwebplanet.com/blog/" "Mozilla/5.0 (Macintosh; Intel Mac OS X 10_15_7) AppleWebKit/537.36 (KHTML, like Gecko) Chrome/94.0.4606.81 Safari/537.36"
188.82.94.163 - - [20/Oct/2021:15:21:49 +0000] "GET /wp-content/uploads/2021/06/Resilience-2-2.png HTTP/1.0" 200 255 "http://hackney.dazzlingwebplanet.com/blog/" "Mozilla/5.0 (Macintosh; Intel Mac OS X 10_15_7) AppleWebKit/537.36 (KHTML, like Gecko) Chrome/94.0.4606.81 Safari/537.36"
188.82.94.163 - - [20/Oct/2021:15:21:49 +0000] "GET /wp-content/uploads/2021/06/Resilience-5.png HTTP/1.0" 200 253 "http://hackney.dazzlingwebplanet.com/blog/" "Mozilla/5.0 (Macintosh; Intel Mac OS X 10_15_7) AppleWebKit/537.36 (KHTML, like Gecko) Chrome/94.0.4606.81 Safari/537.36"
188.82.94.163 - - [20/Oct/2021:15:21:49 +0000] "GET /wp-content/uploads/2021/06/Resilience-2-1.png HTTP/1.0" 200 255 "http://hackney.dazzlingwebplanet.com/blog/" "Mozilla/5.0 (Macintosh; Intel Mac OS X 10_15_7) AppleWebKit/537.36 (KHTML, like Gecko) Chrome/94.0.4606.81 Safari/537.36"
188.82.94.163 - - [20/Oct/2021:15:21:49 +0000] "GET /wp-content/uploads/2021/06/Resilience-3-1.png HTTP/1.0" 200 255 "http://hackney.dazzlingwebplanet.com/blog/" "Mozilla/5.0 (Macintosh; Intel Mac OS X 10_15_7) AppleWebKit/537.36 (KHTML, like Gecko) Chrome/94.0.4606.81 Safari/537.36"
188.82.94.163 - - [20/Oct/2021:15:21:49 +0000] "GET /wp-content/uploads/2021/06/Resilience-1.png HTTP/1.0" 200 253 "http://hackney.dazzlingwebplanet.com/blog/" "Mozilla/5.0 (Macintosh; Intel Mac OS X 10_15_7) AppleWebKit/537.36 (KHTML, like Gecko) Chrome/94.0.4606.81 Safari/537.36"
188.82.94.163 - - [20/Oct/2021:15:21:49 +0000] "GET /wp-content/uploads/2021/06/Resilience-4-1.png HTTP/1.0" 200 255 "http://hackney.dazzlingwebplanet.com/blog/" "Mozilla/5.0 (Macintosh; Intel Mac OS X 10_15_7) AppleWebKit/537.36 (KHTML, like Gecko) Chrome/94.0.4606.81 Safari/537.36"
77.68.25.176 - - [20/Oct/2021:15:22:52 +0000] "POST /wp-cron.php?doing_wp_cron=1634743372.1390719413757324218750 HTTP/1.0" 200 269 "http://hackney.dazzlingwebplanet.com/wp-cron.php?doing_wp_cron=1634743372.1390719413757324218750" "WordPress/5.7.3; http://hackney.dazzlingwebplanet.com"
208.127.198.247 - - [20/Oct/2021:15:22:51 +0000] "GET /life-stage-courses-perinatal/ HTTP/1.0" 200 23543 "http://hackney.dazzlingwebplanet.com/blog/" "Mozilla/5.0 (Windows NT 10.0; Win64; x64) AppleWebKit/537.36 (KHTML, like Gecko) Chrome/92.0.4515.159 Safari/537.36 Edg/92.0.902.78"
208.127.198.247 - - [20/Oct/2021:15:22:52 +0000] "GET /wp-content/uploads/elementor/css/post-988188.css?ver=1631896451 HTTP/1.0" 200 515 "http://hackney.dazzlingwebplanet.com/life-stage-courses-perinatal/" "Mozilla/5.0 (Windows NT 10.0; Win64; x64) AppleWebKit/537.36 (KHTML, like Gecko) Chrome/92.0.4515.159 Safari/537.36 Edg/92.0.902.78"
208.127.198.247 - - [20/Oct/2021:15:22:53 +0000] "GET /wp-content/uploads/2021/06/pair-of-aces-tree.png HTTP/1.0" 200 258 "http://hackney.dazzlingwebplanet.com/life-stage-courses-perinatal/" "Mozilla/5.0 (Windows NT 10.0; Win64; x64) AppleWebKit/537.36 (KHTML, like Gecko) Chrome/92.0.4515.159 Safari/537.36 Edg/92.0.902.78"
208.127.198.247 - - [20/Oct/2021:15:22:53 +0000] "GET /wp-content/uploads/2021/06/Opening-Doors_-T-1024x699.png HTTP/1.0" 200 266 "http://hackney.dazzlingwebplanet.com/life-stage-courses-perinatal/" "Mozilla/5.0 (Windows NT 10.0; Win64; x64) AppleWebKit/537.36 (KHTML, like Gecko) Chrome/92.0.4515.159 Safari/537.36 Edg/92.0.902.78"
208.127.198.247 - - [20/Oct/2021:15:22:53 +0000] "GET /wp-content/uploads/2021/06/ChATR-resource-p-3-300x300.png HTTP/1.0" 200 267 "http://hackney.dazzlingwebplanet.com/life-stage-courses-perinatal/" "Mozilla/5.0 (Windows NT 10.0; Win64; x64) AppleWebKit/537.36 (KHTML, like Gecko) Chrome/92.0.4515.159 Safari/537.36 Edg/92.0.902.78"
208.127.198.247 - - [20/Oct/2021:15:22:53 +0000] "GET /wp-content/uploads/2021/06/ChATR-resource-p-5.png HTTP/1.0" 200 259 "http://hackney.dazzlingwebplanet.com/life-stage-courses-perinatal/" "Mozilla/5.0 (Windows NT 10.0; Win64; x64) AppleWebKit/537.36 (KHTML, like Gecko) Chrome/92.0.4515.159 Safari/537.36 Edg/92.0.902.78"
208.127.198.247 - - [20/Oct/2021:15:22:53 +0000] "GET /wp-content/uploads/2021/06/The-Risk-and-Res-1024x964.png HTTP/1.0" 200 266 "http://hackney.dazzlingwebplanet.com/life-stage-courses-perinatal/" "Mozilla/5.0 (Windows NT 10.0; Win64; x64) AppleWebKit/537.36 (KHTML, like Gecko) Chrome/92.0.4515.159 Safari/537.36 Edg/92.0.902.78"
208.127.198.247 - - [20/Oct/2021:15:22:53 +0000] "GET /wp-content/uploads/2021/06/Repair-of-Early--289x300.png HTTP/1.0" 200 265 "http://hackney.dazzlingwebplanet.com/life-stage-courses-perinatal/" "Mozilla/5.0 (Windows NT 10.0; Win64; x64) AppleWebKit/537.36 (KHTML, like Gecko) Chrome/92.0.4515.159 Safari/537.36 Edg/92.0.902.78"
208.127.198.247 - - [20/Oct/2021:15:22:53 +0000] "GET /wp-content/uploads/2021/06/adversity-and-tr-261x300.png HTTP/1.0" 200 265 "http://hackney.dazzlingwebplanet.com/life-stage-courses-perinatal/" "Mozilla/5.0 (Windows NT 10.0; Win64; x64) AppleWebKit/537.36 (KHTML, like Gecko) Chrome/92.0.4515.159 Safari/537.36 Edg/92.0.902.78"
208.127.198.247 - - [20/Oct/2021:15:22:53 +0000] "GET /wp-content/uploads/2021/06/ChATR-resource-p-6-298x300.png HTTP/1.0" 200 267 "http://hackney.dazzlingwebplanet.com/life-stage-courses-perinatal/" "Mozilla/5.0 (Windows NT 10.0; Win64; x64) AppleWebKit/537.36 (KHTML, like Gecko) Chrome/92.0.4515.159 Safari/537.36 Edg/92.0.902.78"
77.68.25.176 - - [20/Oct/2021:15:24:17 +0000] "POST /wp-cron.php?doing_wp_cron=1634743457.6126089096069335937500 HTTP/1.0" 200 269 "http://hackney.dazzlingwebplanet.com/wp-cron.php?doing_wp_cron=1634743457.6126089096069335937500" "WordPress/5.7.3; http://hackney.dazzlingwebplanet.com"
188.82.94.163 - - [20/Oct/2021:15:24:17 +0000] "GET /contacts/ HTTP/1.0" 200 17753 "http://hackney.dazzlingwebplanet.com/blog/" "Mozilla/5.0 (Macintosh; Intel Mac OS X 10_15_7) AppleWebKit/537.36 (KHTML, like Gecko) Chrome/94.0.4606.81 Safari/537.36"
188.82.94.163 - - [20/Oct/2021:15:24:21 +0000] "GET /about-us/ HTTP/1.0" 200 22079 "http://hackney.dazzlingwebplanet.com/contacts/" "Mozilla/5.0 (Macintosh; Intel Mac OS X 10_15_7) AppleWebKit/537.36 (KHTML, like Gecko) Chrome/94.0.4606.81 Safari/537.36"
188.82.94.163 - - [20/Oct/2021:15:24:22 +0000] "GET /wp-content/uploads/elementor/css/post-18149.css?ver=1631894079 HTTP/1.0" 200 256 "http://hackney.dazzlingwebplanet.com/about-us/" "Mozilla/5.0 (Macintosh; Intel Mac OS X 10_15_7) AppleWebKit/537.36 (KHTML, like Gecko) Chrome/94.0.4606.81 Safari/537.36"
188.82.94.163 - - [20/Oct/2021:15:24:22 +0000] "GET /wp-content/uploads/2021/06/51025993446_7c26b2b9ee_k.jpg HTTP/1.0" 200 266 "http://hackney.dazzlingwebplanet.com/wp-content/uploads/elementor/css/post-18149.css?ver=1631894079" "Mozilla/5.0 (Macintosh; Intel Mac OS X 10_15_7) AppleWebKit/537.36 (KHTML, like Gecko) Chrome/94.0.4606.81 Safari/537.36"
208.127.198.247 - - [20/Oct/2021:15:24:29 +0000] "GET /about-us/ HTTP/1.0" 200 22079 "http://hackney.dazzlingwebplanet.com/blog/" "Mozilla/5.0 (Windows NT 10.0; Win64; x64) AppleWebKit/537.36 (KHTML, like Gecko) Chrome/92.0.4515.159 Safari/537.36 Edg/92.0.902.78"
188.82.94.163 - - [20/Oct/2021:15:24:37 +0000] "GET / HTTP/1.0" 200 19983 "http://hackney.dazzlingwebplanet.com/about-us/" "Mozilla/5.0 (Macintosh; Intel Mac OS X 10_15_7) AppleWebKit/537.36 (KHTML, like Gecko) Chrome/94.0.4606.81 Safari/537.36"
77.68.25.176 - - [20/Oct/2021:15:24:51 +0000] "POST /wp-cron.php?doing_wp_cron=1634743491.5812549591064453125000 HTTP/1.0" 200 269 "http://hackney.dazzlingwebplanet.com/wp-cron.php?doing_wp_cron=1634743491.5812549591064453125000" "WordPress/5.7.3; http://hackney.dazzlingwebplanet.com"
188.82.94.163 - - [20/Oct/2021:15:24:51 +0000] "GET /about-us/ HTTP/1.0" 200 22078 "http://hackney.dazzlingwebplanet.com/" "Mozilla/5.0 (Macintosh; Intel Mac OS X 10_15_7) AppleWebKit/537.36 (KHTML, like Gecko) Chrome/94.0.4606.81 Safari/537.36"
77.68.25.176 - - [20/Oct/2021:15:47:01 +0000] "POST /wp-cron.php?doing_wp_cron=1634744821.1683259010314941406250 HTTP/1.0" 200 269 "http://hackney.dazzlingwebplanet.com/wp-cron.php?doing_wp_cron=1634744821.1683259010314941406250" "WordPress/5.7.3; http://hackney.dazzlingwebplanet.com"
188.82.94.163 - - [20/Oct/2021:15:47:00 +0000] "GET /wp-admin/post.php?post=18149&action=edit HTTP/1.0" 200 179723 "http://hackney.dazzlingwebplanet.com/about-us/" "Mozilla/5.0 (Macintosh; Intel Mac OS X 10_15_7) AppleWebKit/537.36 (KHTML, like Gecko) Chrome/94.0.4606.81 Safari/537.36"
188.82.94.163 - - [20/Oct/2021:15:47:02 +0000] "GET /wp-content/plugins/givewp-donation-widgets-for-elementor/assets/dw4elementor-notice.css?ver=54 HTTP/1.0" 200 296 "http://hackney.dazzlingwebplanet.com/wp-admin/post.php?post=18149&action=edit" "Mozilla/5.0 (Macintosh; Intel Mac OS X 10_15_7) AppleWebKit/537.36 (KHTML, like Gecko) Chrome/94.0.4606.81 Safari/537.36"
188.82.94.163 - - [20/Oct/2021:15:47:02 +0000] "GET /wp-json/contact-form-7/v1/contact-forms?per_page=20&_locale=user HTTP/1.0" 200 688 "http://hackney.dazzlingwebplanet.com/wp-admin/post.php?post=18149&action=edit" "Mozilla/5.0 (Macintosh; Intel Mac OS X 10_15_7) AppleWebKit/537.36 (KHTML, like Gecko) Chrome/94.0.4606.81 Safari/537.36"
188.82.94.163 - - [20/Oct/2021:15:47:03 +0000] "GET /wp-json/wp/v2/users/me?_locale=user HTTP/1.0" 200 1826 "http://hackney.dazzlingwebplanet.com/wp-admin/post.php?post=18149&action=edit" "Mozilla/5.0 (Macintosh; Intel Mac OS X 10_15_7) AppleWebKit/537.36 (KHTML, like Gecko) Chrome/94.0.4606.81 Safari/537.36"
188.82.94.163 - - [20/Oct/2021:15:47:03 +0000] "GET /wp-json/wp/v2/blocks?per_page=100&context=edit&_locale=user HTTP/1.0" 200 644 "http://hackney.dazzlingwebplanet.com/wp-admin/post.php?post=18149&action=edit" "Mozilla/5.0 (Macintosh; Intel Mac OS X 10_15_7) AppleWebKit/537.36 (KHTML, like Gecko) Chrome/94.0.4606.81 Safari/537.36"
188.82.94.163 - - [20/Oct/2021:15:47:03 +0000] "GET /wp-json/?context=edit&_locale=user HTTP/1.0" 200 930168 "http://hackney.dazzlingwebplanet.com/wp-admin/post.php?post=18149&action=edit" "Mozilla/5.0 (Macintosh; Intel Mac OS X 10_15_7) AppleWebKit/537.36 (KHTML, like Gecko) Chrome/94.0.4606.81 Safari/537.36"
188.82.94.163 - - [20/Oct/2021:15:47:03 +0000] "GET /wp-json/wp/v2/users/?who=authors&per_page=100&_locale=user HTTP/1.0" 200 3055 "http://hackney.dazzlingwebplanet.com/wp-admin/post.php?post=18149&action=edit" "Mozilla/5.0 (Macintosh; Intel Mac OS X 10_15_7) AppleWebKit/537.36 (KHTML, like Gecko) Chrome/94.0.4606.81 Safari/537.36"
188.82.94.163 - - [20/Oct/2021:15:47:03 +0000] "GET /wp-content/uploads/2021/06/hackenylogo-640x310.png HTTP/1.0" 200 260 "http://hackney.dazzlingwebplanet.com/wp-admin/post.php?post=18149&action=edit" "Mozilla/5.0 (Macintosh; Intel Mac OS X 10_15_7) AppleWebKit/537.36 (KHTML, like Gecko) Chrome/94.0.4606.81 Safari/537.36"
188.82.94.163 - - [20/Oct/2021:15:47:03 +0000] "GET /wp-json/wp/v2/pages/18149?_locale=user HTTP/1.0" 200 31301 "http://hackney.dazzlingwebplanet.com/wp-admin/post.php?post=18149&action=edit" "Mozilla/5.0 (Macintosh; Intel Mac OS X 10_15_7) AppleWebKit/537.36 (KHTML, like Gecko) Chrome/94.0.4606.81 Safari/537.36"
188.82.94.163 - - [20/Oct/2021:15:47:08 +0000] "POST /wp-admin/admin-ajax.php HTTP/1.0" 200 580 "http://hackney.dazzlingwebplanet.com/wp-admin/post.php?post=18149&action=edit" "Mozilla/5.0 (Macintosh; Intel Mac OS X 10_15_7) AppleWebKit/537.36 (KHTML, like Gecko) Chrome/94.0.4606.81 Safari/537.36"
188.82.94.163 - - [20/Oct/2021:15:47:08 +0000] "GET /wp-admin/post.php?post=18149&action=elementor HTTP/1.0" 200 162089 "http://hackney.dazzlingwebplanet.com/wp-admin/post.php?post=18149&action=edit" "Mozilla/5.0 (Macintosh; Intel Mac OS X 10_15_7) AppleWebKit/537.36 (KHTML, like Gecko) Chrome/94.0.4606.81 Safari/537.36"
188.82.94.163 - - [20/Oct/2021:15:47:09 +0000] "GET /wp-content/plugins/givewp-donation-widgets-for-elementor//assets/dw4elementor-admin.css?ver=170 HTTP/1.0" 200 295 "http://hackney.dazzlingwebplanet.com/wp-admin/post.php?post=18149&action=elementor" "Mozilla/5.0 (Macintosh; Intel Mac OS X 10_15_7) AppleWebKit/537.36 (KHTML, like Gecko) Chrome/94.0.4606.81 Safari/537.36"
188.82.94.163 - - [20/Oct/2021:15:47:10 +0000] "POST /wp-admin/admin-ajax.php HTTP/1.0" 200 576 "http://hackney.dazzlingwebplanet.com/wp-admin/post.php?post=18149&action=elementor" "Mozilla/5.0 (Macintosh; Intel Mac OS X 10_15_7) AppleWebKit/537.36 (KHTML, like Gecko) Chrome/94.0.4606.81 Safari/537.36"
188.82.94.163 - - [20/Oct/2021:15:47:09 +0000] "GET /about-us/?elementor-preview=18149&ver=1634744829 HTTP/1.0" 200 15793 "http://hackney.dazzlingwebplanet.com/wp-admin/post.php?post=18149&action=elementor" "Mozilla/5.0 (Macintosh; Intel Mac OS X 10_15_7) AppleWebKit/537.36 (KHTML, like Gecko) Chrome/94.0.4606.81 Safari/537.36"
188.82.94.163 - - [20/Oct/2021:15:47:10 +0000] "POST /wp-admin/admin-ajax.php HTTP/1.0" 200 298544 "http://hackney.dazzlingwebplanet.com/wp-admin/post.php?post=18149&action=elementor" "Mozilla/5.0 (Macintosh; Intel Mac OS X 10_15_7) AppleWebKit/537.36 (KHTML, like Gecko) Chrome/94.0.4606.81 Safari/537.36"
188.82.94.163 - - [20/Oct/2021:15:47:10 +0000] "GET /wp-json/elementor/v1/globals HTTP/1.0" 200 7938 "http://hackney.dazzlingwebplanet.com/wp-admin/post.php?post=18149&action=elementor" "Mozilla/5.0 (Macintosh; Intel Mac OS X 10_15_7) AppleWebKit/537.36 (KHTML, like Gecko) Chrome/94.0.4606.81 Safari/537.36"
188.82.94.163 - - [20/Oct/2021:15:47:14 +0000] "POST /wp-admin/admin-ajax.php HTTP/1.0" 200 3661 "http://hackney.dazzlingwebplanet.com/wp-admin/post.php?post=18149&action=elementor" "Mozilla/5.0 (Macintosh; Intel Mac OS X 10_15_7) AppleWebKit/537.36 (KHTML, like Gecko) Chrome/94.0.4606.81 Safari/537.36"
188.82.94.163 - - [20/Oct/2021:15:47:25 +0000] "POST /wp-admin/admin-ajax.php HTTP/1.0" 200 576 "http://hackney.dazzlingwebplanet.com/wp-admin/post.php?post=18149&action=elementor" "Mozilla/5.0 (Macintosh; Intel Mac OS X 10_15_7) AppleWebKit/537.36 (KHTML, like Gecko) Chrome/94.0.4606.81 Safari/537.36"
188.82.94.163 - - [20/Oct/2021:15:47:40 +0000] "POST /wp-admin/admin-ajax.php HTTP/1.0" 200 576 "http://hackney.dazzlingwebplanet.com/wp-admin/post.php?post=18149&action=elementor" "Mozilla/5.0 (Macintosh; Intel Mac OS X 10_15_7) AppleWebKit/537.36 (KHTML, like Gecko) Chrome/94.0.4606.81 Safari/537.36"
77.68.25.176 - - [20/Oct/2021:15:47:55 +0000] "POST /wp-cron.php?doing_wp_cron=1634744875.3143730163574218750000 HTTP/1.0" 200 269 "http://hackney.dazzlingwebplanet.com/wp-cron.php?doing_wp_cron=1634744875.3143730163574218750000" "WordPress/5.7.3; http://hackney.dazzlingwebplanet.com"
188.82.94.163 - - [20/Oct/2021:15:47:55 +0000] "POST /wp-admin/admin-ajax.php HTTP/1.0" 200 576 "http://hackney.dazzlingwebplanet.com/wp-admin/post.php?post=18149&action=elementor" "Mozilla/5.0 (Macintosh; Intel Mac OS X 10_15_7) AppleWebKit/537.36 (KHTML, like Gecko) Chrome/94.0.4606.81 Safari/537.36"
188.82.94.163 - - [20/Oct/2021:15:48:10 +0000] "POST /wp-admin/admin-ajax.php HTTP/1.0" 200 576 "http://hackney.dazzlingwebplanet.com/wp-admin/post.php?post=18149&action=elementor" "Mozilla/5.0 (Macintosh; Intel Mac OS X 10_15_7) AppleWebKit/537.36 (KHTML, like Gecko) Chrome/94.0.4606.81 Safari/537.36"
188.82.94.163 - - [20/Oct/2021:15:48:25 +0000] "POST /wp-admin/admin-ajax.php HTTP/1.0" 200 576 "http://hackney.dazzlingwebplanet.com/wp-admin/post.php?post=18149&action=elementor" "Mozilla/5.0 (Macintosh; Intel Mac OS X 10_15_7) AppleWebKit/537.36 (KHTML, like Gecko) Chrome/94.0.4606.81 Safari/537.36"
77.68.25.176 - - [20/Oct/2021:15:48:30 +0000] "POST /wp-cron.php?doing_wp_cron=1634744910.6509449481964111328125 HTTP/1.0" 200 269 "http://hackney.dazzlingwebplanet.com/wp-cron.php?doing_wp_cron=1634744910.6509449481964111328125" "WordPress/5.7.3; http://hackney.dazzlingwebplanet.com"
188.82.94.163 - - [20/Oct/2021:15:48:30 +0000] "POST /wp-admin/admin-ajax.php HTTP/1.0" 200 1188 "http://hackney.dazzlingwebplanet.com/wp-admin/post.php?post=18149&action=elementor" "Mozilla/5.0 (Macintosh; Intel Mac OS X 10_15_7) AppleWebKit/537.36 (KHTML, like Gecko) Chrome/94.0.4606.81 Safari/537.36"
188.82.94.163 - - [20/Oct/2021:15:48:31 +0000] "POST /wp-admin/admin-ajax.php HTTP/1.0" 200 1431 "http://hackney.dazzlingwebplanet.com/wp-admin/post.php?post=18149&action=elementor" "Mozilla/5.0 (Macintosh; Intel Mac OS X 10_15_7) AppleWebKit/537.36 (KHTML, like Gecko) Chrome/94.0.4606.81 Safari/537.36"
188.82.94.163 - - [20/Oct/2021:15:48:40 +0000] "POST /wp-admin/admin-ajax.php HTTP/1.0" 200 576 "http://hackney.dazzlingwebplanet.com/wp-admin/post.php?post=18149&action=elementor" "Mozilla/5.0 (Macintosh; Intel Mac OS X 10_15_7) AppleWebKit/537.36 (KHTML, like Gecko) Chrome/94.0.4606.81 Safari/537.36"
188.82.94.163 - - [20/Oct/2021:15:48:44 +0000] "POST /wp-admin/admin-ajax.php HTTP/1.0" 200 58966 "http://hackney.dazzlingwebplanet.com/wp-admin/post.php?post=18149&action=elementor" "Mozilla/5.0 (Macintosh; Intel Mac OS X 10_15_7) AppleWebKit/537.36 (KHTML, like Gecko) Chrome/94.0.4606.81 Safari/537.36"
188.82.94.163 - - [20/Oct/2021:15:48:45 +0000] "POST /wp-admin/admin-ajax.php HTTP/1.0" 200 576 "http://hackney.dazzlingwebplanet.com/wp-admin/post.php?post=18149&action=elementor" "Mozilla/5.0 (Macintosh; Intel Mac OS X 10_15_7) AppleWebKit/537.36 (KHTML, like Gecko) Chrome/94.0.4606.81 Safari/537.36"
188.82.94.163 - - [20/Oct/2021:15:48:47 +0000] "POST /wp-admin/admin-ajax.php HTTP/1.0" 200 743 "http://hackney.dazzlingwebplanet.com/wp-admin/post.php?post=18149&action=elementor" "Mozilla/5.0 (Macintosh; Intel Mac OS X 10_15_7) AppleWebKit/537.36 (KHTML, like Gecko) Chrome/94.0.4606.81 Safari/537.36"
188.82.94.163 - - [20/Oct/2021:15:48:55 +0000] "GET /wp-content/plugins/elementor/assets/lib/font-awesome/css/regular.min.css HTTP/1.0" 200 615 "http://hackney.dazzlingwebplanet.com/wp-admin/post.php?post=18149&action=elementor" "Mozilla/5.0 (Macintosh; Intel Mac OS X 10_15_7) AppleWebKit/537.36 (KHTML, like Gecko) Chrome/94.0.4606.81 Safari/537.36"
188.82.94.163 - - [20/Oct/2021:15:48:55 +0000] "GET /wp-content/plugins/elementor/assets/lib/font-awesome/css/solid.min.css HTTP/1.0" 200 616 "http://hackney.dazzlingwebplanet.com/wp-admin/post.php?post=18149&action=elementor" "Mozilla/5.0 (Macintosh; Intel Mac OS X 10_15_7) AppleWebKit/537.36 (KHTML, like Gecko) Chrome/94.0.4606.81 Safari/537.36"
188.82.94.163 - - [20/Oct/2021:15:48:55 +0000] "GET /wp-content/plugins/elementor/assets/lib/font-awesome/js/regular.js HTTP/1.0" 200 289 "http://hackney.dazzlingwebplanet.com/wp-admin/post.php?post=18149&action=elementor" "Mozilla/5.0 (Macintosh; Intel Mac OS X 10_15_7) AppleWebKit/537.36 (KHTML, like Gecko) Chrome/94.0.4606.81 Safari/537.36"
188.82.94.163 - - [20/Oct/2021:15:48:55 +0000] "GET /wp-content/plugins/elementor/assets/lib/font-awesome/js/solid.js HTTP/1.0" 200 287 "http://hackney.dazzlingwebplanet.com/wp-admin/post.php?post=18149&action=elementor" "Mozilla/5.0 (Macintosh; Intel Mac OS X 10_15_7) AppleWebKit/537.36 (KHTML, like Gecko) Chrome/94.0.4606.81 Safari/537.36"
188.82.94.163 - - [20/Oct/2021:15:48:55 +0000] "GET /wp-content/plugins/elementor/assets/lib/font-awesome/js/brands.js HTTP/1.0" 200 288 "http://hackney.dazzlingwebplanet.com/wp-admin/post.php?post=18149&action=elementor" "Mozilla/5.0 (Macintosh; Intel Mac OS X 10_15_7) AppleWebKit/537.36 (KHTML, like Gecko) Chrome/94.0.4606.81 Safari/537.36"
77.68.25.176 - - [20/Oct/2021:15:49:00 +0000] "POST /wp-cron.php?doing_wp_cron=1634744940.5759129524230957031250 HTTP/1.0" 200 269 "http://hackney.dazzlingwebplanet.com/wp-cron.php?doing_wp_cron=1634744940.5759129524230957031250" "WordPress/5.7.3; http://hackney.dazzlingwebplanet.com"
188.82.94.163 - - [20/Oct/2021:15:49:00 +0000] "POST /wp-admin/admin-ajax.php HTTP/1.0" 200 576 "http://hackney.dazzlingwebplanet.com/wp-admin/post.php?post=18149&action=elementor" "Mozilla/5.0 (Macintosh; Intel Mac OS X 10_15_7) AppleWebKit/537.36 (KHTML, like Gecko) Chrome/94.0.4606.81 Safari/537.36"
188.82.94.163 - - [20/Oct/2021:15:49:15 +0000] "POST /wp-admin/admin-ajax.php HTTP/1.0" 200 576 "http://hackney.dazzlingwebplanet.com/wp-admin/post.php?post=18149&action=elementor" "Mozilla/5.0 (Macintosh; Intel Mac OS X 10_15_7) AppleWebKit/537.36 (KHTML, like Gecko) Chrome/94.0.4606.81 Safari/537.36"
188.82.94.163 - - [20/Oct/2021:15:49:30 +0000] "POST /wp-admin/admin-ajax.php HTTP/1.0" 200 576 "http://hackney.dazzlingwebplanet.com/wp-admin/post.php?post=18149&action=elementor" "Mozilla/5.0 (Macintosh; Intel Mac OS X 10_15_7) AppleWebKit/537.36 (KHTML, like Gecko) Chrome/94.0.4606.81 Safari/537.36"
188.82.94.163 - - [20/Oct/2021:15:49:35 +0000] "POST /wp-admin/admin-ajax.php HTTP/1.0" 200 814 "http://hackney.dazzlingwebplanet.com/wp-admin/post.php?post=18149&action=elementor" "Mozilla/5.0 (Macintosh; Intel Mac OS X 10_15_7) AppleWebKit/537.36 (KHTML, like Gecko) Chrome/94.0.4606.81 Safari/537.36"
188.82.94.163 - - [20/Oct/2021:15:49:45 +0000] "POST /wp-admin/admin-ajax.php HTTP/1.0" 200 576 "http://hackney.dazzlingwebplanet.com/wp-admin/post.php?post=18149&action=elementor" "Mozilla/5.0 (Macintosh; Intel Mac OS X 10_15_7) AppleWebKit/537.36 (KHTML, like Gecko) Chrome/94.0.4606.81 Safari/537.36"
77.68.25.176 - - [20/Oct/2021:15:50:00 +0000] "POST /wp-cron.php?doing_wp_cron=1634745000.5549049377441406250000 HTTP/1.0" 200 269 "http://hackney.dazzlingwebplanet.com/wp-cron.php?doing_wp_cron=1634745000.5549049377441406250000" "WordPress/5.7.3; http://hackney.dazzlingwebplanet.com"
188.82.94.163 - - [20/Oct/2021:15:50:00 +0000] "POST /wp-admin/admin-ajax.php HTTP/1.0" 200 576 "http://hackney.dazzlingwebplanet.com/wp-admin/post.php?post=18149&action=elementor" "Mozilla/5.0 (Macintosh; Intel Mac OS X 10_15_7) AppleWebKit/537.36 (KHTML, like Gecko) Chrome/94.0.4606.81 Safari/537.36"
188.82.94.163 - - [20/Oct/2021:15:50:15 +0000] "POST /wp-admin/admin-ajax.php HTTP/1.0" 200 576 "http://hackney.dazzlingwebplanet.com/wp-admin/post.php?post=18149&action=elementor" "Mozilla/5.0 (Macintosh; Intel Mac OS X 10_15_7) AppleWebKit/537.36 (KHTML, like Gecko) Chrome/94.0.4606.81 Safari/537.36"
188.82.94.163 - - [20/Oct/2021:15:50:17 +0000] "POST /wp-admin/admin-ajax.php HTTP/1.0" 200 1171 "http://hackney.dazzlingwebplanet.com/wp-admin/post.php?post=18149&action=elementor" "Mozilla/5.0 (Macintosh; Intel Mac OS X 10_15_7) AppleWebKit/537.36 (KHTML, like Gecko) Chrome/94.0.4606.81 Safari/537.36"
188.82.94.163 - - [20/Oct/2021:15:50:18 +0000] "POST /wp-admin/admin-ajax.php HTTP/1.0" 200 1370 "http://hackney.dazzlingwebplanet.com/wp-admin/post.php?post=18149&action=elementor" "Mozilla/5.0 (Macintosh; Intel Mac OS X 10_15_7) AppleWebKit/537.36 (KHTML, like Gecko) Chrome/94.0.4606.81 Safari/537.36"
188.82.94.163 - - [20/Oct/2021:15:50:19 +0000] "POST /wp-admin/admin-ajax.php HTTP/1.0" 200 1138 "http://hackney.dazzlingwebplanet.com/wp-admin/post.php?post=18149&action=elementor" "Mozilla/5.0 (Macintosh; Intel Mac OS X 10_15_7) AppleWebKit/537.36 (KHTML, like Gecko) Chrome/94.0.4606.81 Safari/537.36"
188.82.94.163 - - [20/Oct/2021:15:50:20 +0000] "POST /wp-admin/admin-ajax.php HTTP/1.0" 200 699 "http://hackney.dazzlingwebplanet.com/wp-admin/post.php?post=18149&action=elementor" "Mozilla/5.0 (Macintosh; Intel Mac OS X 10_15_7) AppleWebKit/537.36 (KHTML, like Gecko) Chrome/94.0.4606.81 Safari/537.36"
188.82.94.163 - - [20/Oct/2021:15:50:30 +0000] "POST /wp-admin/admin-ajax.php HTTP/1.0" 200 576 "http://hackney.dazzlingwebplanet.com/wp-admin/post.php?post=18149&action=elementor" "Mozilla/5.0 (Macintosh; Intel Mac OS X 10_15_7) AppleWebKit/537.36 (KHTML, like Gecko) Chrome/94.0.4606.81 Safari/537.36"
188.82.94.163 - - [20/Oct/2021:15:50:45 +0000] "POST /wp-admin/admin-ajax.php HTTP/1.0" 200 576 "http://hackney.dazzlingwebplanet.com/wp-admin/post.php?post=18149&action=elementor" "Mozilla/5.0 (Macintosh; Intel Mac OS X 10_15_7) AppleWebKit/537.36 (KHTML, like Gecko) Chrome/94.0.4606.81 Safari/537.36"
77.68.25.176 - - [20/Oct/2021:15:51:00 +0000] "POST /wp-cron.php?doing_wp_cron=1634745060.5598630905151367187500 HTTP/1.0" 200 269 "http://hackney.dazzlingwebplanet.com/wp-cron.php?doing_wp_cron=1634745060.5598630905151367187500" "WordPress/5.7.3; http://hackney.dazzlingwebplanet.com"
188.82.94.163 - - [20/Oct/2021:15:51:00 +0000] "POST /wp-admin/admin-ajax.php HTTP/1.0" 200 576 "http://hackney.dazzlingwebplanet.com/wp-admin/post.php?post=18149&action=elementor" "Mozilla/5.0 (Macintosh; Intel Mac OS X 10_15_7) AppleWebKit/537.36 (KHTML, like Gecko) Chrome/94.0.4606.81 Safari/537.36"
188.82.94.163 - - [20/Oct/2021:15:51:03 +0000] "GET /wp-content/plugins/elementor/assets/images/information.svg HTTP/1.0" 200 272 "http://hackney.dazzlingwebplanet.com/wp-admin/post.php?post=18149&action=elementor" "Mozilla/5.0 (Macintosh; Intel Mac OS X 10_15_7) AppleWebKit/537.36 (KHTML, like Gecko) Chrome/94.0.4606.81 Safari/537.36"
188.82.94.163 - - [20/Oct/2021:15:51:11 +0000] "GET /wp-content/plugins/give//assets/dist/images/ui-icons_444444_256x240.png HTTP/1.0" 200 280 "http://hackney.dazzlingwebplanet.com/wp-content/plugins/give//assets/dist/css/admin.rtl.css?ver=2.10.2" "Mozilla/5.0 (Macintosh; Intel Mac OS X 10_15_7) AppleWebKit/537.36 (KHTML, like Gecko) Chrome/94.0.4606.81 Safari/537.36"
188.82.94.163 - - [20/Oct/2021:15:51:15 +0000] "POST /wp-admin/admin-ajax.php HTTP/1.0" 200 576 "http://hackney.dazzlingwebplanet.com/wp-admin/post.php?post=18149&action=elementor" "Mozilla/5.0 (Macintosh; Intel Mac OS X 10_15_7) AppleWebKit/537.36 (KHTML, like Gecko) Chrome/94.0.4606.81 Safari/537.36"
188.82.94.163 - - [20/Oct/2021:15:51:30 +0000] "POST /wp-admin/admin-ajax.php HTTP/1.0" 200 576 "http://hackney.dazzlingwebplanet.com/wp-admin/post.php?post=18149&action=elementor" "Mozilla/5.0 (Macintosh; Intel Mac OS X 10_15_7) AppleWebKit/537.36 (KHTML, like Gecko) Chrome/94.0.4606.81 Safari/537.36"
188.82.94.163 - - [20/Oct/2021:15:51:42 +0000] "GET /about-us/ HTTP/1.0" 200 20081 "http://hackney.dazzlingwebplanet.com/wp-admin/post.php?post=18149&action=elementor" "Mozilla/5.0 (Macintosh; Intel Mac OS X 10_15_7) AppleWebKit/537.36 (KHTML, like Gecko) Chrome/94.0.4606.81 Safari/537.36"
188.82.94.163 - - [20/Oct/2021:15:51:43 +0000] "GET /wp-content/uploads/elementor/css/post-21889.css?ver=1634745102 HTTP/1.0" 200 256 "http://hackney.dazzlingwebplanet.com/about-us/" "Mozilla/5.0 (Macintosh; Intel Mac OS X 10_15_7) AppleWebKit/537.36 (KHTML, like Gecko) Chrome/94.0.4606.81 Safari/537.36"
188.82.94.163 - - [20/Oct/2021:15:51:43 +0000] "GET /wp-content/uploads/elementor/css/post-18149.css?ver=1634745102 HTTP/1.0" 200 256 "http://hackney.dazzlingwebplanet.com/about-us/" "Mozilla/5.0 (Macintosh; Intel Mac OS X 10_15_7) AppleWebKit/537.36 (KHTML, like Gecko) Chrome/94.0.4606.81 Safari/537.36"
77.68.25.176 - - [20/Oct/2021:15:51:55 +0000] "POST /wp-cron.php?doing_wp_cron=1634745115.0258150100708007812500 HTTP/1.0" 200 269 "http://hackney.dazzlingwebplanet.com/wp-cron.php?doing_wp_cron=1634745115.0258150100708007812500" "WordPress/5.7.3; http://hackney.dazzlingwebplanet.com"
188.82.94.163 - - [20/Oct/2021:15:51:54 +0000] "GET / HTTP/1.0" 200 19983 "http://hackney.dazzlingwebplanet.com/about-us/" "Mozilla/5.0 (Macintosh; Intel Mac OS X 10_15_7) AppleWebKit/537.36 (KHTML, like Gecko) Chrome/94.0.4606.81 Safari/537.36"
188.82.94.163 - - [20/Oct/2021:15:51:55 +0000] "GET /wp-content/uploads/elementor/css/post-21889.css?ver=1634745102 HTTP/1.0" 200 256 "http://hackney.dazzlingwebplanet.com/" "Mozilla/5.0 (Macintosh; Intel Mac OS X 10_15_7) AppleWebKit/537.36 (KHTML, like Gecko) Chrome/94.0.4606.81 Safari/537.36"
188.82.94.163 - - [20/Oct/2021:15:51:58 +0000] "GET /training/ HTTP/1.0" 200 19720 "http://hackney.dazzlingwebplanet.com/" "Mozilla/5.0 (Macintosh; Intel Mac OS X 10_15_7) AppleWebKit/537.36 (KHTML, like Gecko) Chrome/94.0.4606.81 Safari/537.36"
188.82.94.163 - - [20/Oct/2021:15:51:59 +0000] "GET /wp-content/uploads/elementor/css/post-988288.css?ver=1624826086 HTTP/1.0" 200 384 "http://hackney.dazzlingwebplanet.com/training/" "Mozilla/5.0 (Macintosh; Intel Mac OS X 10_15_7) AppleWebKit/537.36 (KHTML, like Gecko) Chrome/94.0.4606.81 Safari/537.36"
188.82.94.163 - - [20/Oct/2021:15:51:59 +0000] "GET /wp-content/uploads/elementor/css/post-21889.css?ver=1634745102 HTTP/1.0" 200 256 "http://hackney.dazzlingwebplanet.com/training/" "Mozilla/5.0 (Macintosh; Intel Mac OS X 10_15_7) AppleWebKit/537.36 (KHTML, like Gecko) Chrome/94.0.4606.81 Safari/537.36"
77.68.25.176 - - [21/Oct/2021:04:09:24 +0000] "POST /wp-cron.php?doing_wp_cron=1634789364.7749309539794921875000 HTTP/1.0" 200 269 "http://hackney.dazzlingwebplanet.com/wp-cron.php?doing_wp_cron=1634789364.7749309539794921875000" "WordPress/5.7.3; http://hackney.dazzlingwebplanet.com"
77.68.25.176 - - [21/Oct/2021:04:09:25 +0000] "POST /wp-admin/admin-ajax.php?action=wp_1_wc_privacy_cleanup&nonce=af2b0c3962 HTTP/1.0" 200 404 "http://hackney.dazzlingwebplanet.com/wp-admin/admin-ajax.php?action=wp_1_wc_privacy_cleanup&nonce=af2b0c3962" "WordPress/5.7.3; http://hackney.dazzlingwebplanet.com"
77.68.25.176 - - [21/Oct/2021:04:09:32 +0000] "POST /wp-cron.php?doing_wp_cron=1634789372.4399108886718750000000 HTTP/1.0" 200 269 "http://hackney.dazzlingwebplanet.com/wp-cron.php?doing_wp_cron=1634789372.4399108886718750000000" "WordPress/5.7.3; http://hackney.dazzlingwebplanet.com"
208.127.198.247 - - [20/Oct/2021:14:42:17 +0000] "GET /wp-includes/css/buttons.min.css?ver=5.7.3 HTTP/1.1" 200 5854 "http://hackney.dazzlingwebplanet.com/wp-login.php?redirect_to=http%3A%2F%2Fhackney.dazzlingwebplanet.com%2Fwp-admin%2F&reauth=1" "Mozilla/5.0 (Windows NT 10.0; Win64; x64) AppleWebKit/537.36 (KHTML, like Gecko) Chrome/92.0.4515.159 Safari/537.36 Edg/92.0.902.78"
208.127.198.247 - - [20/Oct/2021:14:42:17 +0000] "GET /wp-admin/css/forms.min.css?ver=5.7.3 HTTP/1.1" 200 25293 "http://hackney.dazzlingwebplanet.com/wp-login.php?redirect_to=http%3A%2F%2Fhackney.dazzlingwebplanet.com%2Fwp-admin%2F&reauth=1" "Mozilla/5.0 (Windows NT 10.0; Win64; x64) AppleWebKit/537.36 (KHTML, like Gecko) Chrome/92.0.4515.159 Safari/537.36 Edg/92.0.902.78"
208.127.198.247 - - [20/Oct/2021:14:42:17 +0000] "GET /wp-admin/css/l10n.min.css?ver=5.7.3 HTTP/1.1" 200 2477 "http://hackney.dazzlingwebplanet.com/wp-login.php?redirect_to=http%3A%2F%2Fhackney.dazzlingwebplanet.com%2Fwp-admin%2F&reauth=1" "Mozilla/5.0 (Windows NT 10.0; Win64; x64) AppleWebKit/537.36 (KHTML, like Gecko) Chrome/92.0.4515.159 Safari/537.36 Edg/92.0.902.78"
208.127.198.247 - - [20/Oct/2021:14:42:17 +0000] "GET /wp-admin/css/login.min.css?ver=5.7.3 HTTP/1.1" 200 5661 "http://hackney.dazzlingwebplanet.com/wp-login.php?redirect_to=http%3A%2F%2Fhackney.dazzlingwebplanet.com%2Fwp-admin%2F&reauth=1" "Mozilla/5.0 (Windows NT 10.0; Win64; x64) AppleWebKit/537.36 (KHTML, like Gecko) Chrome/92.0.4515.159 Safari/537.36 Edg/92.0.902.78"
208.127.198.247 - - [20/Oct/2021:14:42:17 +0000] "GET /wp-includes/js/jquery/jquery-migrate.min.js?ver=3.3.2 HTTP/1.1" 200 11224 "http://hackney.dazzlingwebplanet.com/wp-login.php?redirect_to=http%3A%2F%2Fhackney.dazzlingwebplanet.com%2Fwp-admin%2F&reauth=1" "Mozilla/5.0 (Windows NT 10.0; Win64; x64) AppleWebKit/537.36 (KHTML, like Gecko) Chrome/92.0.4515.159 Safari/537.36 Edg/92.0.902.78"
208.127.198.247 - - [20/Oct/2021:14:42:17 +0000] "GET /wp-includes/css/dashicons.min.css?ver=5.7.3 HTTP/1.1" 200 59016 "http://hackney.dazzlingwebplanet.com/wp-login.php?redirect_to=http%3A%2F%2Fhackney.dazzlingwebplanet.com%2Fwp-admin%2F&reauth=1" "Mozilla/5.0 (Windows NT 10.0; Win64; x64) AppleWebKit/537.36 (KHTML, like Gecko) Chrome/92.0.4515.159 Safari/537.36 Edg/92.0.902.78"
208.127.198.247 - - [20/Oct/2021:14:42:17 +0000] "GET /wp-includes/js/dist/hooks.min.js?ver=d0188aa6c336f8bb426fe5318b7f5b72 HTTP/1.1" 200 6979 "http://hackney.dazzlingwebplanet.com/wp-login.php?redirect_to=http%3A%2F%2Fhackney.dazzlingwebplanet.com%2Fwp-admin%2F&reauth=1" "Mozilla/5.0 (Windows NT 10.0; Win64; x64) AppleWebKit/537.36 (KHTML, like Gecko) Chrome/92.0.4515.159 Safari/537.36 Edg/92.0.902.78"
208.127.198.247 - - [20/Oct/2021:14:42:17 +0000] "GET /wp-includes/js/jquery/jquery.min.js?ver=3.5.1 HTTP/1.1" 200 89496 "http://hackney.dazzlingwebplanet.com/wp-login.php?redirect_to=http%3A%2F%2Fhackney.dazzlingwebplanet.com%2Fwp-admin%2F&reauth=1" "Mozilla/5.0 (Windows NT 10.0; Win64; x64) AppleWebKit/537.36 (KHTML, like Gecko) Chrome/92.0.4515.159 Safari/537.36 Edg/92.0.902.78"
208.127.198.247 - - [20/Oct/2021:14:42:17 +0000] "GET /wp-includes/js/dist/i18n.min.js?ver=6ae7d829c963a7d8856558f3f9b32b43 HTTP/1.1" 200 10198 "http://hackney.dazzlingwebplanet.com/wp-login.php?redirect_to=http%3A%2F%2Fhackney.dazzlingwebplanet.com%2Fwp-admin%2F&reauth=1" "Mozilla/5.0 (Windows NT 10.0; Win64; x64) AppleWebKit/537.36 (KHTML, like Gecko) Chrome/92.0.4515.159 Safari/537.36 Edg/92.0.902.78"
208.127.198.247 - - [20/Oct/2021:14:42:17 +0000] "GET /wp-includes/js/dist/vendor/wp-polyfill.min.js?ver=7.4.4 HTTP/1.1" 200 99310 "http://hackney.dazzlingwebplanet.com/wp-login.php?redirect_to=http%3A%2F%2Fhackney.dazzlingwebplanet.com%2Fwp-admin%2F&reauth=1" "Mozilla/5.0 (Windows NT 10.0; Win64; x64) AppleWebKit/537.36 (KHTML, like Gecko) Chrome/92.0.4515.159 Safari/537.36 Edg/92.0.902.78"
208.127.198.247 - - [20/Oct/2021:14:42:17 +0000] "GET /wp-admin/js/password-strength-meter.min.js?ver=5.7.3 HTTP/1.1" 200 1123 "http://hackney.dazzlingwebplanet.com/wp-login.php?redirect_to=http%3A%2F%2Fhackney.dazzlingwebplanet.com%2Fwp-admin%2F&reauth=1" "Mozilla/5.0 (Windows NT 10.0; Win64; x64) AppleWebKit/537.36 (KHTML, like Gecko) Chrome/92.0.4515.159 Safari/537.36 Edg/92.0.902.78"
208.127.198.247 - - [20/Oct/2021:14:42:17 +0000] "GET /wp-includes/js/underscore.min.js?ver=1.8.3 HTTP/1.1" 200 16045 "http://hackney.dazzlingwebplanet.com/wp-login.php?redirect_to=http%3A%2F%2Fhackney.dazzlingwebplanet.com%2Fwp-admin%2F&reauth=1" "Mozilla/5.0 (Windows NT 10.0; Win64; x64) AppleWebKit/537.36 (KHTML, like Gecko) Chrome/92.0.4515.159 Safari/537.36 Edg/92.0.902.78"
208.127.198.247 - - [20/Oct/2021:14:42:17 +0000] "GET /wp-includes/js/wp-util.min.js?ver=5.7.3 HTTP/1.1" 200 1077 "http://hackney.dazzlingwebplanet.com/wp-login.php?redirect_to=http%3A%2F%2Fhackney.dazzlingwebplanet.com%2Fwp-admin%2F&reauth=1" "Mozilla/5.0 (Windows NT 10.0; Win64; x64) AppleWebKit/537.36 (KHTML, like Gecko) Chrome/92.0.4515.159 Safari/537.36 Edg/92.0.902.78"
208.127.198.247 - - [20/Oct/2021:14:42:17 +0000] "GET /wp-admin/js/user-profile.min.js?ver=5.7.3 HTTP/1.1" 200 6113 "http://hackney.dazzlingwebplanet.com/wp-login.php?redirect_to=http%3A%2F%2Fhackney.dazzlingwebplanet.com%2Fwp-admin%2F&reauth=1" "Mozilla/5.0 (Windows NT 10.0; Win64; x64) AppleWebKit/537.36 (KHTML, like Gecko) Chrome/92.0.4515.159 Safari/537.36 Edg/92.0.902.78"
208.127.198.247 - - [20/Oct/2021:14:42:17 +0000] "GET /wp-admin/images/wordpress-logo.svg?ver=20131107 HTTP/1.1" 200 1521 "http://hackney.dazzlingwebplanet.com/wp-admin/css/login.min.css?ver=5.7.3" "Mozilla/5.0 (Windows NT 10.0; Win64; x64) AppleWebKit/537.36 (KHTML, like Gecko) Chrome/92.0.4515.159 Safari/537.36 Edg/92.0.902.78"
208.127.198.247 - - [20/Oct/2021:14:42:17 +0000] "GET /favicon.ico HTTP/1.1" 200 113459 "http://hackney.dazzlingwebplanet.com/wp-login.php?redirect_to=http%3A%2F%2Fhackney.dazzlingwebplanet.com%2Fwp-admin%2F&reauth=1" "Mozilla/5.0 (Windows NT 10.0; Win64; x64) AppleWebKit/537.36 (KHTML, like Gecko) Chrome/92.0.4515.159 Safari/537.36 Edg/92.0.902.78"
208.127.198.247 - - [20/Oct/2021:14:42:17 +0000] "GET /wp-includes/js/zxcvbn.min.js HTTP/1.1" 200 822237 "http://hackney.dazzlingwebplanet.com/wp-login.php?redirect_to=http%3A%2F%2Fhackney.dazzlingwebplanet.com%2Fwp-admin%2F&reauth=1" "Mozilla/5.0 (Windows NT 10.0; Win64; x64) AppleWebKit/537.36 (KHTML, like Gecko) Chrome/92.0.4515.159 Safari/537.36 Edg/92.0.902.78"
208.127.198.247 - - [20/Oct/2021:14:42:51 +0000] "GET /wp-content/plugins/wpforms-lite/assets/css/admin-integrations.min.css?ver=1.6.7.2 HTTP/1.1" 200 9514 "http://hackney.dazzlingwebplanet.com/wp-admin/" "Mozilla/5.0 (Windows NT 10.0; Win64; x64) AppleWebKit/537.36 (KHTML, like Gecko) Chrome/92.0.4515.159 Safari/537.36 Edg/92.0.902.78"
208.127.198.247 - - [20/Oct/2021:14:42:51 +0000] "GET /wp-includes/js/thickbox/thickbox.css?ver=5.7.3 HTTP/1.1" 200 2659 "http://hackney.dazzlingwebplanet.com/wp-admin/" "Mozilla/5.0 (Windows NT 10.0; Win64; x64) AppleWebKit/537.36 (KHTML, like Gecko) Chrome/92.0.4515.159 Safari/537.36 Edg/92.0.902.78"
208.127.198.247 - - [20/Oct/2021:14:42:51 +0000] "GET /wp-content/plugins/givewp-donation-widgets-for-elementor/assets/dw4elementor-notice.css?ver=971 HTTP/1.1" 200 1227 "http://hackney.dazzlingwebplanet.com/wp-admin/" "Mozilla/5.0 (Windows NT 10.0; Win64; x64) AppleWebKit/537.36 (KHTML, like Gecko) Chrome/92.0.4515.159 Safari/537.36 Edg/92.0.902.78"
208.127.198.247 - - [20/Oct/2021:14:42:51 +0000] "GET /wp-content/plugins/pro-elements/assets/css/admin.min.css?ver=3.2.0 HTTP/1.1" 200 17778 "http://hackney.dazzlingwebplanet.com/wp-admin/" "Mozilla/5.0 (Windows NT 10.0; Win64; x64) AppleWebKit/537.36 (KHTML, like Gecko) Chrome/92.0.4515.159 Safari/537.36 Edg/92.0.902.78"
208.127.198.247 - - [20/Oct/2021:14:42:51 +0000] "GET /wp-content/plugins/give/assets/dist/css/admin-reports-widget.css?ver=2.10.2 HTTP/1.1" 200 7500 "http://hackney.dazzlingwebplanet.com/wp-admin/" "Mozilla/5.0 (Windows NT 10.0; Win64; x64) AppleWebKit/537.36 (KHTML, like Gecko) Chrome/92.0.4515.159 Safari/537.36 Edg/92.0.902.78"
208.127.198.247 - - [20/Oct/2021:14:42:51 +0000] "GET /wp-includes/js/mediaelement/mediaelementplayer-legacy.min.css?ver=4.2.16 HTTP/1.1" 200 11256 "http://hackney.dazzlingwebplanet.com/wp-admin/" "Mozilla/5.0 (Windows NT 10.0; Win64; x64) AppleWebKit/537.36 (KHTML, like Gecko) Chrome/92.0.4515.159 Safari/537.36 Edg/92.0.902.78"
208.127.198.247 - - [20/Oct/2021:14:42:51 +0000] "GET /wp-includes/js/mediaelement/wp-mediaelement.min.css?ver=5.7.3 HTTP/1.1" 200 4186 "http://hackney.dazzlingwebplanet.com/wp-admin/" "Mozilla/5.0 (Windows NT 10.0; Win64; x64) AppleWebKit/537.36 (KHTML, like Gecko) Chrome/92.0.4515.159 Safari/537.36 Edg/92.0.902.78"
208.127.198.247 - - [20/Oct/2021:14:42:51 +0000] "GET /wp-content/plugins/give/assets/dist/css/admin-global.css?ver=2.10.2 HTTP/1.1" 200 18977 "http://hackney.dazzlingwebplanet.com/wp-admin/" "Mozilla/5.0 (Windows NT 10.0; Win64; x64) AppleWebKit/537.36 (KHTML, like Gecko) Chrome/92.0.4515.159 Safari/537.36 Edg/92.0.902.78"
208.127.198.247 - - [20/Oct/2021:14:42:51 +0000] "GET /wp-content/plugins/elementor/assets/lib/eicons/css/elementor-icons.min.css?ver=5.11.0 HTTP/1.1" 200 17232 "http://hackney.dazzlingwebplanet.com/wp-admin/" "Mozilla/5.0 (Windows NT 10.0; Win64; x64) AppleWebKit/537.36 (KHTML, like Gecko) Chrome/92.0.4515.159 Safari/537.36 Edg/92.0.902.78"
208.127.198.247 - - [20/Oct/2021:14:42:51 +0000] "GET /wp-content/plugins/elementor/assets/css/common.min.css?ver=3.1.4 HTTP/1.1" 200 12193 "http://hackney.dazzlingwebplanet.com/wp-admin/" "Mozilla/5.0 (Windows NT 10.0; Win64; x64) AppleWebKit/537.36 (KHTML, like Gecko) Chrome/92.0.4515.159 Safari/537.36 Edg/92.0.902.78"
208.127.198.247 - - [20/Oct/2021:14:42:51 +0000] "GET /wp-content/plugins/elementor/assets/css/admin.min.css?ver=3.1.4 HTTP/1.1" 200 29466 "http://hackney.dazzlingwebplanet.com/wp-admin/" "Mozilla/5.0 (Windows NT 10.0; Win64; x64) AppleWebKit/537.36 (KHTML, like Gecko) Chrome/92.0.4515.159 Safari/537.36 Edg/92.0.902.78"
208.127.198.247 - - [20/Oct/2021:14:42:51 +0000] "GET /wp-content/plugins/woocommerce/assets/css/menu.css?ver=5.2.2 HTTP/1.1" 200 5527 "http://hackney.dazzlingwebplanet.com/wp-admin/" "Mozilla/5.0 (Windows NT 10.0; Win64; x64) AppleWebKit/537.36 (KHTML, like Gecko) Chrome/92.0.4515.159 Safari/537.36 Edg/92.0.902.78"
208.127.198.247 - - [20/Oct/2021:14:42:51 +0000] "GET /wp-content/plugins/woocommerce/assets/css/dashboard.css?ver=5.2.2 HTTP/1.1" 200 5128 "http://hackney.dazzlingwebplanet.com/wp-admin/" "Mozilla/5.0 (Windows NT 10.0; Win64; x64) AppleWebKit/537.36 (KHTML, like Gecko) Chrome/92.0.4515.159 Safari/537.36 Edg/92.0.902.78"
208.127.198.247 - - [20/Oct/2021:14:42:51 +0000] "GET /wp-content/plugins/wpforms-lite/assets/css/admin-bar.min.css?ver=1.6.7.2 HTTP/1.1" 200 1328 "http://hackney.dazzlingwebplanet.com/wp-admin/" "Mozilla/5.0 (Windows NT 10.0; Win64; x64) AppleWebKit/537.36 (KHTML, like Gecko) Chrome/92.0.4515.159 Safari/537.36 Edg/92.0.902.78"
208.127.198.247 - - [20/Oct/2021:14:42:51 +0000] "GET /wp-content/plugins/wpforms-lite/assets/css/dashboard-widget.min.css?ver=1.6.7.2 HTTP/1.1" 200 8945 "http://hackney.dazzlingwebplanet.com/wp-admin/" "Mozilla/5.0 (Windows NT 10.0; Win64; x64) AppleWebKit/537.36 (KHTML, like Gecko) Chrome/92.0.4515.159 Safari/537.36 Edg/92.0.902.78"
208.127.198.247 - - [20/Oct/2021:14:42:51 +0000] "GET /wp-includes/js/jquery/jquery.query.js?ver=2.1.7 HTTP/1.1" 200 3785 "http://hackney.dazzlingwebplanet.com/wp-admin/" "Mozilla/5.0 (Windows NT 10.0; Win64; x64) AppleWebKit/537.36 (KHTML, like Gecko) Chrome/92.0.4515.159 Safari/537.36 Edg/92.0.902.78"
208.127.198.247 - - [20/Oct/2021:14:42:51 +0000] "GET /wp-content/plugins/wp-mail-smtp/assets/css/dashboard-widget.min.css?ver=2.9.0 HTTP/1.1" 200 14740 "http://hackney.dazzlingwebplanet.com/wp-admin/" "Mozilla/5.0 (Windows NT 10.0; Win64; x64) AppleWebKit/537.36 (KHTML, like Gecko) Chrome/92.0.4515.159 Safari/537.36 Edg/92.0.902.78"
208.127.198.247 - - [20/Oct/2021:14:42:51 +0000] "GET /wp-includes/js/jquery/ui/core.min.js?ver=1.12.1 HTTP/1.1" 200 20787 "http://hackney.dazzlingwebplanet.com/wp-admin/" "Mozilla/5.0 (Windows NT 10.0; Win64; x64) AppleWebKit/537.36 (KHTML, like Gecko) Chrome/92.0.4515.159 Safari/537.36 Edg/92.0.902.78"
208.127.198.247 - - [20/Oct/2021:14:42:51 +0000] "GET /wp-includes/js/jquery/ui/mouse.min.js?ver=1.12.1 HTTP/1.1" 200 3380 "http://hackney.dazzlingwebplanet.com/wp-admin/" "Mozilla/5.0 (Windows NT 10.0; Win64; x64) AppleWebKit/537.36 (KHTML, like Gecko) Chrome/92.0.4515.159 Safari/537.36 Edg/92.0.902.78"
208.127.198.247 - - [20/Oct/2021:14:42:51 +0000] "GET /wp-includes/js/jquery/ui/draggable.min.js?ver=1.12.1 HTTP/1.1" 200 18291 "http://hackney.dazzlingwebplanet.com/wp-admin/" "Mozilla/5.0 (Windows NT 10.0; Win64; x64) AppleWebKit/537.36 (KHTML, like Gecko) Chrome/92.0.4515.159 Safari/537.36 Edg/92.0.902.78"
208.127.198.247 - - [20/Oct/2021:14:42:51 +0000] "GET /wp-includes/js/jquery/ui/slider.min.js?ver=1.12.1 HTTP/1.1" 200 10712 "http://hackney.dazzlingwebplanet.com/wp-admin/" "Mozilla/5.0 (Windows NT 10.0; Win64; x64) AppleWebKit/537.36 (KHTML, like Gecko) Chrome/92.0.4515.159 Safari/537.36 Edg/92.0.902.78"
208.127.198.247 - - [20/Oct/2021:14:42:51 +0000] "GET /wp-includes/js/jquery/jquery.ui.touch-punch.js?ver=0.2.2 HTTP/1.1" 200 1179 "http://hackney.dazzlingwebplanet.com/wp-admin/" "Mozilla/5.0 (Windows NT 10.0; Win64; x64) AppleWebKit/537.36 (KHTML, like Gecko) Chrome/92.0.4515.159 Safari/537.36 Edg/92.0.902.78"
