77.68.25.176 - - [20/Sep/2021:07:59:06 +0000] "POST /wp-cron.php?doing_wp_cron=1632124746.8832149505615234375000 HTTP/1.0" 200 269 "http://hackney.dazzlingwebplanet.com/wp-cron.php?doing_wp_cron=1632124746.8832149505615234375000" "WordPress/5.7.3; http://hackney.dazzlingwebplanet.com"
81.100.250.115 - - [20/Sep/2021:07:59:06 +0000] "POST /wp-admin/admin-ajax.php HTTP/1.0" 200 546 "http://hackney.dazzlingwebplanet.com/wp-admin/edit.php" "Mozilla/5.0 (Macintosh; Intel Mac OS X 10_15_7) AppleWebKit/537.36 (KHTML, like Gecko) Chrome/93.0.4577.63 Safari/537.36"
77.68.25.176 - - [20/Sep/2021:08:01:07 +0000] "POST /wp-cron.php?doing_wp_cron=1632124867.1780829429626464843750 HTTP/1.0" 200 269 "http://hackney.dazzlingwebplanet.com/wp-cron.php?doing_wp_cron=1632124867.1780829429626464843750" "WordPress/5.7.3; http://hackney.dazzlingwebplanet.com"
81.100.250.115 - - [20/Sep/2021:08:01:06 +0000] "POST /wp-admin/admin-ajax.php HTTP/1.0" 200 546 "http://hackney.dazzlingwebplanet.com/wp-admin/edit.php" "Mozilla/5.0 (Macintosh; Intel Mac OS X 10_15_7) AppleWebKit/537.36 (KHTML, like Gecko) Chrome/93.0.4577.63 Safari/537.36"
77.68.25.176 - - [20/Sep/2021:08:03:11 +0000] "POST /wp-cron.php?doing_wp_cron=1632124991.9104321002960205078125 HTTP/1.0" 200 269 "http://hackney.dazzlingwebplanet.com/wp-cron.php?doing_wp_cron=1632124991.9104321002960205078125" "WordPress/5.7.3; http://hackney.dazzlingwebplanet.com"
81.100.250.115 - - [20/Sep/2021:08:03:11 +0000] "POST /wp-admin/admin-ajax.php HTTP/1.0" 200 546 "http://hackney.dazzlingwebplanet.com/wp-admin/edit.php" "Mozilla/5.0 (Macintosh; Intel Mac OS X 10_15_7) AppleWebKit/537.36 (KHTML, like Gecko) Chrome/93.0.4577.63 Safari/537.36"
77.68.25.176 - - [20/Sep/2021:08:05:12 +0000] "POST /wp-cron.php?doing_wp_cron=1632125112.0689690113067626953125 HTTP/1.0" 200 269 "http://hackney.dazzlingwebplanet.com/wp-cron.php?doing_wp_cron=1632125112.0689690113067626953125" "WordPress/5.7.3; http://hackney.dazzlingwebplanet.com"
81.100.250.115 - - [20/Sep/2021:08:05:11 +0000] "POST /wp-admin/admin-ajax.php HTTP/1.0" 200 546 "http://hackney.dazzlingwebplanet.com/wp-admin/edit.php" "Mozilla/5.0 (Macintosh; Intel Mac OS X 10_15_7) AppleWebKit/537.36 (KHTML, like Gecko) Chrome/93.0.4577.63 Safari/537.36"
77.68.25.176 - - [20/Sep/2021:08:07:13 +0000] "POST /wp-cron.php?doing_wp_cron=1632125233.1155230998992919921875 HTTP/1.0" 200 269 "http://hackney.dazzlingwebplanet.com/wp-cron.php?doing_wp_cron=1632125233.1155230998992919921875" "WordPress/5.7.3; http://hackney.dazzlingwebplanet.com"
81.100.250.115 - - [20/Sep/2021:08:07:12 +0000] "POST /wp-admin/admin-ajax.php HTTP/1.0" 200 546 "http://hackney.dazzlingwebplanet.com/wp-admin/edit.php" "Mozilla/5.0 (Macintosh; Intel Mac OS X 10_15_7) AppleWebKit/537.36 (KHTML, like Gecko) Chrome/93.0.4577.63 Safari/537.36"
77.68.25.176 - - [20/Sep/2021:08:09:19 +0000] "POST /wp-cron.php?doing_wp_cron=1632125359.5360589027404785156250 HTTP/1.0" 200 269 "http://hackney.dazzlingwebplanet.com/wp-cron.php?doing_wp_cron=1632125359.5360589027404785156250" "WordPress/5.7.3; http://hackney.dazzlingwebplanet.com"
81.100.250.115 - - [20/Sep/2021:08:09:19 +0000] "POST /wp-admin/admin-ajax.php HTTP/1.0" 200 546 "http://hackney.dazzlingwebplanet.com/wp-admin/edit.php" "Mozilla/5.0 (Macintosh; Intel Mac OS X 10_15_7) AppleWebKit/537.36 (KHTML, like Gecko) Chrome/93.0.4577.63 Safari/537.36"
77.68.25.176 - - [20/Sep/2021:08:11:20 +0000] "POST /wp-cron.php?doing_wp_cron=1632125480.0592920780181884765625 HTTP/1.0" 200 269 "http://hackney.dazzlingwebplanet.com/wp-cron.php?doing_wp_cron=1632125480.0592920780181884765625" "WordPress/5.7.3; http://hackney.dazzlingwebplanet.com"
81.100.250.115 - - [20/Sep/2021:08:11:19 +0000] "POST /wp-admin/admin-ajax.php HTTP/1.0" 200 546 "http://hackney.dazzlingwebplanet.com/wp-admin/edit.php" "Mozilla/5.0 (Macintosh; Intel Mac OS X 10_15_7) AppleWebKit/537.36 (KHTML, like Gecko) Chrome/93.0.4577.63 Safari/537.36"
77.68.25.176 - - [20/Sep/2021:08:13:21 +0000] "POST /wp-cron.php?doing_wp_cron=1632125601.0665879249572753906250 HTTP/1.0" 200 269 "http://hackney.dazzlingwebplanet.com/wp-cron.php?doing_wp_cron=1632125601.0665879249572753906250" "WordPress/5.7.3; http://hackney.dazzlingwebplanet.com"
81.100.250.115 - - [20/Sep/2021:08:13:20 +0000] "POST /wp-admin/admin-ajax.php HTTP/1.0" 200 546 "http://hackney.dazzlingwebplanet.com/wp-admin/edit.php" "Mozilla/5.0 (Macintosh; Intel Mac OS X 10_15_7) AppleWebKit/537.36 (KHTML, like Gecko) Chrome/93.0.4577.63 Safari/537.36"
77.68.25.176 - - [20/Sep/2021:08:15:22 +0000] "POST /wp-cron.php?doing_wp_cron=1632125722.1235749721527099609375 HTTP/1.0" 200 269 "http://hackney.dazzlingwebplanet.com/wp-cron.php?doing_wp_cron=1632125722.1235749721527099609375" "WordPress/5.7.3; http://hackney.dazzlingwebplanet.com"
81.100.250.115 - - [20/Sep/2021:08:15:21 +0000] "POST /wp-admin/admin-ajax.php HTTP/1.0" 200 546 "http://hackney.dazzlingwebplanet.com/wp-admin/edit.php" "Mozilla/5.0 (Macintosh; Intel Mac OS X 10_15_7) AppleWebKit/537.36 (KHTML, like Gecko) Chrome/93.0.4577.63 Safari/537.36"
77.68.25.176 - - [20/Sep/2021:08:17:23 +0000] "POST /wp-cron.php?doing_wp_cron=1632125843.1265590190887451171875 HTTP/1.0" 200 269 "http://hackney.dazzlingwebplanet.com/wp-cron.php?doing_wp_cron=1632125843.1265590190887451171875" "WordPress/5.7.3; http://hackney.dazzlingwebplanet.com"
81.100.250.115 - - [20/Sep/2021:08:17:22 +0000] "POST /wp-admin/admin-ajax.php HTTP/1.0" 200 546 "http://hackney.dazzlingwebplanet.com/wp-admin/edit.php" "Mozilla/5.0 (Macintosh; Intel Mac OS X 10_15_7) AppleWebKit/537.36 (KHTML, like Gecko) Chrome/93.0.4577.63 Safari/537.36"
77.68.25.176 - - [20/Sep/2021:08:19:24 +0000] "POST /wp-cron.php?doing_wp_cron=1632125964.2989809513092041015625 HTTP/1.0" 200 269 "http://hackney.dazzlingwebplanet.com/wp-cron.php?doing_wp_cron=1632125964.2989809513092041015625" "WordPress/5.7.3; http://hackney.dazzlingwebplanet.com"
81.100.250.115 - - [20/Sep/2021:08:19:24 +0000] "POST /wp-admin/admin-ajax.php HTTP/1.0" 200 546 "http://hackney.dazzlingwebplanet.com/wp-admin/edit.php" "Mozilla/5.0 (Macintosh; Intel Mac OS X 10_15_7) AppleWebKit/537.36 (KHTML, like Gecko) Chrome/93.0.4577.63 Safari/537.36"
77.68.25.176 - - [20/Sep/2021:08:21:25 +0000] "POST /wp-cron.php?doing_wp_cron=1632126085.0886061191558837890625 HTTP/1.0" 200 269 "http://hackney.dazzlingwebplanet.com/wp-cron.php?doing_wp_cron=1632126085.0886061191558837890625" "WordPress/5.7.3; http://hackney.dazzlingwebplanet.com"
81.100.250.115 - - [20/Sep/2021:08:21:24 +0000] "POST /wp-admin/admin-ajax.php HTTP/1.0" 200 546 "http://hackney.dazzlingwebplanet.com/wp-admin/edit.php" "Mozilla/5.0 (Macintosh; Intel Mac OS X 10_15_7) AppleWebKit/537.36 (KHTML, like Gecko) Chrome/93.0.4577.63 Safari/537.36"
77.68.25.176 - - [20/Sep/2021:08:23:26 +0000] "POST /wp-cron.php?doing_wp_cron=1632126206.0651481151580810546875 HTTP/1.0" 200 269 "http://hackney.dazzlingwebplanet.com/wp-cron.php?doing_wp_cron=1632126206.0651481151580810546875" "WordPress/5.7.3; http://hackney.dazzlingwebplanet.com"
81.100.250.115 - - [20/Sep/2021:08:23:25 +0000] "POST /wp-admin/admin-ajax.php HTTP/1.0" 200 546 "http://hackney.dazzlingwebplanet.com/wp-admin/edit.php" "Mozilla/5.0 (Macintosh; Intel Mac OS X 10_15_7) AppleWebKit/537.36 (KHTML, like Gecko) Chrome/93.0.4577.63 Safari/537.36"
77.68.25.176 - - [20/Sep/2021:08:25:27 +0000] "POST /wp-cron.php?doing_wp_cron=1632126327.3695120811462402343750 HTTP/1.0" 200 269 "http://hackney.dazzlingwebplanet.com/wp-cron.php?doing_wp_cron=1632126327.3695120811462402343750" "WordPress/5.7.3; http://hackney.dazzlingwebplanet.com"
81.100.250.115 - - [20/Sep/2021:08:25:27 +0000] "POST /wp-admin/admin-ajax.php HTTP/1.0" 200 546 "http://hackney.dazzlingwebplanet.com/wp-admin/edit.php" "Mozilla/5.0 (Macintosh; Intel Mac OS X 10_15_7) AppleWebKit/537.36 (KHTML, like Gecko) Chrome/93.0.4577.63 Safari/537.36"
77.68.25.176 - - [20/Sep/2021:08:27:28 +0000] "POST /wp-cron.php?doing_wp_cron=1632126448.2589519023895263671875 HTTP/1.0" 200 269 "http://hackney.dazzlingwebplanet.com/wp-cron.php?doing_wp_cron=1632126448.2589519023895263671875" "WordPress/5.7.3; http://hackney.dazzlingwebplanet.com"
81.100.250.115 - - [20/Sep/2021:08:27:28 +0000] "POST /wp-admin/admin-ajax.php HTTP/1.0" 200 546 "http://hackney.dazzlingwebplanet.com/wp-admin/edit.php" "Mozilla/5.0 (Macintosh; Intel Mac OS X 10_15_7) AppleWebKit/537.36 (KHTML, like Gecko) Chrome/93.0.4577.63 Safari/537.36"
77.68.25.176 - - [20/Sep/2021:08:29:34 +0000] "POST /wp-cron.php?doing_wp_cron=1632126574.1180779933929443359375 HTTP/1.0" 200 269 "http://hackney.dazzlingwebplanet.com/wp-cron.php?doing_wp_cron=1632126574.1180779933929443359375" "WordPress/5.7.3; http://hackney.dazzlingwebplanet.com"
81.100.250.115 - - [20/Sep/2021:08:29:33 +0000] "POST /wp-admin/admin-ajax.php HTTP/1.0" 200 546 "http://hackney.dazzlingwebplanet.com/wp-admin/edit.php" "Mozilla/5.0 (Macintosh; Intel Mac OS X 10_15_7) AppleWebKit/537.36 (KHTML, like Gecko) Chrome/93.0.4577.63 Safari/537.36"
77.68.25.176 - - [20/Sep/2021:08:31:35 +0000] "POST /wp-cron.php?doing_wp_cron=1632126695.3687260150909423828125 HTTP/1.0" 200 269 "http://hackney.dazzlingwebplanet.com/wp-cron.php?doing_wp_cron=1632126695.3687260150909423828125" "WordPress/5.7.3; http://hackney.dazzlingwebplanet.com"
81.100.250.115 - - [20/Sep/2021:08:31:35 +0000] "POST /wp-admin/admin-ajax.php HTTP/1.0" 200 546 "http://hackney.dazzlingwebplanet.com/wp-admin/edit.php" "Mozilla/5.0 (Macintosh; Intel Mac OS X 10_15_7) AppleWebKit/537.36 (KHTML, like Gecko) Chrome/93.0.4577.63 Safari/537.36"
77.68.25.176 - - [20/Sep/2021:08:33:36 +0000] "POST /wp-cron.php?doing_wp_cron=1632126816.0561370849609375000000 HTTP/1.0" 200 269 "http://hackney.dazzlingwebplanet.com/wp-cron.php?doing_wp_cron=1632126816.0561370849609375000000" "WordPress/5.7.3; http://hackney.dazzlingwebplanet.com"
81.100.250.115 - - [20/Sep/2021:08:33:35 +0000] "POST /wp-admin/admin-ajax.php HTTP/1.0" 200 546 "http://hackney.dazzlingwebplanet.com/wp-admin/edit.php" "Mozilla/5.0 (Macintosh; Intel Mac OS X 10_15_7) AppleWebKit/537.36 (KHTML, like Gecko) Chrome/93.0.4577.63 Safari/537.36"
77.68.25.176 - - [20/Sep/2021:08:35:36 +0000] "POST /wp-cron.php?doing_wp_cron=1632126936.1227738857269287109375 HTTP/1.0" 200 269 "http://hackney.dazzlingwebplanet.com/wp-cron.php?doing_wp_cron=1632126936.1227738857269287109375" "WordPress/5.7.3; http://hackney.dazzlingwebplanet.com"
81.100.250.115 - - [20/Sep/2021:08:35:35 +0000] "POST /wp-admin/admin-ajax.php HTTP/1.0" 200 546 "http://hackney.dazzlingwebplanet.com/wp-admin/edit.php" "Mozilla/5.0 (Macintosh; Intel Mac OS X 10_15_7) AppleWebKit/537.36 (KHTML, like Gecko) Chrome/93.0.4577.63 Safari/537.36"
77.68.25.176 - - [20/Sep/2021:08:37:37 +0000] "POST /wp-cron.php?doing_wp_cron=1632127057.0570340156555175781250 HTTP/1.0" 200 269 "http://hackney.dazzlingwebplanet.com/wp-cron.php?doing_wp_cron=1632127057.0570340156555175781250" "WordPress/5.7.3; http://hackney.dazzlingwebplanet.com"
81.100.250.115 - - [20/Sep/2021:08:37:36 +0000] "POST /wp-admin/admin-ajax.php HTTP/1.0" 200 546 "http://hackney.dazzlingwebplanet.com/wp-admin/edit.php" "Mozilla/5.0 (Macintosh; Intel Mac OS X 10_15_7) AppleWebKit/537.36 (KHTML, like Gecko) Chrome/93.0.4577.63 Safari/537.36"
77.68.25.176 - - [20/Sep/2021:08:39:38 +0000] "POST /wp-cron.php?doing_wp_cron=1632127178.3146069049835205078125 HTTP/1.0" 200 269 "http://hackney.dazzlingwebplanet.com/wp-cron.php?doing_wp_cron=1632127178.3146069049835205078125" "WordPress/5.7.3; http://hackney.dazzlingwebplanet.com"
81.100.250.115 - - [20/Sep/2021:08:39:38 +0000] "POST /wp-admin/admin-ajax.php HTTP/1.0" 200 546 "http://hackney.dazzlingwebplanet.com/wp-admin/edit.php" "Mozilla/5.0 (Macintosh; Intel Mac OS X 10_15_7) AppleWebKit/537.36 (KHTML, like Gecko) Chrome/93.0.4577.63 Safari/537.36"
77.68.25.176 - - [20/Sep/2021:08:41:39 +0000] "POST /wp-cron.php?doing_wp_cron=1632127299.0705940723419189453125 HTTP/1.0" 200 269 "http://hackney.dazzlingwebplanet.com/wp-cron.php?doing_wp_cron=1632127299.0705940723419189453125" "WordPress/5.7.3; http://hackney.dazzlingwebplanet.com"
81.100.250.115 - - [20/Sep/2021:08:41:38 +0000] "POST /wp-admin/admin-ajax.php HTTP/1.0" 200 546 "http://hackney.dazzlingwebplanet.com/wp-admin/edit.php" "Mozilla/5.0 (Macintosh; Intel Mac OS X 10_15_7) AppleWebKit/537.36 (KHTML, like Gecko) Chrome/93.0.4577.63 Safari/537.36"
77.68.25.176 - - [20/Sep/2021:08:43:40 +0000] "POST /wp-cron.php?doing_wp_cron=1632127420.0744419097900390625000 HTTP/1.0" 200 269 "http://hackney.dazzlingwebplanet.com/wp-cron.php?doing_wp_cron=1632127420.0744419097900390625000" "WordPress/5.7.3; http://hackney.dazzlingwebplanet.com"
81.100.250.115 - - [20/Sep/2021:08:43:39 +0000] "POST /wp-admin/admin-ajax.php HTTP/1.0" 200 546 "http://hackney.dazzlingwebplanet.com/wp-admin/edit.php" "Mozilla/5.0 (Macintosh; Intel Mac OS X 10_15_7) AppleWebKit/537.36 (KHTML, like Gecko) Chrome/93.0.4577.63 Safari/537.36"
77.68.25.176 - - [20/Sep/2021:08:45:41 +0000] "POST /wp-cron.php?doing_wp_cron=1632127541.1591570377349853515625 HTTP/1.0" 200 269 "http://hackney.dazzlingwebplanet.com/wp-cron.php?doing_wp_cron=1632127541.1591570377349853515625" "WordPress/5.7.3; http://hackney.dazzlingwebplanet.com"
81.100.250.115 - - [20/Sep/2021:08:45:40 +0000] "POST /wp-admin/admin-ajax.php HTTP/1.0" 200 546 "http://hackney.dazzlingwebplanet.com/wp-admin/edit.php" "Mozilla/5.0 (Macintosh; Intel Mac OS X 10_15_7) AppleWebKit/537.36 (KHTML, like Gecko) Chrome/93.0.4577.63 Safari/537.36"
77.68.25.176 - - [20/Sep/2021:08:47:42 +0000] "POST /wp-cron.php?doing_wp_cron=1632127662.1290600299835205078125 HTTP/1.0" 200 269 "http://hackney.dazzlingwebplanet.com/wp-cron.php?doing_wp_cron=1632127662.1290600299835205078125" "WordPress/5.7.3; http://hackney.dazzlingwebplanet.com"
81.100.250.115 - - [20/Sep/2021:08:47:41 +0000] "POST /wp-admin/admin-ajax.php HTTP/1.0" 200 546 "http://hackney.dazzlingwebplanet.com/wp-admin/edit.php" "Mozilla/5.0 (Macintosh; Intel Mac OS X 10_15_7) AppleWebKit/537.36 (KHTML, like Gecko) Chrome/93.0.4577.63 Safari/537.36"
77.68.25.176 - - [20/Sep/2021:08:49:43 +0000] "POST /wp-cron.php?doing_wp_cron=1632127783.0921568870544433593750 HTTP/1.0" 200 269 "http://hackney.dazzlingwebplanet.com/wp-cron.php?doing_wp_cron=1632127783.0921568870544433593750" "WordPress/5.7.3; http://hackney.dazzlingwebplanet.com"
81.100.250.115 - - [20/Sep/2021:08:49:42 +0000] "POST /wp-admin/admin-ajax.php HTTP/1.0" 200 546 "http://hackney.dazzlingwebplanet.com/wp-admin/edit.php" "Mozilla/5.0 (Macintosh; Intel Mac OS X 10_15_7) AppleWebKit/537.36 (KHTML, like Gecko) Chrome/93.0.4577.63 Safari/537.36"
77.68.25.176 - - [20/Sep/2021:08:51:43 +0000] "POST /wp-cron.php?doing_wp_cron=1632127903.2777960300445556640625 HTTP/1.0" 200 269 "http://hackney.dazzlingwebplanet.com/wp-cron.php?doing_wp_cron=1632127903.2777960300445556640625" "WordPress/5.7.3; http://hackney.dazzlingwebplanet.com"
81.100.250.115 - - [20/Sep/2021:08:51:43 +0000] "POST /wp-admin/admin-ajax.php HTTP/1.0" 200 546 "http://hackney.dazzlingwebplanet.com/wp-admin/edit.php" "Mozilla/5.0 (Macintosh; Intel Mac OS X 10_15_7) AppleWebKit/537.36 (KHTML, like Gecko) Chrome/93.0.4577.63 Safari/537.36"
77.68.25.176 - - [20/Sep/2021:08:53:44 +0000] "POST /wp-cron.php?doing_wp_cron=1632128024.3021171092987060546875 HTTP/1.0" 200 269 "http://hackney.dazzlingwebplanet.com/wp-cron.php?doing_wp_cron=1632128024.3021171092987060546875" "WordPress/5.7.3; http://hackney.dazzlingwebplanet.com"
81.100.250.115 - - [20/Sep/2021:08:53:44 +0000] "POST /wp-admin/admin-ajax.php HTTP/1.0" 200 546 "http://hackney.dazzlingwebplanet.com/wp-admin/edit.php" "Mozilla/5.0 (Macintosh; Intel Mac OS X 10_15_7) AppleWebKit/537.36 (KHTML, like Gecko) Chrome/93.0.4577.63 Safari/537.36"
77.68.25.176 - - [20/Sep/2021:08:55:45 +0000] "POST /wp-cron.php?doing_wp_cron=1632128145.0663850307464599609375 HTTP/1.0" 200 269 "http://hackney.dazzlingwebplanet.com/wp-cron.php?doing_wp_cron=1632128145.0663850307464599609375" "WordPress/5.7.3; http://hackney.dazzlingwebplanet.com"
81.100.250.115 - - [20/Sep/2021:08:55:44 +0000] "POST /wp-admin/admin-ajax.php HTTP/1.0" 200 546 "http://hackney.dazzlingwebplanet.com/wp-admin/edit.php" "Mozilla/5.0 (Macintosh; Intel Mac OS X 10_15_7) AppleWebKit/537.36 (KHTML, like Gecko) Chrome/93.0.4577.63 Safari/537.36"
77.68.25.176 - - [20/Sep/2021:08:57:46 +0000] "POST /wp-cron.php?doing_wp_cron=1632128266.3400719165802001953125 HTTP/1.0" 200 269 "http://hackney.dazzlingwebplanet.com/wp-cron.php?doing_wp_cron=1632128266.3400719165802001953125" "WordPress/5.7.3; http://hackney.dazzlingwebplanet.com"
81.100.250.115 - - [20/Sep/2021:08:57:46 +0000] "POST /wp-admin/admin-ajax.php HTTP/1.0" 200 546 "http://hackney.dazzlingwebplanet.com/wp-admin/edit.php" "Mozilla/5.0 (Macintosh; Intel Mac OS X 10_15_7) AppleWebKit/537.36 (KHTML, like Gecko) Chrome/93.0.4577.63 Safari/537.36"
77.68.25.176 - - [20/Sep/2021:08:59:47 +0000] "POST /wp-cron.php?doing_wp_cron=1632128387.1362900733947753906250 HTTP/1.0" 200 269 "http://hackney.dazzlingwebplanet.com/wp-cron.php?doing_wp_cron=1632128387.1362900733947753906250" "WordPress/5.7.3; http://hackney.dazzlingwebplanet.com"
81.100.250.115 - - [20/Sep/2021:08:59:46 +0000] "POST /wp-admin/admin-ajax.php HTTP/1.0" 200 546 "http://hackney.dazzlingwebplanet.com/wp-admin/edit.php" "Mozilla/5.0 (Macintosh; Intel Mac OS X 10_15_7) AppleWebKit/537.36 (KHTML, like Gecko) Chrome/93.0.4577.63 Safari/537.36"
77.68.25.176 - - [20/Sep/2021:09:01:48 +0000] "POST /wp-cron.php?doing_wp_cron=1632128508.1874299049377441406250 HTTP/1.0" 200 269 "http://hackney.dazzlingwebplanet.com/wp-cron.php?doing_wp_cron=1632128508.1874299049377441406250" "WordPress/5.7.3; http://hackney.dazzlingwebplanet.com"
81.100.250.115 - - [20/Sep/2021:09:01:47 +0000] "POST /wp-admin/admin-ajax.php HTTP/1.0" 200 546 "http://hackney.dazzlingwebplanet.com/wp-admin/edit.php" "Mozilla/5.0 (Macintosh; Intel Mac OS X 10_15_7) AppleWebKit/537.36 (KHTML, like Gecko) Chrome/93.0.4577.63 Safari/537.36"
77.68.25.176 - - [20/Sep/2021:09:03:49 +0000] "POST /wp-cron.php?doing_wp_cron=1632128629.3024680614471435546875 HTTP/1.0" 200 269 "http://hackney.dazzlingwebplanet.com/wp-cron.php?doing_wp_cron=1632128629.3024680614471435546875" "WordPress/5.7.3; http://hackney.dazzlingwebplanet.com"
81.100.250.115 - - [20/Sep/2021:09:03:49 +0000] "POST /wp-admin/admin-ajax.php HTTP/1.0" 200 546 "http://hackney.dazzlingwebplanet.com/wp-admin/edit.php" "Mozilla/5.0 (Macintosh; Intel Mac OS X 10_15_7) AppleWebKit/537.36 (KHTML, like Gecko) Chrome/93.0.4577.63 Safari/537.36"
77.68.25.176 - - [20/Sep/2021:09:05:50 +0000] "POST /wp-cron.php?doing_wp_cron=1632128750.3542699813842773437500 HTTP/1.0" 200 269 "http://hackney.dazzlingwebplanet.com/wp-cron.php?doing_wp_cron=1632128750.3542699813842773437500" "WordPress/5.7.3; http://hackney.dazzlingwebplanet.com"
81.100.250.115 - - [20/Sep/2021:09:05:50 +0000] "POST /wp-admin/admin-ajax.php HTTP/1.0" 200 546 "http://hackney.dazzlingwebplanet.com/wp-admin/edit.php" "Mozilla/5.0 (Macintosh; Intel Mac OS X 10_15_7) AppleWebKit/537.36 (KHTML, like Gecko) Chrome/93.0.4577.63 Safari/537.36"
77.68.25.176 - - [20/Sep/2021:09:07:51 +0000] "POST /wp-cron.php?doing_wp_cron=1632128871.0748291015625000000000 HTTP/1.0" 200 269 "http://hackney.dazzlingwebplanet.com/wp-cron.php?doing_wp_cron=1632128871.0748291015625000000000" "WordPress/5.7.3; http://hackney.dazzlingwebplanet.com"
81.100.250.115 - - [20/Sep/2021:09:07:50 +0000] "POST /wp-admin/admin-ajax.php HTTP/1.0" 200 546 "http://hackney.dazzlingwebplanet.com/wp-admin/edit.php" "Mozilla/5.0 (Macintosh; Intel Mac OS X 10_15_7) AppleWebKit/537.36 (KHTML, like Gecko) Chrome/93.0.4577.63 Safari/537.36"
77.68.25.176 - - [20/Sep/2021:09:09:52 +0000] "POST /wp-cron.php?doing_wp_cron=1632128992.3118710517883300781250 HTTP/1.0" 200 269 "http://hackney.dazzlingwebplanet.com/wp-cron.php?doing_wp_cron=1632128992.3118710517883300781250" "WordPress/5.7.3; http://hackney.dazzlingwebplanet.com"
81.100.250.115 - - [20/Sep/2021:09:09:52 +0000] "POST /wp-admin/admin-ajax.php HTTP/1.0" 200 546 "http://hackney.dazzlingwebplanet.com/wp-admin/edit.php" "Mozilla/5.0 (Macintosh; Intel Mac OS X 10_15_7) AppleWebKit/537.36 (KHTML, like Gecko) Chrome/93.0.4577.63 Safari/537.36"
77.68.25.176 - - [20/Sep/2021:09:11:53 +0000] "POST /wp-cron.php?doing_wp_cron=1632129113.0771079063415527343750 HTTP/1.0" 200 269 "http://hackney.dazzlingwebplanet.com/wp-cron.php?doing_wp_cron=1632129113.0771079063415527343750" "WordPress/5.7.3; http://hackney.dazzlingwebplanet.com"
81.100.250.115 - - [20/Sep/2021:09:11:52 +0000] "POST /wp-admin/admin-ajax.php HTTP/1.0" 200 546 "http://hackney.dazzlingwebplanet.com/wp-admin/edit.php" "Mozilla/5.0 (Macintosh; Intel Mac OS X 10_15_7) AppleWebKit/537.36 (KHTML, like Gecko) Chrome/93.0.4577.63 Safari/537.36"
77.68.25.176 - - [20/Sep/2021:09:13:54 +0000] "POST /wp-cron.php?doing_wp_cron=1632129234.1207780838012695312500 HTTP/1.0" 200 269 "http://hackney.dazzlingwebplanet.com/wp-cron.php?doing_wp_cron=1632129234.1207780838012695312500" "WordPress/5.7.3; http://hackney.dazzlingwebplanet.com"
81.100.250.115 - - [20/Sep/2021:09:13:53 +0000] "POST /wp-admin/admin-ajax.php HTTP/1.0" 200 546 "http://hackney.dazzlingwebplanet.com/wp-admin/edit.php" "Mozilla/5.0 (Macintosh; Intel Mac OS X 10_15_7) AppleWebKit/537.36 (KHTML, like Gecko) Chrome/93.0.4577.63 Safari/537.36"
77.68.25.176 - - [20/Sep/2021:09:15:55 +0000] "POST /wp-cron.php?doing_wp_cron=1632129355.0775470733642578125000 HTTP/1.0" 200 269 "http://hackney.dazzlingwebplanet.com/wp-cron.php?doing_wp_cron=1632129355.0775470733642578125000" "WordPress/5.7.3; http://hackney.dazzlingwebplanet.com"
81.100.250.115 - - [20/Sep/2021:09:15:54 +0000] "POST /wp-admin/admin-ajax.php HTTP/1.0" 200 546 "http://hackney.dazzlingwebplanet.com/wp-admin/edit.php" "Mozilla/5.0 (Macintosh; Intel Mac OS X 10_15_7) AppleWebKit/537.36 (KHTML, like Gecko) Chrome/93.0.4577.63 Safari/537.36"
77.68.25.176 - - [20/Sep/2021:09:17:56 +0000] "POST /wp-cron.php?doing_wp_cron=1632129476.1023409366607666015625 HTTP/1.0" 200 269 "http://hackney.dazzlingwebplanet.com/wp-cron.php?doing_wp_cron=1632129476.1023409366607666015625" "WordPress/5.7.3; http://hackney.dazzlingwebplanet.com"
81.100.250.115 - - [20/Sep/2021:09:17:55 +0000] "POST /wp-admin/admin-ajax.php HTTP/1.0" 200 546 "http://hackney.dazzlingwebplanet.com/wp-admin/edit.php" "Mozilla/5.0 (Macintosh; Intel Mac OS X 10_15_7) AppleWebKit/537.36 (KHTML, like Gecko) Chrome/93.0.4577.63 Safari/537.36"
77.68.25.176 - - [20/Sep/2021:09:19:57 +0000] "POST /wp-cron.php?doing_wp_cron=1632129597.1102340221405029296875 HTTP/1.0" 200 269 "http://hackney.dazzlingwebplanet.com/wp-cron.php?doing_wp_cron=1632129597.1102340221405029296875" "WordPress/5.7.3; http://hackney.dazzlingwebplanet.com"
81.100.250.115 - - [20/Sep/2021:09:19:56 +0000] "POST /wp-admin/admin-ajax.php HTTP/1.0" 200 546 "http://hackney.dazzlingwebplanet.com/wp-admin/edit.php" "Mozilla/5.0 (Macintosh; Intel Mac OS X 10_15_7) AppleWebKit/537.36 (KHTML, like Gecko) Chrome/93.0.4577.63 Safari/537.36"
77.68.25.176 - - [20/Sep/2021:09:21:58 +0000] "POST /wp-cron.php?doing_wp_cron=1632129718.0737318992614746093750 HTTP/1.0" 200 269 "http://hackney.dazzlingwebplanet.com/wp-cron.php?doing_wp_cron=1632129718.0737318992614746093750" "WordPress/5.7.3; http://hackney.dazzlingwebplanet.com"
81.100.250.115 - - [20/Sep/2021:09:21:57 +0000] "POST /wp-admin/admin-ajax.php HTTP/1.0" 200 546 "http://hackney.dazzlingwebplanet.com/wp-admin/edit.php" "Mozilla/5.0 (Macintosh; Intel Mac OS X 10_15_7) AppleWebKit/537.36 (KHTML, like Gecko) Chrome/93.0.4577.63 Safari/537.36"
77.68.25.176 - - [20/Sep/2021:09:23:59 +0000] "POST /wp-cron.php?doing_wp_cron=1632129839.0823531150817871093750 HTTP/1.0" 200 269 "http://hackney.dazzlingwebplanet.com/wp-cron.php?doing_wp_cron=1632129839.0823531150817871093750" "WordPress/5.7.3; http://hackney.dazzlingwebplanet.com"
81.100.250.115 - - [20/Sep/2021:09:23:58 +0000] "POST /wp-admin/admin-ajax.php HTTP/1.0" 200 546 "http://hackney.dazzlingwebplanet.com/wp-admin/edit.php" "Mozilla/5.0 (Macintosh; Intel Mac OS X 10_15_7) AppleWebKit/537.36 (KHTML, like Gecko) Chrome/93.0.4577.63 Safari/537.36"
77.68.25.176 - - [20/Sep/2021:09:26:00 +0000] "POST /wp-cron.php?doing_wp_cron=1632129960.1351039409637451171875 HTTP/1.0" 200 269 "http://hackney.dazzlingwebplanet.com/wp-cron.php?doing_wp_cron=1632129960.1351039409637451171875" "WordPress/5.7.3; http://hackney.dazzlingwebplanet.com"
81.100.250.115 - - [20/Sep/2021:09:25:59 +0000] "POST /wp-admin/admin-ajax.php HTTP/1.0" 200 546 "http://hackney.dazzlingwebplanet.com/wp-admin/edit.php" "Mozilla/5.0 (Macintosh; Intel Mac OS X 10_15_7) AppleWebKit/537.36 (KHTML, like Gecko) Chrome/93.0.4577.63 Safari/537.36"
77.68.25.176 - - [20/Sep/2021:09:28:01 +0000] "POST /wp-cron.php?doing_wp_cron=1632130081.0956099033355712890625 HTTP/1.0" 200 269 "http://hackney.dazzlingwebplanet.com/wp-cron.php?doing_wp_cron=1632130081.0956099033355712890625" "WordPress/5.7.3; http://hackney.dazzlingwebplanet.com"
81.100.250.115 - - [20/Sep/2021:09:28:00 +0000] "POST /wp-admin/admin-ajax.php HTTP/1.0" 200 546 "http://hackney.dazzlingwebplanet.com/wp-admin/edit.php" "Mozilla/5.0 (Macintosh; Intel Mac OS X 10_15_7) AppleWebKit/537.36 (KHTML, like Gecko) Chrome/93.0.4577.63 Safari/537.36"
77.68.25.176 - - [20/Sep/2021:09:30:02 +0000] "POST /wp-cron.php?doing_wp_cron=1632130202.0818650722503662109375 HTTP/1.0" 200 269 "http://hackney.dazzlingwebplanet.com/wp-cron.php?doing_wp_cron=1632130202.0818650722503662109375" "WordPress/5.7.3; http://hackney.dazzlingwebplanet.com"
81.100.250.115 - - [20/Sep/2021:09:30:01 +0000] "POST /wp-admin/admin-ajax.php HTTP/1.0" 200 546 "http://hackney.dazzlingwebplanet.com/wp-admin/edit.php" "Mozilla/5.0 (Macintosh; Intel Mac OS X 10_15_7) AppleWebKit/537.36 (KHTML, like Gecko) Chrome/93.0.4577.63 Safari/537.36"
77.68.25.176 - - [20/Sep/2021:09:32:03 +0000] "POST /wp-cron.php?doing_wp_cron=1632130323.4294118881225585937500 HTTP/1.0" 200 269 "http://hackney.dazzlingwebplanet.com/wp-cron.php?doing_wp_cron=1632130323.4294118881225585937500" "WordPress/5.7.3; http://hackney.dazzlingwebplanet.com"
81.100.250.115 - - [20/Sep/2021:09:32:03 +0000] "POST /wp-admin/admin-ajax.php HTTP/1.0" 200 546 "http://hackney.dazzlingwebplanet.com/wp-admin/edit.php" "Mozilla/5.0 (Macintosh; Intel Mac OS X 10_15_7) AppleWebKit/537.36 (KHTML, like Gecko) Chrome/93.0.4577.63 Safari/537.36"
77.68.25.176 - - [20/Sep/2021:09:34:04 +0000] "POST /wp-cron.php?doing_wp_cron=1632130444.3403520584106445312500 HTTP/1.0" 200 269 "http://hackney.dazzlingwebplanet.com/wp-cron.php?doing_wp_cron=1632130444.3403520584106445312500" "WordPress/5.7.3; http://hackney.dazzlingwebplanet.com"
81.100.250.115 - - [20/Sep/2021:09:34:04 +0000] "POST /wp-admin/admin-ajax.php HTTP/1.0" 200 546 "http://hackney.dazzlingwebplanet.com/wp-admin/edit.php" "Mozilla/5.0 (Macintosh; Intel Mac OS X 10_15_7) AppleWebKit/537.36 (KHTML, like Gecko) Chrome/93.0.4577.63 Safari/537.36"
77.68.25.176 - - [20/Sep/2021:09:36:05 +0000] "POST /wp-cron.php?doing_wp_cron=1632130565.0882139205932617187500 HTTP/1.0" 200 269 "http://hackney.dazzlingwebplanet.com/wp-cron.php?doing_wp_cron=1632130565.0882139205932617187500" "WordPress/5.7.3; http://hackney.dazzlingwebplanet.com"
81.100.250.115 - - [20/Sep/2021:09:36:04 +0000] "POST /wp-admin/admin-ajax.php HTTP/1.0" 200 546 "http://hackney.dazzlingwebplanet.com/wp-admin/edit.php" "Mozilla/5.0 (Macintosh; Intel Mac OS X 10_15_7) AppleWebKit/537.36 (KHTML, like Gecko) Chrome/93.0.4577.63 Safari/537.36"
77.68.25.176 - - [20/Sep/2021:09:38:06 +0000] "POST /wp-cron.php?doing_wp_cron=1632130686.2398149967193603515625 HTTP/1.0" 200 269 "http://hackney.dazzlingwebplanet.com/wp-cron.php?doing_wp_cron=1632130686.2398149967193603515625" "WordPress/5.7.3; http://hackney.dazzlingwebplanet.com"
81.100.250.115 - - [20/Sep/2021:09:38:05 +0000] "POST /wp-admin/admin-ajax.php HTTP/1.0" 200 546 "http://hackney.dazzlingwebplanet.com/wp-admin/edit.php" "Mozilla/5.0 (Macintosh; Intel Mac OS X 10_15_7) AppleWebKit/537.36 (KHTML, like Gecko) Chrome/93.0.4577.63 Safari/537.36"
77.68.25.176 - - [20/Sep/2021:09:40:07 +0000] "POST /wp-cron.php?doing_wp_cron=1632130807.2006099224090576171875 HTTP/1.0" 200 269 "http://hackney.dazzlingwebplanet.com/wp-cron.php?doing_wp_cron=1632130807.2006099224090576171875" "WordPress/5.7.3; http://hackney.dazzlingwebplanet.com"
81.100.250.115 - - [20/Sep/2021:09:40:06 +0000] "POST /wp-admin/admin-ajax.php HTTP/1.0" 200 546 "http://hackney.dazzlingwebplanet.com/wp-admin/edit.php" "Mozilla/5.0 (Macintosh; Intel Mac OS X 10_15_7) AppleWebKit/537.36 (KHTML, like Gecko) Chrome/93.0.4577.63 Safari/537.36"
77.68.25.176 - - [20/Sep/2021:09:42:08 +0000] "POST /wp-cron.php?doing_wp_cron=1632130928.1717000007629394531250 HTTP/1.0" 200 269 "http://hackney.dazzlingwebplanet.com/wp-cron.php?doing_wp_cron=1632130928.1717000007629394531250" "WordPress/5.7.3; http://hackney.dazzlingwebplanet.com"
81.100.250.115 - - [20/Sep/2021:09:42:07 +0000] "POST /wp-admin/admin-ajax.php HTTP/1.0" 200 546 "http://hackney.dazzlingwebplanet.com/wp-admin/edit.php" "Mozilla/5.0 (Macintosh; Intel Mac OS X 10_15_7) AppleWebKit/537.36 (KHTML, like Gecko) Chrome/93.0.4577.63 Safari/537.36"
77.68.25.176 - - [20/Sep/2021:09:44:09 +0000] "POST /wp-cron.php?doing_wp_cron=1632131049.0755529403686523437500 HTTP/1.0" 200 269 "http://hackney.dazzlingwebplanet.com/wp-cron.php?doing_wp_cron=1632131049.0755529403686523437500" "WordPress/5.7.3; http://hackney.dazzlingwebplanet.com"
81.100.250.115 - - [20/Sep/2021:09:44:08 +0000] "POST /wp-admin/admin-ajax.php HTTP/1.0" 200 546 "http://hackney.dazzlingwebplanet.com/wp-admin/edit.php" "Mozilla/5.0 (Macintosh; Intel Mac OS X 10_15_7) AppleWebKit/537.36 (KHTML, like Gecko) Chrome/93.0.4577.63 Safari/537.36"
77.68.25.176 - - [20/Sep/2021:09:46:10 +0000] "POST /wp-cron.php?doing_wp_cron=1632131170.1666889190673828125000 HTTP/1.0" 200 269 "http://hackney.dazzlingwebplanet.com/wp-cron.php?doing_wp_cron=1632131170.1666889190673828125000" "WordPress/5.7.3; http://hackney.dazzlingwebplanet.com"
81.100.250.115 - - [20/Sep/2021:09:46:09 +0000] "POST /wp-admin/admin-ajax.php HTTP/1.0" 200 546 "http://hackney.dazzlingwebplanet.com/wp-admin/edit.php" "Mozilla/5.0 (Macintosh; Intel Mac OS X 10_15_7) AppleWebKit/537.36 (KHTML, like Gecko) Chrome/93.0.4577.63 Safari/537.36"
77.68.25.176 - - [20/Sep/2021:09:48:11 +0000] "POST /wp-cron.php?doing_wp_cron=1632131291.0892980098724365234375 HTTP/1.0" 200 269 "http://hackney.dazzlingwebplanet.com/wp-cron.php?doing_wp_cron=1632131291.0892980098724365234375" "WordPress/5.7.3; http://hackney.dazzlingwebplanet.com"
81.100.250.115 - - [20/Sep/2021:09:48:10 +0000] "POST /wp-admin/admin-ajax.php HTTP/1.0" 200 546 "http://hackney.dazzlingwebplanet.com/wp-admin/edit.php" "Mozilla/5.0 (Macintosh; Intel Mac OS X 10_15_7) AppleWebKit/537.36 (KHTML, like Gecko) Chrome/93.0.4577.63 Safari/537.36"
77.68.25.176 - - [20/Sep/2021:09:50:12 +0000] "POST /wp-cron.php?doing_wp_cron=1632131412.0862629413604736328125 HTTP/1.0" 200 269 "http://hackney.dazzlingwebplanet.com/wp-cron.php?doing_wp_cron=1632131412.0862629413604736328125" "WordPress/5.7.3; http://hackney.dazzlingwebplanet.com"
81.100.250.115 - - [20/Sep/2021:09:50:11 +0000] "POST /wp-admin/admin-ajax.php HTTP/1.0" 200 546 "http://hackney.dazzlingwebplanet.com/wp-admin/edit.php" "Mozilla/5.0 (Macintosh; Intel Mac OS X 10_15_7) AppleWebKit/537.36 (KHTML, like Gecko) Chrome/93.0.4577.63 Safari/537.36"
77.68.25.176 - - [20/Sep/2021:09:52:18 +0000] "POST /wp-cron.php?doing_wp_cron=1632131538.0811030864715576171875 HTTP/1.0" 200 269 "http://hackney.dazzlingwebplanet.com/wp-cron.php?doing_wp_cron=1632131538.0811030864715576171875" "WordPress/5.7.3; http://hackney.dazzlingwebplanet.com"
81.100.250.115 - - [20/Sep/2021:09:52:17 +0000] "POST /wp-admin/admin-ajax.php HTTP/1.0" 200 546 "http://hackney.dazzlingwebplanet.com/wp-admin/edit.php" "Mozilla/5.0 (Macintosh; Intel Mac OS X 10_15_7) AppleWebKit/537.36 (KHTML, like Gecko) Chrome/93.0.4577.63 Safari/537.36"
77.68.25.176 - - [20/Sep/2021:09:54:18 +0000] "POST /wp-cron.php?doing_wp_cron=1632131658.0873138904571533203125 HTTP/1.0" 200 269 "http://hackney.dazzlingwebplanet.com/wp-cron.php?doing_wp_cron=1632131658.0873138904571533203125" "WordPress/5.7.3; http://hackney.dazzlingwebplanet.com"
81.100.250.115 - - [20/Sep/2021:09:54:17 +0000] "POST /wp-admin/admin-ajax.php HTTP/1.0" 200 546 "http://hackney.dazzlingwebplanet.com/wp-admin/edit.php" "Mozilla/5.0 (Macintosh; Intel Mac OS X 10_15_7) AppleWebKit/537.36 (KHTML, like Gecko) Chrome/93.0.4577.63 Safari/537.36"
77.68.25.176 - - [20/Sep/2021:09:56:19 +0000] "POST /wp-cron.php?doing_wp_cron=1632131779.1026949882507324218750 HTTP/1.0" 200 269 "http://hackney.dazzlingwebplanet.com/wp-cron.php?doing_wp_cron=1632131779.1026949882507324218750" "WordPress/5.7.3; http://hackney.dazzlingwebplanet.com"
81.100.250.115 - - [20/Sep/2021:09:56:18 +0000] "POST /wp-admin/admin-ajax.php HTTP/1.0" 200 546 "http://hackney.dazzlingwebplanet.com/wp-admin/edit.php" "Mozilla/5.0 (Macintosh; Intel Mac OS X 10_15_7) AppleWebKit/537.36 (KHTML, like Gecko) Chrome/93.0.4577.63 Safari/537.36"
77.68.25.176 - - [20/Sep/2021:09:57:08 +0000] "POST /wp-cron.php?doing_wp_cron=1632131828.7310891151428222656250 HTTP/1.0" 200 269 "http://hackney.dazzlingwebplanet.com/wp-cron.php?doing_wp_cron=1632131828.7310891151428222656250" "WordPress/5.7.3; http://hackney.dazzlingwebplanet.com"
81.100.250.115 - - [20/Sep/2021:09:57:08 +0000] "POST /wp-admin/admin-ajax.php HTTP/1.0" 200 546 "http://hackney.dazzlingwebplanet.com/wp-admin/edit.php" "Mozilla/5.0 (Macintosh; Intel Mac OS X 10_15_7) AppleWebKit/537.36 (KHTML, like Gecko) Chrome/93.0.4577.63 Safari/537.36"
77.68.25.176 - - [21/Sep/2021:04:09:11 +0000] "POST /wp-cron.php?doing_wp_cron=1632197351.4412410259246826171875 HTTP/1.0" 200 269 "http://hackney.dazzlingwebplanet.com/wp-cron.php?doing_wp_cron=1632197351.4412410259246826171875" "WordPress/5.7.3; http://hackney.dazzlingwebplanet.com"
66.249.92.217 - - [21/Sep/2021:04:09:14 +0000] "GET /wp-content/plugins/wpforms-lite/assets/images/logo.png HTTP/1.0" 200 264 "http://mail.google.com/" "Mozilla/5.0 (Windows NT 10.0; Win64; x64) AppleWebKit/537.36 (KHTML, like Gecko) Chrome/42.0.2311.135 Safari/537.36 Edge/12.246 Mozilla/5.0"
77.68.25.176 - - [21/Sep/2021:04:09:13 +0000] "POST /wp-admin/admin-ajax.php?action=wp_1_wc_privacy_cleanup&nonce=3361d8fc04 HTTP/1.0" 200 404 "http://hackney.dazzlingwebplanet.com/wp-admin/admin-ajax.php?action=wp_1_wc_privacy_cleanup&nonce=3361d8fc04" "WordPress/5.7.3; http://hackney.dazzlingwebplanet.com"
77.68.25.176 - - [21/Sep/2021:04:09:15 +0000] "POST /wp-cron.php?doing_wp_cron=1632197355.8240060806274414062500 HTTP/1.0" 200 269 "http://hackney.dazzlingwebplanet.com/wp-cron.php?doing_wp_cron=1632197355.8240060806274414062500" "WordPress/5.7.3; http://hackney.dazzlingwebplanet.com"
66.249.92.217 - - [21/Sep/2021:04:09:14 +0000] "GET /wp-content/plugins/wpforms-lite/assets/images/logo.png HTTP/1.1" 200 7668 "http://mail.google.com/" "Mozilla/5.0 (Windows NT 10.0; Win64; x64) AppleWebKit/537.36 (KHTML, like Gecko) Chrome/42.0.2311.135 Safari/537.36 Edge/12.246 Mozilla/5.0"
77.68.25.176 - - [22/Sep/2021:04:09:12 +0000] "POST /wp-cron.php?doing_wp_cron=1632283752.7013609409332275390625 HTTP/1.0" 200 269 "http://hackney.dazzlingwebplanet.com/wp-cron.php?doing_wp_cron=1632283752.7013609409332275390625" "WordPress/5.7.3; http://hackney.dazzlingwebplanet.com"
77.68.25.176 - - [22/Sep/2021:04:09:17 +0000] "POST /wp-admin/admin-ajax.php?action=wp_1_wc_privacy_cleanup&nonce=cfd52fb1de HTTP/1.0" 200 404 "http://hackney.dazzlingwebplanet.com/wp-admin/admin-ajax.php?action=wp_1_wc_privacy_cleanup&nonce=cfd52fb1de" "WordPress/5.7.3; http://hackney.dazzlingwebplanet.com"
77.68.25.176 - - [22/Sep/2021:04:09:20 +0000] "POST /wp-cron.php?doing_wp_cron=1632283760.3736779689788818359375 HTTP/1.0" 200 269 "http://hackney.dazzlingwebplanet.com/wp-cron.php?doing_wp_cron=1632283760.3736779689788818359375" "WordPress/5.7.3; http://hackney.dazzlingwebplanet.com"
77.68.25.176 - - [23/Sep/2021:04:09:14 +0000] "POST /wp-cron.php?doing_wp_cron=1632370154.4219110012054443359375 HTTP/1.0" 200 269 "http://hackney.dazzlingwebplanet.com/wp-cron.php?doing_wp_cron=1632370154.4219110012054443359375" "WordPress/5.7.3; http://hackney.dazzlingwebplanet.com"
77.68.25.176 - - [23/Sep/2021:04:09:19 +0000] "POST /wp-admin/admin-ajax.php?action=wp_1_wc_privacy_cleanup&nonce=e8995a2554 HTTP/1.0" 200 404 "http://hackney.dazzlingwebplanet.com/wp-admin/admin-ajax.php?action=wp_1_wc_privacy_cleanup&nonce=e8995a2554" "WordPress/5.7.3; http://hackney.dazzlingwebplanet.com"
77.68.25.176 - - [23/Sep/2021:04:09:22 +0000] "POST /wp-cron.php?doing_wp_cron=1632370162.3093419075012207031250 HTTP/1.0" 200 269 "http://hackney.dazzlingwebplanet.com/wp-cron.php?doing_wp_cron=1632370162.3093419075012207031250" "WordPress/5.7.3; http://hackney.dazzlingwebplanet.com"
77.68.25.176 - - [24/Sep/2021:04:09:11 +0000] "POST /wp-cron.php?doing_wp_cron=1632456551.8374459743499755859375 HTTP/1.0" 200 269 "http://hackney.dazzlingwebplanet.com/wp-cron.php?doing_wp_cron=1632456551.8374459743499755859375" "WordPress/5.7.3; http://hackney.dazzlingwebplanet.com"
77.68.25.176 - - [24/Sep/2021:04:09:16 +0000] "GET /wp-json/wp/v2/types/post?context=edit HTTP/1.0" 401 659 "http://hackney.dazzlingwebplanet.com/wp-json/wp/v2/types/post?context=edit" "WordPress/5.7.3; http://hackney.dazzlingwebplanet.com"
77.68.25.176 - - [24/Sep/2021:04:09:18 +0000] "POST /wp-cron.php HTTP/1.0" 200 269 "http://hackney.dazzlingwebplanet.com/wp-cron.php" "WordPress/5.7.3; http://hackney.dazzlingwebplanet.com"
77.68.25.176 - - [24/Sep/2021:04:09:20 +0000] "POST /wp-cron.php?doing_wp_cron=1632456560.5750830173492431640625 HTTP/1.0" 200 269 "http://hackney.dazzlingwebplanet.com/wp-cron.php?doing_wp_cron=1632456560.5750830173492431640625" "WordPress/5.7.3; http://hackney.dazzlingwebplanet.com"
77.68.25.176 - - [24/Sep/2021:04:09:18 +0000] "POST /wp-admin/admin-ajax.php?action=wp_1_wc_privacy_cleanup&nonce=2971997596 HTTP/1.0" 200 404 "http://hackney.dazzlingwebplanet.com/wp-admin/admin-ajax.php?action=wp_1_wc_privacy_cleanup&nonce=2971997596" "WordPress/5.7.3; http://hackney.dazzlingwebplanet.com"
77.68.25.176 - - [24/Sep/2021:04:09:19 +0000] "POST /wp-admin/admin-ajax.php?action=as_async_request_queue_runner&nonce=c115fc61bc HTTP/1.0" 200 404 "http://hackney.dazzlingwebplanet.com/wp-admin/admin-ajax.php?action=as_async_request_queue_runner&nonce=c115fc61bc" "WordPress/5.7.3; http://hackney.dazzlingwebplanet.com"
77.68.25.176 - - [25/Sep/2021:04:09:12 +0000] "POST /wp-cron.php?doing_wp_cron=1632542952.4402060508728027343750 HTTP/1.0" 200 269 "http://hackney.dazzlingwebplanet.com/wp-cron.php?doing_wp_cron=1632542952.4402060508728027343750" "WordPress/5.7.3; http://hackney.dazzlingwebplanet.com"
77.68.25.176 - - [25/Sep/2021:04:09:17 +0000] "POST /wp-admin/admin-ajax.php?action=wp_1_wc_privacy_cleanup&nonce=e805f0c942 HTTP/1.0" 200 404 "http://hackney.dazzlingwebplanet.com/wp-admin/admin-ajax.php?action=wp_1_wc_privacy_cleanup&nonce=e805f0c942" "WordPress/5.7.3; http://hackney.dazzlingwebplanet.com"
77.68.25.176 - - [25/Sep/2021:04:09:20 +0000] "POST /wp-cron.php?doing_wp_cron=1632542960.1815500259399414062500 HTTP/1.0" 200 269 "http://hackney.dazzlingwebplanet.com/wp-cron.php?doing_wp_cron=1632542960.1815500259399414062500" "WordPress/5.7.3; http://hackney.dazzlingwebplanet.com"
77.68.25.176 - - [26/Sep/2021:04:09:11 +0000] "POST /wp-cron.php?doing_wp_cron=1632629351.3392360210418701171875 HTTP/1.0" 200 269 "http://hackney.dazzlingwebplanet.com/wp-cron.php?doing_wp_cron=1632629351.3392360210418701171875" "WordPress/5.7.3; http://hackney.dazzlingwebplanet.com"
77.68.25.176 - - [26/Sep/2021:04:09:16 +0000] "POST /wp-admin/admin-ajax.php?action=wp_1_wc_privacy_cleanup&nonce=48bd0d34d9 HTTP/1.0" 200 404 "http://hackney.dazzlingwebplanet.com/wp-admin/admin-ajax.php?action=wp_1_wc_privacy_cleanup&nonce=48bd0d34d9" "WordPress/5.7.3; http://hackney.dazzlingwebplanet.com"
77.68.25.176 - - [26/Sep/2021:04:09:19 +0000] "POST /wp-cron.php?doing_wp_cron=1632629359.1445429325103759765625 HTTP/1.0" 200 269 "http://hackney.dazzlingwebplanet.com/wp-cron.php?doing_wp_cron=1632629359.1445429325103759765625" "WordPress/5.7.3; http://hackney.dazzlingwebplanet.com"
77.68.25.176 - - [27/Sep/2021:04:09:12 +0000] "POST /wp-cron.php?doing_wp_cron=1632715752.0782361030578613281250 HTTP/1.0" 200 269 "http://hackney.dazzlingwebplanet.com/wp-cron.php?doing_wp_cron=1632715752.0782361030578613281250" "WordPress/5.7.3; http://hackney.dazzlingwebplanet.com"
77.68.25.176 - - [27/Sep/2021:04:09:17 +0000] "POST /wp-admin/admin-ajax.php?action=wp_1_wc_privacy_cleanup&nonce=630ee89b79 HTTP/1.0" 200 404 "http://hackney.dazzlingwebplanet.com/wp-admin/admin-ajax.php?action=wp_1_wc_privacy_cleanup&nonce=630ee89b79" "WordPress/5.7.3; http://hackney.dazzlingwebplanet.com"
77.68.25.176 - - [27/Sep/2021:04:09:19 +0000] "POST /wp-cron.php?doing_wp_cron=1632715759.8643200397491455078125 HTTP/1.0" 200 269 "http://hackney.dazzlingwebplanet.com/wp-cron.php?doing_wp_cron=1632715759.8643200397491455078125" "WordPress/5.7.3; http://hackney.dazzlingwebplanet.com"
77.68.25.176 - - [28/Sep/2021:04:09:11 +0000] "POST /wp-cron.php?doing_wp_cron=1632802151.0403850078582763671875 HTTP/1.0" 200 269 "http://hackney.dazzlingwebplanet.com/wp-cron.php?doing_wp_cron=1632802151.0403850078582763671875" "WordPress/5.7.3; http://hackney.dazzlingwebplanet.com"
74.125.216.155 - - [28/Sep/2021:04:09:14 +0000] "GET /wp-content/plugins/wpforms-lite/assets/images/logo.png HTTP/1.0" 200 264 "http://mail.google.com/" "Mozilla/5.0 (Windows NT 10.0; Win64; x64) AppleWebKit/537.36 (KHTML, like Gecko) Chrome/42.0.2311.135 Safari/537.36 Edge/12.246 Mozilla/5.0"
77.68.25.176 - - [28/Sep/2021:04:09:16 +0000] "POST /wp-admin/admin-ajax.php?action=wp_1_wc_privacy_cleanup&nonce=2ee2bc5931 HTTP/1.0" 200 404 "http://hackney.dazzlingwebplanet.com/wp-admin/admin-ajax.php?action=wp_1_wc_privacy_cleanup&nonce=2ee2bc5931" "WordPress/5.7.3; http://hackney.dazzlingwebplanet.com"
77.68.25.176 - - [28/Sep/2021:04:09:18 +0000] "POST /wp-cron.php?doing_wp_cron=1632802158.8275671005249023437500 HTTP/1.0" 200 269 "http://hackney.dazzlingwebplanet.com/wp-cron.php?doing_wp_cron=1632802158.8275671005249023437500" "WordPress/5.7.3; http://hackney.dazzlingwebplanet.com"
77.68.25.176 - - [28/Sep/2021:04:09:16 +0000] "POST /wp-admin/admin-ajax.php?action=as_async_request_queue_runner&nonce=4bfeba6e0f HTTP/1.0" 200 404 "http://hackney.dazzlingwebplanet.com/wp-admin/admin-ajax.php?action=as_async_request_queue_runner&nonce=4bfeba6e0f" "WordPress/5.7.3; http://hackney.dazzlingwebplanet.com"
74.125.216.155 - - [28/Sep/2021:04:09:14 +0000] "GET /wp-content/plugins/wpforms-lite/assets/images/logo.png HTTP/1.1" 200 7668 "http://mail.google.com/" "Mozilla/5.0 (Windows NT 10.0; Win64; x64) AppleWebKit/537.36 (KHTML, like Gecko) Chrome/42.0.2311.135 Safari/537.36 Edge/12.246 Mozilla/5.0"
167.172.97.238 - - [28/Sep/2021:07:03:13 +0000] "GET / HTTP/1.0" 500 1370 "-" "-"
87.75.45.229 - - [28/Sep/2021:12:58:14 +0000] "GET / HTTP/1.0" 500 1370 "-" "Mozilla/5.0 (Macintosh; Intel Mac OS X 10_15_7) AppleWebKit/537.36 (KHTML, like Gecko) Chrome/93.0.4577.82 Safari/537.36"
87.75.45.229 - - [28/Sep/2021:12:58:14 +0000] "GET /error_docs/styles.css HTTP/1.0" 200 1231 "http://hackney.dazzlingwebplanet.com/" "Mozilla/5.0 (Macintosh; Intel Mac OS X 10_15_7) AppleWebKit/537.36 (KHTML, like Gecko) Chrome/93.0.4577.82 Safari/537.36"
87.75.45.229 - - [28/Sep/2021:12:58:15 +0000] "GET /error_docs/server.svg HTTP/1.0" 200 7654 "http://hackney.dazzlingwebplanet.com/error_docs/styles.css" "Mozilla/5.0 (Macintosh; Intel Mac OS X 10_15_7) AppleWebKit/537.36 (KHTML, like Gecko) Chrome/93.0.4577.82 Safari/537.36"
87.75.45.229 - - [28/Sep/2021:12:58:15 +0000] "GET /favicon.ico HTTP/1.0" 200 236 "http://hackney.dazzlingwebplanet.com/" "Mozilla/5.0 (Macintosh; Intel Mac OS X 10_15_7) AppleWebKit/537.36 (KHTML, like Gecko) Chrome/93.0.4577.82 Safari/537.36"
3.249.14.32 - - [28/Sep/2021:13:13:36 +0000] "GET / HTTP/1.0" 500 1370 "-" "Mozilla/5.0 (X11; Linux x86_64) AppleWebKit/537.36 (KHTML, like Gecko) HeadlessChrome/78.0.3882.0 Safari/537.36"
3.249.14.32 - - [28/Sep/2021:13:13:36 +0000] "GET /error_docs/styles.css HTTP/1.0" 200 1231 "http://hackney.dazzlingwebplanet.com/" "Mozilla/5.0 (X11; Linux x86_64) AppleWebKit/537.36 (KHTML, like Gecko) HeadlessChrome/78.0.3882.0 Safari/537.36"
3.249.14.32 - - [28/Sep/2021:13:13:36 +0000] "GET /error_docs/server.svg HTTP/1.0" 200 7654 "http://hackney.dazzlingwebplanet.com/error_docs/styles.css" "Mozilla/5.0 (X11; Linux x86_64) AppleWebKit/537.36 (KHTML, like Gecko) HeadlessChrome/78.0.3882.0 Safari/537.36"
77.68.25.176 - - [29/Sep/2021:04:09:15 +0000] "POST /wp-cron.php?doing_wp_cron=1632888555.1603720188140869140625 HTTP/1.0" 200 269 "http://hackney.dazzlingwebplanet.com/wp-cron.php?doing_wp_cron=1632888555.1603720188140869140625" "WordPress/5.7.3; http://hackney.dazzlingwebplanet.com"
77.68.25.176 - - [29/Sep/2021:04:09:21 +0000] "POST /wp-admin/admin-ajax.php?action=wp_1_wc_privacy_cleanup&nonce=fb86ea350c HTTP/1.0" 200 404 "http://hackney.dazzlingwebplanet.com/wp-admin/admin-ajax.php?action=wp_1_wc_privacy_cleanup&nonce=fb86ea350c" "WordPress/5.7.3; http://hackney.dazzlingwebplanet.com"
77.68.25.176 - - [29/Sep/2021:04:09:25 +0000] "POST /wp-cron.php?doing_wp_cron=1632888565.3983159065246582031250 HTTP/1.0" 200 269 "http://hackney.dazzlingwebplanet.com/wp-cron.php?doing_wp_cron=1632888565.3983159065246582031250" "WordPress/5.7.3; http://hackney.dazzlingwebplanet.com"
77.68.25.176 - - [29/Sep/2021:04:09:22 +0000] "POST /wp-admin/admin-ajax.php?action=as_async_request_queue_runner&nonce=aaca630636 HTTP/1.0" 200 404 "http://hackney.dazzlingwebplanet.com/wp-admin/admin-ajax.php?action=as_async_request_queue_runner&nonce=aaca630636" "WordPress/5.7.3; http://hackney.dazzlingwebplanet.com"
87.75.45.229 - - [28/Sep/2021:12:58:15 +0000] "GET /favicon.ico HTTP/1.1" 200 113459 "http://hackney.dazzlingwebplanet.com/" "Mozilla/5.0 (Macintosh; Intel Mac OS X 10_15_7) AppleWebKit/537.36 (KHTML, like Gecko) Chrome/93.0.4577.82 Safari/537.36"
77.68.25.176 - - [30/Sep/2021:04:09:13 +0000] "POST /wp-cron.php?doing_wp_cron=1632974953.4413731098175048828125 HTTP/1.0" 200 269 "http://hackney.dazzlingwebplanet.com/wp-cron.php?doing_wp_cron=1632974953.4413731098175048828125" "WordPress/5.7.3; http://hackney.dazzlingwebplanet.com"
77.68.25.176 - - [30/Sep/2021:04:09:18 +0000] "POST /wp-admin/admin-ajax.php?action=wp_1_wc_privacy_cleanup&nonce=f824915285 HTTP/1.0" 200 404 "http://hackney.dazzlingwebplanet.com/wp-admin/admin-ajax.php?action=wp_1_wc_privacy_cleanup&nonce=f824915285" "WordPress/5.7.3; http://hackney.dazzlingwebplanet.com"
77.68.25.176 - - [30/Sep/2021:04:09:21 +0000] "POST /wp-cron.php?doing_wp_cron=1632974961.0397379398345947265625 HTTP/1.0" 200 269 "http://hackney.dazzlingwebplanet.com/wp-cron.php?doing_wp_cron=1632974961.0397379398345947265625" "WordPress/5.7.3; http://hackney.dazzlingwebplanet.com"
77.68.25.176 - - [30/Sep/2021:04:09:19 +0000] "POST /wp-admin/admin-ajax.php?action=as_async_request_queue_runner&nonce=8bf529c6ae HTTP/1.0" 200 404 "http://hackney.dazzlingwebplanet.com/wp-admin/admin-ajax.php?action=as_async_request_queue_runner&nonce=8bf529c6ae" "WordPress/5.7.3; http://hackney.dazzlingwebplanet.com"
77.68.25.176 - - [30/Sep/2021:04:09:24 +0000] "POST /wp-admin/admin-ajax.php?action=as_async_request_queue_runner&nonce=8bf529c6ae HTTP/1.0" 200 404 "http://hackney.dazzlingwebplanet.com/wp-admin/admin-ajax.php?action=as_async_request_queue_runner&nonce=8bf529c6ae" "WordPress/5.7.3; http://hackney.dazzlingwebplanet.com"
77.68.25.176 - - [01/Oct/2021:04:09:15 +0000] "POST /wp-cron.php?doing_wp_cron=1633061355.7156319618225097656250 HTTP/1.0" 200 269 "http://hackney.dazzlingwebplanet.com/wp-cron.php?doing_wp_cron=1633061355.7156319618225097656250" "WordPress/5.7.3; http://hackney.dazzlingwebplanet.com"
77.68.25.176 - - [01/Oct/2021:04:09:21 +0000] "GET /wp-json/wp/v2/types/post?context=edit HTTP/1.0" 401 659 "http://hackney.dazzlingwebplanet.com/wp-json/wp/v2/types/post?context=edit" "WordPress/5.7.3; http://hackney.dazzlingwebplanet.com"
77.68.25.176 - - [01/Oct/2021:04:09:22 +0000] "POST /wp-cron.php HTTP/1.0" 200 269 "http://hackney.dazzlingwebplanet.com/wp-cron.php" "WordPress/5.7.3; http://hackney.dazzlingwebplanet.com"
77.68.25.176 - - [01/Oct/2021:04:09:23 +0000] "POST /wp-admin/admin-ajax.php?action=wp_1_wc_privacy_cleanup&nonce=650b5d1c3f HTTP/1.0" 200 404 "http://hackney.dazzlingwebplanet.com/wp-admin/admin-ajax.php?action=wp_1_wc_privacy_cleanup&nonce=650b5d1c3f" "WordPress/5.7.3; http://hackney.dazzlingwebplanet.com"
77.68.25.176 - - [01/Oct/2021:04:09:25 +0000] "POST /wp-cron.php?doing_wp_cron=1633061365.0048270225524902343750 HTTP/1.0" 200 269 "http://hackney.dazzlingwebplanet.com/wp-cron.php?doing_wp_cron=1633061365.0048270225524902343750" "WordPress/5.7.3; http://hackney.dazzlingwebplanet.com"
77.68.25.176 - - [01/Oct/2021:04:09:24 +0000] "POST /wp-admin/admin-ajax.php?action=as_async_request_queue_runner&nonce=abbbc77980 HTTP/1.0" 200 404 "http://hackney.dazzlingwebplanet.com/wp-admin/admin-ajax.php?action=as_async_request_queue_runner&nonce=abbbc77980" "WordPress/5.7.3; http://hackney.dazzlingwebplanet.com"
77.68.25.176 - - [02/Oct/2021:04:09:34 +0000] "POST /wp-cron.php?doing_wp_cron=1633147774.3914170265197753906250 HTTP/1.0" 200 269 "http://hackney.dazzlingwebplanet.com/wp-cron.php?doing_wp_cron=1633147774.3914170265197753906250" "WordPress/5.7.3; http://hackney.dazzlingwebplanet.com"
