161.248.155.102 - - [12/Apr/2026:08:53:37 +0000] "POST /xmlrpc.php HTTP/1.0" 200 3916 "-" "Jetpack/13.0; WordPress/6.3; http://site63802323.com"
77.68.25.176 - - [12/Apr/2026:08:56:08 +0000] "POST /wp-cron.php?doing_wp_cron=1775984168.6799809932708740234375 HTTP/1.0" 200 3570 "-" "WordPress/6.9.4; https://thesocialboom.com"
221.229.106.25 - - [12/Apr/2026:08:56:07 +0000] "GET / HTTP/1.0" 301 3572 "http://www.thesocialboom.com" "Mozilla/5.0 (iPhone; CPU iPhone OS 13_2_3 like Mac OS X) AppleWebKit/605.1.15 (KHTML, like Gecko) Version/13.0.3 Mobile/15E148 Safari/604.1"
221.229.106.25 - - [12/Apr/2026:08:56:14 +0000] "GET / HTTP/1.0" 200 39507 "https://www.thesocialboom.com/" "Mozilla/5.0 (iPhone; CPU iPhone OS 13_2_3 like Mac OS X) AppleWebKit/605.1.15 (KHTML, like Gecko) Version/13.0.3 Mobile/15E148 Safari/604.1"
77.68.25.176 - - [12/Apr/2026:09:25:01 +0000] "POST /wp-cron.php?doing_wp_cron=1775985901.0604479312896728515625 HTTP/1.0" 200 3570 "-" "WordPress/6.9.4; https://thesocialboom.com"
202.76.171.187 - - [12/Apr/2026:09:24:59 +0000] "GET /tag/digital-marketing/ HTTP/1.0" 200 31442 "-" "Mozilla/5.0 (Macintosh; Intel Mac OS X 13_6_4) AppleWebKit/537.36 (KHTML, like Gecko) Chrome/133.0.6943.141 Safari/537.36"
77.68.25.176 - - [12/Apr/2026:09:40:16 +0000] "POST /wp-cron.php?doing_wp_cron=1775986816.1117289066314697265625 HTTP/1.0" 200 3570 "-" "WordPress/6.9.4; https://thesocialboom.com"
158.173.67.154 - - [12/Apr/2026:09:40:13 +0000] "GET /wp-login.php HTTP/1.0" 200 13439 "-" "Mozilla/5.0 (Macintosh; Intel Mac OS X 14_2) AppleWebKit/537.36 (KHTML, like Gecko) Chrome/120.0.0.0 Safari/537.36"
158.173.67.154 - - [12/Apr/2026:09:40:16 +0000] "GET /?rest_route=/wp/v2/users HTTP/1.0" 200 9810 "-" "Mozilla/5.0 (Windows NT 10.0; Win64; x64; rv:121.0) Gecko/20100101 Firefox/121.0"
158.173.67.154 - - [12/Apr/2026:09:40:18 +0000] "GET /xmlrpc.php HTTP/1.0" 405 3560 "-" "Mozilla/5.0 (Windows NT 10.0; Win64; x64) AppleWebKit/537.36 (KHTML, like Gecko) Edge/119.0.2151.97"
158.173.67.154 - - [12/Apr/2026:09:40:20 +0000] "GET /xmlrpc.php HTTP/1.0" 405 3560 "-" "Mozilla/5.0 (Macintosh; Intel Mac OS X 14_3) AppleWebKit/537.36 (KHTML, like Gecko) Chrome/121.0.0.0 Safari/537.36"
158.173.67.154 - - [12/Apr/2026:09:40:21 +0000] "GET /xmlrpc.php HTTP/1.0" 405 3560 "-" "Mozilla/5.0 (Windows NT 10.0; Win64; x64) AppleWebKit/537.36 (KHTML, like Gecko) Edge/119.0.2151.97"
158.173.67.154 - - [12/Apr/2026:09:40:23 +0000] "GET /xmlrpc.php HTTP/1.0" 405 3560 "-" "Mozilla/5.0 (Windows NT 10.0; Win64; x64; rv:120.0) Gecko/20100101 Firefox/120.0"
158.173.67.154 - - [12/Apr/2026:09:40:24 +0000] "GET /xmlrpc.php HTTP/1.0" 405 3560 "-" "Mozilla/5.0 (iPhone; CPU iPhone OS 17_1 like Mac OS X) AppleWebKit/605.1.15 (KHTML, like Gecko) Version/17.1 Mobile/15E148 Safari/604.1"
158.173.67.241 - - [12/Apr/2026:09:40:26 +0000] "GET /xmlrpc.php HTTP/1.0" 405 3560 "-" "Mozilla/5.0 (Windows NT 11.0; Win64; x64) AppleWebKit/537.36 (KHTML, like Gecko) Chrome/120.0.0.0 Safari/537.36"
158.173.67.241 - - [12/Apr/2026:09:40:27 +0000] "GET /xmlrpc.php HTTP/1.0" 405 3560 "-" "Mozilla/5.0 (iPhone; CPU iPhone OS 17_2 like Mac OS X) AppleWebKit/605.1.15 (KHTML, like Gecko) Version/17.2 Mobile/15E148 Safari/604.1"
158.173.67.241 - - [12/Apr/2026:09:40:29 +0000] "GET /xmlrpc.php HTTP/1.0" 405 3560 "-" "Mozilla/5.0 (iPhone; CPU iPhone OS 17_1 like Mac OS X) AppleWebKit/605.1.15 (KHTML, like Gecko) Version/17.1 Mobile/15E148 Safari/604.1"
158.173.67.241 - - [12/Apr/2026:09:40:31 +0000] "GET /xmlrpc.php HTTP/1.0" 405 3560 "-" "Mozilla/5.0 (Windows NT 11.0; Win64; x64) AppleWebKit/537.36 (KHTML, like Gecko) Chrome/121.0.0.0 Safari/537.36"
158.173.67.241 - - [12/Apr/2026:09:40:32 +0000] "GET /xmlrpc.php HTTP/1.0" 405 3560 "-" "Mozilla/5.0 (Linux; Android 13; Pixel 7) AppleWebKit/537.36 (KHTML, like Gecko) Chrome/119.0.0.0 Mobile Safari/537.36"
158.173.67.241 - - [12/Apr/2026:09:40:34 +0000] "GET /xmlrpc.php HTTP/1.0" 405 3560 "-" "Mozilla/5.0 (Windows NT 10.0; Win64; x64; rv:120.0) Gecko/20100101 Firefox/120.0"
158.173.67.241 - - [12/Apr/2026:09:40:35 +0000] "GET /xmlrpc.php HTTP/1.0" 405 3560 "-" "Mozilla/5.0 (Windows NT 11.0; Win64; x64) AppleWebKit/537.36 (KHTML, like Gecko) Chrome/121.0.0.0 Safari/537.36"
158.173.67.241 - - [12/Apr/2026:09:40:37 +0000] "GET /xmlrpc.php HTTP/1.0" 405 3560 "-" "Mozilla/5.0 (Macintosh; Intel Mac OS X 14_3) AppleWebKit/537.36 (KHTML, like Gecko) Chrome/121.0.0.0 Safari/537.36"
158.173.67.31 - - [12/Apr/2026:09:40:39 +0000] "GET /xmlrpc.php HTTP/1.0" 405 3560 "-" "Mozilla/5.0 (Linux; Android 14; SM-S918B) AppleWebKit/537.36 (KHTML, like Gecko) Chrome/120.0.0.0 Mobile Safari/537.36"
158.173.67.31 - - [12/Apr/2026:09:40:40 +0000] "GET /xmlrpc.php HTTP/1.0" 405 3560 "-" "Mozilla/5.0 (X11; Linux x86_64) AppleWebKit/537.36 (KHTML, like Gecko) Chrome/120.0.0.0 Safari/537.36"
158.173.67.31 - - [12/Apr/2026:09:40:42 +0000] "GET /xmlrpc.php HTTP/1.0" 405 3560 "-" "Mozilla/5.0 (X11; Ubuntu; Linux x86_64; rv:121.0) Gecko/20100101 Firefox/121.0"
158.173.67.31 - - [12/Apr/2026:09:40:44 +0000] "GET /xmlrpc.php HTTP/1.0" 405 3560 "-" "Mozilla/5.0 (Macintosh; Intel Mac OS X 14_1) AppleWebKit/605.1.15 (KHTML, like Gecko) Version/17.0 Safari/605.1.15"
158.173.67.31 - - [12/Apr/2026:09:40:45 +0000] "GET /xmlrpc.php HTTP/1.0" 405 3560 "-" "Mozilla/5.0 (Windows NT 10.0; Win64; x64; rv:121.0) Gecko/20100101 Firefox/121.0"
158.173.67.31 - - [12/Apr/2026:09:40:47 +0000] "GET /xmlrpc.php HTTP/1.0" 405 3560 "-" "Mozilla/5.0 (X11; Linux x86_64) AppleWebKit/537.36 (KHTML, like Gecko) Chrome/120.0.0.0 Safari/537.36"
158.173.67.31 - - [12/Apr/2026:09:40:48 +0000] "GET /xmlrpc.php HTTP/1.0" 405 3560 "-" "Mozilla/5.0 (X11; Linux x86_64) AppleWebKit/537.36 (KHTML, like Gecko) Chrome/120.0.0.0 Safari/537.36"
158.173.67.31 - - [12/Apr/2026:09:40:50 +0000] "GET /xmlrpc.php HTTP/1.0" 405 3560 "-" "Mozilla/5.0 (iPhone; CPU iPhone OS 17_1 like Mac OS X) AppleWebKit/605.1.15 (KHTML, like Gecko) Version/17.1 Mobile/15E148 Safari/604.1"
158.173.67.29 - - [12/Apr/2026:09:40:52 +0000] "GET /xmlrpc.php HTTP/1.0" 405 3560 "-" "Mozilla/5.0 (Linux; Android 14; SM-S918B) AppleWebKit/537.36 (KHTML, like Gecko) Chrome/120.0.0.0 Mobile Safari/537.36"
158.173.67.29 - - [12/Apr/2026:09:40:53 +0000] "GET /xmlrpc.php HTTP/1.0" 405 3560 "-" "Mozilla/5.0 (Macintosh; Intel Mac OS X 14_2_1) AppleWebKit/537.36 (KHTML, like Gecko) Chrome/120.0.0.0 Safari/537.36"
77.68.25.176 - - [12/Apr/2026:09:40:56 +0000] "POST /wp-cron.php?doing_wp_cron=1775986856.6336169242858886718750 HTTP/1.0" 200 3570 "-" "WordPress/6.9.4; https://thesocialboom.com"
158.173.67.29 - - [12/Apr/2026:09:40:55 +0000] "GET /xmlrpc.php HTTP/1.0" 405 3560 "-" "Mozilla/5.0 (Macintosh; Intel Mac OS X 14_3) AppleWebKit/537.36 (KHTML, like Gecko) Chrome/121.0.0.0 Safari/537.36"
158.173.67.29 - - [12/Apr/2026:09:40:56 +0000] "GET /xmlrpc.php HTTP/1.0" 405 3560 "-" "Mozilla/5.0 (Linux; Android 14; SM-G998B) AppleWebKit/537.36 (KHTML, like Gecko) Chrome/121.0.0.0 Mobile Safari/537.36"
158.173.67.29 - - [12/Apr/2026:09:40:58 +0000] "GET /xmlrpc.php HTTP/1.0" 405 3560 "-" "Mozilla/5.0 (Macintosh; Intel Mac OS X 14_2_1) AppleWebKit/605.1.15 (KHTML, like Gecko) Version/17.1 Safari/605.1.15"
158.173.67.29 - - [12/Apr/2026:09:40:59 +0000] "GET /xmlrpc.php HTTP/1.0" 405 3560 "-" "Mozilla/5.0 (X11; Ubuntu; Linux x86_64; rv:121.0) Gecko/20100101 Firefox/121.0"
158.173.67.29 - - [12/Apr/2026:09:41:01 +0000] "GET /xmlrpc.php HTTP/1.0" 405 3560 "-" "Mozilla/5.0 (Windows NT 10.0; Win64; x64) AppleWebKit/537.36 (KHTML, like Gecko) Edge/120.0.2210.91"
158.173.67.29 - - [12/Apr/2026:09:41:03 +0000] "GET /xmlrpc.php HTTP/1.0" 405 3560 "-" "Mozilla/5.0 (Macintosh; Intel Mac OS X 14_1) AppleWebKit/605.1.15 (KHTML, like Gecko) Version/17.0 Safari/605.1.15"
158.173.67.171 - - [12/Apr/2026:09:41:04 +0000] "GET /xmlrpc.php HTTP/1.0" 405 3560 "-" "Mozilla/5.0 (Linux; Android 14; SM-S918B) AppleWebKit/537.36 (KHTML, like Gecko) Chrome/120.0.0.0 Mobile Safari/537.36"
158.173.67.171 - - [12/Apr/2026:09:41:06 +0000] "GET /xmlrpc.php HTTP/1.0" 405 3560 "-" "Mozilla/5.0 (Windows NT 11.0; Win64; x64) AppleWebKit/537.36 (KHTML, like Gecko) Chrome/120.0.0.0 Safari/537.36"
158.173.67.171 - - [12/Apr/2026:09:41:08 +0000] "GET /xmlrpc.php HTTP/1.0" 405 3560 "-" "Mozilla/5.0 (Windows NT 11.0; Win64; x64) AppleWebKit/537.36 (KHTML, like Gecko) Chrome/121.0.0.0 Safari/537.36"
158.173.67.171 - - [12/Apr/2026:09:41:09 +0000] "GET /xmlrpc.php HTTP/1.0" 405 3560 "-" "Mozilla/5.0 (Windows NT 11.0; Win64; x64) AppleWebKit/537.36 (KHTML, like Gecko) Chrome/121.0.0.0 Safari/537.36"
158.173.67.171 - - [12/Apr/2026:09:41:11 +0000] "GET /xmlrpc.php HTTP/1.0" 405 3560 "-" "Mozilla/5.0 (Macintosh; Intel Mac OS X 14_1) AppleWebKit/605.1.15 (KHTML, like Gecko) Version/17.0 Safari/605.1.15"
158.173.67.171 - - [12/Apr/2026:09:41:12 +0000] "GET /xmlrpc.php HTTP/1.0" 405 3560 "-" "Mozilla/5.0 (Macintosh; Intel Mac OS X 14_2_1) AppleWebKit/537.36 (KHTML, like Gecko) Chrome/120.0.0.0 Safari/537.36"
158.173.67.145 - - [12/Apr/2026:09:41:13 +0000] "HEAD / HTTP/1.0" 200 3684 "-" "python-requests/2.32.4"
158.173.67.171 - - [12/Apr/2026:09:41:15 +0000] "GET /xmlrpc.php HTTP/1.0" 405 3560 "-" "Mozilla/5.0 (Windows NT 10.0; Win64; x64; rv:120.0) Gecko/20100101 Firefox/120.0"
158.173.67.246 - - [12/Apr/2026:09:41:17 +0000] "GET /wp-admin/ HTTP/1.0" 302 3735 "-" "Mozilla/5.0 (Windows NT 10.0; Win64; x64) AppleWebKit/537.36 (KHTML, like Gecko) Edge/120.0.2210.91"
158.173.67.145 - - [12/Apr/2026:09:41:17 +0000] "GET /xmlrpc.php HTTP/1.0" 405 3560 "-" "Mozilla/5.0 (Macintosh; Intel Mac OS X 14_1) AppleWebKit/605.1.15 (KHTML, like Gecko) Version/17.0 Safari/605.1.15"
158.173.67.246 - - [12/Apr/2026:09:41:19 +0000] "GET /wp-login.php?redirect_to=https%3A%2F%2Fthesocialboom.com%2Fwp-admin%2F&reauth=1 HTTP/1.0" 200 8635 "-" "Mozilla/5.0 (Windows NT 10.0; Win64; x64) AppleWebKit/537.36 (KHTML, like Gecko) Edge/120.0.2210.91"
158.173.67.145 - - [12/Apr/2026:09:41:20 +0000] "GET /xmlrpc.php HTTP/1.0" 405 3560 "-" "Mozilla/5.0 (Windows NT 10.0; Win64; x64; rv:121.0) Gecko/20100101 Firefox/121.0"
158.173.67.205 - - [12/Apr/2026:09:41:22 +0000] "GET /xmlrpc.php HTTP/1.0" 405 3560 "-" "Mozilla/5.0 (X11; Ubuntu; Linux x86_64; rv:121.0) Gecko/20100101 Firefox/121.0"
158.173.67.145 - - [12/Apr/2026:09:41:22 +0000] "GET /xmlrpc.php HTTP/1.0" 405 3560 "-" "Mozilla/5.0 (Windows NT 10.0; Win64; x64; rv:121.0) Gecko/20100101 Firefox/121.0"
158.173.67.154 - - [12/Apr/2026:09:41:24 +0000] "GET /?rest_route=/wp/v2/users HTTP/1.0" 200 9810 "-" "Mozilla/5.0 (Windows NT 10.0; Win64; x64; rv:120.0) Gecko/20100101 Firefox/120.0"
158.173.67.145 - - [12/Apr/2026:09:41:25 +0000] "GET /xmlrpc.php HTTP/1.0" 405 3560 "-" "Mozilla/5.0 (X11; Ubuntu; Linux x86_64; rv:121.0) Gecko/20100101 Firefox/121.0"
158.173.67.145 - - [12/Apr/2026:09:41:27 +0000] "GET /?author=1 HTTP/1.0" 301 3572 "-" "Mozilla/5.0 (Windows NT 11.0; Win64; x64) AppleWebKit/537.36 (KHTML, like Gecko) Chrome/120.0.0.0 Safari/537.36"
158.173.67.145 - - [12/Apr/2026:09:41:27 +0000] "GET /xmlrpc.php HTTP/1.0" 405 3560 "-" "Mozilla/5.0 (Linux; Android 14; SM-S918B) AppleWebKit/537.36 (KHTML, like Gecko) Chrome/120.0.0.0 Mobile Safari/537.36"
158.173.67.145 - - [12/Apr/2026:09:41:29 +0000] "GET /author/sb_admin/ HTTP/1.0" 200 33305 "-" "Mozilla/5.0 (Windows NT 11.0; Win64; x64) AppleWebKit/537.36 (KHTML, like Gecko) Chrome/120.0.0.0 Safari/537.36"
158.173.67.145 - - [12/Apr/2026:09:41:29 +0000] "GET /xmlrpc.php HTTP/1.0" 405 3560 "-" "Mozilla/5.0 (Windows NT 10.0; Win64; x64) AppleWebKit/537.36 (KHTML, like Gecko) Edge/120.0.2210.91"
158.173.67.182 - - [12/Apr/2026:09:41:32 +0000] "GET /xmlrpc.php HTTP/1.0" 405 3560 "-" "Mozilla/5.0 (X11; Linux x86_64) AppleWebKit/537.36 (KHTML, like Gecko) Chrome/120.0.0.0 Safari/537.36"
158.173.67.241 - - [12/Apr/2026:09:41:32 +0000] "POST /xmlrpc.php HTTP/1.0" 200 3764 "-" "Mozilla/5.0 (Windows NT 10.0; Win64; x64) AppleWebKit/537.36 (KHTML, like Gecko) Edge/120.0.2210.91"
158.173.67.182 - - [12/Apr/2026:09:41:34 +0000] "GET /xmlrpc.php HTTP/1.0" 405 3560 "-" "Mozilla/5.0 (X11; Linux x86_64) AppleWebKit/537.36 (KHTML, like Gecko) Chrome/120.0.0.0 Safari/537.36"
158.173.67.31 - - [12/Apr/2026:09:41:35 +0000] "POST /xmlrpc.php HTTP/1.0" 200 3764 "-" "Mozilla/5.0 (Macintosh; Intel Mac OS X 14_2) AppleWebKit/537.36 (KHTML, like Gecko) Chrome/120.0.0.0 Safari/537.36"
158.173.67.182 - - [12/Apr/2026:09:41:36 +0000] "GET /xmlrpc.php HTTP/1.0" 405 3560 "-" "Mozilla/5.0 (Windows NT 10.0; Win64; x64) AppleWebKit/537.36 (KHTML, like Gecko) Edge/120.0.2210.91"
158.173.67.227 - - [12/Apr/2026:09:41:37 +0000] "POST /xmlrpc.php HTTP/1.0" 200 3764 "-" "Mozilla/5.0 (Linux; Android 14; SM-S918B) AppleWebKit/537.36 (KHTML, like Gecko) Chrome/120.0.0.0 Mobile Safari/537.36"
158.173.67.182 - - [12/Apr/2026:09:41:38 +0000] "GET /xmlrpc.php HTTP/1.0" 405 3560 "-" "Mozilla/5.0 (Linux; Android 14; SM-G998B) AppleWebKit/537.36 (KHTML, like Gecko) Chrome/121.0.0.0 Mobile Safari/537.36"
158.173.67.11 - - [12/Apr/2026:09:41:40 +0000] "POST /xmlrpc.php HTTP/1.0" 200 3764 "-" "Mozilla/5.0 (iPhone; CPU iPhone OS 17_1 like Mac OS X) AppleWebKit/605.1.15 (KHTML, like Gecko) Version/17.1 Mobile/15E148 Safari/604.1"
158.173.67.182 - - [12/Apr/2026:09:41:40 +0000] "GET /xmlrpc.php HTTP/1.0" 405 3560 "-" "Mozilla/5.0 (Windows NT 11.0; Win64; x64) AppleWebKit/537.36 (KHTML, like Gecko) Chrome/120.0.0.0 Safari/537.36"
158.173.67.182 - - [12/Apr/2026:09:41:42 +0000] "GET /xmlrpc.php HTTP/1.0" 405 3560 "-" "Mozilla/5.0 (Windows NT 11.0; Win64; x64) AppleWebKit/537.36 (KHTML, like Gecko) Chrome/121.0.0.0 Safari/537.36"
158.173.67.246 - - [12/Apr/2026:09:41:43 +0000] "POST /xmlrpc.php HTTP/1.0" 200 3764 "-" "Mozilla/5.0 (Windows NT 10.0; Win64; x64) AppleWebKit/537.36 (KHTML, like Gecko) Chrome/120.0.0.0 Safari/537.36"
158.173.67.31 - - [12/Apr/2026:09:41:44 +0000] "GET /xmlrpc.php HTTP/1.0" 405 3560 "-" "Mozilla/5.0 (iPhone; CPU iPhone OS 17_1 like Mac OS X) AppleWebKit/605.1.15 (KHTML, like Gecko) Version/17.1 Mobile/15E148 Safari/604.1"
158.173.67.227 - - [12/Apr/2026:09:41:46 +0000] "POST /xmlrpc.php HTTP/1.0" 200 3764 "-" "Mozilla/5.0 (Windows NT 11.0; Win64; x64) AppleWebKit/537.36 (KHTML, like Gecko) Chrome/120.0.0.0 Safari/537.36"
158.173.67.31 - - [12/Apr/2026:09:41:46 +0000] "GET /xmlrpc.php HTTP/1.0" 405 3560 "-" "Mozilla/5.0 (X11; Linux x86_64) AppleWebKit/537.36 (KHTML, like Gecko) Chrome/120.0.0.0 Safari/537.36"
158.173.67.31 - - [12/Apr/2026:09:41:48 +0000] "GET /xmlrpc.php HTTP/1.0" 405 3560 "-" "Mozilla/5.0 (Windows NT 10.0; Win64; x64) AppleWebKit/537.36 (KHTML, like Gecko) Chrome/120.0.0.0 Safari/537.36"
158.173.67.232 - - [12/Apr/2026:09:41:49 +0000] "POST /xmlrpc.php HTTP/1.0" 200 3764 "-" "Mozilla/5.0 (Macintosh; Intel Mac OS X 14_1) AppleWebKit/605.1.15 (KHTML, like Gecko) Version/17.0 Safari/605.1.15"
158.173.67.31 - - [12/Apr/2026:09:41:50 +0000] "GET /xmlrpc.php HTTP/1.0" 405 3560 "-" "Mozilla/5.0 (Macintosh; Intel Mac OS X 14_2_1) AppleWebKit/605.1.15 (KHTML, like Gecko) Version/17.1 Safari/605.1.15"
158.173.67.31 - - [12/Apr/2026:09:41:52 +0000] "GET /xmlrpc.php HTTP/1.0" 405 3560 "-" "Mozilla/5.0 (Windows NT 10.0; Win64; x64) AppleWebKit/537.36 (KHTML, like Gecko) Edge/119.0.2151.97"
77.68.25.176 - - [12/Apr/2026:09:41:56 +0000] "POST /wp-cron.php?doing_wp_cron=1775986916.0732240676879882812500 HTTP/1.0" 200 3570 "-" "WordPress/6.9.4; https://thesocialboom.com"
158.173.67.31 - - [12/Apr/2026:09:41:54 +0000] "GET /xmlrpc.php HTTP/1.0" 405 3560 "-" "Mozilla/5.0 (Macintosh; Intel Mac OS X 14_2_1) AppleWebKit/605.1.15 (KHTML, like Gecko) Version/17.1 Safari/605.1.15"
158.173.67.31 - - [12/Apr/2026:09:41:56 +0000] "GET /xmlrpc.php HTTP/1.0" 405 3560 "-" "Mozilla/5.0 (Windows NT 10.0; Win64; x64) AppleWebKit/537.36 (KHTML, like Gecko) Edge/120.0.2210.91"
158.173.67.215 - - [12/Apr/2026:09:41:58 +0000] "GET /xmlrpc.php HTTP/1.0" 405 3560 "-" "Mozilla/5.0 (Windows NT 10.0; Win64; x64; rv:121.0) Gecko/20100101 Firefox/121.0"
158.173.67.215 - - [12/Apr/2026:09:42:00 +0000] "GET /xmlrpc.php HTTP/1.0" 405 3560 "-" "Mozilla/5.0 (X11; Ubuntu; Linux x86_64; rv:121.0) Gecko/20100101 Firefox/121.0"
158.173.67.31 - - [12/Apr/2026:09:42:02 +0000] "POST /xmlrpc.php HTTP/1.0" 200 3764 "-" "Mozilla/5.0 (Windows NT 10.0; Win64; x64; rv:120.0) Gecko/20100101 Firefox/120.0"
158.173.67.215 - - [12/Apr/2026:09:42:02 +0000] "GET /xmlrpc.php HTTP/1.0" 405 3560 "-" "Mozilla/5.0 (Windows NT 10.0; Win64; x64) AppleWebKit/537.36 (KHTML, like Gecko) Chrome/120.0.0.0 Safari/537.36"
158.173.67.215 - - [12/Apr/2026:09:42:04 +0000] "GET /xmlrpc.php HTTP/1.0" 405 3560 "-" "Mozilla/5.0 (Macintosh; Intel Mac OS X 14_3) AppleWebKit/537.36 (KHTML, like Gecko) Chrome/121.0.0.0 Safari/537.36"
158.173.67.215 - - [12/Apr/2026:09:42:06 +0000] "GET /xmlrpc.php HTTP/1.0" 405 3560 "-" "Mozilla/5.0 (Windows NT 11.0; Win64; x64) AppleWebKit/537.36 (KHTML, like Gecko) Chrome/121.0.0.0 Safari/537.36"
158.173.67.77 - - [12/Apr/2026:09:42:07 +0000] "POST /xmlrpc.php HTTP/1.0" 200 3764 "-" "Mozilla/5.0 (Macintosh; Intel Mac OS X 14_3) AppleWebKit/537.36 (KHTML, like Gecko) Chrome/121.0.0.0 Safari/537.36"
158.173.67.215 - - [12/Apr/2026:09:42:07 +0000] "GET /xmlrpc.php HTTP/1.0" 405 3560 "-" "Mozilla/5.0 (iPhone; CPU iPhone OS 17_2 like Mac OS X) AppleWebKit/605.1.15 (KHTML, like Gecko) Version/17.2 Mobile/15E148 Safari/604.1"
158.173.67.215 - - [12/Apr/2026:09:42:09 +0000] "GET /xmlrpc.php HTTP/1.0" 405 3560 "-" "Mozilla/5.0 (Windows NT 10.0; Win64; x64; rv:120.0) Gecko/20100101 Firefox/120.0"
158.173.67.152 - - [12/Apr/2026:09:42:10 +0000] "POST /xmlrpc.php HTTP/1.0" 200 3764 "-" "Mozilla/5.0 (Windows NT 11.0; Win64; x64) AppleWebKit/537.36 (KHTML, like Gecko) Chrome/120.0.0.0 Safari/537.36"
158.173.67.227 - - [12/Apr/2026:09:42:11 +0000] "GET /xmlrpc.php HTTP/1.0" 405 3560 "-" "Mozilla/5.0 (Windows NT 10.0; Win64; x64) AppleWebKit/537.36 (KHTML, like Gecko) Edge/119.0.2151.97"
158.173.67.190 - - [12/Apr/2026:09:42:13 +0000] "POST /xmlrpc.php HTTP/1.0" 200 3764 "-" "Mozilla/5.0 (Windows NT 10.0; Win64; x64) AppleWebKit/537.36 (KHTML, like Gecko) Chrome/119.0.0.0 Safari/537.36"
158.173.67.227 - - [12/Apr/2026:09:42:13 +0000] "GET /xmlrpc.php HTTP/1.0" 405 3560 "-" "Mozilla/5.0 (Windows NT 10.0; Win64; x64; rv:121.0) Gecko/20100101 Firefox/121.0"
158.173.67.227 - - [12/Apr/2026:09:42:15 +0000] "GET /xmlrpc.php HTTP/1.0" 405 3560 "-" "Mozilla/5.0 (Linux; Android 13; Pixel 7) AppleWebKit/537.36 (KHTML, like Gecko) Chrome/119.0.0.0 Mobile Safari/537.36"
158.173.67.152 - - [12/Apr/2026:09:42:15 +0000] "POST /xmlrpc.php HTTP/1.0" 200 3764 "-" "Mozilla/5.0 (Linux; Android 14; SM-S918B) AppleWebKit/537.36 (KHTML, like Gecko) Chrome/120.0.0.0 Mobile Safari/537.36"
158.173.67.227 - - [12/Apr/2026:09:42:17 +0000] "GET /xmlrpc.php HTTP/1.0" 405 3560 "-" "Mozilla/5.0 (Windows NT 10.0; Win64; x64) AppleWebKit/537.36 (KHTML, like Gecko) Edge/119.0.2151.97"
158.173.67.154 - - [12/Apr/2026:09:42:18 +0000] "POST /xmlrpc.php HTTP/1.0" 200 3764 "-" "Mozilla/5.0 (Windows NT 11.0; Win64; x64) AppleWebKit/537.36 (KHTML, like Gecko) Chrome/120.0.0.0 Safari/537.36"
158.173.67.227 - - [12/Apr/2026:09:42:18 +0000] "GET /xmlrpc.php HTTP/1.0" 405 3560 "-" "Mozilla/5.0 (Windows NT 10.0; Win64; x64) AppleWebKit/537.36 (KHTML, like Gecko) Edge/119.0.2151.97"
158.173.67.182 - - [12/Apr/2026:09:42:20 +0000] "POST /xmlrpc.php HTTP/1.0" 200 3764 "-" "Mozilla/5.0 (Macintosh; Intel Mac OS X 14_2_1) AppleWebKit/537.36 (KHTML, like Gecko) Chrome/120.0.0.0 Safari/537.36"
158.173.67.227 - - [12/Apr/2026:09:42:20 +0000] "GET /xmlrpc.php HTTP/1.0" 405 3560 "-" "Mozilla/5.0 (Windows NT 10.0; Win64; x64; rv:120.0) Gecko/20100101 Firefox/120.0"
158.173.67.227 - - [12/Apr/2026:09:42:22 +0000] "GET /xmlrpc.php HTTP/1.0" 405 3560 "-" "Mozilla/5.0 (Windows NT 10.0; Win64; x64) AppleWebKit/537.36 (KHTML, like Gecko) Chrome/119.0.0.0 Safari/537.36"
158.173.67.118 - - [12/Apr/2026:09:42:23 +0000] "POST /xmlrpc.php HTTP/1.0" 200 3764 "-" "Mozilla/5.0 (Windows NT 11.0; Win64; x64) AppleWebKit/537.36 (KHTML, like Gecko) Chrome/120.0.0.0 Safari/537.36"
158.173.67.215 - - [12/Apr/2026:09:42:24 +0000] "GET /xmlrpc.php HTTP/1.0" 405 3560 "-" "Mozilla/5.0 (Windows NT 11.0; Win64; x64) AppleWebKit/537.36 (KHTML, like Gecko) Chrome/120.0.0.0 Safari/537.36"
158.173.67.205 - - [12/Apr/2026:09:42:25 +0000] "POST /xmlrpc.php HTTP/1.0" 200 3764 "-" "Mozilla/5.0 (Macintosh; Intel Mac OS X 14_2) AppleWebKit/537.36 (KHTML, like Gecko) Chrome/120.0.0.0 Safari/537.36"
158.173.67.215 - - [12/Apr/2026:09:42:26 +0000] "GET /xmlrpc.php HTTP/1.0" 405 3560 "-" "Mozilla/5.0 (Macintosh; Intel Mac OS X 14_1) AppleWebKit/605.1.15 (KHTML, like Gecko) Version/17.0 Safari/605.1.15"
158.173.67.202 - - [12/Apr/2026:09:42:28 +0000] "POST /xmlrpc.php HTTP/1.0" 200 3764 "-" "Mozilla/5.0 (Linux; Android 14; SM-G998B) AppleWebKit/537.36 (KHTML, like Gecko) Chrome/121.0.0.0 Mobile Safari/537.36"
158.173.67.215 - - [12/Apr/2026:09:42:28 +0000] "GET /xmlrpc.php HTTP/1.0" 405 3560 "-" "Mozilla/5.0 (Macintosh; Intel Mac OS X 14_3) AppleWebKit/537.36 (KHTML, like Gecko) Chrome/121.0.0.0 Safari/537.36"
158.173.67.76 - - [12/Apr/2026:09:42:30 +0000] "POST /xmlrpc.php HTTP/1.0" 200 3764 "-" "Mozilla/5.0 (iPhone; CPU iPhone OS 17_1 like Mac OS X) AppleWebKit/605.1.15 (KHTML, like Gecko) Version/17.1 Mobile/15E148 Safari/604.1"
158.173.67.215 - - [12/Apr/2026:09:42:30 +0000] "GET /xmlrpc.php HTTP/1.0" 405 3560 "-" "Mozilla/5.0 (Macintosh; Intel Mac OS X 14_2) AppleWebKit/537.36 (KHTML, like Gecko) Chrome/120.0.0.0 Safari/537.36"
158.173.67.215 - - [12/Apr/2026:09:42:32 +0000] "GET /xmlrpc.php HTTP/1.0" 405 3560 "-" "Mozilla/5.0 (Windows NT 10.0; Win64; x64) AppleWebKit/537.36 (KHTML, like Gecko) Chrome/119.0.0.0 Safari/537.36"
158.173.67.232 - - [12/Apr/2026:09:42:33 +0000] "POST /xmlrpc.php HTTP/1.0" 200 3764 "-" "Mozilla/5.0 (Windows NT 11.0; Win64; x64) AppleWebKit/537.36 (KHTML, like Gecko) Chrome/120.0.0.0 Safari/537.36"
158.173.67.215 - - [12/Apr/2026:09:42:34 +0000] "GET /xmlrpc.php HTTP/1.0" 405 3560 "-" "Mozilla/5.0 (Windows NT 11.0; Win64; x64) AppleWebKit/537.36 (KHTML, like Gecko) Chrome/120.0.0.0 Safari/537.36"
158.173.67.246 - - [12/Apr/2026:09:42:35 +0000] "POST /xmlrpc.php HTTP/1.0" 200 3764 "-" "Mozilla/5.0 (Linux; Android 14; SM-G998B) AppleWebKit/537.36 (KHTML, like Gecko) Chrome/121.0.0.0 Mobile Safari/537.36"
158.173.67.215 - - [12/Apr/2026:09:42:35 +0000] "GET /xmlrpc.php HTTP/1.0" 405 3560 "-" "Mozilla/5.0 (Macintosh; Intel Mac OS X 14_3) AppleWebKit/537.36 (KHTML, like Gecko) Chrome/121.0.0.0 Safari/537.36"
158.173.67.171 - - [12/Apr/2026:09:42:37 +0000] "GET /xmlrpc.php HTTP/1.0" 405 3560 "-" "Mozilla/5.0 (Macintosh; Intel Mac OS X 14_2_1) AppleWebKit/605.1.15 (KHTML, like Gecko) Version/17.1 Safari/605.1.15"
158.173.67.11 - - [12/Apr/2026:09:42:37 +0000] "POST /xmlrpc.php HTTP/1.0" 200 3764 "-" "Mozilla/5.0 (Windows NT 10.0; Win64; x64) AppleWebKit/537.36 (KHTML, like Gecko) Chrome/120.0.0.0 Safari/537.36"
158.173.67.171 - - [12/Apr/2026:09:42:39 +0000] "GET /xmlrpc.php HTTP/1.0" 405 3560 "-" "Mozilla/5.0 (Linux; Android 14; SM-G998B) AppleWebKit/537.36 (KHTML, like Gecko) Chrome/121.0.0.0 Mobile Safari/537.36"
158.173.67.155 - - [12/Apr/2026:09:42:40 +0000] "POST /xmlrpc.php HTTP/1.0" 200 3764 "-" "Mozilla/5.0 (Macintosh; Intel Mac OS X 14_3) AppleWebKit/537.36 (KHTML, like Gecko) Chrome/121.0.0.0 Safari/537.36"
158.173.67.171 - - [12/Apr/2026:09:42:41 +0000] "GET /xmlrpc.php HTTP/1.0" 405 3560 "-" "Mozilla/5.0 (X11; Linux x86_64) AppleWebKit/537.36 (KHTML, like Gecko) Chrome/120.0.0.0 Safari/537.36"
158.173.67.31 - - [12/Apr/2026:09:42:42 +0000] "POST /xmlrpc.php HTTP/1.0" 200 3764 "-" "Mozilla/5.0 (Windows NT 10.0; Win64; x64; rv:120.0) Gecko/20100101 Firefox/120.0"
158.173.67.171 - - [12/Apr/2026:09:42:42 +0000] "GET /xmlrpc.php HTTP/1.0" 405 3560 "-" "Mozilla/5.0 (Windows NT 10.0; Win64; x64; rv:121.0) Gecko/20100101 Firefox/121.0"
158.173.67.239 - - [12/Apr/2026:09:42:44 +0000] "POST /xmlrpc.php HTTP/1.0" 200 3764 "-" "Mozilla/5.0 (Macintosh; Intel Mac OS X 14_2) AppleWebKit/537.36 (KHTML, like Gecko) Chrome/120.0.0.0 Safari/537.36"
158.173.67.171 - - [12/Apr/2026:09:42:44 +0000] "GET /xmlrpc.php HTTP/1.0" 405 3560 "-" "Mozilla/5.0 (X11; Linux x86_64) AppleWebKit/537.36 (KHTML, like Gecko) Chrome/120.0.0.0 Safari/537.36"
158.173.67.171 - - [12/Apr/2026:09:42:46 +0000] "GET /xmlrpc.php HTTP/1.0" 405 3560 "-" "Mozilla/5.0 (Windows NT 10.0; Win64; x64; rv:121.0) Gecko/20100101 Firefox/121.0"
158.173.67.136 - - [12/Apr/2026:09:42:46 +0000] "POST /xmlrpc.php HTTP/1.0" 200 3764 "-" "Mozilla/5.0 (X11; Linux x86_64) AppleWebKit/537.36 (KHTML, like Gecko) Chrome/120.0.0.0 Safari/537.36"
158.173.67.171 - - [12/Apr/2026:09:42:48 +0000] "GET /xmlrpc.php HTTP/1.0" 405 3560 "-" "Mozilla/5.0 (X11; Ubuntu; Linux x86_64; rv:121.0) Gecko/20100101 Firefox/121.0"
158.173.67.145 - - [12/Apr/2026:09:42:48 +0000] "POST /xmlrpc.php HTTP/1.0" 200 3764 "-" "Mozilla/5.0 (Linux; Android 14; SM-S918B) AppleWebKit/537.36 (KHTML, like Gecko) Chrome/120.0.0.0 Mobile Safari/537.36"
158.173.67.202 - - [12/Apr/2026:09:42:49 +0000] "GET /xmlrpc.php HTTP/1.0" 405 3560 "-" "Mozilla/5.0 (Windows NT 10.0; Win64; x64; rv:121.0) Gecko/20100101 Firefox/121.0"
158.173.67.76 - - [12/Apr/2026:09:42:50 +0000] "POST /xmlrpc.php HTTP/1.0" 200 3764 "-" "Mozilla/5.0 (Macintosh; Intel Mac OS X 14_3) AppleWebKit/537.36 (KHTML, like Gecko) Chrome/121.0.0.0 Safari/537.36"
158.173.67.202 - - [12/Apr/2026:09:42:51 +0000] "GET /xmlrpc.php HTTP/1.0" 405 3560 "-" "Mozilla/5.0 (Macintosh; Intel Mac OS X 14_2_1) AppleWebKit/605.1.15 (KHTML, like Gecko) Version/17.1 Safari/605.1.15"
158.173.67.11 - - [12/Apr/2026:09:42:52 +0000] "POST /xmlrpc.php HTTP/1.0" 200 3764 "-" "Mozilla/5.0 (Linux; Android 13; Pixel 7) AppleWebKit/537.36 (KHTML, like Gecko) Chrome/119.0.0.0 Mobile Safari/537.36"
158.173.67.202 - - [12/Apr/2026:09:42:53 +0000] "GET /xmlrpc.php HTTP/1.0" 405 3560 "-" "Mozilla/5.0 (iPhone; CPU iPhone OS 17_1 like Mac OS X) AppleWebKit/605.1.15 (KHTML, like Gecko) Version/17.1 Mobile/15E148 Safari/604.1"
77.68.25.176 - - [12/Apr/2026:09:42:56 +0000] "POST /wp-cron.php?doing_wp_cron=1775986976.6496930122375488281250 HTTP/1.0" 200 3570 "-" "WordPress/6.9.4; https://thesocialboom.com"
158.173.67.202 - - [12/Apr/2026:09:42:54 +0000] "GET /xmlrpc.php HTTP/1.0" 405 3560 "-" "Mozilla/5.0 (iPhone; CPU iPhone OS 17_1 like Mac OS X) AppleWebKit/605.1.15 (KHTML, like Gecko) Version/17.1 Mobile/15E148 Safari/604.1"
158.173.67.83 - - [12/Apr/2026:09:42:55 +0000] "POST /xmlrpc.php HTTP/1.0" 200 3764 "-" "Mozilla/5.0 (Windows NT 10.0; Win64; x64) AppleWebKit/537.36 (KHTML, like Gecko) Edge/120.0.2210.91"
158.173.67.202 - - [12/Apr/2026:09:42:56 +0000] "GET /xmlrpc.php HTTP/1.0" 405 3560 "-" "Mozilla/5.0 (Windows NT 11.0; Win64; x64) AppleWebKit/537.36 (KHTML, like Gecko) Chrome/121.0.0.0 Safari/537.36"
158.173.67.155 - - [12/Apr/2026:09:42:57 +0000] "POST /xmlrpc.php HTTP/1.0" 200 3764 "-" "Mozilla/5.0 (X11; Ubuntu; Linux x86_64; rv:121.0) Gecko/20100101 Firefox/121.0"
158.173.67.202 - - [12/Apr/2026:09:42:58 +0000] "GET /xmlrpc.php HTTP/1.0" 405 3560 "-" "Mozilla/5.0 (X11; Linux x86_64) AppleWebKit/537.36 (KHTML, like Gecko) Chrome/120.0.0.0 Safari/537.36"
158.173.67.202 - - [12/Apr/2026:09:43:00 +0000] "GET /xmlrpc.php HTTP/1.0" 405 3560 "-" "Mozilla/5.0 (Linux; Android 14; SM-S918B) AppleWebKit/537.36 (KHTML, like Gecko) Chrome/120.0.0.0 Mobile Safari/537.36"
158.173.67.219 - - [12/Apr/2026:09:43:00 +0000] "POST /xmlrpc.php HTTP/1.0" 200 3764 "-" "Mozilla/5.0 (Windows NT 11.0; Win64; x64) AppleWebKit/537.36 (KHTML, like Gecko) Chrome/121.0.0.0 Safari/537.36"
158.173.67.77 - - [12/Apr/2026:09:43:02 +0000] "GET /xmlrpc.php HTTP/1.0" 405 3560 "-" "Mozilla/5.0 (Linux; Android 13; Pixel 7) AppleWebKit/537.36 (KHTML, like Gecko) Chrome/119.0.0.0 Mobile Safari/537.36"
158.173.67.162 - - [12/Apr/2026:09:43:02 +0000] "POST /xmlrpc.php HTTP/1.0" 200 3764 "-" "Mozilla/5.0 (iPhone; CPU iPhone OS 17_1 like Mac OS X) AppleWebKit/605.1.15 (KHTML, like Gecko) Version/17.1 Mobile/15E148 Safari/604.1"
158.173.67.77 - - [12/Apr/2026:09:43:04 +0000] "GET /xmlrpc.php HTTP/1.0" 405 3560 "-" "Mozilla/5.0 (Linux; Android 13; Pixel 7) AppleWebKit/537.36 (KHTML, like Gecko) Chrome/119.0.0.0 Mobile Safari/537.36"
158.173.67.246 - - [12/Apr/2026:09:43:05 +0000] "POST /xmlrpc.php HTTP/1.0" 200 3764 "-" "Mozilla/5.0 (Macintosh; Intel Mac OS X 14_2_1) AppleWebKit/537.36 (KHTML, like Gecko) Chrome/120.0.0.0 Safari/537.36"
158.173.67.77 - - [12/Apr/2026:09:43:05 +0000] "GET /xmlrpc.php HTTP/1.0" 405 3560 "-" "Mozilla/5.0 (iPhone; CPU iPhone OS 17_1 like Mac OS X) AppleWebKit/605.1.15 (KHTML, like Gecko) Version/17.1 Mobile/15E148 Safari/604.1"
158.173.67.77 - - [12/Apr/2026:09:43:07 +0000] "GET /xmlrpc.php HTTP/1.0" 405 3560 "-" "Mozilla/5.0 (Windows NT 10.0; Win64; x64; rv:121.0) Gecko/20100101 Firefox/121.0"
158.173.67.205 - - [12/Apr/2026:09:43:07 +0000] "POST /xmlrpc.php HTTP/1.0" 200 3764 "-" "Mozilla/5.0 (Linux; Android 13; Pixel 7) AppleWebKit/537.36 (KHTML, like Gecko) Chrome/119.0.0.0 Mobile Safari/537.36"
158.173.67.77 - - [12/Apr/2026:09:43:08 +0000] "GET /xmlrpc.php HTTP/1.0" 405 3560 "-" "Mozilla/5.0 (Macintosh; Intel Mac OS X 14_2_1) AppleWebKit/537.36 (KHTML, like Gecko) Chrome/120.0.0.0 Safari/537.36"
158.173.67.77 - - [12/Apr/2026:09:43:09 +0000] "GET /xmlrpc.php HTTP/1.0" 405 3560 "-" "Mozilla/5.0 (Macintosh; Intel Mac OS X 14_2) AppleWebKit/537.36 (KHTML, like Gecko) Chrome/120.0.0.0 Safari/537.36"
158.173.67.227 - - [12/Apr/2026:09:43:10 +0000] "POST /xmlrpc.php HTTP/1.0" 200 3764 "-" "Mozilla/5.0 (Macintosh; Intel Mac OS X 14_2_1) AppleWebKit/605.1.15 (KHTML, like Gecko) Version/17.1 Safari/605.1.15"
158.173.67.77 - - [12/Apr/2026:09:43:11 +0000] "GET /xmlrpc.php HTTP/1.0" 405 3560 "-" "Mozilla/5.0 (Windows NT 10.0; Win64; x64) AppleWebKit/537.36 (KHTML, like Gecko) Chrome/119.0.0.0 Safari/537.36"
158.173.67.162 - - [12/Apr/2026:09:43:12 +0000] "POST /xmlrpc.php HTTP/1.0" 200 3764 "-" "Mozilla/5.0 (Linux; Android 14; SM-S918B) AppleWebKit/537.36 (KHTML, like Gecko) Chrome/120.0.0.0 Mobile Safari/537.36"
158.173.67.77 - - [12/Apr/2026:09:43:13 +0000] "GET /xmlrpc.php HTTP/1.0" 405 3560 "-" "Mozilla/5.0 (Windows NT 10.0; Win64; x64) AppleWebKit/537.36 (KHTML, like Gecko) Edge/120.0.2210.91"
158.173.67.154 - - [12/Apr/2026:09:43:14 +0000] "POST /xmlrpc.php HTTP/1.0" 200 3764 "-" "Mozilla/5.0 (iPhone; CPU iPhone OS 17_2 like Mac OS X) AppleWebKit/605.1.15 (KHTML, like Gecko) Version/17.2 Mobile/15E148 Safari/604.1"
158.173.67.76 - - [12/Apr/2026:09:43:14 +0000] "GET /xmlrpc.php HTTP/1.0" 405 3560 "-" "Mozilla/5.0 (Linux; Android 13; Pixel 7) AppleWebKit/537.36 (KHTML, like Gecko) Chrome/119.0.0.0 Mobile Safari/537.36"
158.173.67.76 - - [12/Apr/2026:09:43:16 +0000] "GET /xmlrpc.php HTTP/1.0" 405 3560 "-" "Mozilla/5.0 (Linux; Android 13; Pixel 7) AppleWebKit/537.36 (KHTML, like Gecko) Chrome/119.0.0.0 Mobile Safari/537.36"
158.173.67.171 - - [12/Apr/2026:09:43:16 +0000] "POST /xmlrpc.php HTTP/1.0" 200 3764 "-" "Mozilla/5.0 (iPhone; CPU iPhone OS 17_2 like Mac OS X) AppleWebKit/605.1.15 (KHTML, like Gecko) Version/17.2 Mobile/15E148 Safari/604.1"
158.173.67.76 - - [12/Apr/2026:09:43:17 +0000] "GET /xmlrpc.php HTTP/1.0" 405 3560 "-" "Mozilla/5.0 (Macintosh; Intel Mac OS X 14_2_1) AppleWebKit/605.1.15 (KHTML, like Gecko) Version/17.1 Safari/605.1.15"
158.173.67.77 - - [12/Apr/2026:09:43:19 +0000] "POST /xmlrpc.php HTTP/1.0" 200 3764 "-" "Mozilla/5.0 (Windows NT 10.0; Win64; x64) AppleWebKit/537.36 (KHTML, like Gecko) Edge/119.0.2151.97"
158.173.67.76 - - [12/Apr/2026:09:43:19 +0000] "GET /xmlrpc.php HTTP/1.0" 405 3560 "-" "Mozilla/5.0 (Windows NT 10.0; Win64; x64; rv:120.0) Gecko/20100101 Firefox/120.0"
158.173.67.246 - - [12/Apr/2026:09:43:21 +0000] "POST /xmlrpc.php HTTP/1.0" 200 3764 "-" "Mozilla/5.0 (iPhone; CPU iPhone OS 17_1 like Mac OS X) AppleWebKit/605.1.15 (KHTML, like Gecko) Version/17.1 Mobile/15E148 Safari/604.1"
158.173.67.76 - - [12/Apr/2026:09:43:21 +0000] "GET /xmlrpc.php HTTP/1.0" 405 3560 "-" "Mozilla/5.0 (Windows NT 10.0; Win64; x64; rv:120.0) Gecko/20100101 Firefox/120.0"
158.173.67.76 - - [12/Apr/2026:09:43:22 +0000] "GET /xmlrpc.php HTTP/1.0" 405 3560 "-" "Mozilla/5.0 (Windows NT 10.0; Win64; x64; rv:120.0) Gecko/20100101 Firefox/120.0"
158.173.67.105 - - [12/Apr/2026:09:43:23 +0000] "POST /xmlrpc.php HTTP/1.0" 200 3764 "-" "Mozilla/5.0 (iPhone; CPU iPhone OS 17_2 like Mac OS X) AppleWebKit/605.1.15 (KHTML, like Gecko) Version/17.2 Mobile/15E148 Safari/604.1"
158.173.67.76 - - [12/Apr/2026:09:43:24 +0000] "GET /xmlrpc.php HTTP/1.0" 405 3560 "-" "Mozilla/5.0 (Linux; Android 14; SM-S918B) AppleWebKit/537.36 (KHTML, like Gecko) Chrome/120.0.0.0 Mobile Safari/537.36"
158.173.67.77 - - [12/Apr/2026:09:43:25 +0000] "POST /xmlrpc.php HTTP/1.0" 200 3764 "-" "Mozilla/5.0 (Macintosh; Intel Mac OS X 14_2_1) AppleWebKit/605.1.15 (KHTML, like Gecko) Version/17.1 Safari/605.1.15"
158.173.67.76 - - [12/Apr/2026:09:43:25 +0000] "GET /xmlrpc.php HTTP/1.0" 405 3560 "-" "Mozilla/5.0 (Linux; Android 13; Pixel 7) AppleWebKit/537.36 (KHTML, like Gecko) Chrome/119.0.0.0 Mobile Safari/537.36"
158.173.67.83 - - [12/Apr/2026:09:43:27 +0000] "GET /xmlrpc.php HTTP/1.0" 405 3560 "-" "Mozilla/5.0 (Macintosh; Intel Mac OS X 14_3) AppleWebKit/537.36 (KHTML, like Gecko) Chrome/121.0.0.0 Safari/537.36"
158.173.67.246 - - [12/Apr/2026:09:43:27 +0000] "POST /xmlrpc.php HTTP/1.0" 200 3764 "-" "Mozilla/5.0 (Macintosh; Intel Mac OS X 14_2_1) AppleWebKit/605.1.15 (KHTML, like Gecko) Version/17.1 Safari/605.1.15"
158.173.67.83 - - [12/Apr/2026:09:43:28 +0000] "GET /xmlrpc.php HTTP/1.0" 405 3560 "-" "Mozilla/5.0 (Macintosh; Intel Mac OS X 14_1) AppleWebKit/605.1.15 (KHTML, like Gecko) Version/17.0 Safari/605.1.15"
158.173.67.197 - - [12/Apr/2026:09:43:29 +0000] "POST /xmlrpc.php HTTP/1.0" 200 3764 "-" "Mozilla/5.0 (Macintosh; Intel Mac OS X 14_2_1) AppleWebKit/605.1.15 (KHTML, like Gecko) Version/17.1 Safari/605.1.15"
158.173.67.83 - - [12/Apr/2026:09:43:30 +0000] "GET /xmlrpc.php HTTP/1.0" 405 3560 "-" "Mozilla/5.0 (Windows NT 10.0; Win64; x64) AppleWebKit/537.36 (KHTML, like Gecko) Chrome/119.0.0.0 Safari/537.36"
158.173.67.29 - - [12/Apr/2026:09:43:31 +0000] "POST /xmlrpc.php HTTP/1.0" 200 3764 "-" "Mozilla/5.0 (Macintosh; Intel Mac OS X 14_2_1) AppleWebKit/605.1.15 (KHTML, like Gecko) Version/17.1 Safari/605.1.15"
158.173.67.83 - - [12/Apr/2026:09:43:32 +0000] "GET /xmlrpc.php HTTP/1.0" 405 3560 "-" "Mozilla/5.0 (Windows NT 10.0; Win64; x64; rv:120.0) Gecko/20100101 Firefox/120.0"
158.173.67.190 - - [12/Apr/2026:09:43:33 +0000] "POST /xmlrpc.php HTTP/1.0" 200 3764 "-" "Mozilla/5.0 (X11; Ubuntu; Linux x86_64; rv:121.0) Gecko/20100101 Firefox/121.0"
158.173.67.83 - - [12/Apr/2026:09:43:33 +0000] "GET /xmlrpc.php HTTP/1.0" 405 3560 "-" "Mozilla/5.0 (Windows NT 11.0; Win64; x64) AppleWebKit/537.36 (KHTML, like Gecko) Chrome/121.0.0.0 Safari/537.36"
158.173.67.83 - - [12/Apr/2026:09:43:35 +0000] "GET /xmlrpc.php HTTP/1.0" 405 3560 "-" "Mozilla/5.0 (Linux; Android 13; Pixel 7) AppleWebKit/537.36 (KHTML, like Gecko) Chrome/119.0.0.0 Mobile Safari/537.36"
158.173.67.31 - - [12/Apr/2026:09:43:35 +0000] "POST /xmlrpc.php HTTP/1.0" 200 3764 "-" "Mozilla/5.0 (Windows NT 10.0; Win64; x64) AppleWebKit/537.36 (KHTML, like Gecko) Edge/120.0.2210.91"
158.173.67.83 - - [12/Apr/2026:09:43:36 +0000] "GET /xmlrpc.php HTTP/1.0" 405 3560 "-" "Mozilla/5.0 (X11; Ubuntu; Linux x86_64; rv:121.0) Gecko/20100101 Firefox/121.0"
158.173.67.155 - - [12/Apr/2026:09:43:37 +0000] "POST /xmlrpc.php HTTP/1.0" 200 3764 "-" "Mozilla/5.0 (Linux; Android 13; Pixel 7) AppleWebKit/537.36 (KHTML, like Gecko) Chrome/119.0.0.0 Mobile Safari/537.36"
158.173.67.83 - - [12/Apr/2026:09:43:38 +0000] "GET /xmlrpc.php HTTP/1.0" 405 3560 "-" "Mozilla/5.0 (X11; Linux x86_64) AppleWebKit/537.36 (KHTML, like Gecko) Chrome/120.0.0.0 Safari/537.36"
158.173.67.162 - - [12/Apr/2026:09:43:39 +0000] "POST /xmlrpc.php HTTP/1.0" 200 3764 "-" "Mozilla/5.0 (Windows NT 10.0; Win64; x64) AppleWebKit/537.36 (KHTML, like Gecko) Chrome/120.0.0.0 Safari/537.36"
158.173.67.93 - - [12/Apr/2026:09:43:40 +0000] "GET /xmlrpc.php HTTP/1.0" 405 3560 "-" "Mozilla/5.0 (X11; Linux x86_64) AppleWebKit/537.36 (KHTML, like Gecko) Chrome/120.0.0.0 Safari/537.36"
158.173.67.93 - - [12/Apr/2026:09:43:41 +0000] "GET /xmlrpc.php HTTP/1.0" 405 3560 "-" "Mozilla/5.0 (Windows NT 10.0; Win64; x64) AppleWebKit/537.36 (KHTML, like Gecko) Edge/120.0.2210.91"
158.173.67.11 - - [12/Apr/2026:09:43:41 +0000] "POST /xmlrpc.php HTTP/1.0" 200 3764 "-" "Mozilla/5.0 (Windows NT 10.0; Win64; x64) AppleWebKit/537.36 (KHTML, like Gecko) Chrome/119.0.0.0 Safari/537.36"
158.173.67.93 - - [12/Apr/2026:09:43:43 +0000] "GET /xmlrpc.php HTTP/1.0" 405 3560 "-" "Mozilla/5.0 (Windows NT 10.0; Win64; x64) AppleWebKit/537.36 (KHTML, like Gecko) Edge/119.0.2151.97"
158.173.67.136 - - [12/Apr/2026:09:43:43 +0000] "POST /xmlrpc.php HTTP/1.0" 200 3764 "-" "Mozilla/5.0 (Linux; Android 13; Pixel 7) AppleWebKit/537.36 (KHTML, like Gecko) Chrome/119.0.0.0 Mobile Safari/537.36"
158.173.67.93 - - [12/Apr/2026:09:43:44 +0000] "GET /xmlrpc.php HTTP/1.0" 405 3560 "-" "Mozilla/5.0 (X11; Ubuntu; Linux x86_64; rv:121.0) Gecko/20100101 Firefox/121.0"
158.173.67.136 - - [12/Apr/2026:09:43:45 +0000] "POST /xmlrpc.php HTTP/1.0" 200 3764 "-" "Mozilla/5.0 (Linux; Android 14; SM-G998B) AppleWebKit/537.36 (KHTML, like Gecko) Chrome/121.0.0.0 Mobile Safari/537.36"
158.173.67.93 - - [12/Apr/2026:09:43:46 +0000] "GET /xmlrpc.php HTTP/1.0" 405 3560 "-" "Mozilla/5.0 (X11; Ubuntu; Linux x86_64; rv:121.0) Gecko/20100101 Firefox/121.0"
158.173.67.136 - - [12/Apr/2026:09:43:47 +0000] "POST /xmlrpc.php HTTP/1.0" 200 3764 "-" "Mozilla/5.0 (Macintosh; Intel Mac OS X 14_3) AppleWebKit/537.36 (KHTML, like Gecko) Chrome/121.0.0.0 Safari/537.36"
158.173.67.93 - - [12/Apr/2026:09:43:47 +0000] "GET /xmlrpc.php HTTP/1.0" 405 3560 "-" "Mozilla/5.0 (iPhone; CPU iPhone OS 17_1 like Mac OS X) AppleWebKit/605.1.15 (KHTML, like Gecko) Version/17.1 Mobile/15E148 Safari/604.1"
158.173.67.93 - - [12/Apr/2026:09:43:49 +0000] "GET /xmlrpc.php HTTP/1.0" 405 3560 "-" "Mozilla/5.0 (Windows NT 10.0; Win64; x64; rv:120.0) Gecko/20100101 Firefox/120.0"
77.68.25.176 - - [12/Apr/2026:09:43:52 +0000] "POST /wp-cron.php?doing_wp_cron=1775987032.0164809226989746093750 HTTP/1.0" 200 3570 "-" "WordPress/6.9.4; https://thesocialboom.com"
158.173.67.93 - - [12/Apr/2026:09:43:50 +0000] "GET /xmlrpc.php HTTP/1.0" 405 3560 "-" "Mozilla/5.0 (Linux; Android 14; SM-S918B) AppleWebKit/537.36 (KHTML, like Gecko) Chrome/120.0.0.0 Mobile Safari/537.36"
158.173.67.227 - - [12/Apr/2026:09:43:52 +0000] "GET /xmlrpc.php HTTP/1.0" 405 3560 "-" "Mozilla/5.0 (Macintosh; Intel Mac OS X 14_1) AppleWebKit/605.1.15 (KHTML, like Gecko) Version/17.0 Safari/605.1.15"
77.68.25.176 - - [12/Apr/2026:09:43:55 +0000] "POST /wp-cron.php?doing_wp_cron=1775987035.2540171146392822265625 HTTP/1.0" 200 3570 "-" "WordPress/6.9.4; https://thesocialboom.com"
158.173.67.227 - - [12/Apr/2026:09:43:53 +0000] "GET /xmlrpc.php HTTP/1.0" 405 3560 "-" "Mozilla/5.0 (Windows NT 10.0; Win64; x64) AppleWebKit/537.36 (KHTML, like Gecko) Chrome/120.0.0.0 Safari/537.36"
158.173.67.227 - - [12/Apr/2026:09:43:55 +0000] "GET /xmlrpc.php HTTP/1.0" 405 3560 "-" "Mozilla/5.0 (Macintosh; Intel Mac OS X 14_2) AppleWebKit/537.36 (KHTML, like Gecko) Chrome/120.0.0.0 Safari/537.36"
158.173.67.227 - - [12/Apr/2026:09:43:56 +0000] "GET /xmlrpc.php HTTP/1.0" 405 3560 "-" "Mozilla/5.0 (Windows NT 10.0; Win64; x64) AppleWebKit/537.36 (KHTML, like Gecko) Edge/119.0.2151.97"
158.173.67.227 - - [12/Apr/2026:09:43:58 +0000] "GET /xmlrpc.php HTTP/1.0" 405 3560 "-" "Mozilla/5.0 (Linux; Android 13; Pixel 7) AppleWebKit/537.36 (KHTML, like Gecko) Chrome/119.0.0.0 Mobile Safari/537.36"
158.173.67.227 - - [12/Apr/2026:09:43:59 +0000] "GET /xmlrpc.php HTTP/1.0" 405 3560 "-" "Mozilla/5.0 (X11; Ubuntu; Linux x86_64; rv:121.0) Gecko/20100101 Firefox/121.0"
158.173.67.227 - - [12/Apr/2026:09:44:01 +0000] "GET /xmlrpc.php HTTP/1.0" 405 3560 "-" "Mozilla/5.0 (iPhone; CPU iPhone OS 17_1 like Mac OS X) AppleWebKit/605.1.15 (KHTML, like Gecko) Version/17.1 Mobile/15E148 Safari/604.1"
158.173.67.227 - - [12/Apr/2026:09:44:03 +0000] "GET /xmlrpc.php HTTP/1.0" 405 3560 "-" "Mozilla/5.0 (X11; Ubuntu; Linux x86_64; rv:121.0) Gecko/20100101 Firefox/121.0"
158.173.67.239 - - [12/Apr/2026:09:44:06 +0000] "GET /xmlrpc.php HTTP/1.0" 405 3560 "-" "Mozilla/5.0 (Macintosh; Intel Mac OS X 14_1) AppleWebKit/605.1.15 (KHTML, like Gecko) Version/17.0 Safari/605.1.15"
158.173.67.239 - - [12/Apr/2026:09:44:08 +0000] "GET /xmlrpc.php HTTP/1.0" 405 3560 "-" "Mozilla/5.0 (Windows NT 11.0; Win64; x64) AppleWebKit/537.36 (KHTML, like Gecko) Chrome/120.0.0.0 Safari/537.36"
158.173.67.239 - - [12/Apr/2026:09:44:10 +0000] "GET /xmlrpc.php HTTP/1.0" 405 3560 "-" "Mozilla/5.0 (iPhone; CPU iPhone OS 17_1 like Mac OS X) AppleWebKit/605.1.15 (KHTML, like Gecko) Version/17.1 Mobile/15E148 Safari/604.1"
158.173.67.239 - - [12/Apr/2026:09:44:12 +0000] "GET /xmlrpc.php HTTP/1.0" 405 3560 "-" "Mozilla/5.0 (Windows NT 11.0; Win64; x64) AppleWebKit/537.36 (KHTML, like Gecko) Chrome/121.0.0.0 Safari/537.36"
77.68.25.176 - - [12/Apr/2026:09:59:33 +0000] "POST /wp-cron.php?doing_wp_cron=1775987973.2088100910186767578125 HTTP/1.0" 200 3570 "-" "WordPress/6.9.4; https://thesocialboom.com"
209.141.53.226 - - [12/Apr/2026:09:59:31 +0000] "GET /wp-login.php HTTP/1.0" 200 6544 "-" "Mozilla/5.0 (Windows NT 10.0; Win64; x64) AppleWebKit/537.36 (KHTML, like Gecko) Chrome/134.0.0.0 Safari/537.36"
209.141.53.226 - - [12/Apr/2026:09:59:33 +0000] "POST /wp-login.php HTTP/1.0" 200 6674 "https://thesocialboom.com/wp-admin/" "Mozilla/5.0 (Windows NT 10.0; Win64; x64) AppleWebKit/537.36 (KHTML, like Gecko) Chrome/134.0.0.0 Safari/537.36"
77.68.25.176 - - [12/Apr/2026:10:02:59 +0000] "POST /wp-cron.php?doing_wp_cron=1775988179.4325089454650878906250 HTTP/1.0" 200 3570 "-" "WordPress/6.9.4; https://thesocialboom.com"
51.68.111.219 - - [12/Apr/2026:10:02:58 +0000] "GET /robots.txt HTTP/1.0" 200 3755 "-" "Mozilla/5.0 (compatible; MJ12bot/v2.0.5; http://mj12bot.com/)"
51.68.111.219 - - [12/Apr/2026:10:02:59 +0000] "GET / HTTP/1.0" 200 39506 "-" "Mozilla/5.0 (compatible; MJ12bot/v2.0.5; http://mj12bot.com/)"
77.68.25.176 - - [12/Apr/2026:10:09:21 +0000] "POST /wp-cron.php?doing_wp_cron=1775988561.7911400794982910156250 HTTP/1.0" 200 3570 "-" "WordPress/6.9.4; https://thesocialboom.com"
47.128.115.72 - - [12/Apr/2026:10:09:20 +0000] "GET /robots.txt HTTP/1.0" 200 3755 "-" "Go-http-client/2.0"
47.128.115.3 - - [12/Apr/2026:10:09:20 +0000] "GET /category/uncategorised/ HTTP/1.0" 200 33080 "-" "Mozilla/5.0 (Linux; Android 5.0) AppleWebKit/537.36 (KHTML, like Gecko) Mobile Safari/537.36 (compatible; TikTokSpider; ttspider-feedback@tiktok.com)"
47.128.115.3 - - [12/Apr/2026:10:09:22 +0000] "GET /wp-includes/css/dist/block-library/style.min.css?ver=6.9.4 HTTP/1.0" 200 3558 "https://thesocialboom.com/category/uncategorised/" "Mozilla/5.0 (Linux; Android 5.0) AppleWebKit/537.36 (KHTML, like Gecko) Mobile Safari/537.36 (compatible; TikTokSpider; ttspider-feedback@tiktok.com)"
47.128.115.3 - - [12/Apr/2026:10:09:22 +0000] "GET /wp-content/plugins/woocommerce/assets/css/woocommerce-layout.css?ver=7.2.3 HTTP/1.0" 200 3574 "https://thesocialboom.com/category/uncategorised/" "Mozilla/5.0 (Linux; Android 5.0) AppleWebKit/537.36 (KHTML, like Gecko) Mobile Safari/537.36 (compatible; TikTokSpider; ttspider-feedback@tiktok.com)"
47.128.115.3 - - [12/Apr/2026:10:09:22 +0000] "GET /wp-content/plugins/rselements/assets/css/slick-theme.css?ver=6.9.4 HTTP/1.0" 200 3566 "https://thesocialboom.com/category/uncategorised/" "Mozilla/5.0 (Linux; Android 5.0) AppleWebKit/537.36 (KHTML, like Gecko) Mobile Safari/537.36 (compatible; TikTokSpider; ttspider-feedback@tiktok.com)"
47.128.115.3 - - [12/Apr/2026:10:09:22 +0000] "GET /wp-content/plugins/contact-form-7/includes/css/styles.css?ver=5.7.4 HTTP/1.0" 200 3567 "https://thesocialboom.com/category/uncategorised/" "Mozilla/5.0 (Linux; Android 5.0) AppleWebKit/537.36 (KHTML, like Gecko) Mobile Safari/537.36 (compatible; TikTokSpider; ttspider-feedback@tiktok.com)"
47.128.115.3 - - [12/Apr/2026:10:09:22 +0000] "GET /wp-content/plugins/rselements/assets/css/headding-title.css?ver=6.9.4 HTTP/1.0" 200 3569 "https://thesocialboom.com/category/uncategorised/" "Mozilla/5.0 (Linux; Android 5.0) AppleWebKit/537.36 (KHTML, like Gecko) Mobile Safari/537.36 (compatible; TikTokSpider; ttspider-feedback@tiktok.com)"
47.128.115.3 - - [12/Apr/2026:10:09:22 +0000] "GET /wp-content/plugins/woocommerce/assets/css/woocommerce.css?ver=7.2.3 HTTP/1.0" 200 3567 "https://thesocialboom.com/category/uncategorised/" "Mozilla/5.0 (Linux; Android 5.0) AppleWebKit/537.36 (KHTML, like Gecko) Mobile Safari/537.36 (compatible; TikTokSpider; ttspider-feedback@tiktok.com)"
47.128.115.3 - - [12/Apr/2026:10:09:22 +0000] "GET /wp-content/plugins/woocommerce/assets/css/woocommerce-smallscreen.css?ver=7.2.3 HTTP/1.0" 200 3579 "https://thesocialboom.com/category/uncategorised/" "Mozilla/5.0 (Linux; Android 5.0) AppleWebKit/537.36 (KHTML, like Gecko) Mobile Safari/537.36 (compatible; TikTokSpider; ttspider-feedback@tiktok.com)"
47.128.115.3 - - [12/Apr/2026:10:09:22 +0000] "GET /wp-content/plugins/rselements/assets/css/brands.css?ver=6.9.4 HTTP/1.0" 200 3921 "https://thesocialboom.com/category/uncategorised/" "Mozilla/5.0 (Linux; Android 5.0) AppleWebKit/537.36 (KHTML, like Gecko) Mobile Safari/537.36 (compatible; TikTokSpider; ttspider-feedback@tiktok.com)"
47.128.115.3 - - [12/Apr/2026:10:09:22 +0000] "GET /wp-content/themes/reobiz/assets/css/custom.css?ver=6.9.4 HTTP/1.0" 200 3556 "https://thesocialboom.com/category/uncategorised/" "Mozilla/5.0 (Linux; Android 5.0) AppleWebKit/537.36 (KHTML, like Gecko) Mobile Safari/537.36 (compatible; TikTokSpider; ttspider-feedback@tiktok.com)"
47.128.115.3 - - [12/Apr/2026:10:09:22 +0000] "GET /wp-content/plugins/rselements/assets/fonts/flaticon.css?ver=6.9.4 HTTP/1.0" 200 3565 "https://thesocialboom.com/category/uncategorised/" "Mozilla/5.0 (Linux; Android 5.0) AppleWebKit/537.36 (KHTML, like Gecko) Mobile Safari/537.36 (compatible; TikTokSpider; ttspider-feedback@tiktok.com)"
47.128.115.3 - - [12/Apr/2026:10:09:22 +0000] "GET /wp-content/plugins/rselements/assets/css/solid.css?ver=6.9.4 HTTP/1.0" 200 3930 "https://thesocialboom.com/category/uncategorised/" "Mozilla/5.0 (Linux; Android 5.0) AppleWebKit/537.36 (KHTML, like Gecko) Mobile Safari/537.36 (compatible; TikTokSpider; ttspider-feedback@tiktok.com)"
47.128.115.3 - - [12/Apr/2026:10:09:22 +0000] "GET /wp-content/themes/reobiz/assets/fonts/remixicon.css?ver=6.9.4 HTTP/1.0" 200 3561 "https://thesocialboom.com/category/uncategorised/" "Mozilla/5.0 (Linux; Android 5.0) AppleWebKit/537.36 (KHTML, like Gecko) Mobile Safari/537.36 (compatible; TikTokSpider; ttspider-feedback@tiktok.com)"
47.128.115.3 - - [12/Apr/2026:10:09:22 +0000] "GET /wp-content/themes/reobiz/assets/css/plugins.css?ver=6.9.4 HTTP/1.0" 200 3557 "https://thesocialboom.com/category/uncategorised/" "Mozilla/5.0 (Linux; Android 5.0) AppleWebKit/537.36 (KHTML, like Gecko) Mobile Safari/537.36 (compatible; TikTokSpider; ttspider-feedback@tiktok.com)"
47.128.115.3 - - [12/Apr/2026:10:09:22 +0000] "GET /wp-content/plugins/rselements/assets/css/rsaddons.css?ver=6.9.4 HTTP/1.0" 200 3563 "https://thesocialboom.com/category/uncategorised/" "Mozilla/5.0 (Linux; Android 5.0) AppleWebKit/537.36 (KHTML, like Gecko) Mobile Safari/537.36 (compatible; TikTokSpider; ttspider-feedback@tiktok.com)"
47.128.115.3 - - [12/Apr/2026:10:09:22 +0000] "GET /wp-content/themes/reobiz/assets/css/reobizicon.css?ver=6.9.4 HTTP/1.0" 200 3560 "https://thesocialboom.com/category/uncategorised/" "Mozilla/5.0 (Linux; Android 5.0) AppleWebKit/537.36 (KHTML, like Gecko) Mobile Safari/537.36 (compatible; TikTokSpider; ttspider-feedback@tiktok.com)"
47.128.115.3 - - [12/Apr/2026:10:09:22 +0000] "GET /wp-content/themes/reobiz/style.css?ver=6.9.4 HTTP/1.0" 200 3544 "https://thesocialboom.com/category/uncategorised/" "Mozilla/5.0 (Linux; Android 5.0) AppleWebKit/537.36 (KHTML, like Gecko) Mobile Safari/537.36 (compatible; TikTokSpider; ttspider-feedback@tiktok.com)"
47.128.115.3 - - [12/Apr/2026:10:09:22 +0000] "GET /wp-content/themes/reobiz/assets/css/default.css?ver=6.9.4 HTTP/1.0" 200 3557 "https://thesocialboom.com/category/uncategorised/" "Mozilla/5.0 (Linux; Android 5.0) AppleWebKit/537.36 (KHTML, like Gecko) Mobile Safari/537.36 (compatible; TikTokSpider; ttspider-feedback@tiktok.com)"
47.128.115.3 - - [12/Apr/2026:10:09:22 +0000] "GET /wp-content/themes/reobiz/assets/css/responsive.css?ver=6.9.4 HTTP/1.0" 200 3560 "https://thesocialboom.com/category/uncategorised/" "Mozilla/5.0 (Linux; Android 5.0) AppleWebKit/537.36 (KHTML, like Gecko) Mobile Safari/537.36 (compatible; TikTokSpider; ttspider-feedback@tiktok.com)"
47.128.115.3 - - [12/Apr/2026:10:09:22 +0000] "GET /wp-content/uploads/2023/03/blog3-1-600x335.jpg HTTP/1.0" 200 3558 "https://thesocialboom.com/category/uncategorised/" "Mozilla/5.0 (Linux; Android 5.0) AppleWebKit/537.36 (KHTML, like Gecko) Mobile Safari/537.36 (compatible; TikTokSpider; ttspider-feedback@tiktok.com)"
47.128.115.3 - - [12/Apr/2026:10:09:22 +0000] "GET /wp-content/uploads/2019/09/blog3-1-600x335.jpg HTTP/1.0" 200 3558 "https://thesocialboom.com/category/uncategorised/" "Mozilla/5.0 (Linux; Android 5.0) AppleWebKit/537.36 (KHTML, like Gecko) Mobile Safari/537.36 (compatible; TikTokSpider; ttspider-feedback@tiktok.com)"
47.128.115.3 - - [12/Apr/2026:10:09:22 +0000] "GET /wp-content/plugins/revslider/public/assets/css/rs6.css?ver=6.6.8 HTTP/1.0" 200 3564 "https://thesocialboom.com/category/uncategorised/" "Mozilla/5.0 (Linux; Android 5.0) AppleWebKit/537.36 (KHTML, like Gecko) Mobile Safari/537.36 (compatible; TikTokSpider; ttspider-feedback@tiktok.com)"
