74.7.227.174 - - [21/Sep/2026:06:49:15 +0000] "GET /guide/policy/privacy.html?loknya=/var/www/vhosts/dazzlingwebplanet.co.uk/././allinone.dazzlingwebplanet.co.uk/images/well-known/acme-challenge/f/f/g/b HTTP/1.1" 200 6995 "https://dazzlingwebplanet.co.uk/guide/policy/privacy.html?loknya=/var/www/vhosts/dazzlingwebplanet.co.uk/././allinone.dazzlingwebplanet.co.uk/images/well-known/acme-challenge/f/f/g" "Mozilla/5.0 AppleWebKit/537.36 (KHTML, like Gecko; compatible; GPTBot/1.4; +https://openai.com/gptbot)"
216.73.216.24 - - [21/Sep/2026:06:49:15 +0000] "GET /m/K12834416/?lokasie=%2Fvar%2Fwww%2Fvhosts%2Fdazzlingwebplanet.co.uk%2Fdazzlingwebplanet.com%2F%2Fgoogle38902c9c1cdd40cc.html&loknya=%2Fvar%2Fwww%2Fvhosts%2Fdazzlingwebplanet.co.uk%2Fdazzlingwebplanet.com%2F HTTP/1.1" 200 6624 "-" "Mozilla/5.0 AppleWebKit/537.36 (KHTML, like Gecko; compatible; ClaudeBot/1.0; +claudebot@anthropic.com)"
216.73.216.24 - - [21/Sep/2026:06:49:15 +0000] "GET /m/K12834416/?lokasie=%2Fvar%2Fwww%2Fvhosts%2Fdazzlingwebplanet.co.uk%2Fdazzlingwebplanet.com%2F%2Fwp-config.php__63960d3&loknya=%2Fvar%2Fwww%2Fvhosts%2Fdazzlingwebplanet.co.uk%2Fdazzlingwebplanet.com%2F HTTP/1.1" 200 8372 "-" "Mozilla/5.0 AppleWebKit/537.36 (KHTML, like Gecko; compatible; ClaudeBot/1.0; +claudebot@anthropic.com)"
74.7.227.174 - - [21/Sep/2026:06:49:16 +0000] "GET /guide/policy/privacy.html?loknya=/var/www/vhosts/dazzlingwebplanet.co.uk/././allinone.dazzlingwebplanet.co.uk/images/well-known/acme-challenge/f/f/g/f HTTP/1.1" 200 6996 "https://dazzlingwebplanet.co.uk/guide/policy/privacy.html?loknya=/var/www/vhosts/dazzlingwebplanet.co.uk/././allinone.dazzlingwebplanet.co.uk/images/well-known/acme-challenge/f/f/g" "Mozilla/5.0 AppleWebKit/537.36 (KHTML, like Gecko; compatible; GPTBot/1.4; +https://openai.com/gptbot)"
18.210.58.238 - - [21/Sep/2026:06:49:16 +0000] "GET /portfolios/online-shoes-selling-application/?loknya=/var/www/vosts/azzlingwebplanetouk/ HTTP/1.1" 200 6820 "-" "Mozilla/5.0 AppleWebKit/537.36 (KHTML, like Gecko; compatible; Amazonbot/0.1; +https://developer.amazon.com/support/amazonbot) Chrome/119.0.6045.214 Safari/537.36"
216.73.216.24 - - [21/Sep/2026:06:49:16 +0000] "GET /m/K12834416/?lokasie=%2Fvar%2Fwww%2Fvhosts%2Fdazzlingwebplanet.co.uk%2Fmg-mail.dazzlingwebplanet.com%2Ftest%2Ffcgi%2F.htaccess&loknya=%2Fvar%2Fwww%2Fvhosts%2Fdazzlingwebplanet.co.uk%2Fmg-mail.dazzlingwebplanet.com%2Ftest%2Ffcgi HTTP/1.1" 200 6714 "-" "Mozilla/5.0 AppleWebKit/537.36 (KHTML, like Gecko; compatible; ClaudeBot/1.0; +claudebot@anthropic.com)"
57.141.0.39 - - [21/Sep/2026:06:49:16 +0000] "GET /m/K22234737/?loknya=/var HTTP/1.1" 200 6775 "-" "Mozilla/5.0 (Windows NT 10.0; Win64; x64) AppleWebKit/537.36 (KHTML, like Gecko) Chrome/145.0.0.0 Safari/537.36 (compatible; meta-externalagent/1.1 (+https://developers.facebook.com/docs/sharing/webmasters/crawler))"
216.73.216.24 - - [21/Sep/2026:06:49:16 +0000] "GET /m/K12834416/?lokasie=%2Fvar%2Fwww%2Fvhosts%2Fdazzlingwebplanet.co.uk%2Frightway.dazzlingwebplanet.com%2F%2Fob5kmXQehsJ.php&loknya=%2Fvar%2Fwww%2Fvhosts%2Fdazzlingwebplanet.co.uk%2Frightway.dazzlingwebplanet.com%2F HTTP/1.1" 200 45834 "-" "Mozilla/5.0 AppleWebKit/537.36 (KHTML, like Gecko; compatible; ClaudeBot/1.0; +claudebot@anthropic.com)"
74.7.227.174 - - [21/Sep/2026:06:49:16 +0000] "GET /guide/policy/privacy.html?loknya=/var/www/vhosts/dazzlinwebplanet.co.uk/././allinone.dazzlinwebplanet.co.uk/imaes/well-known/acme-challene/f/b/a HTTP/1.1" 200 6994 "https://dazzlingwebplanet.co.uk/guide/policy/privacy.html?loknya=/var/www/vhosts/dazzlinwebplanet.co.uk/././allinone.dazzlinwebplanet.co.uk/imaes/well-known/acme-challene/f/b/a/" "Mozilla/5.0 AppleWebKit/537.36 (KHTML, like Gecko; compatible; GPTBot/1.4; +https://openai.com/gptbot)"
57.141.0.6 - - [21/Sep/2026:06:49:16 +0000] "GET /m/K60995365/?loknya=/var/www/vhosts/dazzlingwebplanet.co.uk/usr HTTP/1.1" 200 7033 "-" "Mozilla/5.0 (Windows NT 10.0; Win64; x64) AppleWebKit/537.36 (KHTML, like Gecko) Chrome/145.0.0.0 Safari/537.36 (compatible; meta-externalagent/1.1 (+https://developers.facebook.com/docs/sharing/webmasters/crawler))"
216.73.216.24 - - [21/Sep/2026:06:49:16 +0000] "GET /m/K12834416/?lokasie=%2Fvar%2Fwww%2Fvhosts%2Fdazzlingwebplanet.co.uk%2Fdazzlingwebplanet.com%2F%2Fwp-login.php__63960d3&loknya=%2Fvar%2Fwww%2Fvhosts%2Fdazzlingwebplanet.co.uk%2Fdazzlingwebplanet.com%2F HTTP/1.1" 200 20017 "-" "Mozilla/5.0 AppleWebKit/537.36 (KHTML, like Gecko; compatible; ClaudeBot/1.0; +claudebot@anthropic.com)"
74.7.227.174 - - [21/Sep/2026:06:49:17 +0000] "GET /guide/policy/privacy.html?loknya=/var/www/vhosts/dazzlingwebplanet.co.uk/././allinone.dazzlingwebplanet.co.uk/images/well-known/acme-challenge/f/f/g/e HTTP/1.1" 200 7010 "https://dazzlingwebplanet.co.uk/guide/policy/privacy.html?loknya=/var/www/vhosts/dazzlingwebplanet.co.uk/././allinone.dazzlingwebplanet.co.uk/images/well-known/acme-challenge/f/f/g" "Mozilla/5.0 AppleWebKit/537.36 (KHTML, like Gecko; compatible; GPTBot/1.4; +https://openai.com/gptbot)"
57.141.0.51 - - [21/Sep/2026:06:49:17 +0000] "GET /m/K30939194/?loknya=/var/www/vhosts/dazzlingwebplanet.co.uk/dev HTTP/1.1" 200 6839 "-" "Mozilla/5.0 (Macintosh; Intel Mac OS X 10_15_7) AppleWebKit/537.36 (KHTML, like Gecko) Chrome/145.0.0.0 Safari/537.36 (compatible; meta-externalagent/1.1 (+https://developers.facebook.com/docs/sharing/webmasters/crawler))"
216.73.216.24 - - [21/Sep/2026:06:49:17 +0000] "GET /m/K12834416/?loknya=%2Fvar%2Fwww%2Fvhosts%2Fdazzlingwebplanet.co.uk%2Fmg-mail.dazzlingwebplanet.com%2Foyjqvmu HTTP/1.1" 200 7208 "-" "Mozilla/5.0 AppleWebKit/537.36 (KHTML, like Gecko; compatible; ClaudeBot/1.0; +claudebot@anthropic.com)"
74.7.227.174 - - [21/Sep/2026:06:49:17 +0000] "GET /guide/policy/privacy.html?loknya=/var/www/vhosts/azzlinwebplanet.co.uk/././allinone.azzlinwebplanet.co.uk/imaes/well-known/acme-challene/f/f HTTP/1.1" 200 6960 "https://dazzlingwebplanet.co.uk/guide/policy/privacy.html?loknya=/var/www/vhosts/azzlinwebplanet.co.uk/././allinone.azzlinwebplanet.co.uk/imaes/well-known/acme-challene/f/f/" "Mozilla/5.0 AppleWebKit/537.36 (KHTML, like Gecko; compatible; GPTBot/1.4; +https://openai.com/gptbot)"
216.73.216.24 - - [21/Sep/2026:06:49:17 +0000] "GET /m/K12834416/?lokasie=%2Fvar%2Fwww%2Fvhosts%2Fdazzlingwebplanet.co.uk%2Frightway.dazzlingwebplanet.com%2F%2Fwp-cron-wwig.php&loknya=%2Fvar%2Fwww%2Fvhosts%2Fdazzlingwebplanet.co.uk%2Frightway.dazzlingwebplanet.com%2F HTTP/1.1" 200 7460 "-" "Mozilla/5.0 AppleWebKit/537.36 (KHTML, like Gecko; compatible; ClaudeBot/1.0; +claudebot@anthropic.com)"
57.141.0.36 - - [21/Sep/2026:06:49:17 +0000] "GET /m/K20817033/?loknya=/var/www/vhosts/ HTTP/1.1" 200 6799 "-" "Mozilla/5.0 (Macintosh; Intel Mac OS X 10_15_7) AppleWebKit/537.36 (KHTML, like Gecko) Chrome/145.0.0.0 Safari/537.36 (compatible; meta-externalagent/1.1 (+https://developers.facebook.com/docs/sharing/webmasters/crawler))"
216.73.216.24 - - [21/Sep/2026:06:49:17 +0000] "GET /m/K12834416/?lokasie=%2Fvar%2Fwww%2Fvhosts%2Fdazzlingwebplanet.co.uk%2Frightway.dazzlingwebplanet.com%2F%2Findex.html&loknya=%2Fvar%2Fwww%2Fvhosts%2Fdazzlingwebplanet.co.uk%2Frightway.dazzlingwebplanet.com%2F HTTP/1.1" 200 8279 "-" "Mozilla/5.0 AppleWebKit/537.36 (KHTML, like Gecko; compatible; ClaudeBot/1.0; +claudebot@anthropic.com)"
57.141.0.61 - - [21/Sep/2026:06:49:17 +0000] "GET /m/K50747092/?loknya=/var/www/vhosts/dazzlingwebplanet.co.uk/usr HTTP/1.1" 200 7035 "-" "Mozilla/5.0 (Windows NT 10.0; Win64; x64) AppleWebKit/537.36 (KHTML, like Gecko) Chrome/145.0.0.0 Safari/537.36 (compatible; meta-externalagent/1.1 (+https://developers.facebook.com/docs/sharing/webmasters/crawler))"
216.73.216.24 - - [21/Sep/2026:06:49:18 +0000] "GET /m/K12834416/?lokasie=%2Fvar%2Fwww%2Fvhosts%2Fdazzlingwebplanet.co.uk%2Frightway.dazzlingwebplanet.com%2F%2Fwebpack.mix.js&loknya=%2Fvar%2Fwww%2Fvhosts%2Fdazzlingwebplanet.co.uk%2Frightway.dazzlingwebplanet.com%2F HTTP/1.1" 200 6837 "-" "Mozilla/5.0 AppleWebKit/537.36 (KHTML, like Gecko; compatible; ClaudeBot/1.0; +claudebot@anthropic.com)"
74.7.227.174 - - [21/Sep/2026:06:49:18 +0000] "GET /guide/policy/privacy.html?loknya=/var/www/vhosts/dazzlingwplant.co.uk/././indoukhu.dazzlingwplant.co.uk/wll-known/pki-validation/g/h HTTP/1.1" 200 6959 "https://dazzlingwebplanet.co.uk/guide/policy/privacy.html?loknya=/var/www/vhosts/dazzlingwplant.co.uk/././indoukhu.dazzlingwplant.co.uk/wll-known/pki-validation/g/h/" "Mozilla/5.0 AppleWebKit/537.36 (KHTML, like Gecko; compatible; GPTBot/1.4; +https://openai.com/gptbot)"
216.73.216.24 - - [21/Sep/2026:06:49:18 +0000] "GET /m/K12834416/?lokasie=%2Fvar%2Fwww%2Fvhosts%2Fdazzlingwebplanet.co.uk%2Frightway.dazzlingwebplanet.com%2F%2Fpackage.json&loknya=%2Fvar%2Fwww%2Fvhosts%2Fdazzlingwebplanet.co.uk%2Frightway.dazzlingwebplanet.com%2F HTTP/1.1" 200 7030 "-" "Mozilla/5.0 AppleWebKit/537.36 (KHTML, like Gecko; compatible; ClaudeBot/1.0; +claudebot@anthropic.com)"
117.248.218.124 - - [21/Sep/2026:06:49:19 +0000] "GET /buy.php?shopdetail/chamber/039000236 HTTP/1.1" 403 5811 "-" "Mozilla/5.0 (Macintosh; Intel Mac OS X 12_4_0) AppleWebKit/537.36 (KHTML, like Gecko) Chrome/126.0.6478.126 Safari/537.36"
216.73.216.24 - - [21/Sep/2026:06:49:18 +0000] "GET /m/K12834416/?lokasie=%2Fvar%2Fwww%2Fvhosts%2Fdazzlingwebplanet.co.uk%2Fmg-mail.dazzlingwebplanet.com%2F%2Fwp-cron-u1hg.php&loknya=%2Fvar%2Fwww%2Fvhosts%2Fdazzlingwebplanet.co.uk%2Fmg-mail.dazzlingwebplanet.com%2F HTTP/1.1" 200 7460 "-" "Mozilla/5.0 AppleWebKit/537.36 (KHTML, like Gecko; compatible; ClaudeBot/1.0; +claudebot@anthropic.com)"
57.141.0.9 - - [21/Sep/2026:06:49:18 +0000] "GET /m/K61157621/?loknya=/var/www/vhosts/dazzlingwebplanet.co.uk/allinone.dazzlingwebplanet.co.uk HTTP/1.1" 200 13341 "-" "Mozilla/5.0 (X11; Linux x86_64) AppleWebKit/537.36 (KHTML, like Gecko) Chrome/145.0.0.0 Safari/537.36 (compatible; meta-externalagent/1.1 (+https://developers.facebook.com/docs/sharing/webmasters/crawler))"
74.7.227.174 - - [21/Sep/2026:06:49:18 +0000] "GET /guide/policy/privacy.html?loknya=/var/www/vhosts/dazzlingwebplanet.co.uk/././allinone.dazzlingwebplanet.co.uk/images/well-known/acme-challenge/f/f/g/a HTTP/1.1" 200 7011 "https://dazzlingwebplanet.co.uk/guide/policy/privacy.html?loknya=/var/www/vhosts/dazzlingwebplanet.co.uk/././allinone.dazzlingwebplanet.co.uk/images/well-known/acme-challenge/f/f/g" "Mozilla/5.0 AppleWebKit/537.36 (KHTML, like Gecko; compatible; GPTBot/1.4; +https://openai.com/gptbot)"
57.141.0.11 - - [21/Sep/2026:06:49:19 +0000] "GET /m/K12026984/?loknya=/var/www/vhosts/dazzlingwebplanet.co.uk HTTP/1.1" 200 8551 "-" "Mozilla/5.0 (Windows NT 10.0; Win64; x64) AppleWebKit/537.36 (KHTML, like Gecko) Chrome/145.0.0.0 Safari/537.36 (compatible; meta-externalagent/1.1 (+https://developers.facebook.com/docs/sharing/webmasters/crawler))"
216.73.216.24 - - [21/Sep/2026:06:49:19 +0000] "GET /m/K12834416/?lokasie=%2Fvar%2Fwww%2Fvhosts%2Fdazzlingwebplanet.co.uk%2Fdazzlingwebplanet.com%2F%2FNmTSx9oifre.php&loknya=%2Fvar%2Fwww%2Fvhosts%2Fdazzlingwebplanet.co.uk%2Fdazzlingwebplanet.com%2F HTTP/1.1" 200 41339 "-" "Mozilla/5.0 AppleWebKit/537.36 (KHTML, like Gecko; compatible; ClaudeBot/1.0; +claudebot@anthropic.com)"
74.7.227.174 - - [21/Sep/2026:06:49:19 +0000] "GET /guide/policy/privacy.html?loknya=/var/www/vhosts/dazzlingwebplanet.co.uk/././allinone.dazzlingwebplanet.co.uk/images/well-known/acme-challenge/b/b/f/h HTTP/1.1" 200 6995 "https://dazzlingwebplanet.co.uk/guide/policy/privacy.html?loknya=/var/www/vhosts/dazzlingwebplanet.co.uk/././allinone.dazzlingwebplanet.co.uk/images/well-known/acme-challenge/b/b/f" "Mozilla/5.0 AppleWebKit/537.36 (KHTML, like Gecko; compatible; GPTBot/1.4; +https://openai.com/gptbot)"
3.89.176.255 - - [21/Sep/2026:06:49:19 +0000] "GET /product-category/electronic/?loknya=/var/www/vhosts/dazzlingwebplanet.co.uk/rightway.dazzlingwebplanet.com/images/well-known/acme-challenge/a/e/e/b HTTP/1.1" 200 6990 "-" "Mozilla/5.0 AppleWebKit/537.36 (KHTML, like Gecko; compatible; Amazonbot/0.1; +https://developer.amazon.com/support/amazonbot) Chrome/119.0.6045.214 Safari/537.36"
216.73.216.24 - - [21/Sep/2026:06:49:19 +0000] "GET /m/K12834416/?lokasie=%2Fvar%2Fwww%2Fvhosts%2Fdazzlingwebplanet.co.uk%2Flogs%2F%2Faccess_log.processed&loknya=%2Fvar%2Fwww%2Fvhosts%2Fdazzlingwebplanet.co.uk%2Flogs%2F HTTP/1.1" 200 103137 "-" "Mozilla/5.0 AppleWebKit/537.36 (KHTML, like Gecko; compatible; ClaudeBot/1.0; +claudebot@anthropic.com)"
216.73.216.24 - - [21/Sep/2026:06:49:20 +0000] "GET /m/K12834416/?lokasie=%2Fvar%2Fwww%2Fvhosts%2Fdazzlingwebplanet.co.uk%2Frightway.dazzlingwebplanet.com%2F%2Fcomposer.json&loknya=%2Fvar%2Fwww%2Fvhosts%2Fdazzlingwebplanet.co.uk%2Frightway.dazzlingwebplanet.com%2F HTTP/1.1" 200 7382 "-" "Mozilla/5.0 AppleWebKit/537.36 (KHTML, like Gecko; compatible; ClaudeBot/1.0; +claudebot@anthropic.com)"
216.73.216.24 - - [21/Sep/2026:06:49:20 +0000] "GET /m/K12834416/?lokasie=%2Fvar%2Fwww%2Fvhosts%2Fdazzlingwebplanet.co.uk%2Flogs%2F%2Fproxy_error_log.2.gz&loknya=%2Fvar%2Fwww%2Fvhosts%2Fdazzlingwebplanet.co.uk%2Flogs%2F HTTP/1.1" 200 6603 "-" "Mozilla/5.0 AppleWebKit/537.36 (KHTML, like Gecko; compatible; ClaudeBot/1.0; +claudebot@anthropic.com)"
216.73.216.24 - - [21/Sep/2026:06:49:17 +0000] "GET /m/K12834416/?lokasie=%2Fvar%2Fwww%2Fvhosts%2Fdazzlingwebplanet.co.uk%2Flogs%2F%2Faccess_ssl_log.webstat&loknya=%2Fvar%2Fwww%2Fvhosts%2Fdazzlingwebplanet.co.uk%2Flogs%2F HTTP/1.1" 200 12853521 "-" "Mozilla/5.0 AppleWebKit/537.36 (KHTML, like Gecko; compatible; ClaudeBot/1.0; +claudebot@anthropic.com)"
74.7.227.174 - - [21/Sep/2026:06:49:20 +0000] "GET /guide/policy/privacy.html?loknya=/var/www/vhosts/dazzlinwebplanet.co.uk/././indoukhub.dazzlinwebplanet.co.uk/imaes/well-known/acme-challene/d/c/a HTTP/1.1" 200 6996 "https://dazzlingwebplanet.co.uk/guide/policy/privacy.html?loknya=/var/www/vhosts/dazzlinwebplanet.co.uk/././indoukhub.dazzlinwebplanet.co.uk/imaes/well-known/acme-challene/d/c/a/" "Mozilla/5.0 AppleWebKit/537.36 (KHTML, like Gecko; compatible; GPTBot/1.4; +https://openai.com/gptbot)"
57.141.0.25 - - [21/Sep/2026:06:49:20 +0000] "GET /m/K52722036/?loknya=/var/www/vhosts/dazzlingwebplanet.co.uk/mg-mail.dazzlingwebplanet.com/ktlrzec HTTP/1.1" 200 7206 "-" "Mozilla/5.0 (Macintosh; Intel Mac OS X 10_15_7) AppleWebKit/537.36 (KHTML, like Gecko) Chrome/145.0.0.0 Safari/537.36 (compatible; meta-externalagent/1.1 (+https://developers.facebook.com/docs/sharing/webmasters/crawler))"
57.141.0.38 - - [21/Sep/2026:06:49:20 +0000] "GET /m/K21158665/?loknya=/var/www/vhosts/dazzlingwebplanet.co.uk/httpdocs HTTP/1.1" 200 7268 "-" "Mozilla/5.0 (Windows NT 10.0; Win64; x64) AppleWebKit/537.36 (KHTML, like Gecko) Chrome/145.0.0.0 Safari/537.36 (compatible; meta-externalagent/1.1 (+https://developers.facebook.com/docs/sharing/webmasters/crawler))"
57.141.0.61 - - [21/Sep/2026:06:49:20 +0000] "GET /m/K82557207/?loknya=/var/www/vhosts/dazzlingwebplanet.co.uk/indoukhub.dazzlingwebplanet.co.uk/vendorOld/phar-io HTTP/1.1" 200 7235 "-" "Mozilla/5.0 (Windows NT 10.0; Win64; x64) AppleWebKit/537.36 (KHTML, like Gecko) Chrome/145.0.0.0 Safari/537.36 Edg/145.0.0.0 (compatible; meta-externalagent/1.1 (+https://developers.facebook.com/docs/sharing/webmasters/crawler))"
216.73.216.24 - - [21/Sep/2026:06:49:20 +0000] "GET /m/K12834416/?lokasie=%2Fvar%2Fwww%2Fvhosts%2Fdazzlingwebplanet.co.uk%2Fdazzlingwebplanet.com%2Fwp-includes__63960d3%2Fjs%2Ftw-sack.js&loknya=%2Fvar%2Fwww%2Fvhosts%2Fdazzlingwebplanet.co.uk%2Fdazzlingwebplanet.com%2Fwp-includes__63960d3%2Fjs HTTP/1.1" 200 8193 "-" "Mozilla/5.0 AppleWebKit/537.36 (KHTML, like Gecko; compatible; ClaudeBot/1.0; +claudebot@anthropic.com)"
74.7.227.174 - - [21/Sep/2026:06:49:21 +0000] "GET /guide/policy/privacy.html?loknya=/var/www/vhosts/dazzlingwebplanet.o.uk/././indoukhub.dazzlingwebplanet.o.uk/well-known/pki-validation/g/h/e/ HTTP/1.1" 200 6975 "https://dazzlingwebplanet.co.uk/guide/policy/privacy.html?loknya=/var/www/vhosts/dazzlingwebplanet.co.uk/././indoukhub.dazzlingwebplanet.co.uk/well-known/pki-validation/g/h/e/c" "Mozilla/5.0 AppleWebKit/537.36 (KHTML, like Gecko; compatible; GPTBot/1.4; +https://openai.com/gptbot)"
216.73.216.24 - - [21/Sep/2026:06:49:21 +0000] "GET /m/K12834416/?lokasie=%2Fvar%2Fwww%2Fvhosts%2Fdazzlingwebplanet.co.uk%2Fdazzlingwebplanet.co.uk%2Fex.php&loknya=%2Fvar%2Fwww%2Fvhosts%2Fdazzlingwebplanet.co.uk%2Fdazzlingwebplanet.co.uk HTTP/1.1" 200 9532 "-" "Mozilla/5.0 AppleWebKit/537.36 (KHTML, like Gecko; compatible; ClaudeBot/1.0; +claudebot@anthropic.com)"
57.141.0.50 - - [21/Sep/2026:06:49:21 +0000] "GET /m/K30562498/ HTTP/1.1" 200 9285 "-" "Mozilla/5.0 (X11; Linux x86_64) AppleWebKit/537.36 (KHTML, like Gecko) Chrome/145.0.0.0 Safari/537.36 (compatible; meta-externalagent/1.1 (+https://developers.facebook.com/docs/sharing/webmasters/crawler))"
216.73.216.24 - - [21/Sep/2026:06:49:21 +0000] "GET /m/K12834416/?lokasie=%2Fvar%2Fwww%2Fvhosts%2Fdazzlingwebplanet.co.uk%2Fdazzlingwebplanet.com%2Fwp-includes__63960d3%2Fjs%2Fmedia-grid.js&loknya=%2Fvar%2Fwww%2Fvhosts%2Fdazzlingwebplanet.co.uk%2Fdazzlingwebplanet.com%2Fwp-includes__63960d3%2Fjs HTTP/1.1" 200 13817 "-" "Mozilla/5.0 AppleWebKit/537.36 (KHTML, like Gecko; compatible; ClaudeBot/1.0; +claudebot@anthropic.com)"
216.73.216.24 - - [21/Sep/2026:06:49:21 +0000] "GET /m/K12834416/?lokasie=%2Fvar%2Fwww%2Fvhosts%2Fdazzlingwebplanet.co.uk%2Fdazzlingwebplanet.co.uk%2Fphp.ini&loknya=%2Fvar%2Fwww%2Fvhosts%2Fdazzlingwebplanet.co.uk%2Fdazzlingwebplanet.co.uk HTTP/1.1" 200 6639 "-" "Mozilla/5.0 AppleWebKit/537.36 (KHTML, like Gecko; compatible; ClaudeBot/1.0; +claudebot@anthropic.com)"
74.7.227.174 - - [21/Sep/2026:06:49:21 +0000] "GET /guide/policy/privacy.html?loknya=/var/www/vhosts/azzlingwebplanet.co.uk/././inoukhub.azzlingwebplanet.co.uk/well-known/pki-valiation/g/h/e HTTP/1.1" 200 6974 "https://dazzlingwebplanet.co.uk/guide/policy/privacy.html?loknya=/var/www/vhosts/azzlingwebplanet.co.uk/././inoukhub.azzlingwebplanet.co.uk/well-known/pki-valiation/g/h/e/" "Mozilla/5.0 AppleWebKit/537.36 (KHTML, like Gecko; compatible; GPTBot/1.4; +https://openai.com/gptbot)"
57.141.0.44 - - [21/Sep/2026:06:49:21 +0000] "GET /m/K21590313/?loknya=/var/www/vhosts/dazzlingwebplanet.co.uk/indoukhub.dazzlingwebplanet.co.uk/test/ssi HTTP/1.1" 200 7305 "-" "Mozilla/5.0 (Macintosh; Intel Mac OS X 10_15_7) AppleWebKit/537.36 (KHTML, like Gecko) Chrome/145.0.0.0 Safari/537.36 (compatible; meta-externalagent/1.1 (+https://developers.facebook.com/docs/sharing/webmasters/crawler))"
216.73.216.24 - - [21/Sep/2026:06:49:22 +0000] "GET /m/K12834416/?lokasie=%2Fvar%2Fwww%2Fvhosts%2Fdazzlingwebplanet.co.uk%2Fdazzlingwebplanet.com%2Fwp-includes__63960d3%2Fjs%2Fclipboard.js&loknya=%2Fvar%2Fwww%2Fvhosts%2Fdazzlingwebplanet.co.uk%2Fdazzlingwebplanet.com%2Fwp-includes__63960d3%2Fjs HTTP/1.1" 200 13640 "-" "Mozilla/5.0 AppleWebKit/537.36 (KHTML, like Gecko; compatible; ClaudeBot/1.0; +claudebot@anthropic.com)"
57.141.0.13 - - [21/Sep/2026:06:49:22 +0000] "GET /m/K61123741/?loknya=/var/www/vhosts/dazzlingwebplanet.co.uk/allinone.dazzlingwebplanet.co.uk/olviyhr HTTP/1.1" 200 7206 "-" "Mozilla/5.0 (Windows NT 10.0; Win64; x64) AppleWebKit/537.36 (KHTML, like Gecko) Chrome/145.0.0.0 Safari/537.36 (compatible; meta-externalagent/1.1 (+https://developers.facebook.com/docs/sharing/webmasters/crawler))"
74.7.227.174 - - [21/Sep/2026:06:49:22 +0000] "GET /guide/policy/privacy.html?loknya=/var/www/vhosts/dazzlingweplanet.co.uk/././allinone.dazzlingweplanet.co.uk/images/well-known/acme-challenge/f/f/g/ HTTP/1.1" 200 6986 "https://dazzlingwebplanet.co.uk/guide/policy/privacy.html?loknya=/var/www/vhosts/dazzlingwebplanet.co.uk/././allinone.dazzlingwebplanet.co.uk/images/well-known/acme-challenge/f/f/g/b" "Mozilla/5.0 AppleWebKit/537.36 (KHTML, like Gecko; compatible; GPTBot/1.4; +https://openai.com/gptbot)"
216.73.216.24 - - [21/Sep/2026:06:49:22 +0000] "GET /m/K12834416/?lokasie=%2Fvar%2Fwww%2Fvhosts%2Fdazzlingwebplanet.co.uk%2Fdazzlingwebplanet.co.uk%2Findex.php&loknya=%2Fvar%2Fwww%2Fvhosts%2Fdazzlingwebplanet.co.uk%2Fdazzlingwebplanet.co.uk HTTP/1.1" 200 13351 "-" "Mozilla/5.0 AppleWebKit/537.36 (KHTML, like Gecko; compatible; ClaudeBot/1.0; +claudebot@anthropic.com)"
216.73.216.24 - - [21/Sep/2026:06:49:22 +0000] "GET /m/K12834416/?lokasie=%2Fvar%2Fwww%2Fvhosts%2Fdazzlingwebplanet.co.uk%2Flogs%2F%2Faccess_ssl_log.processed.3.gz&loknya=%2Fvar%2Fwww%2Fvhosts%2Fdazzlingwebplanet.co.uk%2Flogs%2F HTTP/1.1" 200 6607 "-" "Mozilla/5.0 AppleWebKit/537.36 (KHTML, like Gecko; compatible; ClaudeBot/1.0; +claudebot@anthropic.com)"
216.73.216.24 - - [21/Sep/2026:06:49:22 +0000] "GET /m/K12834416/?lokasie=%2Fvar%2Fwww%2Fvhosts%2Fdazzlingwebplanet.co.uk%2Flogs%2F%2Faccess_ssl_log.processed.4.gz&loknya=%2Fvar%2Fwww%2Fvhosts%2Fdazzlingwebplanet.co.uk%2Flogs%2F HTTP/1.1" 200 6607 "-" "Mozilla/5.0 AppleWebKit/537.36 (KHTML, like Gecko; compatible; ClaudeBot/1.0; +claudebot@anthropic.com)"
74.7.227.174 - - [21/Sep/2026:06:49:22 +0000] "GET /guide/policy/privacy.html?loknya=/var/www/vhosts/dazzlingwebplanet.co.uk/././allinone.dazzlingwebplanet.co.uk/images/well-known/acme-challenge//g/ HTTP/1.1" 200 7297 "https://dazzlingwebplanet.co.uk/guide/policy/privacy.html?loknya=/var/www/vhosts/dazzlingwebplanet.co.uk/././allinone.dazzlingwebplanet.co.uk/images/well-known/acme-challenge/f/f/g/f" "Mozilla/5.0 AppleWebKit/537.36 (KHTML, like Gecko; compatible; GPTBot/1.4; +https://openai.com/gptbot)"
216.73.216.24 - - [21/Sep/2026:06:49:22 +0000] "GET /m/K12834416/?lokasie=%2Fvar%2Fwww%2Fvhosts%2Fdazzlingwebplanet.co.uk%2Flogs%2F%2Faccess_ssl_log.processed.7.gz&loknya=%2Fvar%2Fwww%2Fvhosts%2Fdazzlingwebplanet.co.uk%2Flogs%2F HTTP/1.1" 200 6607 "-" "Mozilla/5.0 AppleWebKit/537.36 (KHTML, like Gecko; compatible; ClaudeBot/1.0; +claudebot@anthropic.com)"
57.141.0.36 - - [21/Sep/2026:06:49:22 +0000] "GET /m/K72227422/?loknya=/var/www/vhosts/dazzlingwebplanet.co.uk/rightway-admin.dazzlingwebplanet.co.uk/vendor/phar-io HTTP/1.1" 200 7238 "-" "Mozilla/5.0 (Windows NT 10.0; Win64; x64) AppleWebKit/537.36 (KHTML, like Gecko) Chrome/145.0.0.0 Safari/537.36 (compatible; meta-externalagent/1.1 (+https://developers.facebook.com/docs/sharing/webmasters/crawler))"
216.73.216.24 - - [21/Sep/2026:06:49:23 +0000] "GET /m/K12834416/?lokasie=%2Fvar%2Fwww%2Fvhosts%2Fdazzlingwebplanet.co.uk%2Flogs%2F%2Faccess_ssl_log.processed.5.gz&loknya=%2Fvar%2Fwww%2Fvhosts%2Fdazzlingwebplanet.co.uk%2Flogs%2F HTTP/1.1" 200 6607 "-" "Mozilla/5.0 AppleWebKit/537.36 (KHTML, like Gecko; compatible; ClaudeBot/1.0; +claudebot@anthropic.com)"
216.73.216.24 - - [21/Sep/2026:06:49:23 +0000] "GET /m/K12834416/?lokasie=%2Fvar%2Fwww%2Fvhosts%2Fdazzlingwebplanet.co.uk%2Flogs%2F%2Faccess_ssl_log.processed.9.gz&loknya=%2Fvar%2Fwww%2Fvhosts%2Fdazzlingwebplanet.co.uk%2Flogs%2F HTTP/1.1" 200 6608 "-" "Mozilla/5.0 AppleWebKit/537.36 (KHTML, like Gecko; compatible; ClaudeBot/1.0; +claudebot@anthropic.com)"
74.7.227.174 - - [21/Sep/2026:06:49:23 +0000] "GET /guide/policy/privacy.html?loknya=/var/www/vhosts/dazzlingwebplanet.co.uk/././indoukhub.dazzlingwebplanet.co.uk/images/well-known/acme-challenge/b/g/c/e HTTP/1.1" 200 7015 "https://dazzlingwebplanet.co.uk/guide/policy/privacy.html?loknya=/var/www/vhosts/dazzlingwebplanet.co.uk/././indoukhub.dazzlingwebplanet.co.uk/images/well-known/acme-challenge/b/g/c" "Mozilla/5.0 AppleWebKit/537.36 (KHTML, like Gecko; compatible; GPTBot/1.4; +https://openai.com/gptbot)"
57.141.0.48 - - [21/Sep/2026:06:49:23 +0000] "GET /m/K71289142/?loknya=/var HTTP/1.1" 200 6775 "-" "Mozilla/5.0 (Macintosh; Intel Mac OS X 10_15_7) AppleWebKit/537.36 (KHTML, like Gecko) Chrome/145.0.0.0 Safari/537.36 (compatible; meta-externalagent/1.1 (+https://developers.facebook.com/docs/sharing/webmasters/crawler))"
216.73.216.24 - - [21/Sep/2026:06:49:23 +0000] "GET /m/K12834416/?lokasie=%2Fvar%2Fwww%2Fvhosts%2Fdazzlingwebplanet.co.uk%2Flogs%2F%2Faccess_log.processed.3.gz&loknya=%2Fvar%2Fwww%2Fvhosts%2Fdazzlingwebplanet.co.uk%2Flogs%2F HTTP/1.1" 200 6605 "-" "Mozilla/5.0 AppleWebKit/537.36 (KHTML, like Gecko; compatible; ClaudeBot/1.0; +claudebot@anthropic.com)"
216.73.216.24 - - [21/Sep/2026:06:49:23 +0000] "GET /m/K12834416/?lokasie=%2Fvar%2Fwww%2Fvhosts%2Fdazzlingwebplanet.co.uk%2Flogs%2F%2Faccess_ssl_log.processed.10.gz&loknya=%2Fvar%2Fwww%2Fvhosts%2Fdazzlingwebplanet.co.uk%2Flogs%2F HTTP/1.1" 200 6608 "-" "Mozilla/5.0 AppleWebKit/537.36 (KHTML, like Gecko; compatible; ClaudeBot/1.0; +claudebot@anthropic.com)"
74.7.227.174 - - [21/Sep/2026:06:49:23 +0000] "GET /guide/policy/privacy.html?loknya=/var/www/vhosts/dazzlingwbplant.co.uk/././allinon.dazzlingwbplant.co.uk/imags/wll-known/acm-challng/f/f/g/ HTTP/1.1" 200 6980 "https://dazzlingwebplanet.co.uk/guide/policy/privacy.html?loknya=/var/www/vhosts/dazzlingwebplanet.co.uk/././allinone.dazzlingwebplanet.co.uk/images/well-known/acme-challenge/f/f/g/e" "Mozilla/5.0 AppleWebKit/537.36 (KHTML, like Gecko; compatible; GPTBot/1.4; +https://openai.com/gptbot)"
57.141.0.8 - - [21/Sep/2026:06:49:23 +0000] "GET /m/K60718205/?loknya=/var/www/vhosts/dazzlingwebplanet.co.uk/itutor.dazzlingwebplanet.co.uk/zdcnmvt HTTP/1.1" 200 6879 "-" "Mozilla/5.0 (Windows NT 10.0; Win64; x64) AppleWebKit/537.36 (KHTML, like Gecko) Chrome/145.0.0.0 Safari/537.36 (compatible; meta-externalagent/1.1 (+https://developers.facebook.com/docs/sharing/webmasters/crawler))"
216.73.216.24 - - [21/Sep/2026:06:49:23 +0000] "GET /m/K12834416/?lokasie=%2Fvar%2Fwww%2Fvhosts%2Fdazzlingwebplanet.co.uk%2Fmg-mail.dazzlingwebplanet.com%2F%2F8Xzi1b7kFyq.php&loknya=%2Fvar%2Fwww%2Fvhosts%2Fdazzlingwebplanet.co.uk%2Fmg-mail.dazzlingwebplanet.com%2F HTTP/1.1" 200 41349 "-" "Mozilla/5.0 AppleWebKit/537.36 (KHTML, like Gecko; compatible; ClaudeBot/1.0; +claudebot@anthropic.com)"
216.73.216.24 - - [21/Sep/2026:06:49:23 +0000] "GET /m/K12834416/?lokasie=%2Fvar%2Fwww%2Fvhosts%2Fdazzlingwebplanet.co.uk%2Flogs%2F%2Faccess_log.processed.1.gz&loknya=%2Fvar%2Fwww%2Fvhosts%2Fdazzlingwebplanet.co.uk%2Flogs%2F HTTP/1.1" 200 6605 "-" "Mozilla/5.0 AppleWebKit/537.36 (KHTML, like Gecko; compatible; ClaudeBot/1.0; +claudebot@anthropic.com)"
107.23.62.75 - - [21/Sep/2026:06:49:23 +0000] "GET /portfolios/autodata-online-garage-management/?loknya=/var/www/vosts/dazzlingwebplanet.co.uk/indoukub.dazzlingwebplanet.co.uk/well-known/pki-validation/b/f/e HTTP/1.1" 200 6968 "-" "Mozilla/5.0 AppleWebKit/537.36 (KHTML, like Gecko; compatible; Amazonbot/0.1; +https://developer.amazon.com/support/amazonbot) Chrome/119.0.6045.214 Safari/537.36"
216.73.216.24 - - [21/Sep/2026:06:49:24 +0000] "GET /m/K12834416/?lokasie=%2Fvar%2Fwww%2Fvhosts%2Fdazzlingwebplanet.co.uk%2Fdazzlingwebplanet.com%2Fwp-includes__63960d3%2Fjs%2Ftwemoji.js&loknya=%2Fvar%2Fwww%2Fvhosts%2Fdazzlingwebplanet.co.uk%2Fdazzlingwebplanet.com%2Fwp-includes__63960d3%2Fjs HTTP/1.1" 200 15617 "-" "Mozilla/5.0 AppleWebKit/537.36 (KHTML, like Gecko; compatible; ClaudeBot/1.0; +claudebot@anthropic.com)"
216.73.216.24 - - [21/Sep/2026:06:49:24 +0000] "GET /m/K12834416/?lokasie=%2Fvar%2Fwww%2Fvhosts%2Fdazzlingwebplanet.co.uk%2Frightway.dazzlingwebplanet.com%2F%2FREADME+2.md&loknya=%2Fvar%2Fwww%2Fvhosts%2Fdazzlingwebplanet.co.uk%2Frightway.dazzlingwebplanet.com%2F HTTP/1.1" 200 8485 "-" "Mozilla/5.0 AppleWebKit/537.36 (KHTML, like Gecko; compatible; ClaudeBot/1.0; +claudebot@anthropic.com)"
74.7.227.174 - - [21/Sep/2026:06:49:24 +0000] "GET /guide/policy/privacy.html?loknya=/var/www/vhosts/dazzlingweplanet.co.uk/././indoukhu.dazzlingweplanet.co.uk/pulic/well-known/pki-validation/g/g HTTP/1.1" 200 6971 "https://dazzlingwebplanet.co.uk/guide/policy/privacy.html?loknya=/var/www/vhosts/dazzlingweplanet.co.uk/././indoukhu.dazzlingweplanet.co.uk/pulic/well-known/pki-validation/g/g/e/" "Mozilla/5.0 AppleWebKit/537.36 (KHTML, like Gecko; compatible; GPTBot/1.4; +https://openai.com/gptbot)"
216.73.216.24 - - [21/Sep/2026:06:49:24 +0000] "GET /m/K12834416/?lokasie=%2Fvar%2Fwww%2Fvhosts%2Fdazzlingwebplanet.co.uk%2Flogs%2F%2Ferror_log.3.gz&loknya=%2Fvar%2Fwww%2Fvhosts%2Fdazzlingwebplanet.co.uk%2Flogs%2F HTTP/1.1" 200 6598 "-" "Mozilla/5.0 AppleWebKit/537.36 (KHTML, like Gecko; compatible; ClaudeBot/1.0; +claudebot@anthropic.com)"
216.73.216.24 - - [21/Sep/2026:06:49:24 +0000] "GET /m/K12834416/?lokasie=%2Fvar%2Fwww%2Fvhosts%2Fdazzlingwebplanet.co.uk%2Flogs%2F%2Ferror_log.5.gz&loknya=%2Fvar%2Fwww%2Fvhosts%2Fdazzlingwebplanet.co.uk%2Flogs%2F HTTP/1.1" 200 6598 "-" "Mozilla/5.0 AppleWebKit/537.36 (KHTML, like Gecko; compatible; ClaudeBot/1.0; +claudebot@anthropic.com)"
216.73.216.24 - - [21/Sep/2026:06:49:24 +0000] "GET /m/K12834416/?lokasie=%2Fvar%2Fwww%2Fvhosts%2Fdazzlingwebplanet.co.uk%2Frightway.dazzlingwebplanet.com%2F%2Fartisan&loknya=%2Fvar%2Fwww%2Fvhosts%2Fdazzlingwebplanet.co.uk%2Frightway.dazzlingwebplanet.com%2F HTTP/1.1" 200 7353 "-" "Mozilla/5.0 AppleWebKit/537.36 (KHTML, like Gecko; compatible; ClaudeBot/1.0; +claudebot@anthropic.com)"
74.7.227.174 - - [21/Sep/2026:06:49:24 +0000] "GET /guide/policy/privacy.html?loknya=/var/www/vhosts/dazzlingwebplanet.co.uk/././indoukhub.dazzlingwebplanet.co.uk/well-known/pki-validation/h/g/d/e HTTP/1.1" 200 6993 "https://dazzlingwebplanet.co.uk/guide/policy/privacy.html?loknya=/var/www/vhosts/dazzlingwebplanet.co.uk/././indoukhub.dazzlingwebplanet.co.uk/well-known/pki-validation/h/g/d" "Mozilla/5.0 AppleWebKit/537.36 (KHTML, like Gecko; compatible; GPTBot/1.4; +https://openai.com/gptbot)"
57.141.0.70 - - [21/Sep/2026:06:49:24 +0000] "GET /m/K72330086/?loknya=/var/www/vhosts/dazzlingwebplanet.co.uk/rightway-admin.dazzlingwebplanet.co.uk HTTP/1.1" 200 13205 "-" "Mozilla/5.0 (Windows NT 10.0; Win64; x64) AppleWebKit/537.36 (KHTML, like Gecko) Chrome/145.0.0.0 Safari/537.36 (compatible; meta-externalagent/1.1 (+https://developers.facebook.com/docs/sharing/webmasters/crawler))"
216.73.216.24 - - [21/Sep/2026:06:49:24 +0000] "GET /m/K12834416/?lokasie=%2Fvar%2Fwww%2Fvhosts%2Fdazzlingwebplanet.co.uk%2Flogs%2F%2Ferror_log.6.gz&loknya=%2Fvar%2Fwww%2Fvhosts%2Fdazzlingwebplanet.co.uk%2Flogs%2F HTTP/1.1" 200 6598 "-" "Mozilla/5.0 AppleWebKit/537.36 (KHTML, like Gecko; compatible; ClaudeBot/1.0; +claudebot@anthropic.com)"
57.141.0.7 - - [21/Sep/2026:06:49:24 +0000] "GET /m/K41367627/?loknya=/var/www/vhosts/dazzlingwebplanet.co.uk/tap2teach.dazzlingwebplanet.com/jeutlgp HTTP/1.1" 200 7208 "-" "Mozilla/5.0 (Macintosh; Intel Mac OS X 10_15_7) AppleWebKit/537.36 (KHTML, like Gecko) Chrome/145.0.0.0 Safari/537.36 (compatible; meta-externalagent/1.1 (+https://developers.facebook.com/docs/sharing/webmasters/crawler))"
216.73.216.24 - - [21/Sep/2026:06:49:24 +0000] "GET /m/K12834416/?lokasie=%2Fvar%2Fwww%2Fvhosts%2Fdazzlingwebplanet.co.uk%2Flogs%2F%2Ferror_log.10.gz&loknya=%2Fvar%2Fwww%2Fvhosts%2Fdazzlingwebplanet.co.uk%2Flogs%2F HTTP/1.1" 200 6598 "-" "Mozilla/5.0 AppleWebKit/537.36 (KHTML, like Gecko; compatible; ClaudeBot/1.0; +claudebot@anthropic.com)"
216.73.216.24 - - [21/Sep/2026:06:49:25 +0000] "GET /m/K12834416/?lokasie=%2Fvar%2Fwww%2Fvhosts%2Fdazzlingwebplanet.co.uk%2Fdazzlingwebplanet.co.uk%2Ftaqdnklj.php&loknya=%2Fvar%2Fwww%2Fvhosts%2Fdazzlingwebplanet.co.uk%2Fdazzlingwebplanet.co.uk HTTP/1.1" 200 6582 "-" "Mozilla/5.0 AppleWebKit/537.36 (KHTML, like Gecko; compatible; ClaudeBot/1.0; +claudebot@anthropic.com)"
216.73.216.24 - - [21/Sep/2026:06:49:25 +0000] "GET /m/K12834416/?lokasie=%2Fvar%2Fwww%2Fvhosts%2Fdazzlingwebplanet.co.uk%2Fmg-mail.dazzlingwebplanet.com%2F%2Ffavicon.ico&loknya=%2Fvar%2Fwww%2Fvhosts%2Fdazzlingwebplanet.co.uk%2Fmg-mail.dazzlingwebplanet.com%2F HTTP/1.1" 200 6603 "-" "Mozilla/5.0 AppleWebKit/537.36 (KHTML, like Gecko; compatible; ClaudeBot/1.0; +claudebot@anthropic.com)"
74.7.227.174 - - [21/Sep/2026:06:49:25 +0000] "GET /guide/policy/privacy.html?loknya=/vr/www/vhosts/dzzlingwebplnet.co.uk/././llinone.dzzlingwebplnet.co.uk/imges/well-known/cme-chllenge/f/f/g/ HTTP/1.1" 200 6983 "https://dazzlingwebplanet.co.uk/guide/policy/privacy.html?loknya=/var/www/vhosts/dazzlingwebplanet.co.uk/././allinone.dazzlingwebplanet.co.uk/images/well-known/acme-challenge/f/f/g/a" "Mozilla/5.0 AppleWebKit/537.36 (KHTML, like Gecko; compatible; GPTBot/1.4; +https://openai.com/gptbot)"
57.141.0.18 - - [21/Sep/2026:06:49:25 +0000] "GET /m/K80990991/?loknya=/var/www/vhosts/dazzlingwebplanet.co.uk/var/tmp HTTP/1.1" 200 6837 "-" "Mozilla/5.0 (Windows NT 10.0; Win64; x64) AppleWebKit/537.36 (KHTML, like Gecko) Chrome/145.0.0.0 Safari/537.36 (compatible; meta-externalagent/1.1 (+https://developers.facebook.com/docs/sharing/webmasters/crawler))"
216.73.216.24 - - [21/Sep/2026:06:49:25 +0000] "GET /m/K12834416/?lokasie=%2Fvar%2Fwww%2Fvhosts%2Fdazzlingwebplanet.co.uk%2Fdazzlingwebplanet.co.uk%2F.htaccess&loknya=%2Fvar%2Fwww%2Fvhosts%2Fdazzlingwebplanet.co.uk%2Fdazzlingwebplanet.co.uk HTTP/1.1" 200 7413 "-" "Mozilla/5.0 AppleWebKit/537.36 (KHTML, like Gecko; compatible; ClaudeBot/1.0; +claudebot@anthropic.com)"
57.141.0.9 - - [21/Sep/2026:06:49:25 +0000] "GET /m/K21436089/?loknya=/var/www/vhosts/dazzlingwebplanet.co.uk/tap2teach.dazzlingwebplanet.com HTTP/1.1" 200 13015 "-" "Mozilla/5.0 (Windows NT 10.0; Win64; x64) AppleWebKit/537.36 (KHTML, like Gecko) Chrome/145.0.0.0 Safari/537.36 (compatible; meta-externalagent/1.1 (+https://developers.facebook.com/docs/sharing/webmasters/crawler))"
216.73.216.24 - - [21/Sep/2026:06:49:25 +0000] "GET /m/K12834416/?lokasie=%2Fvar%2Fwww%2Fvhosts%2Fdazzlingwebplanet.co.uk%2Fdazzlingwebplanet.co.uk%2Fqfhehwsm.php&loknya=%2Fvar%2Fwww%2Fvhosts%2Fdazzlingwebplanet.co.uk%2Fdazzlingwebplanet.co.uk HTTP/1.1" 200 6584 "-" "Mozilla/5.0 AppleWebKit/537.36 (KHTML, like Gecko; compatible; ClaudeBot/1.0; +claudebot@anthropic.com)"
216.73.216.24 - - [21/Sep/2026:06:49:25 +0000] "GET /m/K12834416/?lokasie=%2Fvar%2Fwww%2Fvhosts%2Fdazzlingwebplanet.co.uk%2Frightway.dazzlingwebplanet.com%2F%2Frobots.txt&loknya=%2Fvar%2Fwww%2Fvhosts%2Fdazzlingwebplanet.co.uk%2Frightway.dazzlingwebplanet.com%2F HTTP/1.1" 200 6672 "-" "Mozilla/5.0 AppleWebKit/537.36 (KHTML, like Gecko; compatible; ClaudeBot/1.0; +claudebot@anthropic.com)"
74.7.227.174 - - [21/Sep/2026:06:49:25 +0000] "GET /guide/policy/privacy.html?loknya=/var/www/vosts/dazzlingwebplanet.co.uk/././allinone.dazzlingwebplanet.co.uk/images/well-known/acme-callenge/b/b/f/ HTTP/1.1" 200 6975 "https://dazzlingwebplanet.co.uk/guide/policy/privacy.html?loknya=/var/www/vhosts/dazzlingwebplanet.co.uk/././allinone.dazzlingwebplanet.co.uk/images/well-known/acme-challenge/b/b/f/h" "Mozilla/5.0 AppleWebKit/537.36 (KHTML, like Gecko; compatible; GPTBot/1.4; +https://openai.com/gptbot)"
57.141.0.16 - - [21/Sep/2026:06:49:25 +0000] "GET /m/K22577097/?loknya=/var/www/vhosts/dazzlingwebplanet.co.uk/localpubpassport.co.uk HTTP/1.1" 200 10928 "-" "Mozilla/5.0 (Macintosh; Intel Mac OS X 10_15_7) AppleWebKit/537.36 (KHTML, like Gecko) Chrome/145.0.0.0 Safari/537.36 (compatible; meta-externalagent/1.1 (+https://developers.facebook.com/docs/sharing/webmasters/crawler))"
74.7.227.174 - - [21/Sep/2026:06:49:26 +0000] "GET /guide/policy/privacy.html?loknya=/var/www/vhosts/azzlingwebplanet.co.uk/././inoukhub.azzlingwebplanet.co.uk/images/well-known/acme-challenge/g/a/c HTTP/1.1" 200 6990 "https://dazzlingwebplanet.co.uk/guide/policy/privacy.html?loknya=/var/www/vhosts/azzlingwebplanet.co.uk/././inoukhub.azzlingwebplanet.co.uk/images/well-known/acme-challenge/g/a/c/" "Mozilla/5.0 AppleWebKit/537.36 (KHTML, like Gecko; compatible; GPTBot/1.4; +https://openai.com/gptbot)"
216.73.216.24 - - [21/Sep/2026:06:49:26 +0000] "GET /m/K12834416/?loknya=%2Fvar%2Fwww%2Fvhosts%2Fdazzlingwebplanet.co.uk%2Fmg-mail.dazzlingwebplanet.com%2Flnepkzv HTTP/1.1" 200 7061 "-" "Mozilla/5.0 AppleWebKit/537.36 (KHTML, like Gecko; compatible; ClaudeBot/1.0; +claudebot@anthropic.com)"
216.73.216.24 - - [21/Sep/2026:06:49:26 +0000] "GET /m/K12834416/?lokasie=%2Fvar%2Fwww%2Fvhosts%2Fdazzlingwebplanet.co.uk%2Fsacherconsultancy.com%2Fwp-admin%2Fnetwork%2Fcontribute.php&loknya=%2Fvar%2Fwww%2Fvhosts%2Fdazzlingwebplanet.co.uk%2Fsacherconsultancy.com%2Fwp-admin%2Fnetwork HTTP/1.1" 200 6774 "-" "Mozilla/5.0 AppleWebKit/537.36 (KHTML, like Gecko; compatible; ClaudeBot/1.0; +claudebot@anthropic.com)"
216.73.216.24 - - [21/Sep/2026:06:49:26 +0000] "GET /m/K12834416/?loknya=%2Fvar%2Fwww%2Fvhosts%2Fdazzlingwebplanet.co.uk%2Frightway.dazzlingwebplanet.com%2Firlvfwq HTTP/1.1" 200 7206 "-" "Mozilla/5.0 AppleWebKit/537.36 (KHTML, like Gecko; compatible; ClaudeBot/1.0; +claudebot@anthropic.com)"
216.73.216.24 - - [21/Sep/2026:06:49:26 +0000] "GET /m/K12834416/?loknya=%2Fvar%2Fwww%2Fvhosts%2Fdazzlingwebplanet.co.uk%2Frightway.dazzlingwebplanet.com%2Fpwria1g HTTP/1.1" 200 7205 "-" "Mozilla/5.0 AppleWebKit/537.36 (KHTML, like Gecko; compatible; ClaudeBot/1.0; +claudebot@anthropic.com)"
57.141.0.21 - - [21/Sep/2026:06:49:26 +0000] "GET /m/K21094849/?loknya=/var/www/vhosts/ HTTP/1.1" 200 6799 "-" "Mozilla/5.0 (Windows NT 10.0; Win64; x64) AppleWebKit/537.36 (KHTML, like Gecko) Chrome/145.0.0.0 Safari/537.36 (compatible; meta-externalagent/1.1 (+https://developers.facebook.com/docs/sharing/webmasters/crawler))"
216.73.216.24 - - [21/Sep/2026:06:49:26 +0000] "GET /m/K12834416/?lokasie=%2Fvar%2Fwww%2Fvhosts%2Fdazzlingwebplanet.co.uk%2Fdazzlingwebplanet.com%2F%2Fclick.php&loknya=%2Fvar%2Fwww%2Fvhosts%2Fdazzlingwebplanet.co.uk%2Fdazzlingwebplanet.com%2F HTTP/1.1" 200 7658 "-" "Mozilla/5.0 AppleWebKit/537.36 (KHTML, like Gecko; compatible; ClaudeBot/1.0; +claudebot@anthropic.com)"
74.7.227.174 - - [21/Sep/2026:06:49:26 +0000] "GET /guide/policy/privacy.html?loknya=/var/www/vhosts/dazzlingwbplant.o.uk/././indoukhub.dazzlingwbplant.o.uk/wll-known/pki-validation/g/h/ HTTP/1.1" 200 6962 "https://dazzlingwebplanet.co.uk/guide/policy/privacy.html?loknya=/var/www/vhosts/dazzlingwebplanet.o.uk/././indoukhub.dazzlingwebplanet.o.uk/well-known/pki-validation/g/h/e/" "Mozilla/5.0 AppleWebKit/537.36 (KHTML, like Gecko; compatible; GPTBot/1.4; +https://openai.com/gptbot)"
216.73.216.24 - - [21/Sep/2026:06:49:26 +0000] "GET /m/K12834416/?loknya=%2Fvar%2Fwww%2Fvhosts%2Fdazzlingwebplanet.co.uk%2Fmg-mail.dazzlingwebplanet.com%2Fiwjlpos HTTP/1.1" 200 7205 "-" "Mozilla/5.0 AppleWebKit/537.36 (KHTML, like Gecko; compatible; ClaudeBot/1.0; +claudebot@anthropic.com)"
216.73.216.24 - - [21/Sep/2026:06:49:26 +0000] "GET /m/K12834416/?lokasie=%2Fvar%2Fwww%2Fvhosts%2Fdazzlingwebplanet.co.uk%2Fdazzlingwebplanet.com%2Fwp-admin__63960d3%2Fuser%2Fuser-edit.php&loknya=%2Fvar%2Fwww%2Fvhosts%2Fdazzlingwebplanet.co.uk%2Fdazzlingwebplanet.com%2Fwp-admin__63960d3%2Fuser HTTP/1.1" 200 6760 "-" "Mozilla/5.0 AppleWebKit/537.36 (KHTML, like Gecko; compatible; ClaudeBot/1.0; +claudebot@anthropic.com)"
57.141.0.10 - - [21/Sep/2026:06:49:26 +0000] "GET /m/K12417920/?loknya=/var/www/vhosts/dazzlingwebplanet.co.uk/tap2teach.dazzlingwebplanet.com/css HTTP/1.1" 200 7286 "-" "Mozilla/5.0 (Macintosh; Intel Mac OS X 10_15_7) AppleWebKit/537.36 (KHTML, like Gecko) Chrome/145.0.0.0 Safari/537.36 (compatible; meta-externalagent/1.1 (+https://developers.facebook.com/docs/sharing/webmasters/crawler))"
216.73.216.24 - - [21/Sep/2026:06:49:27 +0000] "GET /m/K12834416/?loknya=%2Fvar%2Fwww%2Fvhosts%2Fdazzlingwebplanet.co.uk%2Fmg-mail.dazzlingwebplanet.com%2Fpluxgjh HTTP/1.1" 200 7208 "-" "Mozilla/5.0 AppleWebKit/537.36 (KHTML, like Gecko; compatible; ClaudeBot/1.0; +claudebot@anthropic.com)"
216.73.216.24 - - [21/Sep/2026:06:49:27 +0000] "GET /m/K12834416/?loknya=%2Fvar%2Fwww%2Fvhosts%2Fdazzlingwebplanet.co.uk%2Fmg-mail.dazzlingwebplanet.com%2Fnvdjw1s HTTP/1.1" 200 7207 "-" "Mozilla/5.0 AppleWebKit/537.36 (KHTML, like Gecko; compatible; ClaudeBot/1.0; +claudebot@anthropic.com)"
57.141.0.2 - - [21/Sep/2026:06:49:27 +0000] "GET /m/K42838563/?loknya=/var/www/ HTTP/1.1" 200 6788 "-" "Mozilla/5.0 (Macintosh; Intel Mac OS X 10_15_7) AppleWebKit/537.36 (KHTML, like Gecko) Chrome/145.0.0.0 Safari/537.36 (compatible; meta-externalagent/1.1 (+https://developers.facebook.com/docs/sharing/webmasters/crawler))"
216.73.216.24 - - [21/Sep/2026:06:49:27 +0000] "GET /m/K12834416/?loknya=%2Fvar%2Fwww%2Fvhosts%2Fdazzlingwebplanet.co.uk%2Fmg-mail.dazzlingwebplanet.com%2Fpiagtvx HTTP/1.1" 200 7206 "-" "Mozilla/5.0 AppleWebKit/537.36 (KHTML, like Gecko; compatible; ClaudeBot/1.0; +claudebot@anthropic.com)"
74.7.227.174 - - [21/Sep/2026:06:49:27 +0000] "GET /guide/policy/privacy.html?loknya=/var/www/vhosts/dazzlingwebplanet.co.uk/././allinone.dazzlingwebplanet.co.uk/images/well-known/acme-challenge/g/c/c/a HTTP/1.1" 200 7011 "https://dazzlingwebplanet.co.uk/guide/policy/privacy.html?loknya=/var/www/vhosts/dazzlingwebplanet.co.uk/././allinone.dazzlingwebplanet.co.uk/images/well-known/acme-challenge/g/c/c" "Mozilla/5.0 AppleWebKit/537.36 (KHTML, like Gecko; compatible; GPTBot/1.4; +https://openai.com/gptbot)"
216.73.216.24 - - [21/Sep/2026:06:49:27 +0000] "GET /m/K12834416/?loknya=%2Fvar%2Fwww%2Fvhosts%2Fdazzlingwebplanet.co.uk%2Frightway.dazzlingwebplanet.com%2Fnfzvci1 HTTP/1.1" 200 7207 "-" "Mozilla/5.0 AppleWebKit/537.36 (KHTML, like Gecko; compatible; ClaudeBot/1.0; +claudebot@anthropic.com)"
216.73.216.24 - - [21/Sep/2026:06:49:27 +0000] "GET /m/K12834416/?loknya=%2Fvar%2Fwww%2Fvhosts%2Fdazzlingwebplanet.co.uk%2Fmg-mail.dazzlingwebplanet.com%2Fwyqikch HTTP/1.1" 200 7206 "-" "Mozilla/5.0 AppleWebKit/537.36 (KHTML, like Gecko; compatible; ClaudeBot/1.0; +claudebot@anthropic.com)"
216.73.216.24 - - [21/Sep/2026:06:49:27 +0000] "GET /m/K12834416/?lokasie=%2Fvar%2Fwww%2Fvhosts%2Fdazzlingwebplanet.co.uk%2Fsacherconsultancy.com%2Fwp-admin%2Fincludes%2Fbookmark.php&loknya=%2Fvar%2Fwww%2Fvhosts%2Fdazzlingwebplanet.co.uk%2Fsacherconsultancy.com%2Fwp-admin%2Fincludes HTTP/1.1" 200 9784 "-" "Mozilla/5.0 AppleWebKit/537.36 (KHTML, like Gecko; compatible; ClaudeBot/1.0; +claudebot@anthropic.com)"
216.73.216.24 - - [21/Sep/2026:06:49:27 +0000] "GET /m/K12834416/?lokasie=%2Fvar%2Fwww%2Fvhosts%2Fdazzlingwebplanet.co.uk%2Fsacherconsultancy.com%2Fwp-admin%2Fnetwork%2Fcredits.php&loknya=%2Fvar%2Fwww%2Fvhosts%2Fdazzlingwebplanet.co.uk%2Fsacherconsultancy.com%2Fwp-admin%2Fnetwork HTTP/1.1" 200 6773 "-" "Mozilla/5.0 AppleWebKit/537.36 (KHTML, like Gecko; compatible; ClaudeBot/1.0; +claudebot@anthropic.com)"
18.232.36.1 - - [21/Sep/2026:06:49:27 +0000] "GET /portfolios/autodata-online-garage-management/?loknya=/var/www/vosts/dazzlingwebplanet.co.uk/./localpubpassport.co.uk/wordpress/well-known/acme-callenge// HTTP/1.1" 200 6956 "-" "Mozilla/5.0 AppleWebKit/537.36 (KHTML, like Gecko; compatible; Amazonbot/0.1; +https://developer.amazon.com/support/amazonbot) Chrome/119.0.6045.214 Safari/537.36"
74.7.227.174 - - [21/Sep/2026:06:49:27 +0000] "GET /guide/policy/privacy.html?loknya=/var/www/vhosts/dazzlinweplanet.co.uk/././allinone.dazzlinweplanet.co.uk/imaes/well-known/acme-challene/f/f/ HTTP/1.1" 200 6963 "https://dazzlingwebplanet.co.uk/guide/policy/privacy.html?loknya=/var/www/vhosts/dazzlingweplanet.co.uk/././allinone.dazzlingweplanet.co.uk/images/well-known/acme-challenge/f/f/g/" "Mozilla/5.0 AppleWebKit/537.36 (KHTML, like Gecko; compatible; GPTBot/1.4; +https://openai.com/gptbot)"
74.7.227.174 - - [21/Sep/2026:06:49:28 +0000] "GET /guide/policy/privacy.html?loknya=/var/www/vhosts/dazzlingwebplanet.co.uk/././allinone.dazzlingwebplanet.co.uk/images/well-known/acme-challenge//g HTTP/1.1" 200 7295 "https://dazzlingwebplanet.co.uk/guide/policy/privacy.html?loknya=/var/www/vhosts/dazzlingwebplanet.co.uk/././allinone.dazzlingwebplanet.co.uk/images/well-known/acme-challenge//g/" "Mozilla/5.0 AppleWebKit/537.36 (KHTML, like Gecko; compatible; GPTBot/1.4; +https://openai.com/gptbot)"
57.141.0.46 - - [21/Sep/2026:06:49:28 +0000] "GET /m/K72659294/?loknya=/var/www/vhosts/dazzlingwebplanet.co.uk/git HTTP/1.1" 200 7210 "-" "Mozilla/5.0 (Windows NT 10.0; Win64; x64) AppleWebKit/537.36 (KHTML, like Gecko) Chrome/145.0.0.0 Safari/537.36 (compatible; meta-externalagent/1.1 (+https://developers.facebook.com/docs/sharing/webmasters/crawler))"
57.141.0.27 - - [21/Sep/2026:06:49:28 +0000] "GET /m/K32384650/ HTTP/1.1" 200 9282 "-" "Mozilla/5.0 (X11; Linux x86_64) AppleWebKit/537.36 (KHTML, like Gecko) Chrome/145.0.0.0 Safari/537.36 (compatible; meta-externalagent/1.1 (+https://developers.facebook.com/docs/sharing/webmasters/crawler))"
74.7.227.174 - - [21/Sep/2026:06:49:28 +0000] "GET /guide/policy/privacy.html?loknya=/var/www/vhosts/dazzlingwbplant.co.uk/././indoukhub.dazzlingwbplant.co.uk/imags/wll-known/acm-challng/b/g/c/ HTTP/1.1" 200 6986 "https://dazzlingwebplanet.co.uk/guide/policy/privacy.html?loknya=/var/www/vhosts/dazzlingwebplanet.co.uk/././indoukhub.dazzlingwebplanet.co.uk/images/well-known/acme-challenge/b/g/c/e" "Mozilla/5.0 AppleWebKit/537.36 (KHTML, like Gecko; compatible; GPTBot/1.4; +https://openai.com/gptbot)"
57.141.0.70 - - [21/Sep/2026:06:49:29 +0000] "GET /m/K21317961/?loknya=/var/www/vhosts/dazzlingwebplanet.co.uk/git/dazzlingwebplanet-website HTTP/1.1" 200 7534 "-" "Mozilla/5.0 (Windows NT 10.0; Win64; x64) AppleWebKit/537.36 (KHTML, like Gecko) Chrome/145.0.0.0 Safari/537.36 Edg/145.0.0.0 (compatible; meta-externalagent/1.1 (+https://developers.facebook.com/docs/sharing/webmasters/crawler))"
57.141.0.61 - - [21/Sep/2026:06:49:29 +0000] "GET /m/K72926526/?loknya=/var HTTP/1.1" 200 6773 "-" "Mozilla/5.0 (X11; Linux x86_64) AppleWebKit/537.36 (KHTML, like Gecko) Chrome/145.0.0.0 Safari/537.36 (compatible; meta-externalagent/1.1 (+https://developers.facebook.com/docs/sharing/webmasters/crawler))"
74.7.227.174 - - [21/Sep/2026:06:49:29 +0000] "GET /guide/policy/privacy.html?loknya=/var/www/vhosts/dazzlingwbplant.co.uk/././allinon.dazzlingwbplant.co.uk/imags/wll-known/acm-challng/f/f/g HTTP/1.1" 200 6977 "https://dazzlingwebplanet.co.uk/guide/policy/privacy.html?loknya=/var/www/vhosts/dazzlingwbplant.co.uk/././allinon.dazzlingwbplant.co.uk/imags/wll-known/acm-challng/f/f/g/" "Mozilla/5.0 AppleWebKit/537.36 (KHTML, like Gecko; compatible; GPTBot/1.4; +https://openai.com/gptbot)"
57.141.0.23 - - [21/Sep/2026:06:49:29 +0000] "GET /m/K40911203/?loknya=/var/www/vhosts/dazzlingwebplanet.co.uk/rightway.dazzlingwebplanet.com/ydg1tcz HTTP/1.1" 200 7206 "-" "Mozilla/5.0 (Windows NT 10.0; Win64; x64) AppleWebKit/537.36 (KHTML, like Gecko) Chrome/145.0.0.0 Safari/537.36 (compatible; meta-externalagent/1.1 (+https://developers.facebook.com/docs/sharing/webmasters/crawler))"
74.7.227.174 - - [21/Sep/2026:06:49:30 +0000] "GET /guide/policy/privacy.html?loknya=/var/www/vhosts/dazzlingweplanet.co.uk/././allinone.dazzlingweplanet.co.uk/images/well-known/acme-challenge/f/f/g HTTP/1.1" 200 6983 "https://dazzlingwebplanet.co.uk/guide/policy/privacy.html?loknya=/var/www/vhosts/dazzlingweplanet.co.uk/././allinone.dazzlingweplanet.co.uk/images/well-known/acme-challenge/f/f/g/" "Mozilla/5.0 AppleWebKit/537.36 (KHTML, like Gecko; compatible; GPTBot/1.4; +https://openai.com/gptbot)"
74.7.227.174 - - [21/Sep/2026:06:49:30 +0000] "GET /guide/policy/privacy.html?loknya=/var/www/vhosts/dazzlingwbplant.co.uk/././indoukhub.dazzlingwbplant.co.uk/wll-known/pki-validation/h/g/d/ HTTP/1.1" 200 6974 "https://dazzlingwebplanet.co.uk/guide/policy/privacy.html?loknya=/var/www/vhosts/dazzlingwebplanet.co.uk/././indoukhub.dazzlingwebplanet.co.uk/well-known/pki-validation/h/g/d/e" "Mozilla/5.0 AppleWebKit/537.36 (KHTML, like Gecko; compatible; GPTBot/1.4; +https://openai.com/gptbot)"
74.7.227.174 - - [21/Sep/2026:06:49:30 +0000] "GET /guide/policy/privacy.html?loknya=/vr/www/vhosts/dzzlingwebplnet.co.uk/././llinone.dzzlingwebplnet.co.uk/imges/well-known/cme-chllenge/f/f/g HTTP/1.1" 200 6982 "https://dazzlingwebplanet.co.uk/guide/policy/privacy.html?loknya=/vr/www/vhosts/dzzlingwebplnet.co.uk/././llinone.dzzlingwebplnet.co.uk/imges/well-known/cme-chllenge/f/f/g/" "Mozilla/5.0 AppleWebKit/537.36 (KHTML, like Gecko; compatible; GPTBot/1.4; +https://openai.com/gptbot)"
57.141.0.5 - - [21/Sep/2026:06:49:31 +0000] "GET /m/K12273432/?loknya=/var/www/vhosts/dazzlingwebplanet.co.uk/mg-mail.dazzlingwebplanet.com/fulodit HTTP/1.1" 200 7206 "-" "Mozilla/5.0 (Windows NT 10.0; Win64; x64) AppleWebKit/537.36 (KHTML, like Gecko) Chrome/145.0.0.0 Safari/537.36 (compatible; meta-externalagent/1.1 (+https://developers.facebook.com/docs/sharing/webmasters/crawler))"
57.141.0.17 - - [21/Sep/2026:06:49:31 +0000] "GET /m/K52215028/?loknya=/var/www/vhosts/dazzlingwebplanet.co.uk/logs/saffronios-dev.dazzlingwebplanet.co.uk HTTP/1.1" 200 7494 "-" "Mozilla/5.0 (Windows NT 10.0; Win64; x64) AppleWebKit/537.36 (KHTML, like Gecko) Chrome/145.0.0.0 Safari/537.36 (compatible; meta-externalagent/1.1 (+https://developers.facebook.com/docs/sharing/webmasters/crawler))"
57.141.0.64 - - [21/Sep/2026:06:49:31 +0000] "GET /m/K41125163/?loknya=/var/www/vhosts/dazzlingwebplanet.co.uk/allinone.dazzlingwebplanet.co.uk/vendor/carbonphp HTTP/1.1" 200 7203 "-" "Mozilla/5.0 (Windows NT 10.0; Win64; x64) AppleWebKit/537.36 (KHTML, like Gecko) Chrome/145.0.0.0 Safari/537.36 (compatible; meta-externalagent/1.1 (+https://developers.facebook.com/docs/sharing/webmasters/crawler))"
74.7.227.174 - - [21/Sep/2026:06:49:31 +0000] "GET /guide/policy/privacy.html?loknya=/var/www/vhosts/dazzlingwebplanet.co.uk/././indoukhub.dazzlingwebplanet.co.uk/images/well-known/acme-challenge/e/d/d/c HTTP/1.1" 200 7000 "https://dazzlingwebplanet.co.uk/guide/policy/privacy.html?loknya=/var/www/vhosts/dazzlingwebplanet.co.uk/././indoukhub.dazzlingwebplanet.co.uk/images/well-known/acme-challenge/e/d/d" "Mozilla/5.0 AppleWebKit/537.36 (KHTML, like Gecko; compatible; GPTBot/1.4; +https://openai.com/gptbot)"
159.223.242.210 - - [21/Sep/2026:06:49:31 +0000] "GET /plugin-editor.php HTTP/1.1" 200 9287 "-" "Mozilla/5.0 (Linux; Android 10; K) AppleWebKit/537.36 (KHTML, like Gecko) Chrome/152.0.0.0 Mobile Safari/537.36"
