74.7.243.210 - - [04/Sep/2026:11:56:37 +0000] "GET /m/K10081768/ HTTP/1.1" 200 4969 "https://tap2teach.dazzlingwebplanet.com/sitemap2.xml" "Mozilla/5.0 AppleWebKit/537.36 (KHTML, like Gecko; compatible; GPTBot/1.4; +https://openai.com/gptbot)"
216.73.217.146 - - [04/Sep/2026:11:56:40 +0000] "GET /m/K50846580/ HTTP/1.1" 200 4969 "-" "Mozilla/5.0 AppleWebKit/537.36 (KHTML, like Gecko; compatible; ClaudeBot/1.0; +claudebot@anthropic.com)"
74.7.243.210 - - [04/Sep/2026:11:56:40 +0000] "GET /m/K62007621/ HTTP/1.1" 200 4969 "https://tap2teach.dazzlingwebplanet.com/sitemap1.xml" "Mozilla/5.0 AppleWebKit/537.36 (KHTML, like Gecko; compatible; GPTBot/1.4; +https://openai.com/gptbot)"
216.73.217.146 - - [04/Sep/2026:11:56:43 +0000] "GET /m/K31950778/ HTTP/1.1" 200 4969 "-" "Mozilla/5.0 AppleWebKit/537.36 (KHTML, like Gecko; compatible; ClaudeBot/1.0; +claudebot@anthropic.com)"
74.7.243.210 - - [04/Sep/2026:11:56:43 +0000] "GET /m/K80094119/ HTTP/1.1" 200 4969 "https://tap2teach.dazzlingwebplanet.com/sitemap1.xml" "Mozilla/5.0 AppleWebKit/537.36 (KHTML, like Gecko; compatible; GPTBot/1.4; +https://openai.com/gptbot)"
216.73.217.146 - - [04/Sep/2026:11:56:46 +0000] "GET /m/K31762050/ HTTP/1.1" 200 4969 "-" "Mozilla/5.0 AppleWebKit/537.36 (KHTML, like Gecko; compatible; ClaudeBot/1.0; +claudebot@anthropic.com)"
74.7.243.210 - - [04/Sep/2026:11:56:46 +0000] "GET /m/K21223257/ HTTP/1.1" 200 4969 "https://tap2teach.dazzlingwebplanet.com/sitemap5.xml" "Mozilla/5.0 AppleWebKit/537.36 (KHTML, like Gecko; compatible; GPTBot/1.4; +https://openai.com/gptbot)"
216.73.217.146 - - [04/Sep/2026:11:56:49 +0000] "GET /m/K30926562/ HTTP/1.1" 200 4969 "-" "Mozilla/5.0 AppleWebKit/537.36 (KHTML, like Gecko; compatible; ClaudeBot/1.0; +claudebot@anthropic.com)"
74.7.243.210 - - [04/Sep/2026:11:56:49 +0000] "GET /m/K60117005/ HTTP/1.1" 200 4969 "https://tap2teach.dazzlingwebplanet.com/sitemap1.xml" "Mozilla/5.0 AppleWebKit/537.36 (KHTML, like Gecko; compatible; GPTBot/1.4; +https://openai.com/gptbot)"
216.73.217.146 - - [04/Sep/2026:11:56:52 +0000] "GET /m/K60533725/ HTTP/1.1" 200 4969 "-" "Mozilla/5.0 AppleWebKit/537.36 (KHTML, like Gecko; compatible; ClaudeBot/1.0; +claudebot@anthropic.com)"
74.7.243.210 - - [04/Sep/2026:11:56:52 +0000] "GET /m/K41218115/ HTTP/1.1" 200 4969 "https://tap2teach.dazzlingwebplanet.com/sitemap3.xml" "Mozilla/5.0 AppleWebKit/537.36 (KHTML, like Gecko; compatible; GPTBot/1.4; +https://openai.com/gptbot)"
216.73.217.146 - - [04/Sep/2026:11:56:55 +0000] "GET /m/K30513170/ HTTP/1.1" 200 4969 "-" "Mozilla/5.0 AppleWebKit/537.36 (KHTML, like Gecko; compatible; ClaudeBot/1.0; +claudebot@anthropic.com)"
74.7.243.210 - - [04/Sep/2026:11:56:55 +0000] "GET /m/K40704051/ HTTP/1.1" 200 4969 "https://tap2teach.dazzlingwebplanet.com/sitemap5.xml" "Mozilla/5.0 AppleWebKit/537.36 (KHTML, like Gecko; compatible; GPTBot/1.4; +https://openai.com/gptbot)"
216.73.217.146 - - [04/Sep/2026:11:56:58 +0000] "GET /m/K61309285/ HTTP/1.1" 200 4969 "-" "Mozilla/5.0 AppleWebKit/537.36 (KHTML, like Gecko; compatible; ClaudeBot/1.0; +claudebot@anthropic.com)"
74.7.243.210 - - [04/Sep/2026:11:56:58 +0000] "GET /m/K30542442/ HTTP/1.1" 200 4969 "https://tap2teach.dazzlingwebplanet.com/sitemap2.xml" "Mozilla/5.0 AppleWebKit/537.36 (KHTML, like Gecko; compatible; GPTBot/1.4; +https://openai.com/gptbot)"
216.73.217.146 - - [04/Sep/2026:11:57:01 +0000] "GET /m/K32634066/ HTTP/1.1" 200 4969 "-" "Mozilla/5.0 AppleWebKit/537.36 (KHTML, like Gecko; compatible; ClaudeBot/1.0; +claudebot@anthropic.com)"
74.7.243.210 - - [04/Sep/2026:11:57:01 +0000] "GET /m/K62252325/ HTTP/1.1" 200 4969 "https://tap2teach.dazzlingwebplanet.com/sitemap2.xml" "Mozilla/5.0 AppleWebKit/537.36 (KHTML, like Gecko; compatible; GPTBot/1.4; +https://openai.com/gptbot)"
216.73.217.146 - - [04/Sep/2026:11:57:04 +0000] "GET /m/K42593075/ HTTP/1.1" 200 4969 "-" "Mozilla/5.0 AppleWebKit/537.36 (KHTML, like Gecko; compatible; ClaudeBot/1.0; +claudebot@anthropic.com)"
74.7.243.210 - - [04/Sep/2026:11:57:04 +0000] "GET /m/K41599291/ HTTP/1.1" 200 4969 "https://tap2teach.dazzlingwebplanet.com/sitemap5.xml" "Mozilla/5.0 AppleWebKit/537.36 (KHTML, like Gecko; compatible; GPTBot/1.4; +https://openai.com/gptbot)"
216.73.217.146 - - [04/Sep/2026:11:57:07 +0000] "GET /m/K80197655/ HTTP/1.1" 200 4969 "-" "Mozilla/5.0 AppleWebKit/537.36 (KHTML, like Gecko; compatible; ClaudeBot/1.0; +claudebot@anthropic.com)"
74.7.243.210 - - [04/Sep/2026:11:57:07 +0000] "GET /m/K80717007/ HTTP/1.1" 200 4969 "https://tap2teach.dazzlingwebplanet.com/sitemap2.xml" "Mozilla/5.0 AppleWebKit/537.36 (KHTML, like Gecko; compatible; GPTBot/1.4; +https://openai.com/gptbot)"
216.73.217.146 - - [04/Sep/2026:11:57:10 +0000] "GET /m/K31741106/ HTTP/1.1" 200 4969 "-" "Mozilla/5.0 AppleWebKit/537.36 (KHTML, like Gecko; compatible; ClaudeBot/1.0; +claudebot@anthropic.com)"
74.7.243.210 - - [04/Sep/2026:11:57:10 +0000] "GET /m/K72187918/ HTTP/1.1" 200 4969 "https://tap2teach.dazzlingwebplanet.com/sitemap1.xml" "Mozilla/5.0 AppleWebKit/537.36 (KHTML, like Gecko; compatible; GPTBot/1.4; +https://openai.com/gptbot)"
216.73.217.146 - - [04/Sep/2026:11:57:13 +0000] "GET /m/K30800082/ HTTP/1.1" 200 4969 "-" "Mozilla/5.0 AppleWebKit/537.36 (KHTML, like Gecko; compatible; ClaudeBot/1.0; +claudebot@anthropic.com)"
74.7.243.210 - - [04/Sep/2026:11:57:13 +0000] "GET /m/K12277576/ HTTP/1.1" 200 4969 "https://tap2teach.dazzlingwebplanet.com/sitemap3.xml" "Mozilla/5.0 AppleWebKit/537.36 (KHTML, like Gecko; compatible; GPTBot/1.4; +https://openai.com/gptbot)"
216.73.217.146 - - [04/Sep/2026:11:57:16 +0000] "GET /m/K11897520/ HTTP/1.1" 200 4969 "-" "Mozilla/5.0 AppleWebKit/537.36 (KHTML, like Gecko; compatible; ClaudeBot/1.0; +claudebot@anthropic.com)"
74.7.243.210 - - [04/Sep/2026:11:57:16 +0000] "GET /m/K60086101/ HTTP/1.1" 200 4969 "https://tap2teach.dazzlingwebplanet.com/sitemap5.xml" "Mozilla/5.0 AppleWebKit/537.36 (KHTML, like Gecko; compatible; GPTBot/1.4; +https://openai.com/gptbot)"
216.73.217.146 - - [04/Sep/2026:11:57:19 +0000] "GET /m/K72138582/ HTTP/1.1" 200 4969 "-" "Mozilla/5.0 AppleWebKit/537.36 (KHTML, like Gecko; compatible; ClaudeBot/1.0; +claudebot@anthropic.com)"
74.7.243.210 - - [04/Sep/2026:11:57:19 +0000] "GET /m/K72173134/ HTTP/1.1" 200 4969 "https://tap2teach.dazzlingwebplanet.com/sitemap2.xml" "Mozilla/5.0 AppleWebKit/537.36 (KHTML, like Gecko; compatible; GPTBot/1.4; +https://openai.com/gptbot)"
216.73.217.146 - - [04/Sep/2026:11:57:22 +0000] "GET /m/K42047779/ HTTP/1.1" 200 4969 "-" "Mozilla/5.0 AppleWebKit/537.36 (KHTML, like Gecko; compatible; ClaudeBot/1.0; +claudebot@anthropic.com)"
74.7.243.210 - - [04/Sep/2026:11:57:22 +0000] "GET /m/K82832335/ HTTP/1.1" 200 4969 "https://tap2teach.dazzlingwebplanet.com/sitemap2.xml" "Mozilla/5.0 AppleWebKit/537.36 (KHTML, like Gecko; compatible; GPTBot/1.4; +https://openai.com/gptbot)"
216.73.217.146 - - [04/Sep/2026:11:57:25 +0000] "GET /m/K12065504/ HTTP/1.1" 200 4969 "-" "Mozilla/5.0 AppleWebKit/537.36 (KHTML, like Gecko; compatible; ClaudeBot/1.0; +claudebot@anthropic.com)"
74.7.243.210 - - [04/Sep/2026:11:57:25 +0000] "GET /m/K60603365/ HTTP/1.1" 200 4969 "https://tap2teach.dazzlingwebplanet.com/sitemap2.xml" "Mozilla/5.0 AppleWebKit/537.36 (KHTML, like Gecko; compatible; GPTBot/1.4; +https://openai.com/gptbot)"
74.7.243.210 - - [04/Sep/2026:11:57:28 +0000] "GET /m/K62280205/ HTTP/1.1" 200 4969 "https://tap2teach.dazzlingwebplanet.com/sitemap1.xml" "Mozilla/5.0 AppleWebKit/537.36 (KHTML, like Gecko; compatible; GPTBot/1.4; +https://openai.com/gptbot)"
216.73.217.146 - - [04/Sep/2026:11:57:29 +0000] "GET /m/K50134676/ HTTP/1.1" 200 4969 "-" "Mozilla/5.0 AppleWebKit/537.36 (KHTML, like Gecko; compatible; ClaudeBot/1.0; +claudebot@anthropic.com)"
74.7.243.210 - - [04/Sep/2026:11:57:31 +0000] "GET /m/K21592577/ HTTP/1.1" 200 4969 "https://tap2teach.dazzlingwebplanet.com/sitemap1.xml" "Mozilla/5.0 AppleWebKit/537.36 (KHTML, like Gecko; compatible; GPTBot/1.4; +https://openai.com/gptbot)"
216.73.217.146 - - [04/Sep/2026:11:57:32 +0000] "GET /m/K72278358/ HTTP/1.1" 200 4969 "-" "Mozilla/5.0 AppleWebKit/537.36 (KHTML, like Gecko; compatible; ClaudeBot/1.0; +claudebot@anthropic.com)"
74.7.243.210 - - [04/Sep/2026:11:57:34 +0000] "GET /m/K10040720/ HTTP/1.1" 200 4969 "https://tap2teach.dazzlingwebplanet.com/sitemap2.xml" "Mozilla/5.0 AppleWebKit/537.36 (KHTML, like Gecko; compatible; GPTBot/1.4; +https://openai.com/gptbot)"
216.73.217.146 - - [04/Sep/2026:11:57:35 +0000] "GET /m/K21212865/ HTTP/1.1" 200 4969 "-" "Mozilla/5.0 AppleWebKit/537.36 (KHTML, like Gecko; compatible; ClaudeBot/1.0; +claudebot@anthropic.com)"
74.7.243.210 - - [04/Sep/2026:11:57:37 +0000] "GET /m/K11892592/ HTTP/1.1" 200 4969 "https://tap2teach.dazzlingwebplanet.com/sitemap3.xml" "Mozilla/5.0 AppleWebKit/537.36 (KHTML, like Gecko; compatible; GPTBot/1.4; +https://openai.com/gptbot)"
216.73.217.146 - - [04/Sep/2026:11:57:38 +0000] "GET /m/K41502579/ HTTP/1.1" 200 4969 "-" "Mozilla/5.0 AppleWebKit/537.36 (KHTML, like Gecko; compatible; ClaudeBot/1.0; +claudebot@anthropic.com)"
74.7.243.210 - - [04/Sep/2026:11:57:40 +0000] "GET /m/K10199168/ HTTP/1.1" 200 4969 "https://tap2teach.dazzlingwebplanet.com/sitemap1.xml" "Mozilla/5.0 AppleWebKit/537.36 (KHTML, like Gecko; compatible; GPTBot/1.4; +https://openai.com/gptbot)"
216.73.217.146 - - [04/Sep/2026:11:57:41 +0000] "GET /m/K20730681/ HTTP/1.1" 200 4969 "-" "Mozilla/5.0 AppleWebKit/537.36 (KHTML, like Gecko; compatible; ClaudeBot/1.0; +claudebot@anthropic.com)"
74.7.243.210 - - [04/Sep/2026:11:57:43 +0000] "GET /m/K20900337/ HTTP/1.1" 200 4969 "https://tap2teach.dazzlingwebplanet.com/sitemap3.xml" "Mozilla/5.0 AppleWebKit/537.36 (KHTML, like Gecko; compatible; GPTBot/1.4; +https://openai.com/gptbot)"
216.73.217.146 - - [04/Sep/2026:11:57:44 +0000] "GET /m/K70658206/ HTTP/1.1" 200 4969 "-" "Mozilla/5.0 AppleWebKit/537.36 (KHTML, like Gecko; compatible; ClaudeBot/1.0; +claudebot@anthropic.com)"
74.7.243.210 - - [04/Sep/2026:11:57:46 +0000] "GET /m/K22509505/ HTTP/1.1" 200 4969 "https://tap2teach.dazzlingwebplanet.com/sitemap1.xml" "Mozilla/5.0 AppleWebKit/537.36 (KHTML, like Gecko; compatible; GPTBot/1.4; +https://openai.com/gptbot)"
216.73.217.146 - - [04/Sep/2026:11:57:47 +0000] "GET /m/K12305296/ HTTP/1.1" 200 4969 "-" "Mozilla/5.0 AppleWebKit/537.36 (KHTML, like Gecko; compatible; ClaudeBot/1.0; +claudebot@anthropic.com)"
74.7.243.210 - - [04/Sep/2026:11:57:49 +0000] "GET /m/K41773779/ HTTP/1.1" 200 4969 "https://tap2teach.dazzlingwebplanet.com/sitemap2.xml" "Mozilla/5.0 AppleWebKit/537.36 (KHTML, like Gecko; compatible; GPTBot/1.4; +https://openai.com/gptbot)"
216.73.217.146 - - [04/Sep/2026:11:57:50 +0000] "GET /m/K71454102/ HTTP/1.1" 200 4969 "-" "Mozilla/5.0 AppleWebKit/537.36 (KHTML, like Gecko; compatible; ClaudeBot/1.0; +claudebot@anthropic.com)"
74.7.243.210 - - [04/Sep/2026:11:57:52 +0000] "GET /m/K60051909/ HTTP/1.1" 200 4969 "https://tap2teach.dazzlingwebplanet.com/sitemap5.xml" "Mozilla/5.0 AppleWebKit/537.36 (KHTML, like Gecko; compatible; GPTBot/1.4; +https://openai.com/gptbot)"
216.73.217.146 - - [04/Sep/2026:11:57:53 +0000] "GET /m/K71551846/ HTTP/1.1" 200 4969 "-" "Mozilla/5.0 AppleWebKit/537.36 (KHTML, like Gecko; compatible; ClaudeBot/1.0; +claudebot@anthropic.com)"
74.7.243.210 - - [04/Sep/2026:11:57:55 +0000] "GET /m/K50468588/ HTTP/1.1" 200 4969 "https://tap2teach.dazzlingwebplanet.com/sitemap5.xml" "Mozilla/5.0 AppleWebKit/537.36 (KHTML, like Gecko; compatible; GPTBot/1.4; +https://openai.com/gptbot)"
216.73.217.146 - - [04/Sep/2026:11:57:56 +0000] "GET /m/K40211499/ HTTP/1.1" 200 4969 "-" "Mozilla/5.0 AppleWebKit/537.36 (KHTML, like Gecko; compatible; ClaudeBot/1.0; +claudebot@anthropic.com)"
74.7.243.210 - - [04/Sep/2026:11:57:58 +0000] "GET /m/K10512520/ HTTP/1.1" 200 4969 "https://tap2teach.dazzlingwebplanet.com/sitemap3.xml" "Mozilla/5.0 AppleWebKit/537.36 (KHTML, like Gecko; compatible; GPTBot/1.4; +https://openai.com/gptbot)"
216.73.217.146 - - [04/Sep/2026:11:57:59 +0000] "GET /m/K21178969/ HTTP/1.1" 200 4969 "-" "Mozilla/5.0 AppleWebKit/537.36 (KHTML, like Gecko; compatible; ClaudeBot/1.0; +claudebot@anthropic.com)"
74.7.243.210 - - [04/Sep/2026:11:58:01 +0000] "GET /m/K11510088/ HTTP/1.1" 200 4969 "https://tap2teach.dazzlingwebplanet.com/sitemap2.xml" "Mozilla/5.0 AppleWebKit/537.36 (KHTML, like Gecko; compatible; GPTBot/1.4; +https://openai.com/gptbot)"
216.73.217.146 - - [04/Sep/2026:11:58:02 +0000] "GET /m/K80512199/ HTTP/1.1" 200 4969 "-" "Mozilla/5.0 AppleWebKit/537.36 (KHTML, like Gecko; compatible; ClaudeBot/1.0; +claudebot@anthropic.com)"
74.7.243.210 - - [04/Sep/2026:11:58:04 +0000] "GET /m/K61532525/ HTTP/1.1" 200 4969 "https://tap2teach.dazzlingwebplanet.com/sitemap5.xml" "Mozilla/5.0 AppleWebKit/537.36 (KHTML, like Gecko; compatible; GPTBot/1.4; +https://openai.com/gptbot)"
216.73.217.146 - - [04/Sep/2026:11:58:05 +0000] "GET /m/K72508566/ HTTP/1.1" 200 4969 "-" "Mozilla/5.0 AppleWebKit/537.36 (KHTML, like Gecko; compatible; ClaudeBot/1.0; +claudebot@anthropic.com)"
74.7.243.210 - - [04/Sep/2026:11:58:07 +0000] "GET /m/K32731626/ HTTP/1.1" 200 4969 "https://tap2teach.dazzlingwebplanet.com/sitemap1.xml" "Mozilla/5.0 AppleWebKit/537.36 (KHTML, like Gecko; compatible; GPTBot/1.4; +https://openai.com/gptbot)"
216.73.217.146 - - [04/Sep/2026:11:58:08 +0000] "GET /m/K22332073/ HTTP/1.1" 200 4969 "-" "Mozilla/5.0 AppleWebKit/537.36 (KHTML, like Gecko; compatible; ClaudeBot/1.0; +claudebot@anthropic.com)"
74.7.243.210 - - [04/Sep/2026:11:58:10 +0000] "GET /m/K10229192/ HTTP/1.1" 200 4969 "https://tap2teach.dazzlingwebplanet.com/sitemap5.xml" "Mozilla/5.0 AppleWebKit/537.36 (KHTML, like Gecko; compatible; GPTBot/1.4; +https://openai.com/gptbot)"
216.73.217.146 - - [04/Sep/2026:11:58:11 +0000] "GET /m/K30117410/ HTTP/1.1" 200 4969 "-" "Mozilla/5.0 AppleWebKit/537.36 (KHTML, like Gecko; compatible; ClaudeBot/1.0; +claudebot@anthropic.com)"
74.7.243.210 - - [04/Sep/2026:11:58:13 +0000] "GET /m/K80937423/ HTTP/1.1" 200 4969 "https://tap2teach.dazzlingwebplanet.com/sitemap2.xml" "Mozilla/5.0 AppleWebKit/537.36 (KHTML, like Gecko; compatible; GPTBot/1.4; +https://openai.com/gptbot)"
216.73.217.146 - - [04/Sep/2026:11:58:14 +0000] "GET /m/K82884191/ HTTP/1.1" 200 4969 "-" "Mozilla/5.0 AppleWebKit/537.36 (KHTML, like Gecko; compatible; ClaudeBot/1.0; +claudebot@anthropic.com)"
74.7.243.210 - - [04/Sep/2026:11:58:16 +0000] "GET /m/K80583975/ HTTP/1.1" 200 4969 "https://tap2teach.dazzlingwebplanet.com/sitemap2.xml" "Mozilla/5.0 AppleWebKit/537.36 (KHTML, like Gecko; compatible; GPTBot/1.4; +https://openai.com/gptbot)"
216.73.217.146 - - [04/Sep/2026:11:58:17 +0000] "GET /m/K20975041/ HTTP/1.1" 200 4969 "-" "Mozilla/5.0 AppleWebKit/537.36 (KHTML, like Gecko; compatible; ClaudeBot/1.0; +claudebot@anthropic.com)"
74.7.243.210 - - [04/Sep/2026:11:58:19 +0000] "GET /m/K20664593/ HTTP/1.1" 200 4969 "https://tap2teach.dazzlingwebplanet.com/sitemap2.xml" "Mozilla/5.0 AppleWebKit/537.36 (KHTML, like Gecko; compatible; GPTBot/1.4; +https://openai.com/gptbot)"
216.73.217.146 - - [04/Sep/2026:11:58:20 +0000] "GET /m/K20935457/ HTTP/1.1" 200 4969 "-" "Mozilla/5.0 AppleWebKit/537.36 (KHTML, like Gecko; compatible; ClaudeBot/1.0; +claudebot@anthropic.com)"
74.7.243.210 - - [04/Sep/2026:11:58:22 +0000] "GET /m/K10764432/ HTTP/1.1" 200 4969 "https://tap2teach.dazzlingwebplanet.com/sitemap2.xml" "Mozilla/5.0 AppleWebKit/537.36 (KHTML, like Gecko; compatible; GPTBot/1.4; +https://openai.com/gptbot)"
216.73.217.146 - - [04/Sep/2026:11:58:23 +0000] "GET /m/K22670137/ HTTP/1.1" 200 4969 "-" "Mozilla/5.0 AppleWebKit/537.36 (KHTML, like Gecko; compatible; ClaudeBot/1.0; +claudebot@anthropic.com)"
74.7.243.210 - - [04/Sep/2026:11:58:25 +0000] "GET /m/K81695687/ HTTP/1.1" 200 4969 "https://tap2teach.dazzlingwebplanet.com/sitemap1.xml" "Mozilla/5.0 AppleWebKit/537.36 (KHTML, like Gecko; compatible; GPTBot/1.4; +https://openai.com/gptbot)"
216.73.217.146 - - [04/Sep/2026:11:58:26 +0000] "GET /m/K42637555/ HTTP/1.1" 200 4969 "-" "Mozilla/5.0 AppleWebKit/537.36 (KHTML, like Gecko; compatible; ClaudeBot/1.0; +claudebot@anthropic.com)"
74.7.243.210 - - [04/Sep/2026:11:58:28 +0000] "GET /m/K42135587/ HTTP/1.1" 200 4969 "https://tap2teach.dazzlingwebplanet.com/sitemap2.xml" "Mozilla/5.0 AppleWebKit/537.36 (KHTML, like Gecko; compatible; GPTBot/1.4; +https://openai.com/gptbot)"
216.73.217.146 - - [04/Sep/2026:11:58:29 +0000] "GET /m/K80022279/ HTTP/1.1" 200 4969 "-" "Mozilla/5.0 AppleWebKit/537.36 (KHTML, like Gecko; compatible; ClaudeBot/1.0; +claudebot@anthropic.com)"
74.7.243.210 - - [04/Sep/2026:11:58:31 +0000] "GET /m/K50798564/ HTTP/1.1" 200 4969 "https://tap2teach.dazzlingwebplanet.com/sitemap5.xml" "Mozilla/5.0 AppleWebKit/537.36 (KHTML, like Gecko; compatible; GPTBot/1.4; +https://openai.com/gptbot)"
216.73.217.146 - - [04/Sep/2026:11:58:32 +0000] "GET /m/K21655585/ HTTP/1.1" 200 4969 "-" "Mozilla/5.0 AppleWebKit/537.36 (KHTML, like Gecko; compatible; ClaudeBot/1.0; +claudebot@anthropic.com)"
74.7.243.210 - - [04/Sep/2026:11:58:34 +0000] "GET /m/K70478166/ HTTP/1.1" 200 4969 "https://tap2teach.dazzlingwebplanet.com/sitemap5.xml" "Mozilla/5.0 AppleWebKit/537.36 (KHTML, like Gecko; compatible; GPTBot/1.4; +https://openai.com/gptbot)"
216.73.217.146 - - [04/Sep/2026:11:58:35 +0000] "GET /m/K70498598/ HTTP/1.1" 200 4969 "-" "Mozilla/5.0 AppleWebKit/537.36 (KHTML, like Gecko; compatible; ClaudeBot/1.0; +claudebot@anthropic.com)"
74.7.243.210 - - [04/Sep/2026:11:58:37 +0000] "GET /m/K21387201/ HTTP/1.1" 200 4969 "https://tap2teach.dazzlingwebplanet.com/sitemap1.xml" "Mozilla/5.0 AppleWebKit/537.36 (KHTML, like Gecko; compatible; GPTBot/1.4; +https://openai.com/gptbot)"
216.73.217.146 - - [04/Sep/2026:11:58:38 +0000] "GET /m/K40425171/ HTTP/1.1" 200 4969 "-" "Mozilla/5.0 AppleWebKit/537.36 (KHTML, like Gecko; compatible; ClaudeBot/1.0; +claudebot@anthropic.com)"
74.7.243.210 - - [04/Sep/2026:11:58:40 +0000] "GET /m/K21256729/ HTTP/1.1" 200 4969 "https://tap2teach.dazzlingwebplanet.com/sitemap2.xml" "Mozilla/5.0 AppleWebKit/537.36 (KHTML, like Gecko; compatible; GPTBot/1.4; +https://openai.com/gptbot)"
216.73.217.146 - - [04/Sep/2026:11:58:41 +0000] "GET /m/K40507875/ HTTP/1.1" 200 4969 "-" "Mozilla/5.0 AppleWebKit/537.36 (KHTML, like Gecko; compatible; ClaudeBot/1.0; +claudebot@anthropic.com)"
74.7.243.210 - - [04/Sep/2026:11:58:43 +0000] "GET /m/K61373845/ HTTP/1.1" 200 4969 "https://tap2teach.dazzlingwebplanet.com/sitemap1.xml" "Mozilla/5.0 AppleWebKit/537.36 (KHTML, like Gecko; compatible; GPTBot/1.4; +https://openai.com/gptbot)"
216.73.217.146 - - [04/Sep/2026:11:58:44 +0000] "GET /m/K10944144/ HTTP/1.1" 200 4969 "-" "Mozilla/5.0 AppleWebKit/537.36 (KHTML, like Gecko; compatible; ClaudeBot/1.0; +claudebot@anthropic.com)"
74.7.243.210 - - [04/Sep/2026:11:58:46 +0000] "GET /m/K20346209/ HTTP/1.1" 200 4969 "https://tap2teach.dazzlingwebplanet.com/sitemap5.xml" "Mozilla/5.0 AppleWebKit/537.36 (KHTML, like Gecko; compatible; GPTBot/1.4; +https://openai.com/gptbot)"
216.73.217.146 - - [04/Sep/2026:11:58:47 +0000] "GET /m/K12093240/ HTTP/1.1" 200 4969 "-" "Mozilla/5.0 AppleWebKit/537.36 (KHTML, like Gecko; compatible; ClaudeBot/1.0; +claudebot@anthropic.com)"
74.7.243.210 - - [04/Sep/2026:11:58:49 +0000] "GET /m/K51490884/ HTTP/1.1" 200 4969 "https://tap2teach.dazzlingwebplanet.com/sitemap3.xml" "Mozilla/5.0 AppleWebKit/537.36 (KHTML, like Gecko; compatible; GPTBot/1.4; +https://openai.com/gptbot)"
216.73.217.146 - - [04/Sep/2026:11:58:50 +0000] "GET /m/K82714767/ HTTP/1.1" 200 4969 "-" "Mozilla/5.0 AppleWebKit/537.36 (KHTML, like Gecko; compatible; ClaudeBot/1.0; +claudebot@anthropic.com)"
74.7.243.210 - - [04/Sep/2026:11:58:52 +0000] "GET /m/K70798422/ HTTP/1.1" 200 4969 "https://tap2teach.dazzlingwebplanet.com/sitemap3.xml" "Mozilla/5.0 AppleWebKit/537.36 (KHTML, like Gecko; compatible; GPTBot/1.4; +https://openai.com/gptbot)"
216.73.217.146 - - [04/Sep/2026:11:58:53 +0000] "GET /m/K62760773/ HTTP/1.1" 200 4969 "-" "Mozilla/5.0 AppleWebKit/537.36 (KHTML, like Gecko; compatible; ClaudeBot/1.0; +claudebot@anthropic.com)"
74.7.243.210 - - [04/Sep/2026:11:58:55 +0000] "GET /m/K52164372/ HTTP/1.1" 200 4969 "https://tap2teach.dazzlingwebplanet.com/sitemap5.xml" "Mozilla/5.0 AppleWebKit/537.36 (KHTML, like Gecko; compatible; GPTBot/1.4; +https://openai.com/gptbot)"
216.73.217.146 - - [04/Sep/2026:11:58:56 +0000] "GET /m/K20499305/ HTTP/1.1" 200 4969 "-" "Mozilla/5.0 AppleWebKit/537.36 (KHTML, like Gecko; compatible; ClaudeBot/1.0; +claudebot@anthropic.com)"
74.7.243.210 - - [04/Sep/2026:11:58:58 +0000] "GET /m/K10907544/ HTTP/1.1" 200 4969 "https://tap2teach.dazzlingwebplanet.com/sitemap3.xml" "Mozilla/5.0 AppleWebKit/537.36 (KHTML, like Gecko; compatible; GPTBot/1.4; +https://openai.com/gptbot)"
216.73.217.146 - - [04/Sep/2026:11:58:59 +0000] "GET /m/K21209473/ HTTP/1.1" 200 4969 "-" "Mozilla/5.0 AppleWebKit/537.36 (KHTML, like Gecko; compatible; ClaudeBot/1.0; +claudebot@anthropic.com)"
74.7.243.210 - - [04/Sep/2026:11:59:01 +0000] "GET /m/K22551489/ HTTP/1.1" 200 4969 "https://tap2teach.dazzlingwebplanet.com/sitemap3.xml" "Mozilla/5.0 AppleWebKit/537.36 (KHTML, like Gecko; compatible; GPTBot/1.4; +https://openai.com/gptbot)"
216.73.217.146 - - [04/Sep/2026:11:59:02 +0000] "GET /m/K11933000/ HTTP/1.1" 200 4969 "-" "Mozilla/5.0 AppleWebKit/537.36 (KHTML, like Gecko; compatible; ClaudeBot/1.0; +claudebot@anthropic.com)"
74.7.243.210 - - [04/Sep/2026:11:59:04 +0000] "GET /m/K80943479/ HTTP/1.1" 200 4969 "https://tap2teach.dazzlingwebplanet.com/sitemap5.xml" "Mozilla/5.0 AppleWebKit/537.36 (KHTML, like Gecko; compatible; GPTBot/1.4; +https://openai.com/gptbot)"
216.73.217.146 - - [04/Sep/2026:11:59:05 +0000] "GET /m/K51544292/ HTTP/1.1" 200 4969 "-" "Mozilla/5.0 AppleWebKit/537.36 (KHTML, like Gecko; compatible; ClaudeBot/1.0; +claudebot@anthropic.com)"
74.7.243.210 - - [04/Sep/2026:11:59:07 +0000] "GET /m/K11258264/ HTTP/1.1" 200 4969 "https://tap2teach.dazzlingwebplanet.com/sitemap3.xml" "Mozilla/5.0 AppleWebKit/537.36 (KHTML, like Gecko; compatible; GPTBot/1.4; +https://openai.com/gptbot)"
216.73.217.146 - - [04/Sep/2026:11:59:08 +0000] "GET /m/K50653436/ HTTP/1.1" 200 4969 "-" "Mozilla/5.0 AppleWebKit/537.36 (KHTML, like Gecko; compatible; ClaudeBot/1.0; +claudebot@anthropic.com)"
74.7.243.210 - - [04/Sep/2026:11:59:10 +0000] "GET /m/K40583323/ HTTP/1.1" 200 4969 "https://tap2teach.dazzlingwebplanet.com/sitemap2.xml" "Mozilla/5.0 AppleWebKit/537.36 (KHTML, like Gecko; compatible; GPTBot/1.4; +https://openai.com/gptbot)"
216.73.217.146 - - [04/Sep/2026:11:59:11 +0000] "GET /m/K50802836/ HTTP/1.1" 200 4969 "-" "Mozilla/5.0 AppleWebKit/537.36 (KHTML, like Gecko; compatible; ClaudeBot/1.0; +claudebot@anthropic.com)"
74.7.243.210 - - [04/Sep/2026:11:59:13 +0000] "GET /m/K51143492/ HTTP/1.1" 200 4969 "https://tap2teach.dazzlingwebplanet.com/sitemap2.xml" "Mozilla/5.0 AppleWebKit/537.36 (KHTML, like Gecko; compatible; GPTBot/1.4; +https://openai.com/gptbot)"
216.73.217.146 - - [04/Sep/2026:11:59:14 +0000] "GET /m/K81292191/ HTTP/1.1" 200 4969 "-" "Mozilla/5.0 AppleWebKit/537.36 (KHTML, like Gecko; compatible; ClaudeBot/1.0; +claudebot@anthropic.com)"
74.7.243.210 - - [04/Sep/2026:11:59:16 +0000] "GET /m/K41650571/ HTTP/1.1" 200 4969 "https://tap2teach.dazzlingwebplanet.com/sitemap2.xml" "Mozilla/5.0 AppleWebKit/537.36 (KHTML, like Gecko; compatible; GPTBot/1.4; +https://openai.com/gptbot)"
216.73.217.146 - - [04/Sep/2026:11:59:17 +0000] "GET /m/K10740192/ HTTP/1.1" 200 4969 "-" "Mozilla/5.0 AppleWebKit/537.36 (KHTML, like Gecko; compatible; ClaudeBot/1.0; +claudebot@anthropic.com)"
74.7.243.210 - - [04/Sep/2026:11:59:19 +0000] "GET /m/K82471991/ HTTP/1.1" 200 4969 "https://tap2teach.dazzlingwebplanet.com/sitemap2.xml" "Mozilla/5.0 AppleWebKit/537.36 (KHTML, like Gecko; compatible; GPTBot/1.4; +https://openai.com/gptbot)"
216.73.217.146 - - [04/Sep/2026:11:59:20 +0000] "GET /m/K12890496/ HTTP/1.1" 200 4969 "-" "Mozilla/5.0 AppleWebKit/537.36 (KHTML, like Gecko; compatible; ClaudeBot/1.0; +claudebot@anthropic.com)"
74.7.243.210 - - [04/Sep/2026:11:59:22 +0000] "GET /m/K62087525/ HTTP/1.1" 200 4969 "https://tap2teach.dazzlingwebplanet.com/sitemap3.xml" "Mozilla/5.0 AppleWebKit/537.36 (KHTML, like Gecko; compatible; GPTBot/1.4; +https://openai.com/gptbot)"
216.73.217.146 - - [04/Sep/2026:11:59:23 +0000] "GET /m/K22396593/ HTTP/1.1" 200 4969 "-" "Mozilla/5.0 AppleWebKit/537.36 (KHTML, like Gecko; compatible; ClaudeBot/1.0; +claudebot@anthropic.com)"
74.7.243.210 - - [04/Sep/2026:11:59:25 +0000] "GET /m/K40642163/ HTTP/1.1" 200 4969 "https://tap2teach.dazzlingwebplanet.com/sitemap3.xml" "Mozilla/5.0 AppleWebKit/537.36 (KHTML, like Gecko; compatible; GPTBot/1.4; +https://openai.com/gptbot)"
216.73.217.146 - - [04/Sep/2026:11:59:26 +0000] "GET /m/K82582919/ HTTP/1.1" 200 4969 "-" "Mozilla/5.0 AppleWebKit/537.36 (KHTML, like Gecko; compatible; ClaudeBot/1.0; +claudebot@anthropic.com)"
74.7.243.210 - - [04/Sep/2026:11:59:28 +0000] "GET /m/K10949456/ HTTP/1.1" 200 4969 "https://tap2teach.dazzlingwebplanet.com/sitemap5.xml" "Mozilla/5.0 AppleWebKit/537.36 (KHTML, like Gecko; compatible; GPTBot/1.4; +https://openai.com/gptbot)"
216.73.217.146 - - [04/Sep/2026:11:59:29 +0000] "GET /m/K31291066/ HTTP/1.1" 200 4969 "-" "Mozilla/5.0 AppleWebKit/537.36 (KHTML, like Gecko; compatible; ClaudeBot/1.0; +claudebot@anthropic.com)"
74.7.243.210 - - [04/Sep/2026:11:59:31 +0000] "GET /m/K42589211/ HTTP/1.1" 200 4969 "https://tap2teach.dazzlingwebplanet.com/sitemap1.xml" "Mozilla/5.0 AppleWebKit/537.36 (KHTML, like Gecko; compatible; GPTBot/1.4; +https://openai.com/gptbot)"
216.73.217.146 - - [04/Sep/2026:11:59:32 +0000] "GET /m/K11454552/ HTTP/1.1" 200 4969 "-" "Mozilla/5.0 AppleWebKit/537.36 (KHTML, like Gecko; compatible; ClaudeBot/1.0; +claudebot@anthropic.com)"
74.7.243.210 - - [04/Sep/2026:11:59:34 +0000] "GET /m/K60034205/ HTTP/1.1" 200 4969 "https://tap2teach.dazzlingwebplanet.com/sitemap2.xml" "Mozilla/5.0 AppleWebKit/537.36 (KHTML, like Gecko; compatible; GPTBot/1.4; +https://openai.com/gptbot)"
216.73.217.146 - - [04/Sep/2026:11:59:35 +0000] "GET /m/K11056736/ HTTP/1.1" 200 4969 "-" "Mozilla/5.0 AppleWebKit/537.36 (KHTML, like Gecko; compatible; ClaudeBot/1.0; +claudebot@anthropic.com)"
74.7.243.210 - - [04/Sep/2026:11:59:37 +0000] "GET /m/K80035879/ HTTP/1.1" 200 4969 "https://tap2teach.dazzlingwebplanet.com/sitemap3.xml" "Mozilla/5.0 AppleWebKit/537.36 (KHTML, like Gecko; compatible; GPTBot/1.4; +https://openai.com/gptbot)"
216.73.217.146 - - [04/Sep/2026:11:59:38 +0000] "GET /m/K50617660/ HTTP/1.1" 200 4969 "-" "Mozilla/5.0 AppleWebKit/537.36 (KHTML, like Gecko; compatible; ClaudeBot/1.0; +claudebot@anthropic.com)"
74.7.243.210 - - [04/Sep/2026:11:59:40 +0000] "GET /m/K31885874/ HTTP/1.1" 200 4969 "https://tap2teach.dazzlingwebplanet.com/sitemap2.xml" "Mozilla/5.0 AppleWebKit/537.36 (KHTML, like Gecko; compatible; GPTBot/1.4; +https://openai.com/gptbot)"
216.73.217.146 - - [04/Sep/2026:11:59:41 +0000] "GET /m/K70382134/ HTTP/1.1" 200 4969 "-" "Mozilla/5.0 AppleWebKit/537.36 (KHTML, like Gecko; compatible; ClaudeBot/1.0; +claudebot@anthropic.com)"
74.7.243.210 - - [04/Sep/2026:11:59:43 +0000] "GET /m/K62538373/ HTTP/1.1" 200 4969 "https://tap2teach.dazzlingwebplanet.com/sitemap1.xml" "Mozilla/5.0 AppleWebKit/537.36 (KHTML, like Gecko; compatible; GPTBot/1.4; +https://openai.com/gptbot)"
216.73.217.146 - - [04/Sep/2026:11:59:44 +0000] "GET /m/K41924611/ HTTP/1.1" 200 4969 "-" "Mozilla/5.0 AppleWebKit/537.36 (KHTML, like Gecko; compatible; ClaudeBot/1.0; +claudebot@anthropic.com)"
74.7.243.210 - - [04/Sep/2026:11:59:46 +0000] "GET /m/K12879520/ HTTP/1.1" 200 4969 "https://tap2teach.dazzlingwebplanet.com/sitemap5.xml" "Mozilla/5.0 AppleWebKit/537.36 (KHTML, like Gecko; compatible; GPTBot/1.4; +https://openai.com/gptbot)"
216.73.217.146 - - [04/Sep/2026:11:59:47 +0000] "GET /m/K40888227/ HTTP/1.1" 200 4969 "-" "Mozilla/5.0 AppleWebKit/537.36 (KHTML, like Gecko; compatible; ClaudeBot/1.0; +claudebot@anthropic.com)"
74.7.243.210 - - [04/Sep/2026:11:59:49 +0000] "GET /m/K12782920/ HTTP/1.1" 200 4969 "https://tap2teach.dazzlingwebplanet.com/sitemap1.xml" "Mozilla/5.0 AppleWebKit/537.36 (KHTML, like Gecko; compatible; GPTBot/1.4; +https://openai.com/gptbot)"
74.7.243.210 - - [04/Sep/2026:11:59:52 +0000] "GET /m/K41130699/ HTTP/1.1" 200 4969 "https://tap2teach.dazzlingwebplanet.com/sitemap3.xml" "Mozilla/5.0 AppleWebKit/537.36 (KHTML, like Gecko; compatible; GPTBot/1.4; +https://openai.com/gptbot)"
34.106.86.51 - - [04/Sep/2026:11:59:54 +0000] "GET /wp-config.php.swp HTTP/1.1" 200 4969 "-" "crusader-worker/1.0"
34.106.86.51 - - [04/Sep/2026:11:59:54 +0000] "GET /env HTTP/1.1" 200 4969 "-" "crusader-worker/1.0"
34.106.86.51 - - [04/Sep/2026:11:59:54 +0000] "GET /.env HTTP/1.1" 200 4982 "-" "crusader-worker/1.0"
34.106.86.51 - - [04/Sep/2026:11:59:54 +0000] "GET /_ignition/health-check HTTP/1.1" 200 4969 "-" "crusader-worker/1.0"
34.106.86.51 - - [04/Sep/2026:11:59:54 +0000] "GET /actuator/configprops HTTP/1.1" 200 4969 "-" "crusader-worker/1.0"
34.106.86.51 - - [04/Sep/2026:11:59:54 +0000] "GET /wp-config.php.bak HTTP/1.1" 200 4969 "-" "crusader-worker/1.0"
34.106.86.51 - - [04/Sep/2026:11:59:54 +0000] "GET /.env.prod HTTP/1.1" 200 4969 "-" "crusader-worker/1.0"
34.106.86.51 - - [04/Sep/2026:11:59:54 +0000] "GET /.env.example HTTP/1.1" 200 4969 "-" "crusader-worker/1.0"
34.106.86.51 - - [04/Sep/2026:11:59:54 +0000] "GET /.env.old HTTP/1.1" 200 4969 "-" "crusader-worker/1.0"
34.106.86.51 - - [04/Sep/2026:11:59:54 +0000] "GET /wp-config.php~ HTTP/1.1" 200 4969 "-" "crusader-worker/1.0"
34.106.86.51 - - [04/Sep/2026:11:59:54 +0000] "GET /storage/logs/laravel.log HTTP/1.1" 200 4969 "-" "crusader-worker/1.0"
34.106.86.51 - - [04/Sep/2026:11:59:54 +0000] "GET /.env.bak HTTP/1.1" 200 4969 "-" "crusader-worker/1.0"
34.106.86.51 - - [04/Sep/2026:11:59:54 +0000] "GET /crusader-404-probe HTTP/1.1" 200 4969 "-" "crusader-worker/1.0"
34.106.86.51 - - [04/Sep/2026:11:59:54 +0000] "GET /.env.dev HTTP/1.1" 200 4969 "-" "crusader-worker/1.0"
34.106.86.51 - - [04/Sep/2026:11:59:54 +0000] "GET /.env.local HTTP/1.1" 200 4969 "-" "crusader-worker/1.0"
34.106.86.51 - - [04/Sep/2026:11:59:54 +0000] "GET /actuator/env HTTP/1.1" 200 4969 "-" "crusader-worker/1.0"
34.106.86.51 - - [04/Sep/2026:11:59:54 +0000] "GET /.env.save HTTP/1.1" 200 4969 "-" "crusader-worker/1.0"
34.106.86.51 - - [04/Sep/2026:11:59:54 +0000] "GET /.env.backup HTTP/1.1" 200 4969 "-" "crusader-worker/1.0"
34.106.86.51 - - [04/Sep/2026:11:59:54 +0000] "GET /.env.production HTTP/1.1" 200 4969 "-" "crusader-worker/1.0"
34.106.86.51 - - [04/Sep/2026:11:59:54 +0000] "GET /.env HTTP/1.1" 200 1056 "-" "crusader-worker/1.0"
74.7.243.210 - - [04/Sep/2026:11:59:55 +0000] "GET /m/K20256049/ HTTP/1.1" 200 4969 "https://tap2teach.dazzlingwebplanet.com/sitemap3.xml" "Mozilla/5.0 AppleWebKit/537.36 (KHTML, like Gecko; compatible; GPTBot/1.4; +https://openai.com/gptbot)"
74.7.243.210 - - [04/Sep/2026:11:59:58 +0000] "GET /m/K22668049/ HTTP/1.1" 200 4969 "https://tap2teach.dazzlingwebplanet.com/sitemap5.xml" "Mozilla/5.0 AppleWebKit/537.36 (KHTML, like Gecko; compatible; GPTBot/1.4; +https://openai.com/gptbot)"
74.7.243.210 - - [04/Sep/2026:12:00:01 +0000] "GET /m/K31142538/ HTTP/1.1" 200 4969 "https://tap2teach.dazzlingwebplanet.com/sitemap1.xml" "Mozilla/5.0 AppleWebKit/537.36 (KHTML, like Gecko; compatible; GPTBot/1.4; +https://openai.com/gptbot)"
74.7.243.210 - - [04/Sep/2026:12:00:04 +0000] "GET /m/K72553670/ HTTP/1.1" 200 4969 "https://tap2teach.dazzlingwebplanet.com/sitemap5.xml" "Mozilla/5.0 AppleWebKit/537.36 (KHTML, like Gecko; compatible; GPTBot/1.4; +https://openai.com/gptbot)"
74.7.243.210 - - [04/Sep/2026:12:00:07 +0000] "GET /m/K50897892/ HTTP/1.1" 200 4969 "https://tap2teach.dazzlingwebplanet.com/sitemap2.xml" "Mozilla/5.0 AppleWebKit/537.36 (KHTML, like Gecko; compatible; GPTBot/1.4; +https://openai.com/gptbot)"
74.7.243.210 - - [04/Sep/2026:12:00:10 +0000] "GET /m/K61606845/ HTTP/1.1" 200 4969 "https://tap2teach.dazzlingwebplanet.com/sitemap5.xml" "Mozilla/5.0 AppleWebKit/537.36 (KHTML, like Gecko; compatible; GPTBot/1.4; +https://openai.com/gptbot)"
74.7.243.210 - - [04/Sep/2026:12:00:13 +0000] "GET /m/K61570181/ HTTP/1.1" 200 4969 "https://tap2teach.dazzlingwebplanet.com/sitemap1.xml" "Mozilla/5.0 AppleWebKit/537.36 (KHTML, like Gecko; compatible; GPTBot/1.4; +https://openai.com/gptbot)"
74.7.243.210 - - [04/Sep/2026:12:00:16 +0000] "GET /m/K12548696/ HTTP/1.1" 200 4969 "https://tap2teach.dazzlingwebplanet.com/sitemap2.xml" "Mozilla/5.0 AppleWebKit/537.36 (KHTML, like Gecko; compatible; GPTBot/1.4; +https://openai.com/gptbot)"
74.7.243.210 - - [04/Sep/2026:12:00:19 +0000] "GET /m/K72796214/ HTTP/1.1" 200 4969 "https://tap2teach.dazzlingwebplanet.com/sitemap1.xml" "Mozilla/5.0 AppleWebKit/537.36 (KHTML, like Gecko; compatible; GPTBot/1.4; +https://openai.com/gptbot)"
74.7.243.210 - - [04/Sep/2026:12:00:22 +0000] "GET /m/K60476133/ HTTP/1.1" 200 4969 "https://tap2teach.dazzlingwebplanet.com/sitemap5.xml" "Mozilla/5.0 AppleWebKit/537.36 (KHTML, like Gecko; compatible; GPTBot/1.4; +https://openai.com/gptbot)"
74.7.243.210 - - [04/Sep/2026:12:00:25 +0000] "GET /m/K31902562/ HTTP/1.1" 200 4969 "https://tap2teach.dazzlingwebplanet.com/sitemap2.xml" "Mozilla/5.0 AppleWebKit/537.36 (KHTML, like Gecko; compatible; GPTBot/1.4; +https://openai.com/gptbot)"
74.7.243.210 - - [04/Sep/2026:12:00:28 +0000] "GET /m/K82001863/ HTTP/1.1" 200 4969 "https://tap2teach.dazzlingwebplanet.com/sitemap2.xml" "Mozilla/5.0 AppleWebKit/537.36 (KHTML, like Gecko; compatible; GPTBot/1.4; +https://openai.com/gptbot)"
74.7.243.210 - - [04/Sep/2026:12:00:31 +0000] "GET /m/K81460551/ HTTP/1.1" 200 4969 "https://tap2teach.dazzlingwebplanet.com/sitemap3.xml" "Mozilla/5.0 AppleWebKit/537.36 (KHTML, like Gecko; compatible; GPTBot/1.4; +https://openai.com/gptbot)"
74.7.243.210 - - [04/Sep/2026:12:00:34 +0000] "GET /m/K31492330/ HTTP/1.1" 200 4969 "https://tap2teach.dazzlingwebplanet.com/sitemap2.xml" "Mozilla/5.0 AppleWebKit/537.36 (KHTML, like Gecko; compatible; GPTBot/1.4; +https://openai.com/gptbot)"
74.7.243.210 - - [04/Sep/2026:12:00:37 +0000] "GET /m/K21090473/ HTTP/1.1" 200 4969 "https://tap2teach.dazzlingwebplanet.com/sitemap1.xml" "Mozilla/5.0 AppleWebKit/537.36 (KHTML, like Gecko; compatible; GPTBot/1.4; +https://openai.com/gptbot)"
74.7.243.210 - - [04/Sep/2026:12:00:40 +0000] "GET /m/K30510178/ HTTP/1.1" 200 4969 "https://tap2teach.dazzlingwebplanet.com/sitemap1.xml" "Mozilla/5.0 AppleWebKit/537.36 (KHTML, like Gecko; compatible; GPTBot/1.4; +https://openai.com/gptbot)"
74.7.243.210 - - [04/Sep/2026:12:00:43 +0000] "GET /m/K30129762/ HTTP/1.1" 200 4969 "https://tap2teach.dazzlingwebplanet.com/sitemap5.xml" "Mozilla/5.0 AppleWebKit/537.36 (KHTML, like Gecko; compatible; GPTBot/1.4; +https://openai.com/gptbot)"
74.7.243.210 - - [04/Sep/2026:12:00:46 +0000] "GET /m/K32041290/ HTTP/1.1" 200 4969 "https://tap2teach.dazzlingwebplanet.com/sitemap1.xml" "Mozilla/5.0 AppleWebKit/537.36 (KHTML, like Gecko; compatible; GPTBot/1.4; +https://openai.com/gptbot)"
74.7.243.210 - - [04/Sep/2026:12:00:49 +0000] "GET /m/K31898874/ HTTP/1.1" 200 4969 "https://tap2teach.dazzlingwebplanet.com/sitemap1.xml" "Mozilla/5.0 AppleWebKit/537.36 (KHTML, like Gecko; compatible; GPTBot/1.4; +https://openai.com/gptbot)"
74.7.243.210 - - [04/Sep/2026:12:00:52 +0000] "GET /m/K21452729/ HTTP/1.1" 200 4969 "https://tap2teach.dazzlingwebplanet.com/sitemap2.xml" "Mozilla/5.0 AppleWebKit/537.36 (KHTML, like Gecko; compatible; GPTBot/1.4; +https://openai.com/gptbot)"
74.7.243.210 - - [04/Sep/2026:12:00:55 +0000] "GET /m/K50390492/ HTTP/1.1" 200 4969 "https://tap2teach.dazzlingwebplanet.com/sitemap3.xml" "Mozilla/5.0 AppleWebKit/537.36 (KHTML, like Gecko; compatible; GPTBot/1.4; +https://openai.com/gptbot)"
74.7.243.210 - - [04/Sep/2026:12:00:58 +0000] "GET /m/K40859771/ HTTP/1.1" 200 4969 "https://tap2teach.dazzlingwebplanet.com/sitemap2.xml" "Mozilla/5.0 AppleWebKit/537.36 (KHTML, like Gecko; compatible; GPTBot/1.4; +https://openai.com/gptbot)"
74.7.243.210 - - [04/Sep/2026:12:01:01 +0000] "GET /m/K42007963/ HTTP/1.1" 200 4969 "https://tap2teach.dazzlingwebplanet.com/sitemap2.xml" "Mozilla/5.0 AppleWebKit/537.36 (KHTML, like Gecko; compatible; GPTBot/1.4; +https://openai.com/gptbot)"
74.7.243.210 - - [04/Sep/2026:12:01:04 +0000] "GET /m/K81720167/ HTTP/1.1" 200 4969 "https://tap2teach.dazzlingwebplanet.com/sitemap5.xml" "Mozilla/5.0 AppleWebKit/537.36 (KHTML, like Gecko; compatible; GPTBot/1.4; +https://openai.com/gptbot)"
74.7.243.210 - - [04/Sep/2026:12:01:07 +0000] "GET /m/K50954132/ HTTP/1.1" 200 4969 "https://tap2teach.dazzlingwebplanet.com/sitemap5.xml" "Mozilla/5.0 AppleWebKit/537.36 (KHTML, like Gecko; compatible; GPTBot/1.4; +https://openai.com/gptbot)"
74.7.243.210 - - [04/Sep/2026:12:01:10 +0000] "GET /m/K81616743/ HTTP/1.1" 200 4969 "https://tap2teach.dazzlingwebplanet.com/sitemap2.xml" "Mozilla/5.0 AppleWebKit/537.36 (KHTML, like Gecko; compatible; GPTBot/1.4; +https://openai.com/gptbot)"
74.7.243.210 - - [04/Sep/2026:12:01:13 +0000] "GET /m/K40582811/ HTTP/1.1" 200 4969 "https://tap2teach.dazzlingwebplanet.com/sitemap2.xml" "Mozilla/5.0 AppleWebKit/537.36 (KHTML, like Gecko; compatible; GPTBot/1.4; +https://openai.com/gptbot)"
74.7.243.210 - - [04/Sep/2026:12:01:16 +0000] "GET /m/K60851869/ HTTP/1.1" 200 4969 "https://tap2teach.dazzlingwebplanet.com/sitemap1.xml" "Mozilla/5.0 AppleWebKit/537.36 (KHTML, like Gecko; compatible; GPTBot/1.4; +https://openai.com/gptbot)"
74.7.243.210 - - [04/Sep/2026:12:01:19 +0000] "GET /m/K81364535/ HTTP/1.1" 200 4969 "https://tap2teach.dazzlingwebplanet.com/sitemap1.xml" "Mozilla/5.0 AppleWebKit/537.36 (KHTML, like Gecko; compatible; GPTBot/1.4; +https://openai.com/gptbot)"
74.7.243.210 - - [04/Sep/2026:12:01:22 +0000] "GET /m/K62230125/ HTTP/1.1" 200 4969 "https://tap2teach.dazzlingwebplanet.com/sitemap1.xml" "Mozilla/5.0 AppleWebKit/537.36 (KHTML, like Gecko; compatible; GPTBot/1.4; +https://openai.com/gptbot)"
74.7.243.210 - - [04/Sep/2026:12:01:25 +0000] "GET /m/K31550346/ HTTP/1.1" 200 4969 "https://tap2teach.dazzlingwebplanet.com/sitemap3.xml" "Mozilla/5.0 AppleWebKit/537.36 (KHTML, like Gecko; compatible; GPTBot/1.4; +https://openai.com/gptbot)"
74.7.243.210 - - [04/Sep/2026:12:01:28 +0000] "GET /m/K41102915/ HTTP/1.1" 200 4969 "https://tap2teach.dazzlingwebplanet.com/sitemap3.xml" "Mozilla/5.0 AppleWebKit/537.36 (KHTML, like Gecko; compatible; GPTBot/1.4; +https://openai.com/gptbot)"
74.7.243.210 - - [04/Sep/2026:12:01:31 +0000] "GET /m/K72657974/ HTTP/1.1" 200 4969 "https://tap2teach.dazzlingwebplanet.com/sitemap5.xml" "Mozilla/5.0 AppleWebKit/537.36 (KHTML, like Gecko; compatible; GPTBot/1.4; +https://openai.com/gptbot)"
74.7.243.210 - - [04/Sep/2026:12:01:34 +0000] "GET /m/K62840309/ HTTP/1.1" 200 4969 "https://tap2teach.dazzlingwebplanet.com/sitemap3.xml" "Mozilla/5.0 AppleWebKit/537.36 (KHTML, like Gecko; compatible; GPTBot/1.4; +https://openai.com/gptbot)"
74.7.243.210 - - [04/Sep/2026:12:01:37 +0000] "GET /m/K80318591/ HTTP/1.1" 200 4969 "https://tap2teach.dazzlingwebplanet.com/sitemap5.xml" "Mozilla/5.0 AppleWebKit/537.36 (KHTML, like Gecko; compatible; GPTBot/1.4; +https://openai.com/gptbot)"
74.7.243.210 - - [04/Sep/2026:12:01:40 +0000] "GET /m/K60223413/ HTTP/1.1" 200 4969 "https://tap2teach.dazzlingwebplanet.com/sitemap5.xml" "Mozilla/5.0 AppleWebKit/537.36 (KHTML, like Gecko; compatible; GPTBot/1.4; +https://openai.com/gptbot)"
74.7.243.210 - - [04/Sep/2026:12:01:43 +0000] "GET /m/K32255106/ HTTP/1.1" 200 4969 "https://tap2teach.dazzlingwebplanet.com/sitemap2.xml" "Mozilla/5.0 AppleWebKit/537.36 (KHTML, like Gecko; compatible; GPTBot/1.4; +https://openai.com/gptbot)"
74.7.243.210 - - [04/Sep/2026:12:01:46 +0000] "GET /m/K40519803/ HTTP/1.1" 200 4969 "https://tap2teach.dazzlingwebplanet.com/sitemap5.xml" "Mozilla/5.0 AppleWebKit/537.36 (KHTML, like Gecko; compatible; GPTBot/1.4; +https://openai.com/gptbot)"
74.7.243.210 - - [04/Sep/2026:12:01:49 +0000] "GET /m/K70015238/ HTTP/1.1" 200 4969 "https://tap2teach.dazzlingwebplanet.com/sitemap5.xml" "Mozilla/5.0 AppleWebKit/537.36 (KHTML, like Gecko; compatible; GPTBot/1.4; +https://openai.com/gptbot)"
74.7.243.210 - - [04/Sep/2026:12:01:52 +0000] "GET /m/K81471159/ HTTP/1.1" 200 4969 "https://tap2teach.dazzlingwebplanet.com/sitemap5.xml" "Mozilla/5.0 AppleWebKit/537.36 (KHTML, like Gecko; compatible; GPTBot/1.4; +https://openai.com/gptbot)"
74.7.243.210 - - [04/Sep/2026:12:01:55 +0000] "GET /m/K50771732/ HTTP/1.1" 200 4969 "https://tap2teach.dazzlingwebplanet.com/sitemap2.xml" "Mozilla/5.0 AppleWebKit/537.36 (KHTML, like Gecko; compatible; GPTBot/1.4; +https://openai.com/gptbot)"
74.7.243.210 - - [04/Sep/2026:12:01:58 +0000] "GET /m/K22105681/ HTTP/1.1" 200 4969 "https://tap2teach.dazzlingwebplanet.com/sitemap2.xml" "Mozilla/5.0 AppleWebKit/537.36 (KHTML, like Gecko; compatible; GPTBot/1.4; +https://openai.com/gptbot)"
74.7.243.210 - - [04/Sep/2026:12:02:01 +0000] "GET /m/K51886772/ HTTP/1.1" 200 4969 "https://tap2teach.dazzlingwebplanet.com/sitemap3.xml" "Mozilla/5.0 AppleWebKit/537.36 (KHTML, like Gecko; compatible; GPTBot/1.4; +https://openai.com/gptbot)"
74.7.243.210 - - [04/Sep/2026:12:02:04 +0000] "GET /m/K61299373/ HTTP/1.1" 200 4969 "https://tap2teach.dazzlingwebplanet.com/sitemap3.xml" "Mozilla/5.0 AppleWebKit/537.36 (KHTML, like Gecko; compatible; GPTBot/1.4; +https://openai.com/gptbot)"
74.7.243.210 - - [04/Sep/2026:12:02:07 +0000] "GET /m/K20257401/ HTTP/1.1" 200 4969 "https://tap2teach.dazzlingwebplanet.com/sitemap2.xml" "Mozilla/5.0 AppleWebKit/537.36 (KHTML, like Gecko; compatible; GPTBot/1.4; +https://openai.com/gptbot)"
74.7.243.210 - - [04/Sep/2026:12:02:10 +0000] "GET /m/K51381076/ HTTP/1.1" 200 4969 "https://tap2teach.dazzlingwebplanet.com/sitemap2.xml" "Mozilla/5.0 AppleWebKit/537.36 (KHTML, like Gecko; compatible; GPTBot/1.4; +https://openai.com/gptbot)"
74.7.243.210 - - [04/Sep/2026:12:02:13 +0000] "GET /m/K21780505/ HTTP/1.1" 200 4969 "https://tap2teach.dazzlingwebplanet.com/sitemap1.xml" "Mozilla/5.0 AppleWebKit/537.36 (KHTML, like Gecko; compatible; GPTBot/1.4; +https://openai.com/gptbot)"
74.7.243.210 - - [04/Sep/2026:12:02:16 +0000] "GET /m/K80343719/ HTTP/1.1" 200 4969 "https://tap2teach.dazzlingwebplanet.com/sitemap5.xml" "Mozilla/5.0 AppleWebKit/537.36 (KHTML, like Gecko; compatible; GPTBot/1.4; +https://openai.com/gptbot)"
74.7.243.210 - - [04/Sep/2026:12:02:19 +0000] "GET /m/K61960925/ HTTP/1.1" 200 4969 "https://tap2teach.dazzlingwebplanet.com/sitemap2.xml" "Mozilla/5.0 AppleWebKit/537.36 (KHTML, like Gecko; compatible; GPTBot/1.4; +https://openai.com/gptbot)"
74.7.243.210 - - [04/Sep/2026:12:02:22 +0000] "GET /m/K62506949/ HTTP/1.1" 200 4969 "https://tap2teach.dazzlingwebplanet.com/sitemap2.xml" "Mozilla/5.0 AppleWebKit/537.36 (KHTML, like Gecko; compatible; GPTBot/1.4; +https://openai.com/gptbot)"
74.7.243.210 - - [04/Sep/2026:12:02:25 +0000] "GET /m/K80620359/ HTTP/1.1" 200 4969 "https://tap2teach.dazzlingwebplanet.com/sitemap3.xml" "Mozilla/5.0 AppleWebKit/537.36 (KHTML, like Gecko; compatible; GPTBot/1.4; +https://openai.com/gptbot)"
74.7.243.210 - - [04/Sep/2026:12:02:28 +0000] "GET /m/K82529615/ HTTP/1.1" 200 4969 "https://tap2teach.dazzlingwebplanet.com/sitemap2.xml" "Mozilla/5.0 AppleWebKit/537.36 (KHTML, like Gecko; compatible; GPTBot/1.4; +https://openai.com/gptbot)"
74.7.243.210 - - [04/Sep/2026:12:02:31 +0000] "GET /m/K52320484/ HTTP/1.1" 200 4969 "https://tap2teach.dazzlingwebplanet.com/sitemap3.xml" "Mozilla/5.0 AppleWebKit/537.36 (KHTML, like Gecko; compatible; GPTBot/1.4; +https://openai.com/gptbot)"
74.7.243.210 - - [04/Sep/2026:12:02:34 +0000] "GET /m/K70850182/ HTTP/1.1" 200 4969 "https://tap2teach.dazzlingwebplanet.com/sitemap3.xml" "Mozilla/5.0 AppleWebKit/537.36 (KHTML, like Gecko; compatible; GPTBot/1.4; +https://openai.com/gptbot)"
74.7.243.210 - - [04/Sep/2026:12:02:37 +0000] "GET /m/K40889075/ HTTP/1.1" 200 4969 "https://tap2teach.dazzlingwebplanet.com/sitemap3.xml" "Mozilla/5.0 AppleWebKit/537.36 (KHTML, like Gecko; compatible; GPTBot/1.4; +https://openai.com/gptbot)"
74.7.243.210 - - [04/Sep/2026:12:02:40 +0000] "GET /m/K12825392/ HTTP/1.1" 200 4969 "https://tap2teach.dazzlingwebplanet.com/sitemap3.xml" "Mozilla/5.0 AppleWebKit/537.36 (KHTML, like Gecko; compatible; GPTBot/1.4; +https://openai.com/gptbot)"
74.7.243.210 - - [04/Sep/2026:12:02:43 +0000] "GET /m/K52359076/ HTTP/1.1" 200 4969 "https://tap2teach.dazzlingwebplanet.com/sitemap3.xml" "Mozilla/5.0 AppleWebKit/537.36 (KHTML, like Gecko; compatible; GPTBot/1.4; +https://openai.com/gptbot)"
74.7.243.210 - - [04/Sep/2026:12:02:46 +0000] "GET /m/K31047378/ HTTP/1.1" 200 4969 "https://tap2teach.dazzlingwebplanet.com/sitemap1.xml" "Mozilla/5.0 AppleWebKit/537.36 (KHTML, like Gecko; compatible; GPTBot/1.4; +https://openai.com/gptbot)"
74.7.243.210 - - [04/Sep/2026:12:02:49 +0000] "GET /m/K51073164/ HTTP/1.1" 200 4969 "https://tap2teach.dazzlingwebplanet.com/sitemap2.xml" "Mozilla/5.0 AppleWebKit/537.36 (KHTML, like Gecko; compatible; GPTBot/1.4; +https://openai.com/gptbot)"
74.7.243.210 - - [04/Sep/2026:12:02:52 +0000] "GET /m/K52814964/ HTTP/1.1" 200 4969 "https://tap2teach.dazzlingwebplanet.com/sitemap3.xml" "Mozilla/5.0 AppleWebKit/537.36 (KHTML, like Gecko; compatible; GPTBot/1.4; +https://openai.com/gptbot)"
74.7.243.210 - - [04/Sep/2026:12:02:55 +0000] "GET /m/K31279978/ HTTP/1.1" 200 4969 "https://tap2teach.dazzlingwebplanet.com/sitemap3.xml" "Mozilla/5.0 AppleWebKit/537.36 (KHTML, like Gecko; compatible; GPTBot/1.4; +https://openai.com/gptbot)"
74.7.243.210 - - [04/Sep/2026:12:02:58 +0000] "GET /m/K71912454/ HTTP/1.1" 200 4969 "https://tap2teach.dazzlingwebplanet.com/sitemap5.xml" "Mozilla/5.0 AppleWebKit/537.36 (KHTML, like Gecko; compatible; GPTBot/1.4; +https://openai.com/gptbot)"
74.7.243.210 - - [04/Sep/2026:12:03:01 +0000] "GET /m/K62857597/ HTTP/1.1" 200 4969 "https://tap2teach.dazzlingwebplanet.com/sitemap3.xml" "Mozilla/5.0 AppleWebKit/537.36 (KHTML, like Gecko; compatible; GPTBot/1.4; +https://openai.com/gptbot)"
74.7.243.210 - - [04/Sep/2026:12:03:04 +0000] "GET /m/K22145873/ HTTP/1.1" 200 4969 "https://tap2teach.dazzlingwebplanet.com/sitemap2.xml" "Mozilla/5.0 AppleWebKit/537.36 (KHTML, like Gecko; compatible; GPTBot/1.4; +https://openai.com/gptbot)"
74.7.243.210 - - [04/Sep/2026:12:03:07 +0000] "GET /m/K42538979/ HTTP/1.1" 200 4969 "https://tap2teach.dazzlingwebplanet.com/sitemap5.xml" "Mozilla/5.0 AppleWebKit/537.36 (KHTML, like Gecko; compatible; GPTBot/1.4; +https://openai.com/gptbot)"
74.7.243.210 - - [04/Sep/2026:12:03:10 +0000] "GET /m/K82001647/ HTTP/1.1" 200 4969 "https://tap2teach.dazzlingwebplanet.com/sitemap3.xml" "Mozilla/5.0 AppleWebKit/537.36 (KHTML, like Gecko; compatible; GPTBot/1.4; +https://openai.com/gptbot)"
74.7.243.210 - - [04/Sep/2026:12:03:13 +0000] "GET /m/K30749946/ HTTP/1.1" 200 4969 "https://tap2teach.dazzlingwebplanet.com/sitemap3.xml" "Mozilla/5.0 AppleWebKit/537.36 (KHTML, like Gecko; compatible; GPTBot/1.4; +https://openai.com/gptbot)"
74.7.243.210 - - [04/Sep/2026:12:03:16 +0000] "GET /m/K30929314/ HTTP/1.1" 200 4969 "https://tap2teach.dazzlingwebplanet.com/sitemap5.xml" "Mozilla/5.0 AppleWebKit/537.36 (KHTML, like Gecko; compatible; GPTBot/1.4; +https://openai.com/gptbot)"
74.7.243.210 - - [04/Sep/2026:12:03:19 +0000] "GET /m/K41036539/ HTTP/1.1" 200 4969 "https://tap2teach.dazzlingwebplanet.com/sitemap2.xml" "Mozilla/5.0 AppleWebKit/537.36 (KHTML, like Gecko; compatible; GPTBot/1.4; +https://openai.com/gptbot)"
216.73.217.146 - - [04/Sep/2026:12:03:20 +0000] "GET /m/K10416560/ HTTP/1.1" 200 4969 "-" "Mozilla/5.0 AppleWebKit/537.36 (KHTML, like Gecko; compatible; ClaudeBot/1.0; +claudebot@anthropic.com)"
74.7.243.210 - - [04/Sep/2026:12:03:22 +0000] "GET /m/K40160267/ HTTP/1.1" 200 4969 "https://tap2teach.dazzlingwebplanet.com/sitemap5.xml" "Mozilla/5.0 AppleWebKit/537.36 (KHTML, like Gecko; compatible; GPTBot/1.4; +https://openai.com/gptbot)"
216.73.217.146 - - [04/Sep/2026:12:03:22 +0000] "GET /m/K12226448/ HTTP/1.1" 200 4969 "-" "Mozilla/5.0 AppleWebKit/537.36 (KHTML, like Gecko; compatible; ClaudeBot/1.0; +claudebot@anthropic.com)"
74.7.243.210 - - [04/Sep/2026:12:03:25 +0000] "GET /m/K72453406/ HTTP/1.1" 200 4969 "https://tap2teach.dazzlingwebplanet.com/sitemap2.xml" "Mozilla/5.0 AppleWebKit/537.36 (KHTML, like Gecko; compatible; GPTBot/1.4; +https://openai.com/gptbot)"
216.73.217.146 - - [04/Sep/2026:12:03:25 +0000] "GET /m/K60616957/ HTTP/1.1" 200 4969 "-" "Mozilla/5.0 AppleWebKit/537.36 (KHTML, like Gecko; compatible; ClaudeBot/1.0; +claudebot@anthropic.com)"
74.7.243.210 - - [04/Sep/2026:12:03:28 +0000] "GET /m/K62925109/ HTTP/1.1" 200 4969 "https://tap2teach.dazzlingwebplanet.com/sitemap3.xml" "Mozilla/5.0 AppleWebKit/537.36 (KHTML, like Gecko; compatible; GPTBot/1.4; +https://openai.com/gptbot)"
216.73.217.146 - - [04/Sep/2026:12:03:28 +0000] "GET /m/K82202295/ HTTP/1.1" 200 4969 "-" "Mozilla/5.0 AppleWebKit/537.36 (KHTML, like Gecko; compatible; ClaudeBot/1.0; +claudebot@anthropic.com)"
74.7.243.210 - - [04/Sep/2026:12:03:31 +0000] "GET /m/K32117546/ HTTP/1.1" 200 4969 "https://tap2teach.dazzlingwebplanet.com/sitemap3.xml" "Mozilla/5.0 AppleWebKit/537.36 (KHTML, like Gecko; compatible; GPTBot/1.4; +https://openai.com/gptbot)"
216.73.217.146 - - [04/Sep/2026:12:03:31 +0000] "GET /m/K21690361/ HTTP/1.1" 200 4969 "-" "Mozilla/5.0 AppleWebKit/537.36 (KHTML, like Gecko; compatible; ClaudeBot/1.0; +claudebot@anthropic.com)"
74.7.243.210 - - [04/Sep/2026:12:03:34 +0000] "GET /m/K52431084/ HTTP/1.1" 200 4969 "https://tap2teach.dazzlingwebplanet.com/sitemap1.xml" "Mozilla/5.0 AppleWebKit/537.36 (KHTML, like Gecko; compatible; GPTBot/1.4; +https://openai.com/gptbot)"
216.73.217.146 - - [04/Sep/2026:12:03:34 +0000] "GET /m/K30502074/ HTTP/1.1" 200 4969 "-" "Mozilla/5.0 AppleWebKit/537.36 (KHTML, like Gecko; compatible; ClaudeBot/1.0; +claudebot@anthropic.com)"
