104.238.222.26 - - [21/Sep/2026:12:19:35 +0000] "POST /wp-login.php HTTP/1.1" 200 8594 "https://sacherconsultancy.com/wp-login.php" "Mozilla/5.0 (X11; Ubuntu; Linux x86_64) AppleWebKit/537.36 (KHTML, like Gecko) Chrome/120.0.0.0 Safari/537.36"
104.238.222.26 - - [21/Sep/2026:12:19:36 +0000] "GET /wp-admin/index.php HTTP/1.1" 302 5223 "https://sacherconsultancy.com/wp-login.php" "Mozilla/5.0 (Windows NT 11.0; Win64; x64; rv:119.0) Gecko/20100101 Firefox/119.0"
104.238.222.26 - - [21/Sep/2026:12:19:36 +0000] "GET /wp-login.php?redirect_to=https%3A%2F%2Fsacherconsultancy.com%2Fwp-admin%2Findex.php&reauth=1 HTTP/1.1" 200 10431 "https://sacherconsultancy.com/wp-login.php" "Mozilla/5.0 (Windows NT 11.0; Win64; x64; rv:119.0) Gecko/20100101 Firefox/119.0"
104.238.222.26 - - [21/Sep/2026:12:19:37 +0000] "POST /wp-login.php HTTP/1.1" 200 8598 "https://sacherconsultancy.com/wp-login.php" "Mozilla/5.0 (Windows NT 11.0; Win64; x64; rv:121.0) Gecko/20100101 Firefox/121.0"
104.238.222.26 - - [21/Sep/2026:12:19:37 +0000] "GET /wp-admin/index.php HTTP/1.1" 302 5223 "https://sacherconsultancy.com/wp-login.php" "Mozilla/5.0 (Macintosh; Intel Mac OS X 10_15_7; rv:119.0) Gecko/20100101 Firefox/119.0"
104.238.222.26 - - [21/Sep/2026:12:19:38 +0000] "GET /wp-login.php?redirect_to=https%3A%2F%2Fsacherconsultancy.com%2Fwp-admin%2Findex.php&reauth=1 HTTP/1.1" 200 10431 "https://sacherconsultancy.com/wp-login.php" "Mozilla/5.0 (Macintosh; Intel Mac OS X 10_15_7; rv:119.0) Gecko/20100101 Firefox/119.0"
104.238.222.26 - - [21/Sep/2026:12:19:38 +0000] "POST /wp-login.php HTTP/1.1" 200 8611 "https://sacherconsultancy.com/wp-login.php" "Mozilla/5.0 (Windows NT 11.0; Win64; x64) AppleWebKit/537.36 (KHTML, like Gecko) Chrome/118.0.0.0 Safari/537.36"
104.238.222.26 - - [21/Sep/2026:12:19:39 +0000] "GET /wp-admin/index.php HTTP/1.1" 302 5223 "https://sacherconsultancy.com/wp-login.php" "Mozilla/5.0 (Windows NT 10.0; Win64; x64) AppleWebKit/537.36 (KHTML, like Gecko) Chrome/118.0.0.0 Safari/537.36"
104.238.222.26 - - [21/Sep/2026:12:19:40 +0000] "GET /wp-login.php?redirect_to=https%3A%2F%2Fsacherconsultancy.com%2Fwp-admin%2Findex.php&reauth=1 HTTP/1.1" 200 10431 "https://sacherconsultancy.com/wp-login.php" "Mozilla/5.0 (Windows NT 10.0; Win64; x64) AppleWebKit/537.36 (KHTML, like Gecko) Chrome/118.0.0.0 Safari/537.36"
104.238.222.26 - - [21/Sep/2026:12:19:40 +0000] "POST /wp-login.php HTTP/1.1" 200 8615 "https://sacherconsultancy.com/wp-login.php" "Mozilla/5.0 (Macintosh; Intel Mac OS X 13_6_1) AppleWebKit/605.1.15 (KHTML, like Gecko) Version/17.0 Safari/605.1.15"
104.238.222.26 - - [21/Sep/2026:12:19:41 +0000] "GET /wp-admin/index.php HTTP/1.1" 302 5223 "https://sacherconsultancy.com/wp-login.php" "Mozilla/5.0 (Macintosh; Intel Mac OS X 13_6_1) AppleWebKit/537.36 (KHTML, like Gecko) Chrome/120.0.0.0 Safari/537.36"
104.238.222.26 - - [21/Sep/2026:12:19:41 +0000] "GET /wp-login.php?redirect_to=https%3A%2F%2Fsacherconsultancy.com%2Fwp-admin%2Findex.php&reauth=1 HTTP/1.1" 200 10431 "https://sacherconsultancy.com/wp-login.php" "Mozilla/5.0 (Macintosh; Intel Mac OS X 13_6_1) AppleWebKit/537.36 (KHTML, like Gecko) Chrome/120.0.0.0 Safari/537.36"
49.51.180.2 - - [21/Sep/2026:12:20:08 +0000] "GET / HTTP/1.1" 200 25152 "http://sacherconsultancy.com" "Mozilla/5.0 (iPhone; CPU iPhone OS 13_2_3 like Mac OS X) AppleWebKit/605.1.15 (KHTML, like Gecko) Version/13.0.3 Mobile/15E148 Safari/604.1"
77.68.25.176 - - [21/Sep/2026:12:20:55 +0000] "GET /wp-includes/Text/kl1amoz/znvrhld/wqheopx/index.php?pass=9hVZD2HeSAJ HTTP/1.1" 403 5806 "-" "Mozilla/5.0 (Windows NT 10.0; Win64; x64) AppleWebKit/537.36 (KHTML, like Gecko) Chrome/121.0.0.0 Safari/537.36 Edg/121.0.2277.83"
77.68.25.176 - - [21/Sep/2026:12:20:55 +0000] "GET /wp-includes/Text/kl1amoz/znvrhld/wqheopx/index.php?pass=9hVZD2HeSAJ HTTP/1.1" 403 5806 "-" "Mozilla/5.0 (Windows NT 10.0; Win64; x64) AppleWebKit/537.36 (KHTML, like Gecko) Chrome/121.0.0.0 Safari/537.36 Edg/121.0.2277.83"
77.68.25.176 - - [21/Sep/2026:12:22:05 +0000] "POST /wp-cron.php?doing_wp_cron=1789993324.9835801124572753906250 HTTP/1.1" 200 5041 "-" "WordPress/7.1.1; https://sacherconsultancy.com"
209.141.37.250 - - [21/Sep/2026:12:22:04 +0000] "GET /wp-login.php HTTP/1.1" 200 15722 "-" "Mozilla/5.0 (compatible; MSIE 9.0; Windows NT 6.1; WOW64; Trident/5.0)"
77.68.25.176 - - [21/Sep/2026:12:23:30 +0000] "POST /wp-cron.php?doing_wp_cron=1789993410.7710950374603271484375 HTTP/1.1" 200 5041 "-" "WordPress/7.1.1; https://sacherconsultancy.com"
66.249.77.161 - - [21/Sep/2026:12:23:30 +0000] "GET /category/item/eqegn32n3n2os0j.shtml HTTP/1.1" 404 121229 "-" "Mozilla/5.0 (Linux; Android 6.0.1; Nexus 5X Build/MMB29P) AppleWebKit/537.36 (KHTML, like Gecko) Chrome/153.0.8010.47 Mobile Safari/537.36 (compatible; Googlebot/2.1; +http://www.google.com/bot.html)"
209.141.37.250 - - [21/Sep/2026:12:23:37 +0000] "POST /wp-login.php HTTP/1.1" 200 16308 "-" "Mozilla/5.0 (compatible; MSIE 9.0; Windows NT 6.1; WOW64; Trident/5.0)"
77.68.25.176 - - [21/Sep/2026:12:24:18 +0000] "POST /wp-cron.php?doing_wp_cron=1789993458.6041419506072998046875 HTTP/1.1" 200 5041 "-" "WordPress/7.1.1; https://sacherconsultancy.com"
62.60.130.247 - - [21/Sep/2026:12:24:18 +0000] "GET //images/images/cache.php HTTP/1.1" 301 5166 "www.google.com" "Mozlila/5.0 (Linux; Android 7.0; SM-G892A Bulid/NRD90M; wv) AppleWebKit/537.36 (KHTML, like Gecko) Version/4.0 Chrome/60.0.3112.107 Moblie Safari/537.36"
62.60.130.247 - - [21/Sep/2026:12:24:18 +0000] "GET /images/images/cache.php HTTP/1.1" 404 121127 "www.google.com" "Mozlila/5.0 (Linux; Android 7.0; SM-G892A Bulid/NRD90M; wv) AppleWebKit/537.36 (KHTML, like Gecko) Version/4.0 Chrome/60.0.3112.107 Moblie Safari/537.36"
77.68.25.176 - - [21/Sep/2026:12:26:00 +0000] "POST /wp-cron.php?doing_wp_cron=1789993560.0998189449310302734375 HTTP/1.1" 200 5041 "-" "WordPress/7.1.1; https://sacherconsultancy.com"
149.57.203.122 - - [21/Sep/2026:12:25:59 +0000] "GET /wp-content/plugins/give/readme.txt HTTP/1.1" 404 121229 "-" "Mozilla/5.0 (Windows NT 10.0; Win64; x64) AppleWebKit/537.36 (KHTML, like Gecko) Chrome/120.0.0.0 Safari/537.36"
149.57.203.122 - - [21/Sep/2026:12:26:00 +0000] "GET /wp-content/plugins/give/give.php HTTP/1.1" 404 121213 "-" "Mozilla/5.0 (Windows NT 10.0; Win64; x64) AppleWebKit/537.36 (KHTML, like Gecko) Chrome/120.0.0.0 Safari/537.36"
149.57.203.122 - - [21/Sep/2026:12:26:01 +0000] "GET / HTTP/1.1" 200 25152 "-" "Mozilla/5.0 (Windows NT 10.0; Win64; x64) AppleWebKit/537.36 (KHTML, like Gecko) Chrome/120.0.0.0 Safari/537.36"
149.57.203.122 - - [21/Sep/2026:12:26:02 +0000] "POST / HTTP/1.1" 200 25152 "-" "Mozilla/5.0 (Windows NT 10.0; Win64; x64) AppleWebKit/537.36 (KHTML, like Gecko) Chrome/120.0.0.0 Safari/537.36"
77.68.25.176 - - [21/Sep/2026:12:30:04 +0000] "POST /wp-cron.php?doing_wp_cron=1789993804.4685599803924560546875 HTTP/1.1" 200 5041 "-" "WordPress/7.1.1; https://sacherconsultancy.com"
175.27.163.171 - - [21/Sep/2026:12:30:04 +0000] "GET / HTTP/1.1" 301 5031 "http://www.sacherconsultancy.com" "Mozilla/5.0 (iPhone; CPU iPhone OS 13_2_3 like Mac OS X) AppleWebKit/605.1.15 (KHTML, like Gecko) Version/13.0.3 Mobile/15E148 Safari/604.1"
175.27.163.171 - - [21/Sep/2026:12:30:08 +0000] "GET / HTTP/1.1" 200 25152 "https://www.sacherconsultancy.com/" "Mozilla/5.0 (iPhone; CPU iPhone OS 13_2_3 like Mac OS X) AppleWebKit/605.1.15 (KHTML, like Gecko) Version/13.0.3 Mobile/15E148 Safari/604.1"
77.68.25.176 - - [21/Sep/2026:12:30:56 +0000] "POST /wp-cron.php?doing_wp_cron=1789993856.6007149219512939453125 HTTP/1.1" 200 5041 "-" "WordPress/7.1.1; https://sacherconsultancy.com"
75.119.130.216 - - [21/Sep/2026:12:30:56 +0000] "POST /wp-login.php HTTP/1.1" 200 16171 "https://sacherconsultancy.com/wp-login.php" "Mozilla/5.0 (Windows NT 10.0; Win64; x64) AppleWebKit/537.36 (KHTML, like Gecko) Chrome/124.0.0.0 Safari/537.36"
77.68.25.176 - - [21/Sep/2026:12:37:05 +0000] "POST /wp-cron.php?doing_wp_cron=1789994225.2016069889068603515625 HTTP/1.1" 200 5041 "-" "WordPress/7.1.1; https://sacherconsultancy.com"
51.89.38.139 - - [21/Sep/2026:12:37:04 +0000] "GET /sitemap.rss HTTP/1.1" 200 5921 "-" "Mozilla/5.0 (compatible; AhrefsBot/7.0; +http://ahrefs.com/robot/)"
77.68.25.176 - - [21/Sep/2026:12:40:29 +0000] "POST /wp-cron.php?doing_wp_cron=1789994429.9423739910125732421875 HTTP/1.1" 200 5041 "-" "WordPress/7.1.1; https://sacherconsultancy.com"
198.98.54.225 - - [21/Sep/2026:12:40:29 +0000] "GET /wp-login.php HTTP/1.1" 200 15722 "-" "Mozilla/5.0 (Windows NT 10.0; Win64; x64) AppleWebKit/537.36 (KHTML, like Gecko) Chrome/144.0.0.0 Safari/537.36"
77.68.25.176 - - [21/Sep/2026:12:41:17 +0000] "POST /wp-cron.php?doing_wp_cron=1789994477.3223750591278076171875 HTTP/1.1" 200 5041 "-" "WordPress/7.1.1; https://sacherconsultancy.com"
198.98.54.225 - - [21/Sep/2026:12:41:16 +0000] "POST /wp-login.php HTTP/1.1" 200 16286 "-" "Mozilla/5.0 (Windows NT 10.0; Win64; x64) AppleWebKit/537.36 (KHTML, like Gecko) Chrome/144.0.0.0 Safari/537.36"
23.111.14.115 - - [21/Sep/2026:12:42:08 +0000] "POST /wp-login.php HTTP/1.1" 200 16181 "https://sacherconsultancy.com/wp-login.php" "Mozilla/5.0 (Windows NT 10.0; Win64; x64) AppleWebKit/537.36 (KHTML, like Gecko) Chrome/124.0.0.0 Safari/537.36"
77.68.25.176 - - [21/Sep/2026:12:42:17 +0000] "POST /wp-cron.php?doing_wp_cron=1789994537.1706058979034423828125 HTTP/1.1" 200 5041 "-" "WordPress/7.1.1; https://sacherconsultancy.com"
69.57.172.4 - - [21/Sep/2026:12:42:16 +0000] "POST /wp-login.php HTTP/1.1" 200 16225 "https://sacherconsultancy.com/wp-login.php" "Mozilla/5.0 (Windows NT 10.0; Win64; x64) AppleWebKit/537.36 (KHTML, like Gecko) Chrome/124.0.0.0 Safari/537.36"
77.68.25.176 - - [21/Sep/2026:12:45:37 +0000] "POST /wp-cron.php?doing_wp_cron=1789994737.2871589660644531250000 HTTP/1.1" 200 5041 "-" "WordPress/7.1.1; https://sacherconsultancy.com"
194.164.192.228 - - [21/Sep/2026:12:45:36 +0000] "POST /xmlrpc.php HTTP/1.1" 200 5242 "-" "Mozilla/5.0 (Macintosh; Intel Mac OS X 10_15_7) AppleWebKit/537.36 (KHTML, like Gecko) Chrome/152.0.0.0 Safari/537.36"
77.68.25.176 - - [21/Sep/2026:12:48:31 +0000] "POST /wp-cron.php?doing_wp_cron=1789994911.6371769905090332031250 HTTP/1.1" 200 5041 "-" "WordPress/7.1.1; https://sacherconsultancy.com"
5.133.222.50 - - [21/Sep/2026:12:48:31 +0000] "GET / HTTP/1.1" 200 25152 "http://sacherconsultancy.com/" "Mozilla/5.0 (Windows NT 10.0; Win64; x64) AppleWebKit/537.36 (KHTML, like Gecko) Chrome/120.0.0.0 Safari/537.36 Viewer/99.9.8853.8"
178.73.232.160 - - [21/Sep/2026:12:48:31 +0000] "GET /contact-us/ HTTP/1.1" 200 25149 "-" "Mozilla/5.0 (Windows NT 10.0; Win64; x64) AppleWebKit/537.36 (KHTML, like Gecko) Chrome/120.0.0.0 Safari/537.36 Viewer/99.9.8853.8"
178.73.251.104 - - [21/Sep/2026:12:48:32 +0000] "GET /about-us/ HTTP/1.1" 200 25500 "-" "Mozilla/5.0 (Windows NT 10.0; Win64; x64) AppleWebKit/537.36 (KHTML, like Gecko) Chrome/120.0.0.0 Safari/537.36 Viewer/99.9.8853.8"
178.73.246.107 - - [21/Sep/2026:12:48:33 +0000] "GET /services/ HTTP/1.1" 200 25608 "-" "Mozilla/5.0 (Windows NT 10.0; Win64; x64) AppleWebKit/537.36 (KHTML, like Gecko) Chrome/120.0.0.0 Safari/537.36 Viewer/99.9.8853.8"
111.228.42.6 - - [21/Sep/2026:12:49:08 +0000] "GET /wp-login.php HTTP/1.1" 200 8356 "-" "Mozilla/5.0 (Windows NT 10.0; Win64; x64) AppleWebKit/537.36 (KHTML, like Gecko) Chrome/127.0.0.0 Safari/537.36"
111.228.42.6 - - [21/Sep/2026:12:49:10 +0000] "GET /wp-json/wp/v2/users?per_page=100&context=edit HTTP/1.1" 401 5409 "-" "Mozilla/5.0 (Windows NT 10.0; Win64; x64) AppleWebKit/537.36 (KHTML, like Gecko) Chrome/127.0.0.0 Safari/537.36"
75.119.130.216 - - [21/Sep/2026:12:49:11 +0000] "POST /wp-login.php HTTP/1.1" 200 16173 "https://sacherconsultancy.com/wp-login.php" "Mozilla/5.0 (Windows NT 10.0; Win64; x64) AppleWebKit/537.36 (KHTML, like Gecko) Chrome/124.0.0.0 Safari/537.36"
111.228.42.6 - - [21/Sep/2026:12:49:12 +0000] "GET /wp-json/wp/v2/users?per_page=100 HTTP/1.1" 500 5294 "-" "Mozilla/5.0 (Windows NT 10.0; Win64; x64) AppleWebKit/537.36 (KHTML, like Gecko) Chrome/127.0.0.0 Safari/537.36"
111.228.42.6 - - [21/Sep/2026:12:49:15 +0000] "GET /?rest_route=/wp/v2/users&per_page=100 HTTP/1.1" 500 5294 "-" "Mozilla/5.0 (Windows NT 10.0; Win64; x64) AppleWebKit/537.36 (KHTML, like Gecko) Chrome/127.0.0.0 Safari/537.36"
111.228.42.6 - - [21/Sep/2026:12:49:18 +0000] "GET /index.php?rest_route=/wp/v2/users&per_page=100 HTTP/1.1" 500 5294 "-" "Mozilla/5.0 (Windows NT 10.0; Win64; x64) AppleWebKit/537.36 (KHTML, like Gecko) Chrome/127.0.0.0 Safari/537.36"
77.68.25.176 - - [21/Sep/2026:12:49:19 +0000] "POST /wp-cron.php?doing_wp_cron=1789994959.7545669078826904296875 HTTP/1.1" 200 5041 "-" "WordPress/7.1.1; https://sacherconsultancy.com"
111.228.42.6 - - [21/Sep/2026:12:49:19 +0000] "GET /feed/ HTTP/1.1" 200 5642 "-" "Mozilla/5.0 (Windows NT 10.0; Win64; x64) AppleWebKit/537.36 (KHTML, like Gecko) Chrome/127.0.0.0 Safari/537.36"
111.228.42.6 - - [21/Sep/2026:12:49:22 +0000] "GET /wp-sitemap-users-1.xml HTTP/1.1" 404 121103 "-" "Mozilla/5.0 (Windows NT 10.0; Win64; x64) AppleWebKit/537.36 (KHTML, like Gecko) Chrome/127.0.0.0 Safari/537.36"
111.228.42.6 - - [21/Sep/2026:12:49:25 +0000] "GET /?feed=rss2 HTTP/1.1" 301 5134 "-" "Mozilla/5.0 (Windows NT 10.0; Win64; x64) AppleWebKit/537.36 (KHTML, like Gecko) Chrome/127.0.0.0 Safari/537.36"
111.228.42.6 - - [21/Sep/2026:12:49:28 +0000] "GET /feed/ HTTP/1.1" 200 5642 "https://sacherconsultancy.com/?feed=rss2" "Mozilla/5.0 (Windows NT 10.0; Win64; x64) AppleWebKit/537.36 (KHTML, like Gecko) Chrome/127.0.0.0 Safari/537.36"
111.228.42.6 - - [21/Sep/2026:12:49:28 +0000] "GET /wp-sitemap.xml HTTP/1.1" 302 5030 "-" "Mozilla/5.0 (Windows NT 10.0; Win64; x64) AppleWebKit/537.36 (KHTML, like Gecko) Chrome/127.0.0.0 Safari/537.36"
111.228.42.6 - - [21/Sep/2026:12:49:30 +0000] "GET /feed/rss2/ HTTP/1.1" 301 5134 "-" "Mozilla/5.0 (Windows NT 10.0; Win64; x64) AppleWebKit/537.36 (KHTML, like Gecko) Chrome/127.0.0.0 Safari/537.36"
111.228.42.6 - - [21/Sep/2026:12:49:30 +0000] "GET /sitemap.xml HTTP/1.1" 200 5383 "https://sacherconsultancy.com/wp-sitemap.xml" "Mozilla/5.0 (Windows NT 10.0; Win64; x64) AppleWebKit/537.36 (KHTML, like Gecko) Chrome/127.0.0.0 Safari/537.36"
111.228.42.6 - - [21/Sep/2026:12:49:33 +0000] "GET /feed/ HTTP/1.1" 200 5642 "https://sacherconsultancy.com/feed/rss2/" "Mozilla/5.0 (Windows NT 10.0; Win64; x64) AppleWebKit/537.36 (KHTML, like Gecko) Chrome/127.0.0.0 Safari/537.36"
111.228.42.6 - - [21/Sep/2026:12:49:34 +0000] "GET /sitemap.xml HTTP/1.1" 200 5383 "-" "Mozilla/5.0 (Windows NT 10.0; Win64; x64) AppleWebKit/537.36 (KHTML, like Gecko) Chrome/127.0.0.0 Safari/537.36"
111.228.42.6 - - [21/Sep/2026:12:49:36 +0000] "GET /?author=1 HTTP/1.1" 301 5047 "-" "Mozilla/5.0 (Windows NT 10.0; Win64; x64) AppleWebKit/537.36 (KHTML, like Gecko) Chrome/127.0.0.0 Safari/537.36"
111.228.42.6 - - [21/Sep/2026:12:49:36 +0000] "GET / HTTP/1.1" 200 25152 "-" "Mozilla/5.0 (Windows NT 10.0; Win64; x64) AppleWebKit/537.36 (KHTML, like Gecko) Chrome/127.0.0.0 Safari/537.36"
111.228.42.6 - - [21/Sep/2026:12:49:38 +0000] "POST /xmlrpc.php HTTP/1.1" 200 5223 "-" "Mozilla/5.0 (Windows NT 10.0; Win64; x64) AppleWebKit/537.36 (KHTML, like Gecko) Chrome/127.0.0.0 Safari/537.36"
111.228.42.6 - - [21/Sep/2026:12:49:39 +0000] "GET /author/sc_admin/ HTTP/1.1" 200 24382 "https://sacherconsultancy.com/?author=1" "Mozilla/5.0 (Windows NT 10.0; Win64; x64) AppleWebKit/537.36 (KHTML, like Gecko) Chrome/127.0.0.0 Safari/537.36"
111.228.42.6 - - [21/Sep/2026:12:49:42 +0000] "GET /?author=2 HTTP/1.1" 200 24255 "-" "Mozilla/5.0 (Windows NT 10.0; Win64; x64) AppleWebKit/537.36 (KHTML, like Gecko) Chrome/127.0.0.0 Safari/537.36"
111.228.42.6 - - [21/Sep/2026:12:49:52 +0000] "GET /?author=3 HTTP/1.1" 200 24357 "-" "Mozilla/5.0 (Windows NT 10.0; Win64; x64) AppleWebKit/537.36 (KHTML, like Gecko) Chrome/127.0.0.0 Safari/537.36"
111.228.42.6 - - [21/Sep/2026:12:49:55 +0000] "GET /?author=4 HTTP/1.1" 200 24353 "-" "Mozilla/5.0 (Windows NT 10.0; Win64; x64) AppleWebKit/537.36 (KHTML, like Gecko) Chrome/127.0.0.0 Safari/537.36"
111.228.42.6 - - [21/Sep/2026:12:49:58 +0000] "GET /?author=5 HTTP/1.1" 200 24358 "-" "Mozilla/5.0 (Windows NT 10.0; Win64; x64) AppleWebKit/537.36 (KHTML, like Gecko) Chrome/127.0.0.0 Safari/537.36"
111.228.42.6 - - [21/Sep/2026:12:50:01 +0000] "GET /?author=6 HTTP/1.1" 200 24327 "-" "Mozilla/5.0 (Windows NT 10.0; Win64; x64) AppleWebKit/537.36 (KHTML, like Gecko) Chrome/127.0.0.0 Safari/537.36"
111.228.42.6 - - [21/Sep/2026:12:50:07 +0000] "GET /?author=7 HTTP/1.1" 404 120911 "-" "Mozilla/5.0 (Windows NT 10.0; Win64; x64) AppleWebKit/537.36 (KHTML, like Gecko) Chrome/127.0.0.0 Safari/537.36"
77.68.25.176 - - [21/Sep/2026:12:50:17 +0000] "POST /wp-cron.php?doing_wp_cron=1789995017.5673151016235351562500 HTTP/1.1" 200 5041 "-" "WordPress/7.1.1; https://sacherconsultancy.com"
111.228.42.6 - - [21/Sep/2026:12:50:17 +0000] "GET /?author=8 HTTP/1.1" 404 120911 "-" "Mozilla/5.0 (Windows NT 10.0; Win64; x64) AppleWebKit/537.36 (KHTML, like Gecko) Chrome/127.0.0.0 Safari/537.36"
111.228.42.6 - - [21/Sep/2026:12:50:29 +0000] "GET /?author=9 HTTP/1.1" 404 120911 "-" "Mozilla/5.0 (Windows NT 10.0; Win64; x64) AppleWebKit/537.36 (KHTML, like Gecko) Chrome/127.0.0.0 Safari/537.36"
77.68.25.176 - - [21/Sep/2026:12:53:07 +0000] "POST /wp-cron.php?doing_wp_cron=1789995187.9049689769744873046875 HTTP/1.1" 200 5041 "-" "WordPress/7.1.1; https://sacherconsultancy.com"
108.167.151.37 - - [21/Sep/2026:12:53:07 +0000] "GET /wp-login.php HTTP/1.1" 200 8356 "-" "Mozilla/5.0 (X11; Linux x86_64) AppleWebKit/537.36 (KHTML, like Gecko) Chrome/146.0.0.0 Safari/537.36"
108.167.151.37 - - [21/Sep/2026:12:53:08 +0000] "POST /wp-login.php HTTP/1.1" 200 8568 "https://sacherconsultancy.com/wp-login.php" "Mozilla/5.0 (X11; Linux x86_64) AppleWebKit/537.36 (KHTML, like Gecko) Chrome/146.0.0.0 Safari/537.36"
108.167.151.37 - - [21/Sep/2026:12:53:08 +0000] "GET /wp-json/wp/v2/users/me HTTP/1.1" 401 5408 "-" "Mozilla/5.0 (X11; Linux x86_64) AppleWebKit/537.36 (KHTML, like Gecko) Chrome/146.0.0.0 Safari/537.36"
77.68.25.176 - - [21/Sep/2026:12:57:25 +0000] "POST /wp-cron.php?doing_wp_cron=1789995445.5632190704345703125000 HTTP/1.1" 200 5041 "-" "WordPress/7.1.1; https://sacherconsultancy.com"
147.5.127.200 - - [21/Sep/2026:12:57:25 +0000] "POST /wp-login.php HTTP/1.1" 200 8580 "https://sacherconsultancy.com/wp-login.php" "Mozilla/5.0 (Windows NT 10.0; Win64; x64) AppleWebKit/537.36 (KHTML, like Gecko) Chrome/124.0.0.0 Safari/537.36"
77.68.25.176 - - [21/Sep/2026:12:58:26 +0000] "POST /wp-cron.php?doing_wp_cron=1789995506.6204919815063476562500 HTTP/1.1" 200 5041 "-" "WordPress/7.1.1; https://sacherconsultancy.com"
91.215.85.88 - - [21/Sep/2026:12:58:26 +0000] "GET /wp-login.php?wp_lang=en_US HTTP/1.1" 200 7846 "https://sacherconsultancy.com/wp-login.php" "Mozilla/5.0 (Windows NT 10.0; Win64; x64; rv:141.0) Gecko/20100101 Firefox/141.0"
91.215.85.88 - - [21/Sep/2026:12:58:26 +0000] "POST /wp-login.php?wp_lang=en_US HTTP/1.1" 200 8058 "https://sacherconsultancy.com/wp-login.php" "Mozilla/5.0 (Windows NT 10.0; Win64; x64; rv:141.0) Gecko/20100101 Firefox/141.0"
75.119.130.216 - - [21/Sep/2026:12:58:30 +0000] "POST /wp-login.php HTTP/1.1" 200 16169 "https://sacherconsultancy.com/wp-login.php" "Mozilla/5.0 (Windows NT 10.0; Win64; x64) AppleWebKit/537.36 (KHTML, like Gecko) Chrome/124.0.0.0 Safari/537.36"
77.68.25.176 - - [21/Sep/2026:12:59:43 +0000] "POST /wp-cron.php?doing_wp_cron=1789995583.8085060119628906250000 HTTP/1.1" 200 5041 "-" "WordPress/7.1.1; https://sacherconsultancy.com"
23.111.14.115 - - [21/Sep/2026:12:59:43 +0000] "POST /wp-login.php HTTP/1.1" 200 16189 "https://sacherconsultancy.com/wp-login.php" "Mozilla/5.0 (Windows NT 10.0; Win64; x64) AppleWebKit/537.36 (KHTML, like Gecko) Chrome/124.0.0.0 Safari/537.36"
77.68.25.176 - - [21/Sep/2026:13:02:00 +0000] "POST /wp-cron.php?doing_wp_cron=1789995720.0130100250244140625000 HTTP/1.1" 200 5041 "-" "WordPress/7.1.1; https://sacherconsultancy.com"
69.57.172.4 - - [21/Sep/2026:13:01:59 +0000] "POST /wp-login.php HTTP/1.1" 200 16225 "https://sacherconsultancy.com/wp-login.php" "Mozilla/5.0 (Windows NT 10.0; Win64; x64) AppleWebKit/537.36 (KHTML, like Gecko) Chrome/124.0.0.0 Safari/537.36"
77.68.25.176 - - [21/Sep/2026:13:02:40 +0000] "POST /wp-cron.php?doing_wp_cron=1789995760.2855329513549804687500 HTTP/1.1" 200 5041 "-" "WordPress/7.1.1; https://sacherconsultancy.com"
205.185.121.17 - - [21/Sep/2026:13:02:39 +0000] "GET /wp-login.php HTTP/1.1" 200 15722 "-" "Mozilla/5.0 (iPhone; CPU iPhone OS 18_7 like Mac OS X) AppleWebKit/605.1.15 (KHTML, like Gecko) Version/18.0 Mobile/15E148 Safari/604.1"
66.249.77.161 - - [21/Sep/2026:13:03:02 +0000] "GET /category/item/e6c9xp0md90yhmh.shtml HTTP/1.1" 404 121229 "-" "Mozilla/5.0 (Linux; Android 6.0.1; Nexus 5X Build/MMB29P) AppleWebKit/537.36 (KHTML, like Gecko) Chrome/153.0.8010.47 Mobile Safari/537.36 (compatible; Googlebot/2.1; +http://www.google.com/bot.html)"
77.68.25.176 - - [21/Sep/2026:13:04:58 +0000] "POST /wp-cron.php?doing_wp_cron=1789995898.3081369400024414062500 HTTP/1.1" 200 5041 "-" "WordPress/7.1.1; https://sacherconsultancy.com"
205.185.121.17 - - [21/Sep/2026:13:04:57 +0000] "POST /wp-login.php HTTP/1.1" 200 16246 "-" "Mozilla/5.0 (iPhone; CPU iPhone OS 18_7 like Mac OS X) AppleWebKit/605.1.15 (KHTML, like Gecko) Version/18.0 Mobile/15E148 Safari/604.1"
75.119.130.216 - - [21/Sep/2026:13:05:02 +0000] "POST /wp-login.php HTTP/1.1" 200 16173 "https://sacherconsultancy.com/wp-login.php" "Mozilla/5.0 (Windows NT 10.0; Win64; x64) AppleWebKit/537.36 (KHTML, like Gecko) Chrome/124.0.0.0 Safari/537.36"
77.68.25.176 - - [21/Sep/2026:13:08:26 +0000] "POST /wp-cron.php?doing_wp_cron=1789996106.6802420616149902343750 HTTP/1.1" 200 5041 "-" "WordPress/7.1.1; https://sacherconsultancy.com"
23.111.14.115 - - [21/Sep/2026:13:08:26 +0000] "POST /wp-login.php HTTP/1.1" 200 16173 "https://sacherconsultancy.com/wp-login.php" "Mozilla/5.0 (Windows NT 10.0; Win64; x64) AppleWebKit/537.36 (KHTML, like Gecko) Chrome/124.0.0.0 Safari/537.36"
77.68.25.176 - - [21/Sep/2026:13:09:27 +0000] "POST /wp-cron.php?doing_wp_cron=1789996167.2185339927673339843750 HTTP/1.1" 200 5041 "-" "WordPress/7.1.1; https://sacherconsultancy.com"
193.22.146.51 - - [21/Sep/2026:13:09:26 +0000] "POST /xmlrpc.php HTTP/1.1" 200 5223 "-" "Mozilla/5.0 (Windows NT 10.0; Win64; x64; rv:145.0) Gecko/20100101 Firefox/145.0"
77.68.25.176 - - [21/Sep/2026:13:14:06 +0000] "POST /wp-cron.php?doing_wp_cron=1789996446.8274021148681640625000 HTTP/1.1" 200 5041 "-" "WordPress/7.1.1; https://sacherconsultancy.com"
69.57.172.4 - - [21/Sep/2026:13:14:06 +0000] "POST /wp-login.php HTTP/1.1" 200 16217 "https://sacherconsultancy.com/wp-login.php" "Mozilla/5.0 (Windows NT 10.0; Win64; x64) AppleWebKit/537.36 (KHTML, like Gecko) Chrome/124.0.0.0 Safari/537.36"
77.68.25.176 - - [21/Sep/2026:13:15:49 +0000] "POST /wp-cron.php?doing_wp_cron=1789996549.8307459354400634765625 HTTP/1.1" 200 5041 "-" "WordPress/7.1.1; https://sacherconsultancy.com"
23.111.14.115 - - [21/Sep/2026:13:15:49 +0000] "POST /wp-login.php HTTP/1.1" 200 16173 "https://sacherconsultancy.com/wp-login.php" "Mozilla/5.0 (Windows NT 10.0; Win64; x64) AppleWebKit/537.36 (KHTML, like Gecko) Chrome/124.0.0.0 Safari/537.36"
77.68.25.176 - - [21/Sep/2026:13:20:18 +0000] "POST /wp-cron.php?doing_wp_cron=1789996818.8246579170227050781250 HTTP/1.1" 200 5041 "-" "WordPress/7.1.1; https://sacherconsultancy.com"
45.227.253.15 - - [21/Sep/2026:13:20:18 +0000] "GET /index.php/jk HTTP/1.1" 301 5145 "-" "Mozilla/5.0 (Macintosh; Intel Mac OS X 10.11; rv:103.0) Gecko/20100101 Firefox/103.0"
45.227.253.15 - - [21/Sep/2026:13:20:19 +0000] "GET /jk HTTP/1.1" 404 120943 "https://sacherconsultancy.com/index.php/jk" "Mozilla/5.0 (Macintosh; Intel Mac OS X 10.11; rv:103.0) Gecko/20100101 Firefox/103.0"
51.8.102.147 - - [21/Sep/2026:13:20:35 +0000] "GET /robots.txt HTTP/1.1" 200 5199 "-" "Mozilla/5.0 (Macintosh; Intel Mac OS X 10_15_7) AppleWebKit/537.36 (KHTML, like Gecko) Chrome/131.0.0.0 Safari/537.36; compatible; OAI-SearchBot/1.0; +https://openai.com/searchbot"
77.68.25.176 - - [21/Sep/2026:13:22:48 +0000] "POST /wp-cron.php?doing_wp_cron=1789996968.2582170963287353515625 HTTP/1.1" 200 5041 "-" "WordPress/7.1.1; https://sacherconsultancy.com"
23.111.14.115 - - [21/Sep/2026:13:22:47 +0000] "POST /wp-login.php HTTP/1.1" 200 16181 "https://sacherconsultancy.com/wp-login.php" "Mozilla/5.0 (Windows NT 10.0; Win64; x64) AppleWebKit/537.36 (KHTML, like Gecko) Chrome/124.0.0.0 Safari/537.36"
77.68.25.176 - - [21/Sep/2026:13:23:44 +0000] "POST /wp-cron.php?doing_wp_cron=1789997024.3859400749206542968750 HTTP/1.1" 200 5041 "-" "WordPress/7.1.1; https://sacherconsultancy.com"
43.165.198.144 - - [21/Sep/2026:13:23:43 +0000] "GET / HTTP/1.1" 301 5031 "http://www.sacherconsultancy.com" "Mozilla/5.0 (iPhone; CPU iPhone OS 13_2_3 like Mac OS X) AppleWebKit/605.1.15 (KHTML, like Gecko) Version/13.0.3 Mobile/15E148 Safari/604.1"
43.165.198.144 - - [21/Sep/2026:13:23:46 +0000] "GET / HTTP/1.1" 200 25152 "https://www.sacherconsultancy.com/" "Mozilla/5.0 (iPhone; CPU iPhone OS 13_2_3 like Mac OS X) AppleWebKit/605.1.15 (KHTML, like Gecko) Version/13.0.3 Mobile/15E148 Safari/604.1"
69.57.172.4 - - [21/Sep/2026:13:24:03 +0000] "POST /wp-login.php HTTP/1.1" 200 16225 "https://sacherconsultancy.com/wp-login.php" "Mozilla/5.0 (Windows NT 10.0; Win64; x64) AppleWebKit/537.36 (KHTML, like Gecko) Chrome/124.0.0.0 Safari/537.36"
77.68.25.176 - - [21/Sep/2026:13:29:36 +0000] "POST /wp-cron.php?doing_wp_cron=1789997376.7736570835113525390625 HTTP/1.1" 200 5041 "-" "WordPress/7.1.1; https://sacherconsultancy.com"
23.111.14.115 - - [21/Sep/2026:13:29:36 +0000] "POST /wp-login.php HTTP/1.1" 200 16175 "https://sacherconsultancy.com/wp-login.php" "Mozilla/5.0 (Windows NT 10.0; Win64; x64) AppleWebKit/537.36 (KHTML, like Gecko) Chrome/124.0.0.0 Safari/537.36"
77.68.25.176 - - [21/Sep/2026:13:32:38 +0000] "POST /wp-cron.php?doing_wp_cron=1789997558.3344590663909912109375 HTTP/1.1" 200 5041 "-" "WordPress/7.1.1; https://sacherconsultancy.com"
69.57.172.4 - - [21/Sep/2026:13:32:37 +0000] "POST /wp-login.php HTTP/1.1" 200 16199 "https://sacherconsultancy.com/wp-login.php" "Mozilla/5.0 (Windows NT 10.0; Win64; x64) AppleWebKit/537.36 (KHTML, like Gecko) Chrome/124.0.0.0 Safari/537.36"
216.73.217.123 - - [21/Sep/2026:13:32:43 +0000] "GET /robots.txt HTTP/1.1" 200 5199 "-" "Mozilla/5.0 AppleWebKit/537.36 (KHTML, like Gecko; compatible; ClaudeBot/1.0; +claudebot@anthropic.com)"
216.73.217.123 - - [21/Sep/2026:13:32:43 +0000] "GET /sitemap.xml HTTP/1.1" 200 5383 "-" "Mozilla/5.0 AppleWebKit/537.36 (KHTML, like Gecko; compatible; ClaudeBot/1.0; +claudebot@anthropic.com)"
77.68.25.176 - - [21/Sep/2026:13:35:38 +0000] "POST /wp-cron.php?doing_wp_cron=1789997738.6416308879852294921875 HTTP/1.1" 200 5041 "-" "WordPress/7.1.1; https://sacherconsultancy.com"
216.73.217.123 - - [21/Sep/2026:13:35:38 +0000] "GET /sitemap.rss HTTP/1.1" 200 5922 "-" "Mozilla/5.0 AppleWebKit/537.36 (KHTML, like Gecko; compatible; ClaudeBot/1.0; +claudebot@anthropic.com)"
77.68.25.176 - - [21/Sep/2026:13:36:30 +0000] "POST /wp-cron.php?doing_wp_cron=1789997790.6316730976104736328125 HTTP/1.1" 200 5041 "-" "WordPress/7.1.1; https://sacherconsultancy.com"
23.111.14.115 - - [21/Sep/2026:13:36:29 +0000] "POST /wp-login.php HTTP/1.1" 200 16181 "https://sacherconsultancy.com/wp-login.php" "Mozilla/5.0 (Windows NT 10.0; Win64; x64) AppleWebKit/537.36 (KHTML, like Gecko) Chrome/124.0.0.0 Safari/537.36"
77.68.25.176 - - [21/Sep/2026:13:40:31 +0000] "POST /wp-cron.php?doing_wp_cron=1789998031.4486949443817138671875 HTTP/1.1" 200 5041 "-" "WordPress/7.1.1; https://sacherconsultancy.com"
69.57.172.4 - - [21/Sep/2026:13:40:31 +0000] "POST /wp-login.php HTTP/1.1" 200 16217 "https://sacherconsultancy.com/wp-login.php" "Mozilla/5.0 (Windows NT 10.0; Win64; x64) AppleWebKit/537.36 (KHTML, like Gecko) Chrome/124.0.0.0 Safari/537.36"
77.68.25.176 - - [21/Sep/2026:13:43:07 +0000] "POST /wp-cron.php?doing_wp_cron=1789998187.3632829189300537109375 HTTP/1.1" 200 5041 "-" "WordPress/7.1.1; https://sacherconsultancy.com"
23.111.14.115 - - [21/Sep/2026:13:43:06 +0000] "POST /wp-login.php HTTP/1.1" 200 16173 "https://sacherconsultancy.com/wp-login.php" "Mozilla/5.0 (Windows NT 10.0; Win64; x64) AppleWebKit/537.36 (KHTML, like Gecko) Chrome/124.0.0.0 Safari/537.36"
77.68.25.176 - - [21/Sep/2026:13:44:54 +0000] "POST /wp-cron.php?doing_wp_cron=1789998294.3116159439086914062500 HTTP/1.1" 200 5041 "-" "WordPress/7.1.1; https://sacherconsultancy.com"
147.5.127.200 - - [21/Sep/2026:13:44:53 +0000] "POST /wp-login.php HTTP/1.1" 200 8580 "https://sacherconsultancy.com/wp-login.php" "Mozilla/5.0 (Windows NT 10.0; Win64; x64) AppleWebKit/537.36 (KHTML, like Gecko) Chrome/124.0.0.0 Safari/537.36"
77.68.25.176 - - [21/Sep/2026:13:47:54 +0000] "POST /wp-cron.php?doing_wp_cron=1789998474.9360489845275878906250 HTTP/1.1" 200 5041 "-" "WordPress/7.1.1; https://sacherconsultancy.com"
69.57.172.4 - - [21/Sep/2026:13:47:54 +0000] "POST /wp-login.php HTTP/1.1" 200 16217 "https://sacherconsultancy.com/wp-login.php" "Mozilla/5.0 (Windows NT 10.0; Win64; x64) AppleWebKit/537.36 (KHTML, like Gecko) Chrome/124.0.0.0 Safari/537.36"
77.68.25.176 - - [21/Sep/2026:13:49:28 +0000] "POST /wp-cron.php?doing_wp_cron=1789998568.7798540592193603515625 HTTP/1.1" 200 5041 "-" "WordPress/7.1.1; https://sacherconsultancy.com"
23.111.14.115 - - [21/Sep/2026:13:49:28 +0000] "POST /wp-login.php HTTP/1.1" 200 16181 "https://sacherconsultancy.com/wp-login.php" "Mozilla/5.0 (Windows NT 10.0; Win64; x64) AppleWebKit/537.36 (KHTML, like Gecko) Chrome/124.0.0.0 Safari/537.36"
46.4.28.29 - - [21/Sep/2026:13:50:03 +0000] "GET /robots.txt HTTP/1.1" 200 5199 "-" "Mozilla/5.0 (compatible; SERankingBacklinksBot/1.0; +https://seranking.com/backlinks-crawler)"
46.4.28.29 - - [21/Sep/2026:13:50:04 +0000] "GET /robots.txt HTTP/1.1" 200 5199 "-" "Mozilla/5.0 (compatible; SERankingBacklinksBot/1.0; +https://seranking.com/backlinks-crawler)"
46.4.28.29 - - [21/Sep/2026:13:50:04 +0000] "GET / HTTP/1.1" 200 25152 "-" "Mozilla/5.0 (compatible; SERankingBacklinksBot/1.0; +https://seranking.com/backlinks-crawler)"
46.4.28.29 - - [21/Sep/2026:13:50:09 +0000] "GET /robots.txt HTTP/1.1" 200 5199 "-" "Mozilla/5.0 (compatible; SERankingBacklinksBot/1.0; +https://seranking.com/backlinks-crawler)"
46.4.28.29 - - [21/Sep/2026:13:50:10 +0000] "GET / HTTP/1.1" 200 25152 "-" "Mozilla/5.0 (compatible; SERankingBacklinksBot/1.0; +https://seranking.com/backlinks-crawler)"
77.68.25.176 - - [21/Sep/2026:13:54:15 +0000] "POST /wp-cron.php?doing_wp_cron=1789998855.7008950710296630859375 HTTP/1.1" 200 5041 "-" "WordPress/7.1.1; https://sacherconsultancy.com"
114.119.140.48 - - [21/Sep/2026:13:54:15 +0000] "GET /organisational-system/ HTTP/1.1" 200 25967 "http://sacherconsultancy.com//team-effectiveness/" "Mozilla/5.0 (Linux; Android 7.0;) AppleWebKit/537.36 (HTML, like Gecko) Mobile Safari/537.36 (compatible; PetalBot;+https://webmaster.petalsearch.com/site/petalbot)"
43.163.81.168 - - [21/Sep/2026:13:54:39 +0000] "POST /wp-login.php HTTP/1.1" 200 16217 "https://sacherconsultancy.com/wp-login.php" "Mozilla/5.0 (Windows NT 10.0; Win64; x64) AppleWebKit/537.36 (KHTML, like Gecko) Chrome/124.0.0.0 Safari/537.36"
69.57.172.4 - - [21/Sep/2026:13:54:59 +0000] "POST /wp-login.php HTTP/1.1" 200 16217 "https://sacherconsultancy.com/wp-login.php" "Mozilla/5.0 (Windows NT 10.0; Win64; x64) AppleWebKit/537.36 (KHTML, like Gecko) Chrome/124.0.0.0 Safari/537.36"
77.68.25.176 - - [21/Sep/2026:13:55:43 +0000] "POST /wp-cron.php?doing_wp_cron=1789998943.7934460639953613281250 HTTP/1.1" 200 5041 "-" "WordPress/7.1.1; https://sacherconsultancy.com"
23.111.14.115 - - [21/Sep/2026:13:55:43 +0000] "POST /wp-login.php HTTP/1.1" 200 16181 "https://sacherconsultancy.com/wp-login.php" "Mozilla/5.0 (Windows NT 10.0; Win64; x64) AppleWebKit/537.36 (KHTML, like Gecko) Chrome/124.0.0.0 Safari/537.36"
77.68.25.176 - - [21/Sep/2026:14:02:01 +0000] "POST /wp-cron.php?doing_wp_cron=1789999321.4709069728851318359375 HTTP/1.1" 200 5041 "-" "WordPress/7.1.1; https://sacherconsultancy.com"
69.57.172.4 - - [21/Sep/2026:14:02:00 +0000] "POST /wp-login.php HTTP/1.1" 200 16225 "https://sacherconsultancy.com/wp-login.php" "Mozilla/5.0 (Windows NT 10.0; Win64; x64) AppleWebKit/537.36 (KHTML, like Gecko) Chrome/124.0.0.0 Safari/537.36"
23.111.14.115 - - [21/Sep/2026:14:02:08 +0000] "POST /wp-login.php HTTP/1.1" 200 16181 "https://sacherconsultancy.com/wp-login.php" "Mozilla/5.0 (Windows NT 10.0; Win64; x64) AppleWebKit/537.36 (KHTML, like Gecko) Chrome/124.0.0.0 Safari/537.36"
77.68.25.176 - - [21/Sep/2026:14:03:00 +0000] "POST /wp-cron.php?doing_wp_cron=1789999380.1877970695495605468750 HTTP/1.1" 200 5041 "-" "WordPress/7.1.1; https://sacherconsultancy.com"
216.73.217.123 - - [21/Sep/2026:14:02:59 +0000] "GET /sitemap.xml HTTP/1.1" 200 5383 "-" "Mozilla/5.0 AppleWebKit/537.36 (KHTML, like Gecko; compatible; ClaudeBot/1.0; +claudebot@anthropic.com)"
77.68.25.176 - - [21/Sep/2026:14:04:06 +0000] "POST /wp-cron.php?doing_wp_cron=1789999446.5019938945770263671875 HTTP/1.1" 200 5041 "-" "WordPress/7.1.1; https://sacherconsultancy.com"
216.73.217.123 - - [21/Sep/2026:14:04:06 +0000] "GET /sitemap.rss HTTP/1.1" 200 5921 "-" "Mozilla/5.0 AppleWebKit/537.36 (KHTML, like Gecko; compatible; ClaudeBot/1.0; +claudebot@anthropic.com)"
77.68.25.176 - - [21/Sep/2026:14:08:20 +0000] "POST /wp-cron.php?doing_wp_cron=1789999700.6316409111022949218750 HTTP/1.1" 200 5041 "-" "WordPress/7.1.1; https://sacherconsultancy.com"
23.111.14.115 - - [21/Sep/2026:14:08:20 +0000] "POST /wp-login.php HTTP/1.1" 200 16181 "https://sacherconsultancy.com/wp-login.php" "Mozilla/5.0 (Windows NT 10.0; Win64; x64) AppleWebKit/537.36 (KHTML, like Gecko) Chrome/124.0.0.0 Safari/537.36"
69.57.172.4 - - [21/Sep/2026:14:08:44 +0000] "POST /wp-login.php HTTP/1.1" 200 16217 "https://sacherconsultancy.com/wp-login.php" "Mozilla/5.0 (Windows NT 10.0; Win64; x64) AppleWebKit/537.36 (KHTML, like Gecko) Chrome/124.0.0.0 Safari/537.36"
77.68.25.176 - - [21/Sep/2026:14:10:50 +0000] "POST /wp-cron.php?doing_wp_cron=1789999850.6183180809020996093750 HTTP/1.1" 200 5041 "-" "WordPress/7.1.1; https://sacherconsultancy.com"
51.89.38.138 - - [21/Sep/2026:14:10:50 +0000] "GET /sitemap.rss HTTP/1.1" 200 5921 "-" "Mozilla/5.0 (compatible; AhrefsBot/7.0; +http://ahrefs.com/robot/)"
77.68.25.176 - - [21/Sep/2026:14:14:24 +0000] "POST /wp-cron.php?doing_wp_cron=1790000064.4156858921051025390625 HTTP/1.1" 200 5041 "-" "WordPress/7.1.1; https://sacherconsultancy.com"
23.111.14.115 - - [21/Sep/2026:14:14:23 +0000] "POST /wp-login.php HTTP/1.1" 200 16173 "https://sacherconsultancy.com/wp-login.php" "Mozilla/5.0 (Windows NT 10.0; Win64; x64) AppleWebKit/537.36 (KHTML, like Gecko) Chrome/124.0.0.0 Safari/537.36"
69.57.172.4 - - [21/Sep/2026:14:15:10 +0000] "POST /wp-login.php HTTP/1.1" 200 16225 "https://sacherconsultancy.com/wp-login.php" "Mozilla/5.0 (Windows NT 10.0; Win64; x64) AppleWebKit/537.36 (KHTML, like Gecko) Chrome/124.0.0.0 Safari/537.36"
77.68.25.176 - - [21/Sep/2026:14:20:28 +0000] "POST /wp-cron.php?doing_wp_cron=1790000428.7411160469055175781250 HTTP/1.1" 200 5041 "-" "WordPress/7.1.1; https://sacherconsultancy.com"
23.111.14.115 - - [21/Sep/2026:14:20:28 +0000] "POST /wp-login.php HTTP/1.1" 200 16173 "https://sacherconsultancy.com/wp-login.php" "Mozilla/5.0 (Windows NT 10.0; Win64; x64) AppleWebKit/537.36 (KHTML, like Gecko) Chrome/124.0.0.0 Safari/537.36"
77.68.25.176 - - [21/Sep/2026:14:21:25 +0000] "POST /wp-cron.php?doing_wp_cron=1790000485.6573860645294189453125 HTTP/1.1" 200 5041 "-" "WordPress/7.1.1; https://sacherconsultancy.com"
69.57.172.4 - - [21/Sep/2026:14:21:25 +0000] "POST /wp-login.php HTTP/1.1" 200 16225 "https://sacherconsultancy.com/wp-login.php" "Mozilla/5.0 (Windows NT 10.0; Win64; x64) AppleWebKit/537.36 (KHTML, like Gecko) Chrome/124.0.0.0 Safari/537.36"
77.68.25.176 - - [21/Sep/2026:14:24:51 +0000] "POST /wp-cron.php?doing_wp_cron=1790000691.5654580593109130859375 HTTP/1.1" 200 5041 "-" "WordPress/7.1.1; https://sacherconsultancy.com"
66.249.77.160 - - [21/Sep/2026:14:24:51 +0000] "GET /robots.txt HTTP/1.1" 200 5199 "-" "Mozilla/5.0 (compatible; Googlebot/2.1; +http://www.google.com/bot.html)"
66.249.77.161 - - [21/Sep/2026:14:24:51 +0000] "GET /category/item/dj2sbrqhrbqcbo7.shtml HTTP/1.1" 404 121229 "-" "Mozilla/5.0 (Linux; Android 6.0.1; Nexus 5X Build/MMB29P) AppleWebKit/537.36 (KHTML, like Gecko) Chrome/153.0.8010.47 Mobile Safari/537.36 (compatible; Googlebot/2.1; +http://www.google.com/bot.html)"
77.68.25.176 - - [21/Sep/2026:14:26:24 +0000] "POST /wp-cron.php?doing_wp_cron=1790000784.1587100028991699218750 HTTP/1.1" 200 5041 "-" "WordPress/7.1.1; https://sacherconsultancy.com"
23.111.14.115 - - [21/Sep/2026:14:26:23 +0000] "POST /wp-login.php HTTP/1.1" 200 16181 "https://sacherconsultancy.com/wp-login.php" "Mozilla/5.0 (Windows NT 10.0; Win64; x64) AppleWebKit/537.36 (KHTML, like Gecko) Chrome/124.0.0.0 Safari/537.36"
77.68.25.176 - - [21/Sep/2026:14:27:26 +0000] "POST /wp-cron.php?doing_wp_cron=1790000846.6727130413055419921875 HTTP/1.1" 200 5041 "-" "WordPress/7.1.1; https://sacherconsultancy.com"
69.57.172.4 - - [21/Sep/2026:14:27:26 +0000] "POST /wp-login.php HTTP/1.1" 200 16217 "https://sacherconsultancy.com/wp-login.php" "Mozilla/5.0 (Windows NT 10.0; Win64; x64) AppleWebKit/537.36 (KHTML, like Gecko) Chrome/124.0.0.0 Safari/537.36"
77.68.25.176 - - [21/Sep/2026:14:32:24 +0000] "POST /wp-cron.php?doing_wp_cron=1790001144.8511281013488769531250 HTTP/1.1" 200 5041 "-" "WordPress/7.1.1; https://sacherconsultancy.com"
23.111.14.115 - - [21/Sep/2026:14:32:24 +0000] "POST /wp-login.php HTTP/1.1" 200 16181 "https://sacherconsultancy.com/wp-login.php" "Mozilla/5.0 (Windows NT 10.0; Win64; x64) AppleWebKit/537.36 (KHTML, like Gecko) Chrome/124.0.0.0 Safari/537.36"
147.5.127.200 - - [21/Sep/2026:14:33:08 +0000] "POST /wp-login.php HTTP/1.1" 200 8596 "https://sacherconsultancy.com/wp-login.php" "Mozilla/5.0 (Windows NT 10.0; Win64; x64) AppleWebKit/537.36 (KHTML, like Gecko) Chrome/124.0.0.0 Safari/537.36"
77.68.25.176 - - [21/Sep/2026:14:33:16 +0000] "POST /wp-cron.php?doing_wp_cron=1790001196.8446269035339355468750 HTTP/1.1" 200 5041 "-" "WordPress/7.1.1; https://sacherconsultancy.com"
69.57.172.4 - - [21/Sep/2026:14:33:16 +0000] "POST /wp-login.php HTTP/1.1" 200 16217 "https://sacherconsultancy.com/wp-login.php" "Mozilla/5.0 (Windows NT 10.0; Win64; x64) AppleWebKit/537.36 (KHTML, like Gecko) Chrome/124.0.0.0 Safari/537.36"
77.68.25.176 - - [21/Sep/2026:14:38:09 +0000] "POST /wp-cron.php?doing_wp_cron=1790001489.2317469120025634765625 HTTP/1.1" 200 5041 "-" "WordPress/7.1.1; https://sacherconsultancy.com"
23.111.14.115 - - [21/Sep/2026:14:38:08 +0000] "POST /wp-login.php HTTP/1.1" 200 16173 "https://sacherconsultancy.com/wp-login.php" "Mozilla/5.0 (Windows NT 10.0; Win64; x64) AppleWebKit/537.36 (KHTML, like Gecko) Chrome/124.0.0.0 Safari/537.36"
77.68.25.176 - - [21/Sep/2026:14:39:38 +0000] "POST /wp-cron.php?doing_wp_cron=1790001578.4093890190124511718750 HTTP/1.1" 200 5041 "-" "WordPress/7.1.1; https://sacherconsultancy.com"
69.57.172.4 - - [21/Sep/2026:14:39:37 +0000] "POST /wp-login.php HTTP/1.1" 200 16225 "https://sacherconsultancy.com/wp-login.php" "Mozilla/5.0 (Windows NT 10.0; Win64; x64) AppleWebKit/537.36 (KHTML, like Gecko) Chrome/124.0.0.0 Safari/537.36"
77.68.25.176 - - [21/Sep/2026:14:43:22 +0000] "POST /wp-cron.php?doing_wp_cron=1790001802.1625130176544189453125 HTTP/1.1" 200 5041 "-" "WordPress/7.1.1; https://sacherconsultancy.com"
23.111.14.115 - - [21/Sep/2026:14:43:21 +0000] "POST /wp-login.php HTTP/1.1" 200 16197 "https://sacherconsultancy.com/wp-login.php" "Mozilla/5.0 (Windows NT 10.0; Win64; x64) AppleWebKit/537.36 (KHTML, like Gecko) Chrome/124.0.0.0 Safari/537.36"
77.68.25.176 - - [21/Sep/2026:14:45:24 +0000] "POST /wp-cron.php?doing_wp_cron=1790001924.0351409912109375000000 HTTP/1.1" 200 5041 "-" "WordPress/7.1.1; https://sacherconsultancy.com"
173.252.82.18 - - [21/Sep/2026:14:45:23 +0000] "GET /robots.txt HTTP/1.1" 206 5244 "-" "facebookexternalhit/1.1 (+http://www.facebook.com/externalhit_uatext.php)"
57.141.0.38 - - [21/Sep/2026:14:45:29 +0000] "GET /comments/feed/ HTTP/1.1" 200 5608 "-" "Mozilla/5.0 (Macintosh; Intel Mac OS X 10_15_7) AppleWebKit/537.36 (KHTML, like Gecko) Chrome/145.0.0.0 Safari/537.36 (compatible; meta-externalagent/1.1 (+https://developers.facebook.com/docs/sharing/webmasters/crawler))"
77.68.25.176 - - [21/Sep/2026:14:48:27 +0000] "POST /wp-cron.php?doing_wp_cron=1790002107.7623779773712158203125 HTTP/1.1" 200 5041 "-" "WordPress/7.1.1; https://sacherconsultancy.com"
23.111.14.115 - - [21/Sep/2026:14:48:27 +0000] "POST /wp-login.php HTTP/1.1" 200 16181 "https://sacherconsultancy.com/wp-login.php" "Mozilla/5.0 (Windows NT 10.0; Win64; x64) AppleWebKit/537.36 (KHTML, like Gecko) Chrome/124.0.0.0 Safari/537.36"
77.68.25.176 - - [21/Sep/2026:14:50:23 +0000] "POST /wp-cron.php?doing_wp_cron=1790002223.7359709739685058593750 HTTP/1.1" 200 5041 "-" "WordPress/7.1.1; https://sacherconsultancy.com"
69.57.172.4 - - [21/Sep/2026:14:50:23 +0000] "POST /wp-login.php HTTP/1.1" 200 16225 "https://sacherconsultancy.com/wp-login.php" "Mozilla/5.0 (Windows NT 10.0; Win64; x64) AppleWebKit/537.36 (KHTML, like Gecko) Chrome/124.0.0.0 Safari/537.36"
66.249.77.162 - - [21/Sep/2026:14:50:32 +0000] "GET /category/item/f210y2pbe0tfsra.shtml HTTP/1.1" 404 121229 "-" "Mozilla/5.0 (Linux; Android 6.0.1; Nexus 5X Build/MMB29P) AppleWebKit/537.36 (KHTML, like Gecko) Chrome/153.0.8010.47 Mobile Safari/537.36 (compatible; Googlebot/2.1; +http://www.google.com/bot.html)"
77.68.25.176 - - [21/Sep/2026:14:53:58 +0000] "POST /wp-cron.php?doing_wp_cron=1790002438.0754489898681640625000 HTTP/1.1" 200 5041 "-" "WordPress/7.1.1; https://sacherconsultancy.com"
23.111.14.115 - - [21/Sep/2026:14:53:57 +0000] "POST /wp-login.php HTTP/1.1" 200 16181 "https://sacherconsultancy.com/wp-login.php" "Mozilla/5.0 (Windows NT 10.0; Win64; x64) AppleWebKit/537.36 (KHTML, like Gecko) Chrome/124.0.0.0 Safari/537.36"
77.68.25.176 - - [21/Sep/2026:14:56:08 +0000] "POST /wp-cron.php?doing_wp_cron=1790002567.9989221096038818359375 HTTP/1.1" 200 5041 "-" "WordPress/7.1.1; https://sacherconsultancy.com"
69.57.172.4 - - [21/Sep/2026:14:56:07 +0000] "POST /wp-login.php HTTP/1.1" 200 16217 "https://sacherconsultancy.com/wp-login.php" "Mozilla/5.0 (Windows NT 10.0; Win64; x64) AppleWebKit/537.36 (KHTML, like Gecko) Chrome/124.0.0.0 Safari/537.36"
77.68.25.176 - - [21/Sep/2026:14:58:38 +0000] "POST /wp-cron.php?doing_wp_cron=1790002718.8724429607391357421875 HTTP/1.1" 200 5041 "-" "WordPress/7.1.1; https://sacherconsultancy.com"
57.141.0.40 - - [21/Sep/2026:14:58:38 +0000] "GET /sitemap_index.xml HTTP/1.1" 302 5030 "-" "Mozilla/5.0 (Windows NT 10.0; Win64; x64) AppleWebKit/537.36 (KHTML, like Gecko) Chrome/145.0.0.0 Safari/537.36 (compatible; meta-webindexer/1.1 (+https://developers.facebook.com/docs/sharing/webmasters/crawler))"
57.141.0.46 - - [21/Sep/2026:14:58:40 +0000] "GET /sitemap.xml HTTP/1.1" 200 5383 "-" "Mozilla/5.0 (Windows NT 10.0; Win64; x64) AppleWebKit/537.36 (KHTML, like Gecko) Chrome/145.0.0.0 Safari/537.36 (compatible; meta-webindexer/1.1 (+https://developers.facebook.com/docs/sharing/webmasters/crawler))"
77.68.25.176 - - [21/Sep/2026:14:59:37 +0000] "POST /wp-cron.php?doing_wp_cron=1790002777.6726469993591308593750 HTTP/1.1" 200 5041 "-" "WordPress/7.1.1; https://sacherconsultancy.com"
23.111.14.115 - - [21/Sep/2026:14:59:37 +0000] "POST /wp-login.php HTTP/1.1" 200 16189 "https://sacherconsultancy.com/wp-login.php" "Mozilla/5.0 (Windows NT 10.0; Win64; x64) AppleWebKit/537.36 (KHTML, like Gecko) Chrome/124.0.0.0 Safari/537.36"
77.68.25.176 - - [21/Sep/2026:15:00:37 +0000] "POST /wp-cron.php?doing_wp_cron=1790002837.9228339195251464843750 HTTP/1.1" 200 5041 "-" "WordPress/7.1.1; https://sacherconsultancy.com"
108.179.192.20 - - [21/Sep/2026:15:00:37 +0000] "POST /xmlrpc.php HTTP/1.1" 200 5242 "-" "Mozilla/5.0 (Windows NT 10.0; Win64; x64) AppleWebKit/537.36 (KHTML, like Gecko) Chrome/146.0.0.0 Safari/537.36"
77.68.25.176 - - [21/Sep/2026:15:01:42 +0000] "POST /wp-cron.php?doing_wp_cron=1790002902.0081059932708740234375 HTTP/1.1" 200 5041 "-" "WordPress/7.1.1; https://sacherconsultancy.com"
69.57.172.4 - - [21/Sep/2026:15:01:41 +0000] "POST /wp-login.php HTTP/1.1" 200 16193 "https://sacherconsultancy.com/wp-login.php" "Mozilla/5.0 (Windows NT 10.0; Win64; x64) AppleWebKit/537.36 (KHTML, like Gecko) Chrome/124.0.0.0 Safari/537.36"
77.68.25.176 - - [21/Sep/2026:15:05:22 +0000] "POST /wp-cron.php?doing_wp_cron=1790003122.8701291084289550781250 HTTP/1.1" 200 5041 "-" "WordPress/7.1.1; https://sacherconsultancy.com"
23.111.14.115 - - [21/Sep/2026:15:05:22 +0000] "POST /wp-login.php HTTP/1.1" 200 16165 "https://sacherconsultancy.com/wp-login.php" "Mozilla/5.0 (Windows NT 10.0; Win64; x64) AppleWebKit/537.36 (KHTML, like Gecko) Chrome/124.0.0.0 Safari/537.36"
77.68.25.176 - - [21/Sep/2026:15:07:04 +0000] "POST /wp-cron.php?doing_wp_cron=1790003224.1846339702606201171875 HTTP/1.1" 200 5041 "-" "WordPress/7.1.1; https://sacherconsultancy.com"
69.57.172.4 - - [21/Sep/2026:15:07:03 +0000] "POST /wp-login.php HTTP/1.1" 200 16217 "https://sacherconsultancy.com/wp-login.php" "Mozilla/5.0 (Windows NT 10.0; Win64; x64) AppleWebKit/537.36 (KHTML, like Gecko) Chrome/124.0.0.0 Safari/537.36"
77.68.25.176 - - [21/Sep/2026:15:07:34 +0000] "POST /wp-cron.php?doing_wp_cron=1790003254.3752319812774658203125 HTTP/1.1" 200 5041 "-" "WordPress/7.1.1; https://sacherconsultancy.com"
3.220.151.36 - - [21/Sep/2026:15:07:33 +0000] "GET / HTTP/1.1" 200 25152 "-" "Mozilla/5.0 (Windows NT 10.0; Win64; x64) AppleWebKit/537.36 (KHTML, like Gecko) Chrome/135.0.0.0 Safari/537.36 Edg/135.0.0.0"
77.68.25.176 - - [21/Sep/2026:15:10:07 +0000] "POST /wp-cron.php?doing_wp_cron=1790003407.0173308849334716796875 HTTP/1.1" 200 5041 "-" "WordPress/7.1.1; https://sacherconsultancy.com"
160.191.89.83 - - [21/Sep/2026:15:10:06 +0000] "POST /wp-login.php HTTP/1.1" 200 16215 "https://sacherconsultancy.com/wp-login.php" "Mozilla/5.0 (Windows NT 10.0; Win64; x64) AppleWebKit/537.36 (KHTML, like Gecko) Chrome/124.0.0.0 Safari/537.36"
160.191.89.83 - - [21/Sep/2026:15:10:06 +0000] "POST /wp-login.php HTTP/1.1" 200 16215 "https://sacherconsultancy.com/wp-login.php" "Mozilla/5.0 (Windows NT 10.0; Win64; x64) AppleWebKit/537.36 (KHTML, like Gecko) Chrome/124.0.0.0 Safari/537.36"
77.68.25.176 - - [21/Sep/2026:15:10:36 +0000] "POST /wp-cron.php?doing_wp_cron=1790003436.6017229557037353515625 HTTP/1.1" 200 5041 "-" "WordPress/7.1.1; https://sacherconsultancy.com"
66.249.77.161 - - [21/Sep/2026:15:10:36 +0000] "GET /category/item/eq6orjue73uszgb.shtml HTTP/1.1" 404 121411 "-" "Mozilla/5.0 (Linux; Android 6.0.1; Nexus 5X Build/MMB29P) AppleWebKit/537.36 (KHTML, like Gecko) Chrome/153.0.8010.47 Mobile Safari/537.36 (compatible; Googlebot/2.1; +http://www.google.com/bot.html)"
23.111.14.115 - - [21/Sep/2026:15:10:48 +0000] "POST /wp-login.php HTTP/1.1" 200 16189 "https://sacherconsultancy.com/wp-login.php" "Mozilla/5.0 (Windows NT 10.0; Win64; x64) AppleWebKit/537.36 (KHTML, like Gecko) Chrome/124.0.0.0 Safari/537.36"
77.68.25.176 - - [21/Sep/2026:15:12:16 +0000] "POST /wp-cron.php?doing_wp_cron=1790003536.6675739288330078125000 HTTP/1.1" 200 5041 "-" "WordPress/7.1.1; https://sacherconsultancy.com"
69.57.172.4 - - [21/Sep/2026:15:12:16 +0000] "POST /wp-login.php HTTP/1.1" 200 16225 "https://sacherconsultancy.com/wp-login.php" "Mozilla/5.0 (Windows NT 10.0; Win64; x64) AppleWebKit/537.36 (KHTML, like Gecko) Chrome/124.0.0.0 Safari/537.36"
77.68.25.176 - - [21/Sep/2026:15:16:03 +0000] "POST /wp-cron.php?doing_wp_cron=1790003763.2810630798339843750000 HTTP/1.1" 200 5041 "-" "WordPress/7.1.1; https://sacherconsultancy.com"
185.243.11.107 - - [21/Sep/2026:15:16:02 +0000] "POST /xmlrpc.php HTTP/1.1" 200 5223 "-" "Mozilla/5.0 (Windows NT 10.0; WOW64) AppleWebKit/537.43 (KHTML, like Gecko) Chrome/134.0.0.0 Safari/537.36 OPR/119.0.0.0"
77.68.25.176 - - [21/Sep/2026:15:16:21 +0000] "POST /wp-cron.php?doing_wp_cron=1790003781.2729799747467041015625 HTTP/1.1" 200 5041 "-" "WordPress/7.1.1; https://sacherconsultancy.com"
23.111.14.115 - - [21/Sep/2026:15:16:20 +0000] "POST /wp-login.php HTTP/1.1" 200 16189 "https://sacherconsultancy.com/wp-login.php" "Mozilla/5.0 (Windows NT 10.0; Win64; x64) AppleWebKit/537.36 (KHTML, like Gecko) Chrome/124.0.0.0 Safari/537.36"
77.68.25.176 - - [21/Sep/2026:15:17:24 +0000] "POST /wp-cron.php?doing_wp_cron=1790003843.9800660610198974609375 HTTP/1.1" 200 5041 "-" "WordPress/7.1.1; https://sacherconsultancy.com"
69.57.172.4 - - [21/Sep/2026:15:17:23 +0000] "POST /wp-login.php HTTP/1.1" 200 16217 "https://sacherconsultancy.com/wp-login.php" "Mozilla/5.0 (Windows NT 10.0; Win64; x64) AppleWebKit/537.36 (KHTML, like Gecko) Chrome/124.0.0.0 Safari/537.36"
77.75.76.161 - - [21/Sep/2026:15:18:20 +0000] "GET /wp-content/uploads/2025/03/23.png HTTP/1.1" 200 5015 "-" "Mozilla/5.0 (compatible; SeznamBot/4.0; +https://o-seznam.cz/napoveda/vyhledavani/en/seznambot-crawler/)"
77.68.25.176 - - [21/Sep/2026:15:19:38 +0000] "POST /wp-cron.php?doing_wp_cron=1790003978.0457088947296142578125 HTTP/1.1" 200 5041 "-" "WordPress/7.1.1; https://sacherconsultancy.com"
143.110.253.230 - - [21/Sep/2026:15:19:37 +0000] "POST /wp-json/batch/v1 HTTP/1.1" 207 5315 "-" "Mozilla/5.0 (Windows NT 10.0; Win64; x64) AppleWebKit/537.36 (KHTML, like Gecko) Chrome/131.0.0.0 Safari/537.36"
143.110.253.230 - - [21/Sep/2026:15:19:38 +0000] "POST /wp-json/batch/v1 HTTP/1.1" 207 5778 "-" "Mozilla/5.0 (Windows NT 10.0; Win64; x64) AppleWebKit/537.36 (KHTML, like Gecko) Chrome/131.0.0.0 Safari/537.36"
