136.66.94.245 - - [21/Sep/2026:11:14:48 +0000] "GET /wp-admin/css/admin.php HTTP/1.1" 404 121139 "http://sacherconsultancy.com/wp-admin/css/admin.php" "Go-http-client/2.0"
116.193.128.202 - - [21/Sep/2026:11:14:49 +0000] "POST /xmlrpc.php HTTP/1.1" 200 5415 "-" "Jetpack by WordPress.com"
136.66.94.245 - - [21/Sep/2026:11:14:50 +0000] "GET //wp-admin/css/about.php HTTP/1.1" 403 5806 "http://sacherconsultancy.com//wp-admin/css/about.php" "Go-http-client/2.0"
136.66.94.245 - - [21/Sep/2026:11:14:50 +0000] "GET /wp-content/wp-setting.php HTTP/1.1" 403 5806 "http://sacherconsultancy.com/wp-content/wp-setting.php#admin@admin" "Go-http-client/2.0"
136.66.94.245 - - [21/Sep/2026:11:14:51 +0000] "GET /wp-includes/hp2.php HTTP/1.1" 403 5806 "http://sacherconsultancy.com/wp-includes/hp2.php" "Go-http-client/2.0"
136.66.94.245 - - [21/Sep/2026:11:14:51 +0000] "GET /bless.php HTTP/1.1" 403 5806 "http://sacherconsultancy.com/bless.php#888xyz999" "Go-http-client/2.0"
136.66.94.245 - - [21/Sep/2026:11:14:51 +0000] "GET /wp-content/goods.php HTTP/1.1" 403 5806 "http://sacherconsultancy.com/wp-content/goods.php" "Go-http-client/2.0"
143.110.253.230 - - [21/Sep/2026:11:14:51 +0000] "POST /?rest_route=/batch/v1 HTTP/1.1" 207 5778 "-" "Mozilla/5.0 (Windows NT 10.0; Win64; x64) AppleWebKit/537.36 (KHTML, like Gecko) Chrome/131.0.0.0 Safari/537.36"
136.66.94.245 - - [21/Sep/2026:11:14:52 +0000] "GET /blurbs.php HTTP/1.1" 403 5806 "http://sacherconsultancy.com/blurbs.php#888xyz999" "Go-http-client/2.0"
136.66.94.245 - - [21/Sep/2026:11:14:52 +0000] "GET /wp-admin/css/goods.php HTTP/1.1" 403 5806 "http://sacherconsultancy.com/wp-admin/css/goods.php" "Go-http-client/2.0"
136.66.94.245 - - [21/Sep/2026:11:14:52 +0000] "GET /abcd.php HTTP/1.1" 403 5806 "http://sacherconsultancy.com/abcd.php" "Go-http-client/2.0"
136.66.94.245 - - [21/Sep/2026:11:14:53 +0000] "GET /wp-admin/css/colors/wp-login.php HTTP/1.1" 404 121233 "http://sacherconsultancy.com/wp-admin/css/colors/wp-login.php" "Go-http-client/2.0"
136.66.94.245 - - [21/Sep/2026:11:14:54 +0000] "GET /dex.php HTTP/1.1" 403 5806 "http://sacherconsultancy.com/dex.php" "Go-http-client/2.0"
136.66.94.245 - - [21/Sep/2026:11:14:54 +0000] "GET /wp-admin/admin-ajax.php HTTP/1.1" 400 5151 "http://sacherconsultancy.com/wp-admin/admin-ajax.php" "Go-http-client/2.0"
136.66.94.245 - - [21/Sep/2026:11:14:55 +0000] "GET /wp-admin/css/index.php HTTP/1.1" 404 4991 "http://sacherconsultancy.com/wp-admin/css/index.php" "Go-http-client/2.0"
136.66.94.245 - - [21/Sep/2026:11:14:55 +0000] "GET /wp-admin/index.php HTTP/1.1" 302 5243 "http://sacherconsultancy.com/wp-admin/index.php" "Go-http-client/2.0"
82.137.244.176 - - [21/Sep/2026:11:14:56 +0000] "POST /xmlrpc.php HTTP/1.1" 200 5415 "-" "Mozilla/5.0 (Windows NT 6.3; x86) AppleWebKit/537.36 (KHTML, like Gecko) Safari/10.0.0.0 Safari/537.36"
136.66.94.245 - - [21/Sep/2026:11:14:56 +0000] "GET /wp-login.php?redirect_to=https%3A%2F%2Fsacherconsultancy.com%2Fwp-admin%2Findex.php&reauth=1 HTTP/1.1" 200 10451 "https://sacherconsultancy.com/wp-admin/index.php" "Go-http-client/2.0"
136.66.94.245 - - [21/Sep/2026:11:14:57 +0000] "GET /wp-content/plugins/index.php HTTP/1.1" 403 5806 "http://sacherconsultancy.com/wp-content/plugins/index.php" "Go-http-client/2.0"
136.66.94.245 - - [21/Sep/2026:11:14:57 +0000] "GET /wp-content/index.php HTTP/1.1" 200 4948 "http://sacherconsultancy.com/wp-content/index.php" "Go-http-client/2.0"
136.66.94.245 - - [21/Sep/2026:11:14:58 +0000] "GET /wp-content/plugins/fix/000.php HTTP/1.1" 404 121197 "http://sacherconsultancy.com/wp-content/plugins/fix/000.php" "Go-http-client/2.0"
136.66.94.245 - - [21/Sep/2026:11:14:59 +0000] "GET /file.php HTTP/1.1" 403 5806 "http://sacherconsultancy.com/file.php" "Go-http-client/2.0"
136.66.94.245 - - [21/Sep/2026:11:14:59 +0000] "GET //wp-content/plugins/fix/up.php HTTP/1.1" 301 5172 "http://sacherconsultancy.com//wp-content/plugins/fix/up.php" "Go-http-client/2.0"
116.193.128.202 - - [21/Sep/2026:11:15:00 +0000] "POST /xmlrpc.php HTTP/1.1" 200 5415 "-" "Jetpack by WordPress.com"
136.66.94.245 - - [21/Sep/2026:11:15:00 +0000] "GET /wp-content/plugins/fix/up.php HTTP/1.1" 404 121188 "https://sacherconsultancy.com//wp-content/plugins/fix/up.php" "Go-http-client/2.0"
136.66.94.245 - - [21/Sep/2026:11:15:02 +0000] "GET /wp-mail.php HTTP/1.1" 403 7790 "http://sacherconsultancy.com/wp-mail.php" "Go-http-client/2.0"
136.66.94.245 - - [21/Sep/2026:11:15:03 +0000] "GET /ioxi-o.php HTTP/1.1" 403 5806 "http://sacherconsultancy.com/ioxi-o.php" "Go-http-client/2.0"
136.66.94.245 - - [21/Sep/2026:11:15:03 +0000] "GET /wp-content/ioxi-o.php HTTP/1.1" 403 5806 "http://sacherconsultancy.com/wp-content/ioxi-o.php" "Go-http-client/2.0"
136.66.94.245 - - [21/Sep/2026:11:15:03 +0000] "GET /style.php HTTP/1.1" 403 5806 "http://sacherconsultancy.com/style.php" "Go-http-client/2.0"
136.66.94.245 - - [21/Sep/2026:11:15:03 +0000] "GET /wp-content/style.php HTTP/1.1" 403 5806 "http://sacherconsultancy.com/wp-content/style.php" "Go-http-client/2.0"
136.66.94.245 - - [21/Sep/2026:11:15:04 +0000] "GET /wp-editor.php HTTP/1.1" 403 5806 "http://sacherconsultancy.com/wp-editor.php#lufix" "Go-http-client/2.0"
136.66.94.245 - - [21/Sep/2026:11:15:04 +0000] "GET /lufix.php HTTP/1.1" 403 5806 "http://sacherconsultancy.com/lufix.php#lufix" "Go-http-client/2.0"
136.66.94.245 - - [21/Sep/2026:11:15:04 +0000] "GET /txets.php HTTP/1.1" 404 120999 "http://sacherconsultancy.com/txets.php" "Go-http-client/2.0"
136.66.94.245 - - [21/Sep/2026:11:15:06 +0000] "GET /wp-content/themes/txets.php HTTP/1.1" 403 5806 "http://sacherconsultancy.com/wp-content/themes/txets.php" "Go-http-client/2.0"
136.66.94.245 - - [21/Sep/2026:11:15:06 +0000] "GET /wp-admin/txets.php HTTP/1.1" 404 121099 "http://sacherconsultancy.com/wp-admin/txets.php" "Go-http-client/2.0"
136.66.94.245 - - [21/Sep/2026:11:15:08 +0000] "GET /wp-includes/txets.php HTTP/1.1" 404 121103 "http://sacherconsultancy.com/wp-includes/txets.php" "Go-http-client/2.0"
136.66.94.245 - - [21/Sep/2026:11:15:09 +0000] "GET /goods.php HTTP/1.1" 403 5806 "http://sacherconsultancy.com/goods.php" "Go-http-client/2.0"
136.66.94.245 - - [21/Sep/2026:11:15:09 +0000] "GET /php8.php HTTP/1.1" 403 5806 "http://sacherconsultancy.com/php8.php#xleet" "Go-http-client/2.0"
116.193.128.202 - - [21/Sep/2026:11:15:11 +0000] "POST /xmlrpc.php HTTP/1.1" 200 5415 "-" "Jetpack by WordPress.com"
82.137.244.176 - - [21/Sep/2026:11:15:11 +0000] "POST /xmlrpc.php HTTP/1.1" 200 5415 "-" "Mozilla/5.0 (Macintosh; Intel Mac OS X 10_15_7; arm64) AppleWebKit/537.36 (KHTML, like Gecko) Firefox/80.0.0.0 Safari/537.36"
77.68.25.176 - - [21/Sep/2026:11:15:22 +0000] "POST /wp-cron.php?doing_wp_cron=1789989322.0567879676818847656250 HTTP/1.1" 200 5041 "-" "WordPress/7.1.1; https://sacherconsultancy.com"
116.193.128.202 - - [21/Sep/2026:11:15:21 +0000] "POST /xmlrpc.php HTTP/1.1" 200 5415 "-" "Jetpack by WordPress.com (Jetpack 13.0; WordPress 6.3)"
82.137.244.176 - - [21/Sep/2026:11:15:26 +0000] "POST /xmlrpc.php HTTP/1.1" 200 5415 "-" "Mozilla/5.0 (Windows NT 6.2; arm64) AppleWebKit/537.36 (KHTML, like Gecko) Opera/65.0.0.0 Safari/537.36"
116.193.128.202 - - [21/Sep/2026:11:15:32 +0000] "POST /xmlrpc.php HTTP/1.1" 200 5415 "-" "WordPress.com; https://wordpress.com"
82.137.244.176 - - [21/Sep/2026:11:15:41 +0000] "POST /xmlrpc.php HTTP/1.1" 200 5415 "-" "Mozilla/5.0 (Linux; Android 10; arm64) AppleWebKit/537.36 (KHTML, like Gecko) Safari/14.0.0.0 Safari/537.36"
116.193.128.202 - - [21/Sep/2026:11:15:42 +0000] "POST /xmlrpc.php HTTP/1.1" 200 5415 "-" "Jetpack by WordPress.com (Jetpack 12.0; WordPress 6.2)"
116.193.128.202 - - [21/Sep/2026:11:15:53 +0000] "POST /xmlrpc.php HTTP/1.1" 200 5415 "-" "Jetpack by WordPress.com (Jetpack 12.0; WordPress 6.4)"
82.137.244.176 - - [21/Sep/2026:11:15:55 +0000] "POST /xmlrpc.php HTTP/1.1" 200 5415 "-" "Mozilla/5.0 (Macintosh; Intel Mac OS X 10_15_7; x86) AppleWebKit/537.36 (KHTML, like Gecko) Opera/76.0.0.0 Safari/537.36"
116.193.128.202 - - [21/Sep/2026:11:16:03 +0000] "POST /xmlrpc.php HTTP/1.1" 200 5415 "-" "Jetpack by WordPress.com (Jetpack 13.0; WordPress 6.4)"
82.137.244.176 - - [21/Sep/2026:11:16:07 +0000] "POST /xmlrpc.php HTTP/1.1" 200 5415 "-" "Mozilla/5.0 (Macintosh; Intel Mac OS X 10_15_7; x86) AppleWebKit/537.36 (KHTML, like Gecko) Safari/14.0.0.0 Safari/537.36"
77.68.25.176 - - [21/Sep/2026:11:16:15 +0000] "POST /wp-cron.php?doing_wp_cron=1789989374.9777829647064208984375 HTTP/1.1" 200 5041 "-" "WordPress/7.1.1; https://sacherconsultancy.com"
116.193.128.202 - - [21/Sep/2026:11:16:14 +0000] "POST /xmlrpc.php HTTP/1.1" 200 5415 "-" "WordPress.com; https://wordpress.com"
82.137.244.176 - - [21/Sep/2026:11:16:19 +0000] "POST /xmlrpc.php HTTP/1.1" 200 5415 "-" "Mozilla/5.0 (Windows NT 6.3; arm64) AppleWebKit/537.36 (KHTML, like Gecko) Opera/61.0.0.0 Safari/537.36"
116.193.128.202 - - [21/Sep/2026:11:16:25 +0000] "POST /xmlrpc.php HTTP/1.1" 200 5415 "-" "Jetpack by WordPress.com (Jetpack 13.0; WordPress 6.2)"
82.137.244.176 - - [21/Sep/2026:11:16:31 +0000] "POST /xmlrpc.php HTTP/1.1" 200 5415 "-" "Mozilla/5.0 (X11; Ubuntu; Linux x86_64; x64) AppleWebKit/537.36 (KHTML, like Gecko) Opera/76.0.0.0 Safari/537.36"
116.193.128.202 - - [21/Sep/2026:11:16:35 +0000] "POST /xmlrpc.php HTTP/1.1" 200 5415 "-" "Jetpack by WordPress.com (Jetpack 13.0; WordPress 6.2)"
82.137.244.176 - - [21/Sep/2026:11:16:43 +0000] "POST /xmlrpc.php HTTP/1.1" 200 5415 "-" "Mozilla/5.0 (Windows NT 6.2; x86) AppleWebKit/537.36 (KHTML, like Gecko) Opera/80.0.0.0 Safari/537.36"
116.193.128.202 - - [21/Sep/2026:11:16:46 +0000] "POST /xmlrpc.php HTTP/1.1" 200 5415 "-" "Jetpack by WordPress.com (Jetpack 12.0; WordPress 6.2)"
82.137.244.176 - - [21/Sep/2026:11:16:55 +0000] "POST /xmlrpc.php HTTP/1.1" 200 5415 "-" "Mozilla/5.0 (Linux; Android 10; x86) AppleWebKit/537.36 (KHTML, like Gecko) Firefox/98.0.0.0 Safari/537.36"
116.193.128.202 - - [21/Sep/2026:11:16:56 +0000] "POST /xmlrpc.php HTTP/1.1" 200 5415 "-" "Jetpack by WordPress.com (Jetpack 12.5; WordPress 6.2)"
116.193.128.202 - - [21/Sep/2026:11:17:07 +0000] "POST /xmlrpc.php HTTP/1.1" 200 5415 "-" "Jetpack by WordPress.com"
82.137.244.176 - - [21/Sep/2026:11:17:08 +0000] "POST /xmlrpc.php HTTP/1.1" 200 5415 "-" "Mozilla/5.0 (Windows NT 6.3; x86) AppleWebKit/537.36 (KHTML, like Gecko) Firefox/79.0.0.0 Safari/537.36"
77.68.25.176 - - [21/Sep/2026:11:17:18 +0000] "POST /wp-cron.php?doing_wp_cron=1789989438.5079500675201416015625 HTTP/1.1" 200 5041 "-" "WordPress/7.1.1; https://sacherconsultancy.com"
116.193.128.202 - - [21/Sep/2026:11:17:18 +0000] "POST /xmlrpc.php HTTP/1.1" 200 5415 "-" "WordPress.com; https://wordpress.com"
82.137.244.176 - - [21/Sep/2026:11:17:20 +0000] "POST /xmlrpc.php HTTP/1.1" 200 5415 "-" "Mozilla/5.0 (Windows NT 6.2; arm64) AppleWebKit/537.36 (KHTML, like Gecko) Edge/85.0.0.0 Safari/537.36"
116.193.128.202 - - [21/Sep/2026:11:17:28 +0000] "POST /xmlrpc.php HTTP/1.1" 200 5415 "-" "Jetpack/13.0; WordPress/6.4; http://site62522273.com"
82.137.244.176 - - [21/Sep/2026:11:17:32 +0000] "POST /xmlrpc.php HTTP/1.1" 200 5415 "-" "Mozilla/5.0 (Windows NT 6.3; x64) AppleWebKit/537.36 (KHTML, like Gecko) Firefox/85.0.0.0 Safari/537.36"
116.193.128.202 - - [21/Sep/2026:11:17:39 +0000] "POST /xmlrpc.php HTTP/1.1" 200 5415 "-" "WordPress.com; https://wordpress.com"
82.137.244.176 - - [21/Sep/2026:11:17:44 +0000] "POST /xmlrpc.php HTTP/1.1" 200 5415 "-" "Mozilla/5.0 (Macintosh; Intel Mac OS X 10_15_7; x86) AppleWebKit/537.36 (KHTML, like Gecko) Edge/96.0.0.0 Safari/537.36"
116.193.128.202 - - [21/Sep/2026:11:17:49 +0000] "POST /xmlrpc.php HTTP/1.1" 200 5415 "-" "Jetpack/12.0; WordPress/6.2; http://site81625487.com"
82.137.244.176 - - [21/Sep/2026:11:17:59 +0000] "POST /xmlrpc.php HTTP/1.1" 200 5415 "-" "Mozilla/5.0 (Linux; Android 10; arm64) AppleWebKit/537.36 (KHTML, like Gecko) Opera/71.0.0.0 Safari/537.36"
116.193.128.202 - - [21/Sep/2026:11:18:00 +0000] "POST /xmlrpc.php HTTP/1.1" 200 5415 "-" "Jetpack by WordPress.com"
116.193.128.202 - - [21/Sep/2026:11:18:10 +0000] "POST /xmlrpc.php HTTP/1.1" 200 5415 "-" "Jetpack/12.5; WordPress/6.4; http://site83513327.com"
77.68.25.176 - - [21/Sep/2026:11:18:16 +0000] "POST /wp-cron.php?doing_wp_cron=1789989496.5522949695587158203125 HTTP/1.1" 200 5041 "-" "WordPress/7.1.1; https://sacherconsultancy.com"
82.137.244.176 - - [21/Sep/2026:11:18:16 +0000] "POST /xmlrpc.php HTTP/1.1" 200 5415 "-" "Mozilla/5.0 (Windows NT 6.3; arm64) AppleWebKit/537.36 (KHTML, like Gecko) Chrome/114.0.0.0 Safari/537.36"
116.193.128.202 - - [21/Sep/2026:11:18:21 +0000] "POST /xmlrpc.php HTTP/1.1" 200 5415 "-" "Jetpack by WordPress.com"
82.137.244.176 - - [21/Sep/2026:11:18:30 +0000] "POST /xmlrpc.php HTTP/1.1" 200 5415 "-" "Mozilla/5.0 (Windows NT 6.2; arm64) AppleWebKit/537.36 (KHTML, like Gecko) Safari/15.0.0.0 Safari/537.36"
116.193.128.202 - - [21/Sep/2026:11:18:32 +0000] "POST /xmlrpc.php HTTP/1.1" 200 5415 "-" "Jetpack/12.1; WordPress/6.2; http://site68224933.com"
116.193.128.202 - - [21/Sep/2026:11:18:42 +0000] "POST /xmlrpc.php HTTP/1.1" 200 5415 "-" "Jetpack by WordPress.com"
82.137.244.176 - - [21/Sep/2026:11:18:44 +0000] "POST /xmlrpc.php HTTP/1.1" 200 5415 "-" "Mozilla/5.0 (Macintosh; Intel Mac OS X 10_15_7; arm64) AppleWebKit/537.36 (KHTML, like Gecko) Safari/12.0.0.0 Safari/537.36"
116.193.128.202 - - [21/Sep/2026:11:18:53 +0000] "POST /xmlrpc.php HTTP/1.1" 200 5415 "-" "Jetpack by WordPress.com (Jetpack 12.0; WordPress 6.4)"
82.137.244.176 - - [21/Sep/2026:11:18:57 +0000] "POST /xmlrpc.php HTTP/1.1" 200 5415 "-" "Mozilla/5.0 (X11; Ubuntu; Linux x86_64; arm64) AppleWebKit/537.36 (KHTML, like Gecko) Chrome/99.0.0.0 Safari/537.36"
116.193.128.202 - - [21/Sep/2026:11:19:03 +0000] "POST /xmlrpc.php HTTP/1.1" 200 5415 "-" "Jetpack/12.5; WordPress/6.4; http://site95127404.com"
82.137.244.176 - - [21/Sep/2026:11:19:09 +0000] "POST /xmlrpc.php HTTP/1.1" 200 5415 "-" "Mozilla/5.0 (Windows NT 10.0; x86) AppleWebKit/537.36 (KHTML, like Gecko) Opera/77.0.0.0 Safari/537.36"
77.68.25.176 - - [21/Sep/2026:11:19:14 +0000] "POST /wp-cron.php?doing_wp_cron=1789989554.8555130958557128906250 HTTP/1.1" 200 5041 "-" "WordPress/7.1.1; https://sacherconsultancy.com"
116.193.128.202 - - [21/Sep/2026:11:19:14 +0000] "POST /xmlrpc.php HTTP/1.1" 200 5415 "-" "Jetpack by WordPress.com (Jetpack 12.1; WordPress 6.1)"
82.137.244.176 - - [21/Sep/2026:11:19:21 +0000] "POST /xmlrpc.php HTTP/1.1" 200 5415 "-" "Mozilla/5.0 (Windows NT 6.3; x64) AppleWebKit/537.36 (KHTML, like Gecko) Opera/72.0.0.0 Safari/537.36"
116.193.128.202 - - [21/Sep/2026:11:19:25 +0000] "POST /xmlrpc.php HTTP/1.1" 200 5415 "-" "Jetpack by WordPress.com"
82.137.244.176 - - [21/Sep/2026:11:19:33 +0000] "POST /xmlrpc.php HTTP/1.1" 200 5415 "-" "Mozilla/5.0 (Windows NT 6.3; arm64) AppleWebKit/537.36 (KHTML, like Gecko) Firefox/71.0.0.0 Safari/537.36"
116.193.128.202 - - [21/Sep/2026:11:19:35 +0000] "POST /xmlrpc.php HTTP/1.1" 200 5415 "-" "Jetpack by WordPress.com"
82.137.244.176 - - [21/Sep/2026:11:19:45 +0000] "POST /xmlrpc.php HTTP/1.1" 200 5415 "-" "Mozilla/5.0 (Macintosh; Intel Mac OS X 10_15_7; x86) AppleWebKit/537.36 (KHTML, like Gecko) Chrome/99.0.0.0 Safari/537.36"
116.193.128.202 - - [21/Sep/2026:11:19:46 +0000] "POST /xmlrpc.php HTTP/1.1" 200 5415 "-" "WordPress.com; https://wordpress.com"
82.137.244.176 - - [21/Sep/2026:11:19:56 +0000] "POST /xmlrpc.php HTTP/1.1" 200 5415 "-" "Mozilla/5.0 (Macintosh; Intel Mac OS X 10_15_7; arm64) AppleWebKit/537.36 (KHTML, like Gecko) Firefox/100.0.0.0 Safari/537.36"
116.193.128.202 - - [21/Sep/2026:11:19:56 +0000] "POST /xmlrpc.php HTTP/1.1" 200 5415 "-" "Jetpack by WordPress.com (Jetpack 12.1; WordPress 6.2)"
116.193.128.202 - - [21/Sep/2026:11:20:07 +0000] "POST /xmlrpc.php HTTP/1.1" 200 5415 "-" "Jetpack by WordPress.com"
82.137.244.176 - - [21/Sep/2026:11:20:08 +0000] "POST /xmlrpc.php HTTP/1.1" 200 5415 "-" "Mozilla/5.0 (Windows NT 10.0; x64) AppleWebKit/537.36 (KHTML, like Gecko) Chrome/81.0.0.0 Safari/537.36"
77.68.25.176 - - [21/Sep/2026:11:20:18 +0000] "POST /wp-cron.php?doing_wp_cron=1789989618.4605228900909423828125 HTTP/1.1" 200 5041 "-" "WordPress/7.1.1; https://sacherconsultancy.com"
116.193.128.202 - - [21/Sep/2026:11:20:18 +0000] "POST /xmlrpc.php HTTP/1.1" 200 5415 "-" "WordPress.com; https://wordpress.com"
82.137.244.176 - - [21/Sep/2026:11:20:19 +0000] "POST /xmlrpc.php HTTP/1.1" 200 5415 "-" "Mozilla/5.0 (Linux; Android 10; arm64) AppleWebKit/537.36 (KHTML, like Gecko) Firefox/81.0.0.0 Safari/537.36"
116.193.128.202 - - [21/Sep/2026:11:20:28 +0000] "POST /xmlrpc.php HTTP/1.1" 200 5415 "-" "Jetpack/12.1; WordPress/6.4; http://site98141228.com"
82.137.244.176 - - [21/Sep/2026:11:20:30 +0000] "POST /xmlrpc.php HTTP/1.1" 200 5415 "-" "Mozilla/5.0 (Windows NT 6.3; x86) AppleWebKit/537.36 (KHTML, like Gecko) Safari/15.0.0.0 Safari/537.36"
116.193.128.202 - - [21/Sep/2026:11:20:39 +0000] "POST /xmlrpc.php HTTP/1.1" 200 5415 "-" "Jetpack by WordPress.com (Jetpack 13.0; WordPress 6.3)"
82.137.244.176 - - [21/Sep/2026:11:20:41 +0000] "POST /xmlrpc.php HTTP/1.1" 200 5415 "-" "Mozilla/5.0 (Windows NT 6.2; x86) AppleWebKit/537.36 (KHTML, like Gecko) Chrome/110.0.0.0 Safari/537.36"
116.193.128.202 - - [21/Sep/2026:11:20:49 +0000] "POST /xmlrpc.php HTTP/1.1" 200 5415 "-" "Jetpack by WordPress.com (Jetpack 12.1; WordPress 6.1)"
82.137.244.176 - - [21/Sep/2026:11:20:53 +0000] "POST /xmlrpc.php HTTP/1.1" 200 5415 "-" "Mozilla/5.0 (Macintosh; Intel Mac OS X 10_15_7; x64) AppleWebKit/537.36 (KHTML, like Gecko) Chrome/94.0.0.0 Safari/537.36"
116.193.128.202 - - [21/Sep/2026:11:21:00 +0000] "POST /xmlrpc.php HTTP/1.1" 200 5415 "-" "Jetpack by WordPress.com"
82.137.244.176 - - [21/Sep/2026:11:21:06 +0000] "POST /xmlrpc.php HTTP/1.1" 200 5415 "-" "Mozilla/5.0 (Linux; Android 10; x64) AppleWebKit/537.36 (KHTML, like Gecko) Opera/68.0.0.0 Safari/537.36"
116.193.128.202 - - [21/Sep/2026:11:21:10 +0000] "POST /xmlrpc.php HTTP/1.1" 200 5415 "-" "Jetpack by WordPress.com"
77.68.25.176 - - [21/Sep/2026:11:21:20 +0000] "POST /wp-cron.php?doing_wp_cron=1789989680.7990159988403320312500 HTTP/1.1" 200 5041 "-" "WordPress/7.1.1; https://sacherconsultancy.com"
82.137.244.176 - - [21/Sep/2026:11:21:20 +0000] "POST /xmlrpc.php HTTP/1.1" 200 5415 "-" "Mozilla/5.0 (Linux; Android 10; x64) AppleWebKit/537.36 (KHTML, like Gecko) Chrome/115.0.0.0 Safari/537.36"
116.193.128.202 - - [21/Sep/2026:11:21:21 +0000] "POST /xmlrpc.php HTTP/1.1" 200 5415 "-" "Jetpack/12.0; WordPress/6.2; http://site21446549.com"
116.193.128.202 - - [21/Sep/2026:11:21:32 +0000] "POST /xmlrpc.php HTTP/1.1" 200 5415 "-" "Jetpack/12.5; WordPress/6.4; http://site46990294.com"
82.137.244.176 - - [21/Sep/2026:11:21:33 +0000] "POST /xmlrpc.php HTTP/1.1" 200 5415 "-" "Mozilla/5.0 (Windows NT 6.3; x64) AppleWebKit/537.36 (KHTML, like Gecko) Safari/11.0.0.0 Safari/537.36"
116.193.128.202 - - [21/Sep/2026:11:21:42 +0000] "POST /xmlrpc.php HTTP/1.1" 200 5415 "-" "Jetpack by WordPress.com (Jetpack 12.0; WordPress 6.4)"
82.137.244.176 - - [21/Sep/2026:11:21:47 +0000] "POST /xmlrpc.php HTTP/1.1" 200 5415 "-" "Mozilla/5.0 (X11; Ubuntu; Linux x86_64; x64) AppleWebKit/537.36 (KHTML, like Gecko) Opera/73.0.0.0 Safari/537.36"
116.193.128.202 - - [21/Sep/2026:11:21:53 +0000] "POST /xmlrpc.php HTTP/1.1" 200 5415 "-" "Jetpack by WordPress.com"
82.137.244.176 - - [21/Sep/2026:11:21:58 +0000] "POST /xmlrpc.php HTTP/1.1" 200 5415 "-" "Mozilla/5.0 (Linux; Android 10; x86) AppleWebKit/537.36 (KHTML, like Gecko) Opera/77.0.0.0 Safari/537.36"
116.193.128.202 - - [21/Sep/2026:11:22:03 +0000] "POST /xmlrpc.php HTTP/1.1" 200 5415 "-" "WordPress.com; https://wordpress.com"
82.137.244.176 - - [21/Sep/2026:11:22:10 +0000] "POST /xmlrpc.php HTTP/1.1" 200 5415 "-" "Mozilla/5.0 (Windows NT 6.3; x86) AppleWebKit/537.36 (KHTML, like Gecko) Chrome/103.0.0.0 Safari/537.36"
77.68.25.176 - - [21/Sep/2026:11:22:14 +0000] "POST /wp-cron.php?doing_wp_cron=1789989734.6128818988800048828125 HTTP/1.1" 200 5041 "-" "WordPress/7.1.1; https://sacherconsultancy.com"
116.193.128.202 - - [21/Sep/2026:11:22:14 +0000] "POST /xmlrpc.php HTTP/1.1" 200 5415 "-" "Jetpack by WordPress.com"
116.193.128.202 - - [21/Sep/2026:11:22:24 +0000] "POST /xmlrpc.php HTTP/1.1" 200 5415 "-" "WordPress.com; https://wordpress.com"
116.193.128.202 - - [21/Sep/2026:11:22:35 +0000] "POST /xmlrpc.php HTTP/1.1" 200 5415 "-" "Jetpack/12.0; WordPress/6.1; http://site81091645.com"
116.193.128.202 - - [21/Sep/2026:11:22:45 +0000] "POST /xmlrpc.php HTTP/1.1" 200 5415 "-" "Jetpack/12.0; WordPress/6.1; http://site65359763.com"
116.193.128.202 - - [21/Sep/2026:11:22:56 +0000] "POST /xmlrpc.php HTTP/1.1" 200 5415 "-" "Jetpack/12.5; WordPress/6.4; http://site37325456.com"
116.193.128.202 - - [21/Sep/2026:11:23:06 +0000] "POST /xmlrpc.php HTTP/1.1" 200 5415 "-" "Jetpack/12.1; WordPress/6.1; http://site45570292.com"
77.68.25.176 - - [21/Sep/2026:11:23:17 +0000] "POST /wp-cron.php?doing_wp_cron=1789989797.8475859165191650390625 HTTP/1.1" 200 5041 "-" "WordPress/7.1.1; https://sacherconsultancy.com"
116.193.128.202 - - [21/Sep/2026:11:23:17 +0000] "POST /xmlrpc.php HTTP/1.1" 200 5415 "-" "WordPress.com; https://wordpress.com"
116.193.128.202 - - [21/Sep/2026:11:23:28 +0000] "POST /xmlrpc.php HTTP/1.1" 200 5415 "-" "Jetpack by WordPress.com (Jetpack 12.5; WordPress 6.2)"
116.193.128.202 - - [21/Sep/2026:11:23:38 +0000] "POST /xmlrpc.php HTTP/1.1" 200 5415 "-" "Jetpack by WordPress.com"
116.193.128.202 - - [21/Sep/2026:11:23:49 +0000] "POST /xmlrpc.php HTTP/1.1" 200 5415 "-" "Jetpack/12.0; WordPress/6.4; http://site88256661.com"
116.193.128.202 - - [21/Sep/2026:11:23:59 +0000] "POST /xmlrpc.php HTTP/1.1" 200 5415 "-" "WordPress.com; https://wordpress.com"
116.193.128.202 - - [21/Sep/2026:11:24:10 +0000] "POST /xmlrpc.php HTTP/1.1" 200 5415 "-" "Jetpack by WordPress.com (Jetpack 12.0; WordPress 6.1)"
77.68.25.176 - - [21/Sep/2026:11:24:21 +0000] "POST /wp-cron.php?doing_wp_cron=1789989861.0829439163208007812500 HTTP/1.1" 200 5041 "-" "WordPress/7.1.1; https://sacherconsultancy.com"
116.193.128.202 - - [21/Sep/2026:11:24:20 +0000] "POST /xmlrpc.php HTTP/1.1" 200 5415 "-" "WordPress.com; https://wordpress.com"
116.193.128.202 - - [21/Sep/2026:11:24:31 +0000] "POST /xmlrpc.php HTTP/1.1" 200 5415 "-" "Jetpack by WordPress.com"
116.193.128.202 - - [21/Sep/2026:11:24:41 +0000] "POST /xmlrpc.php HTTP/1.1" 200 5415 "-" "WordPress.com; https://wordpress.com"
116.193.128.202 - - [21/Sep/2026:11:24:52 +0000] "POST /xmlrpc.php HTTP/1.1" 200 5415 "-" "WordPress.com; https://wordpress.com"
116.193.128.202 - - [21/Sep/2026:11:25:03 +0000] "POST /xmlrpc.php HTTP/1.1" 200 5415 "-" "Jetpack by WordPress.com (Jetpack 12.0; WordPress 6.1)"
77.68.25.176 - - [21/Sep/2026:11:25:14 +0000] "POST /wp-cron.php?doing_wp_cron=1789989914.2334680557250976562500 HTTP/1.1" 200 5041 "-" "WordPress/7.1.1; https://sacherconsultancy.com"
116.193.128.202 - - [21/Sep/2026:11:25:13 +0000] "POST /xmlrpc.php HTTP/1.1" 200 5415 "-" "Jetpack/12.5; WordPress/6.1; http://site89145204.com"
116.193.128.202 - - [21/Sep/2026:11:25:24 +0000] "POST /xmlrpc.php HTTP/1.1" 200 5415 "-" "WordPress.com; https://wordpress.com"
116.193.128.202 - - [21/Sep/2026:11:25:34 +0000] "POST /xmlrpc.php HTTP/1.1" 200 5415 "-" "WordPress.com; https://wordpress.com"
116.193.128.202 - - [21/Sep/2026:11:25:45 +0000] "POST /xmlrpc.php HTTP/1.1" 200 5415 "-" "Jetpack by WordPress.com"
116.193.128.202 - - [21/Sep/2026:11:25:56 +0000] "POST /xmlrpc.php HTTP/1.1" 200 5415 "-" "Jetpack by WordPress.com"
116.193.128.202 - - [21/Sep/2026:11:26:06 +0000] "POST /xmlrpc.php HTTP/1.1" 200 5415 "-" "Jetpack by WordPress.com (Jetpack 12.5; WordPress 6.3)"
77.68.25.176 - - [21/Sep/2026:11:26:17 +0000] "POST /wp-cron.php?doing_wp_cron=1789989977.5449628829956054687500 HTTP/1.1" 200 5041 "-" "WordPress/7.1.1; https://sacherconsultancy.com"
116.193.128.202 - - [21/Sep/2026:11:26:17 +0000] "POST /xmlrpc.php HTTP/1.1" 200 5415 "-" "Jetpack by WordPress.com"
116.193.128.202 - - [21/Sep/2026:11:26:27 +0000] "POST /xmlrpc.php HTTP/1.1" 200 5415 "-" "Jetpack/12.1; WordPress/6.1; http://site11786168.com"
116.193.128.202 - - [21/Sep/2026:11:26:38 +0000] "POST /xmlrpc.php HTTP/1.1" 200 5415 "-" "Jetpack/12.0; WordPress/6.1; http://site23844572.com"
116.193.128.202 - - [21/Sep/2026:11:26:49 +0000] "POST /xmlrpc.php HTTP/1.1" 200 5415 "-" "WordPress.com; https://wordpress.com"
116.193.128.202 - - [21/Sep/2026:11:26:59 +0000] "POST /xmlrpc.php HTTP/1.1" 200 5415 "-" "WordPress.com; https://wordpress.com"
116.193.128.202 - - [21/Sep/2026:11:27:10 +0000] "POST /xmlrpc.php HTTP/1.1" 200 5415 "-" "Jetpack by WordPress.com (Jetpack 12.1; WordPress 6.1)"
77.68.25.176 - - [21/Sep/2026:11:27:21 +0000] "POST /wp-cron.php?doing_wp_cron=1789990041.1286358833312988281250 HTTP/1.1" 200 5041 "-" "WordPress/7.1.1; https://sacherconsultancy.com"
116.193.128.202 - - [21/Sep/2026:11:27:20 +0000] "POST /xmlrpc.php HTTP/1.1" 200 5415 "-" "Jetpack by WordPress.com (Jetpack 12.1; WordPress 6.2)"
116.193.128.202 - - [21/Sep/2026:11:27:31 +0000] "POST /xmlrpc.php HTTP/1.1" 200 5415 "-" "WordPress.com; https://wordpress.com"
116.193.128.202 - - [21/Sep/2026:11:27:41 +0000] "POST /xmlrpc.php HTTP/1.1" 200 5415 "-" "Jetpack by WordPress.com (Jetpack 12.1; WordPress 6.1)"
116.193.128.202 - - [21/Sep/2026:11:27:52 +0000] "POST /xmlrpc.php HTTP/1.1" 200 5415 "-" "WordPress.com; https://wordpress.com"
116.193.128.202 - - [21/Sep/2026:11:28:02 +0000] "POST /xmlrpc.php HTTP/1.1" 200 5415 "-" "Jetpack by WordPress.com"
77.68.25.176 - - [21/Sep/2026:11:28:13 +0000] "POST /wp-cron.php?doing_wp_cron=1789990093.9263710975646972656250 HTTP/1.1" 200 5041 "-" "WordPress/7.1.1; https://sacherconsultancy.com"
116.193.128.202 - - [21/Sep/2026:11:28:13 +0000] "POST /xmlrpc.php HTTP/1.1" 200 5415 "-" "WordPress.com; https://wordpress.com"
116.193.128.202 - - [21/Sep/2026:11:28:24 +0000] "POST /xmlrpc.php HTTP/1.1" 200 5415 "-" "Jetpack by WordPress.com"
116.193.128.202 - - [21/Sep/2026:11:28:34 +0000] "POST /xmlrpc.php HTTP/1.1" 200 5415 "-" "Jetpack by WordPress.com"
116.193.128.202 - - [21/Sep/2026:11:28:45 +0000] "POST /xmlrpc.php HTTP/1.1" 200 5415 "-" "Jetpack by WordPress.com (Jetpack 13.0; WordPress 6.1)"
116.193.128.202 - - [21/Sep/2026:11:28:55 +0000] "POST /xmlrpc.php HTTP/1.1" 200 5415 "-" "Jetpack by WordPress.com (Jetpack 13.0; WordPress 6.3)"
116.193.128.202 - - [21/Sep/2026:11:29:06 +0000] "POST /xmlrpc.php HTTP/1.1" 200 5415 "-" "Jetpack by WordPress.com (Jetpack 13.0; WordPress 6.4)"
77.68.25.176 - - [21/Sep/2026:11:29:17 +0000] "POST /wp-cron.php?doing_wp_cron=1789990157.4360239505767822265625 HTTP/1.1" 200 5041 "-" "WordPress/7.1.1; https://sacherconsultancy.com"
116.193.128.202 - - [21/Sep/2026:11:29:16 +0000] "POST /xmlrpc.php HTTP/1.1" 200 5415 "-" "Jetpack by WordPress.com"
116.193.128.202 - - [21/Sep/2026:11:29:27 +0000] "POST /xmlrpc.php HTTP/1.1" 200 5415 "-" "Jetpack by WordPress.com (Jetpack 12.0; WordPress 6.2)"
116.193.128.202 - - [21/Sep/2026:11:29:38 +0000] "POST /xmlrpc.php HTTP/1.1" 200 5415 "-" "WordPress.com; https://wordpress.com"
116.193.128.202 - - [21/Sep/2026:11:29:48 +0000] "POST /xmlrpc.php HTTP/1.1" 200 5415 "-" "Jetpack/12.0; WordPress/6.4; http://site31034211.com"
116.193.128.202 - - [21/Sep/2026:11:29:59 +0000] "POST /xmlrpc.php HTTP/1.1" 200 5415 "-" "Jetpack by WordPress.com (Jetpack 12.5; WordPress 6.1)"
116.193.128.202 - - [21/Sep/2026:11:30:09 +0000] "POST /xmlrpc.php HTTP/1.1" 200 5415 "-" "Jetpack by WordPress.com"
77.68.25.176 - - [21/Sep/2026:11:30:20 +0000] "POST /wp-cron.php?doing_wp_cron=1789990220.8828790187835693359375 HTTP/1.1" 200 5041 "-" "WordPress/7.1.1; https://sacherconsultancy.com"
116.193.128.202 - - [21/Sep/2026:11:30:20 +0000] "POST /xmlrpc.php HTTP/1.1" 200 5415 "-" "Jetpack by WordPress.com"
116.193.128.202 - - [21/Sep/2026:11:30:31 +0000] "POST /xmlrpc.php HTTP/1.1" 200 5415 "-" "Jetpack by WordPress.com"
116.193.128.202 - - [21/Sep/2026:11:30:41 +0000] "POST /xmlrpc.php HTTP/1.1" 200 5415 "-" "Jetpack by WordPress.com"
116.193.128.202 - - [21/Sep/2026:11:30:52 +0000] "POST /xmlrpc.php HTTP/1.1" 200 5415 "-" "Jetpack by WordPress.com"
116.193.128.202 - - [21/Sep/2026:11:31:02 +0000] "POST /xmlrpc.php HTTP/1.1" 200 5415 "-" "Jetpack/13.0; WordPress/6.4; http://site51710927.com"
77.68.25.176 - - [21/Sep/2026:11:31:13 +0000] "POST /wp-cron.php?doing_wp_cron=1789990273.7638859748840332031250 HTTP/1.1" 200 5041 "-" "WordPress/7.1.1; https://sacherconsultancy.com"
116.193.128.202 - - [21/Sep/2026:11:31:13 +0000] "POST /xmlrpc.php HTTP/1.1" 200 5415 "-" "Jetpack/12.1; WordPress/6.1; http://site64062455.com"
116.193.128.202 - - [21/Sep/2026:11:31:23 +0000] "POST /xmlrpc.php HTTP/1.1" 200 5415 "-" "Jetpack by WordPress.com (Jetpack 12.1; WordPress 6.1)"
116.193.128.202 - - [21/Sep/2026:11:31:34 +0000] "POST /xmlrpc.php HTTP/1.1" 200 5415 "-" "WordPress.com; https://wordpress.com"
77.68.25.176 - - [21/Sep/2026:11:35:36 +0000] "POST /wp-cron.php?doing_wp_cron=1789990536.1715290546417236328125 HTTP/1.1" 200 5041 "-" "WordPress/7.1.1; https://sacherconsultancy.com"
216.73.217.123 - - [21/Sep/2026:11:35:35 +0000] "GET /robots.txt HTTP/1.1" 200 5199 "-" "Mozilla/5.0 AppleWebKit/537.36 (KHTML, like Gecko; compatible; ClaudeBot/1.0; +claudebot@anthropic.com)"
216.73.217.123 - - [21/Sep/2026:11:35:39 +0000] "GET /sitemap.xml HTTP/1.1" 200 5383 "-" "Mozilla/5.0 AppleWebKit/537.36 (KHTML, like Gecko; compatible; ClaudeBot/1.0; +claudebot@anthropic.com)"
77.68.25.176 - - [21/Sep/2026:11:36:28 +0000] "POST /wp-cron.php?doing_wp_cron=1789990588.7324380874633789062500 HTTP/1.1" 200 5041 "-" "WordPress/7.1.1; https://sacherconsultancy.com"
216.73.217.123 - - [21/Sep/2026:11:36:28 +0000] "GET /sitemap.rss HTTP/1.1" 200 5920 "-" "Mozilla/5.0 AppleWebKit/537.36 (KHTML, like Gecko; compatible; ClaudeBot/1.0; +claudebot@anthropic.com)"
77.68.25.176 - - [21/Sep/2026:11:47:17 +0000] "POST /wp-cron.php?doing_wp_cron=1789991237.6416630744934082031250 HTTP/1.1" 200 5041 "-" "WordPress/7.1.1; https://sacherconsultancy.com"
66.249.77.161 - - [21/Sep/2026:11:47:17 +0000] "GET /category/item/erx4ialoyulja72.shtml HTTP/1.1" 404 121229 "-" "Mozilla/5.0 (Linux; Android 6.0.1; Nexus 5X Build/MMB29P) AppleWebKit/537.36 (KHTML, like Gecko) Chrome/153.0.8010.47 Mobile Safari/537.36 (compatible; Googlebot/2.1; +http://www.google.com/bot.html)"
77.68.25.176 - - [21/Sep/2026:11:51:13 +0000] "POST /wp-cron.php?doing_wp_cron=1789991473.1101269721984863281250 HTTP/1.1" 200 5041 "-" "WordPress/7.1.1; https://sacherconsultancy.com"
198.98.59.181 - - [21/Sep/2026:11:51:12 +0000] "GET /wp-login.php HTTP/1.1" 200 15722 "-" "Mozilla/5.0 (Windows NT 11.0; Win64; x64) AppleWebKit/537.36 (KHTML, like Gecko) Chrome/120.0.0.0 Safari/537.36"
198.98.59.181 - - [21/Sep/2026:11:51:13 +0000] "POST /wp-login.php HTTP/1.1" 200 16256 "-" "Mozilla/5.0 (Windows NT 11.0; Win64; x64) AppleWebKit/537.36 (KHTML, like Gecko) Chrome/120.0.0.0 Safari/537.36"
77.68.25.176 - - [21/Sep/2026:11:55:24 +0000] "POST /wp-cron.php?doing_wp_cron=1789991724.8694250583648681640625 HTTP/1.1" 200 5041 "-" "WordPress/7.1.1; https://sacherconsultancy.com"
85.208.98.55 - - [21/Sep/2026:11:55:24 +0000] "GET /robots.txt HTTP/1.1" 200 5199 "http://sacherconsultancy.com/robots.txt" "Mozilla/5.0 (compatible; SemrushBot-BA; +http://www.semrush.com/bot.html)"
85.208.98.57 - - [21/Sep/2026:11:55:50 +0000] "GET /projects/ HTTP/1.1" 200 25588 "-" "Mozilla/5.0 (compatible; SemrushBot-BA; +http://www.semrush.com/bot.html)"
85.208.98.59 - - [21/Sep/2026:11:56:05 +0000] "GET /events/ HTTP/1.1" 200 25335 "-" "Mozilla/5.0 (compatible; SemrushBot-BA; +http://www.semrush.com/bot.html)"
77.68.25.176 - - [21/Sep/2026:11:56:22 +0000] "POST /wp-cron.php?doing_wp_cron=1789991781.9851090908050537109375 HTTP/1.1" 200 5041 "-" "WordPress/7.1.1; https://sacherconsultancy.com"
85.208.98.59 - - [21/Sep/2026:11:56:21 +0000] "GET /category/creative/ HTTP/1.1" 200 24212 "-" "Mozilla/5.0 (compatible; SemrushBot-BA; +http://www.semrush.com/bot.html)"
77.68.25.176 - - [21/Sep/2026:12:13:16 +0000] "POST /wp-cron.php?doing_wp_cron=1789992796.1515700817108154296875 HTTP/1.1" 200 5041 "-" "WordPress/7.1.1; https://sacherconsultancy.com"
147.5.127.200 - - [21/Sep/2026:12:13:15 +0000] "POST /wp-login.php HTTP/1.1" 200 8580 "https://sacherconsultancy.com/wp-login.php" "Mozilla/5.0 (Windows NT 10.0; Win64; x64) AppleWebKit/537.36 (KHTML, like Gecko) Chrome/124.0.0.0 Safari/537.36"
8.217.145.188 - - [21/Sep/2026:12:13:40 +0000] "GET / HTTP/1.1" 200 136573 "-" "Mozilla/5.0 (Windows NT 10.0; Win64; x64) AppleWebKit/537.36 (KHTML, like Gecko) Chrome/120.0.0.0 Safari/537.36"
77.68.25.176 - - [21/Sep/2026:12:17:01 +0000] "POST /wp-cron.php?doing_wp_cron=1789993021.9154019355773925781250 HTTP/1.1" 200 5041 "-" "WordPress/7.1.1; https://sacherconsultancy.com"
104.238.222.26 - - [21/Sep/2026:12:17:01 +0000] "GET /wp-login.php HTTP/1.1" 200 8356 "https://duckduckgo.com/" "Mozilla/5.0 (Macintosh; Intel Mac OS X 13_6_1; rv:118.0) Gecko/20100101 Firefox/118.0"
104.238.222.26 - - [21/Sep/2026:12:17:02 +0000] "GET /?author=1 HTTP/1.1" 301 5047 "-" "Mozilla/5.0 (X11; Ubuntu; Linux x86_64) AppleWebKit/537.36 (KHTML, like Gecko) Chrome/121.0.0.0 Safari/537.36"
104.238.222.26 - - [21/Sep/2026:12:17:03 +0000] "GET /author/sc_admin/ HTTP/1.1" 200 24382 "-" "Mozilla/5.0 (X11; Ubuntu; Linux x86_64) AppleWebKit/537.36 (KHTML, like Gecko) Chrome/121.0.0.0 Safari/537.36"
104.238.222.26 - - [21/Sep/2026:12:17:04 +0000] "GET /?author=2 HTTP/1.1" 200 24255 "https://t.co/" "Mozilla/5.0 (Windows NT 11.0; Win64; x64) AppleWebKit/537.36 (KHTML, like Gecko) Chrome/119.0.0.0 Safari/537.36"
104.238.222.26 - - [21/Sep/2026:12:17:05 +0000] "GET /?author=3 HTTP/1.1" 200 24357 "https://t.co/" "Mozilla/5.0 (X11; Ubuntu; Linux x86_64) AppleWebKit/537.36 (KHTML, like Gecko) Chrome/118.0.0.0 Safari/537.36"
104.238.222.26 - - [21/Sep/2026:12:17:05 +0000] "GET /?author=4 HTTP/1.1" 200 24353 "https://duckduckgo.com/" "Mozilla/5.0 (Windows NT 10.0; Win64; x64) AppleWebKit/537.36 (KHTML, like Gecko) Chrome/119.0.0.0 Safari/537.36"
104.238.222.26 - - [21/Sep/2026:12:17:06 +0000] "GET /?author=5 HTTP/1.1" 200 24358 "https://www.google.com/search?q=wordpress" "Mozilla/5.0 (Windows NT 10.0; Win64; x64) AppleWebKit/537.36 (KHTML, like Gecko) Chrome/121.0.0.0 Safari/537.36"
104.238.222.26 - - [21/Sep/2026:12:17:07 +0000] "GET /wp-json/wp/v2/users HTTP/1.1" 500 8255 "-" "Mozilla/5.0 (Windows NT 11.0; Win64; x64; rv:118.0) Gecko/20100101 Firefox/118.0"
104.238.222.26 - - [21/Sep/2026:12:17:08 +0000] "POST /wp-login.php HTTP/1.1" 200 8612 "https://sacherconsultancy.com/wp-login.php" "Mozilla/5.0 (Macintosh; Intel Mac OS X 13_6_1; rv:120.0) Gecko/20100101 Firefox/120.0"
104.238.222.26 - - [21/Sep/2026:12:17:09 +0000] "GET /wp-admin/index.php HTTP/1.1" 302 5223 "https://sacherconsultancy.com/wp-login.php" "Mozilla/5.0 (X11; Linux x86_64) AppleWebKit/537.36 (KHTML, like Gecko) Chrome/119.0.0.0 Safari/537.36"
104.238.222.26 - - [21/Sep/2026:12:17:10 +0000] "GET /wp-login.php?redirect_to=https%3A%2F%2Fsacherconsultancy.com%2Fwp-admin%2Findex.php&reauth=1 HTTP/1.1" 200 10431 "https://sacherconsultancy.com/wp-login.php" "Mozilla/5.0 (X11; Linux x86_64) AppleWebKit/537.36 (KHTML, like Gecko) Chrome/119.0.0.0 Safari/537.36"
104.238.222.26 - - [21/Sep/2026:12:17:10 +0000] "POST /wp-login.php HTTP/1.1" 200 8592 "https://sacherconsultancy.com/wp-login.php" "Mozilla/5.0 (Windows NT 10.0; Win64; x64) AppleWebKit/537.36 (KHTML, like Gecko) Chrome/119.0.0.0 Safari/537.36"
104.238.222.26 - - [21/Sep/2026:12:17:11 +0000] "GET /wp-admin/index.php HTTP/1.1" 302 5223 "https://sacherconsultancy.com/wp-login.php" "Mozilla/5.0 (Windows NT 11.0; Win64; x64; rv:121.0) Gecko/20100101 Firefox/121.0"
77.68.25.176 - - [21/Sep/2026:12:17:12 +0000] "POST /wp-cron.php?doing_wp_cron=1789993032.7108058929443359375000 HTTP/1.1" 200 5041 "-" "WordPress/7.1.1; https://sacherconsultancy.com"
104.238.222.26 - - [21/Sep/2026:12:17:12 +0000] "GET /wp-login.php?redirect_to=https%3A%2F%2Fsacherconsultancy.com%2Fwp-admin%2Findex.php&reauth=1 HTTP/1.1" 200 10431 "https://sacherconsultancy.com/wp-login.php" "Mozilla/5.0 (Windows NT 11.0; Win64; x64; rv:121.0) Gecko/20100101 Firefox/121.0"
104.238.222.26 - - [21/Sep/2026:12:17:12 +0000] "POST /wp-login.php HTTP/1.1" 200 8577 "https://sacherconsultancy.com/wp-login.php" "Mozilla/5.0 (Macintosh; Intel Mac OS X 13_6_1) AppleWebKit/605.1.15 (KHTML, like Gecko) Version/17.2 Safari/605.1.15"
104.238.222.26 - - [21/Sep/2026:12:17:13 +0000] "GET /wp-admin/index.php HTTP/1.1" 302 5223 "https://sacherconsultancy.com/wp-login.php" "Mozilla/5.0 (Macintosh; Intel Mac OS X 13_6_1) AppleWebKit/605.1.15 (KHTML, like Gecko) Version/16.6 Safari/605.1.15"
104.238.222.26 - - [21/Sep/2026:12:17:14 +0000] "GET /wp-login.php?redirect_to=https%3A%2F%2Fsacherconsultancy.com%2Fwp-admin%2Findex.php&reauth=1 HTTP/1.1" 200 10431 "https://sacherconsultancy.com/wp-login.php" "Mozilla/5.0 (Macintosh; Intel Mac OS X 13_6_1) AppleWebKit/605.1.15 (KHTML, like Gecko) Version/16.6 Safari/605.1.15"
104.238.222.26 - - [21/Sep/2026:12:17:14 +0000] "POST /wp-login.php HTTP/1.1" 200 8586 "https://sacherconsultancy.com/wp-login.php" "Mozilla/5.0 (Macintosh; Intel Mac OS X 13_6_1; rv:118.0) Gecko/20100101 Firefox/118.0"
104.238.222.26 - - [21/Sep/2026:12:17:15 +0000] "GET /wp-admin/index.php HTTP/1.1" 302 5223 "https://sacherconsultancy.com/wp-login.php" "Mozilla/5.0 (Macintosh; Intel Mac OS X 13_6_1; rv:119.0) Gecko/20100101 Firefox/119.0"
104.238.222.26 - - [21/Sep/2026:12:17:16 +0000] "GET /wp-login.php?redirect_to=https%3A%2F%2Fsacherconsultancy.com%2Fwp-admin%2Findex.php&reauth=1 HTTP/1.1" 200 10431 "https://sacherconsultancy.com/wp-login.php" "Mozilla/5.0 (Macintosh; Intel Mac OS X 13_6_1; rv:119.0) Gecko/20100101 Firefox/119.0"
104.238.222.26 - - [21/Sep/2026:12:17:17 +0000] "POST /wp-login.php HTTP/1.1" 200 8594 "https://sacherconsultancy.com/wp-login.php" "Mozilla/5.0 (Windows NT 11.0; Win64; x64; rv:119.0) Gecko/20100101 Firefox/119.0"
104.238.222.26 - - [21/Sep/2026:12:17:17 +0000] "GET /wp-admin/index.php HTTP/1.1" 302 5223 "https://sacherconsultancy.com/wp-login.php" "Mozilla/5.0 (Windows NT 10.0; Win64; x64; rv:118.0) Gecko/20100101 Firefox/118.0"
104.238.222.26 - - [21/Sep/2026:12:17:18 +0000] "GET /wp-login.php?redirect_to=https%3A%2F%2Fsacherconsultancy.com%2Fwp-admin%2Findex.php&reauth=1 HTTP/1.1" 200 10431 "https://sacherconsultancy.com/wp-login.php" "Mozilla/5.0 (Windows NT 10.0; Win64; x64; rv:118.0) Gecko/20100101 Firefox/118.0"
104.238.222.26 - - [21/Sep/2026:12:17:19 +0000] "POST /wp-login.php HTTP/1.1" 200 8602 "https://sacherconsultancy.com/wp-login.php" "Mozilla/5.0 (Macintosh; Intel Mac OS X 13_6_1; rv:121.0) Gecko/20100101 Firefox/121.0"
104.238.222.26 - - [21/Sep/2026:12:17:19 +0000] "GET /wp-admin/index.php HTTP/1.1" 302 5223 "https://sacherconsultancy.com/wp-login.php" "Mozilla/5.0 (Windows NT 11.0; Win64; x64; rv:119.0) Gecko/20100101 Firefox/119.0"
104.238.222.26 - - [21/Sep/2026:12:17:20 +0000] "GET /wp-login.php?redirect_to=https%3A%2F%2Fsacherconsultancy.com%2Fwp-admin%2Findex.php&reauth=1 HTTP/1.1" 200 10431 "https://sacherconsultancy.com/wp-login.php" "Mozilla/5.0 (Windows NT 11.0; Win64; x64; rv:119.0) Gecko/20100101 Firefox/119.0"
104.238.222.26 - - [21/Sep/2026:12:17:20 +0000] "POST /wp-login.php HTTP/1.1" 200 8605 "https://sacherconsultancy.com/wp-login.php" "Mozilla/5.0 (Macintosh; Intel Mac OS X 10_15_7) AppleWebKit/605.1.15 (KHTML, like Gecko) Version/16.6 Safari/605.1.15"
104.238.222.26 - - [21/Sep/2026:12:17:21 +0000] "GET /wp-admin/index.php HTTP/1.1" 302 5223 "https://sacherconsultancy.com/wp-login.php" "Mozilla/5.0 (Macintosh; Intel Mac OS X 10_15_7; rv:118.0) Gecko/20100101 Firefox/118.0"
104.238.222.26 - - [21/Sep/2026:12:17:22 +0000] "GET /wp-login.php?redirect_to=https%3A%2F%2Fsacherconsultancy.com%2Fwp-admin%2Findex.php&reauth=1 HTTP/1.1" 200 10431 "https://sacherconsultancy.com/wp-login.php" "Mozilla/5.0 (Macintosh; Intel Mac OS X 10_15_7; rv:118.0) Gecko/20100101 Firefox/118.0"
104.238.222.26 - - [21/Sep/2026:12:17:22 +0000] "POST /wp-login.php HTTP/1.1" 200 8607 "https://sacherconsultancy.com/wp-login.php" "Mozilla/5.0 (X11; Ubuntu; Linux x86_64) AppleWebKit/537.36 (KHTML, like Gecko) Chrome/120.0.0.0 Safari/537.36"
104.238.222.26 - - [21/Sep/2026:12:17:23 +0000] "GET /wp-admin/index.php HTTP/1.1" 302 5223 "https://sacherconsultancy.com/wp-login.php" "Mozilla/5.0 (X11; Linux x86_64) AppleWebKit/537.36 (KHTML, like Gecko) Chrome/120.0.0.0 Safari/537.36"
104.238.222.26 - - [21/Sep/2026:12:17:23 +0000] "GET /wp-login.php?redirect_to=https%3A%2F%2Fsacherconsultancy.com%2Fwp-admin%2Findex.php&reauth=1 HTTP/1.1" 200 10431 "https://sacherconsultancy.com/wp-login.php" "Mozilla/5.0 (X11; Linux x86_64) AppleWebKit/537.36 (KHTML, like Gecko) Chrome/120.0.0.0 Safari/537.36"
104.238.222.26 - - [21/Sep/2026:12:17:24 +0000] "POST /wp-login.php HTTP/1.1" 200 8593 "https://sacherconsultancy.com/wp-login.php" "Mozilla/5.0 (Macintosh; Intel Mac OS X 13_6_1) AppleWebKit/605.1.15 (KHTML, like Gecko) Version/17.1 Safari/605.1.15"
104.238.222.26 - - [21/Sep/2026:12:17:24 +0000] "GET /wp-admin/index.php HTTP/1.1" 302 5223 "https://sacherconsultancy.com/wp-login.php" "Mozilla/5.0 (X11; Linux x86_64) AppleWebKit/537.36 (KHTML, like Gecko) Chrome/121.0.0.0 Safari/537.36"
104.238.222.26 - - [21/Sep/2026:12:17:25 +0000] "GET /wp-login.php?redirect_to=https%3A%2F%2Fsacherconsultancy.com%2Fwp-admin%2Findex.php&reauth=1 HTTP/1.1" 200 10431 "https://sacherconsultancy.com/wp-login.php" "Mozilla/5.0 (X11; Linux x86_64) AppleWebKit/537.36 (KHTML, like Gecko) Chrome/121.0.0.0 Safari/537.36"
104.238.222.26 - - [21/Sep/2026:12:17:26 +0000] "POST /wp-login.php HTTP/1.1" 200 8593 "https://sacherconsultancy.com/wp-login.php" "Mozilla/5.0 (Macintosh; Intel Mac OS X 10_15_7; rv:118.0) Gecko/20100101 Firefox/118.0"
104.238.222.26 - - [21/Sep/2026:12:17:26 +0000] "GET /wp-admin/index.php HTTP/1.1" 302 5223 "https://sacherconsultancy.com/wp-login.php" "Mozilla/5.0 (X11; Ubuntu; Linux x86_64) AppleWebKit/537.36 (KHTML, like Gecko) Chrome/118.0.0.0 Safari/537.36"
104.238.222.26 - - [21/Sep/2026:12:17:27 +0000] "GET /wp-login.php?redirect_to=https%3A%2F%2Fsacherconsultancy.com%2Fwp-admin%2Findex.php&reauth=1 HTTP/1.1" 200 10431 "https://sacherconsultancy.com/wp-login.php" "Mozilla/5.0 (X11; Ubuntu; Linux x86_64) AppleWebKit/537.36 (KHTML, like Gecko) Chrome/118.0.0.0 Safari/537.36"
104.238.222.26 - - [21/Sep/2026:12:17:27 +0000] "POST /wp-login.php HTTP/1.1" 200 8609 "https://sacherconsultancy.com/wp-login.php" "Mozilla/5.0 (X11; Ubuntu; Linux x86_64) AppleWebKit/537.36 (KHTML, like Gecko) Chrome/119.0.0.0 Safari/537.36"
104.238.222.26 - - [21/Sep/2026:12:17:28 +0000] "GET /wp-admin/index.php HTTP/1.1" 302 5223 "https://sacherconsultancy.com/wp-login.php" "Mozilla/5.0 (Windows NT 10.0; Win64; x64; rv:118.0) Gecko/20100101 Firefox/118.0"
104.238.222.26 - - [21/Sep/2026:12:17:29 +0000] "GET /wp-login.php?redirect_to=https%3A%2F%2Fsacherconsultancy.com%2Fwp-admin%2Findex.php&reauth=1 HTTP/1.1" 200 10431 "https://sacherconsultancy.com/wp-login.php" "Mozilla/5.0 (Windows NT 10.0; Win64; x64; rv:118.0) Gecko/20100101 Firefox/118.0"
104.238.222.26 - - [21/Sep/2026:12:17:29 +0000] "POST /wp-login.php HTTP/1.1" 200 8586 "https://sacherconsultancy.com/wp-login.php" "Mozilla/5.0 (Windows NT 10.0; Win64; x64; rv:120.0) Gecko/20100101 Firefox/120.0"
104.238.222.26 - - [21/Sep/2026:12:17:30 +0000] "GET /wp-admin/index.php HTTP/1.1" 302 5223 "https://sacherconsultancy.com/wp-login.php" "Mozilla/5.0 (Macintosh; Intel Mac OS X 10_15_7) AppleWebKit/537.36 (KHTML, like Gecko) Chrome/118.0.0.0 Safari/537.36"
104.238.222.26 - - [21/Sep/2026:12:17:30 +0000] "GET /wp-login.php?redirect_to=https%3A%2F%2Fsacherconsultancy.com%2Fwp-admin%2Findex.php&reauth=1 HTTP/1.1" 200 10431 "https://sacherconsultancy.com/wp-login.php" "Mozilla/5.0 (Macintosh; Intel Mac OS X 10_15_7) AppleWebKit/537.36 (KHTML, like Gecko) Chrome/118.0.0.0 Safari/537.36"
104.238.222.26 - - [21/Sep/2026:12:17:31 +0000] "POST /wp-login.php HTTP/1.1" 200 8606 "https://sacherconsultancy.com/wp-login.php" "Mozilla/5.0 (Macintosh; Intel Mac OS X 13_6_1) AppleWebKit/605.1.15 (KHTML, like Gecko) Version/17.2 Safari/605.1.15"
104.238.222.26 - - [21/Sep/2026:12:17:32 +0000] "GET /wp-admin/index.php HTTP/1.1" 302 5223 "https://sacherconsultancy.com/wp-login.php" "Mozilla/5.0 (Windows NT 11.0; Win64; x64; rv:120.0) Gecko/20100101 Firefox/120.0"
104.238.222.26 - - [21/Sep/2026:12:17:32 +0000] "GET /wp-login.php?redirect_to=https%3A%2F%2Fsacherconsultancy.com%2Fwp-admin%2Findex.php&reauth=1 HTTP/1.1" 200 10431 "https://sacherconsultancy.com/wp-login.php" "Mozilla/5.0 (Windows NT 11.0; Win64; x64; rv:120.0) Gecko/20100101 Firefox/120.0"
104.238.222.26 - - [21/Sep/2026:12:17:33 +0000] "POST /wp-login.php HTTP/1.1" 200 8582 "https://sacherconsultancy.com/wp-login.php" "Mozilla/5.0 (Windows NT 11.0; Win64; x64; rv:121.0) Gecko/20100101 Firefox/121.0"
104.238.222.26 - - [21/Sep/2026:12:17:33 +0000] "GET /wp-admin/index.php HTTP/1.1" 302 5223 "https://sacherconsultancy.com/wp-login.php" "Mozilla/5.0 (Windows NT 11.0; Win64; x64) AppleWebKit/537.36 (KHTML, like Gecko) Chrome/121.0.0.0 Safari/537.36"
104.238.222.26 - - [21/Sep/2026:12:17:34 +0000] "GET /wp-login.php?redirect_to=https%3A%2F%2Fsacherconsultancy.com%2Fwp-admin%2Findex.php&reauth=1 HTTP/1.1" 200 10431 "https://sacherconsultancy.com/wp-login.php" "Mozilla/5.0 (Windows NT 11.0; Win64; x64) AppleWebKit/537.36 (KHTML, like Gecko) Chrome/121.0.0.0 Safari/537.36"
104.238.222.26 - - [21/Sep/2026:12:17:34 +0000] "POST /wp-login.php HTTP/1.1" 200 8609 "https://sacherconsultancy.com/wp-login.php" "Mozilla/5.0 (Macintosh; Intel Mac OS X 13_6_1; rv:120.0) Gecko/20100101 Firefox/120.0"
104.238.222.26 - - [21/Sep/2026:12:17:35 +0000] "GET /wp-admin/index.php HTTP/1.1" 302 5223 "https://sacherconsultancy.com/wp-login.php" "Mozilla/5.0 (Macintosh; Intel Mac OS X 10_15_7) AppleWebKit/605.1.15 (KHTML, like Gecko) Version/17.0 Safari/605.1.15"
104.238.222.26 - - [21/Sep/2026:12:17:36 +0000] "GET /wp-login.php?redirect_to=https%3A%2F%2Fsacherconsultancy.com%2Fwp-admin%2Findex.php&reauth=1 HTTP/1.1" 200 10431 "https://sacherconsultancy.com/wp-login.php" "Mozilla/5.0 (Macintosh; Intel Mac OS X 10_15_7) AppleWebKit/605.1.15 (KHTML, like Gecko) Version/17.0 Safari/605.1.15"
104.238.222.26 - - [21/Sep/2026:12:17:37 +0000] "POST /wp-login.php HTTP/1.1" 200 8606 "https://sacherconsultancy.com/wp-login.php" "Mozilla/5.0 (Windows NT 10.0; Win64; x64) AppleWebKit/537.36 (KHTML, like Gecko) Chrome/120.0.0.0 Safari/537.36"
104.238.222.26 - - [21/Sep/2026:12:17:37 +0000] "GET /wp-admin/index.php HTTP/1.1" 302 5223 "https://sacherconsultancy.com/wp-login.php" "Mozilla/5.0 (Windows NT 11.0; Win64; x64) AppleWebKit/537.36 (KHTML, like Gecko) Chrome/119.0.0.0 Safari/537.36"
104.238.222.26 - - [21/Sep/2026:12:17:38 +0000] "GET /wp-login.php?redirect_to=https%3A%2F%2Fsacherconsultancy.com%2Fwp-admin%2Findex.php&reauth=1 HTTP/1.1" 200 10431 "https://sacherconsultancy.com/wp-login.php" "Mozilla/5.0 (Windows NT 11.0; Win64; x64) AppleWebKit/537.36 (KHTML, like Gecko) Chrome/119.0.0.0 Safari/537.36"
104.238.222.26 - - [21/Sep/2026:12:17:38 +0000] "POST /wp-login.php HTTP/1.1" 200 8572 "https://sacherconsultancy.com/wp-login.php" "Mozilla/5.0 (Macintosh; Intel Mac OS X 10_15_7) AppleWebKit/537.36 (KHTML, like Gecko) Chrome/121.0.0.0 Safari/537.36"
104.238.222.26 - - [21/Sep/2026:12:17:39 +0000] "GET /wp-admin/index.php HTTP/1.1" 302 5223 "https://sacherconsultancy.com/wp-login.php" "Mozilla/5.0 (X11; Linux x86_64) AppleWebKit/537.36 (KHTML, like Gecko) Chrome/118.0.0.0 Safari/537.36"
104.238.222.26 - - [21/Sep/2026:12:17:40 +0000] "GET /wp-login.php?redirect_to=https%3A%2F%2Fsacherconsultancy.com%2Fwp-admin%2Findex.php&reauth=1 HTTP/1.1" 200 10431 "https://sacherconsultancy.com/wp-login.php" "Mozilla/5.0 (X11; Linux x86_64) AppleWebKit/537.36 (KHTML, like Gecko) Chrome/118.0.0.0 Safari/537.36"
104.238.222.26 - - [21/Sep/2026:12:17:40 +0000] "POST /wp-login.php HTTP/1.1" 200 8606 "https://sacherconsultancy.com/wp-login.php" "Mozilla/5.0 (Macintosh; Intel Mac OS X 13_6_1) AppleWebKit/605.1.15 (KHTML, like Gecko) Version/17.0 Safari/605.1.15"
104.238.222.26 - - [21/Sep/2026:12:17:41 +0000] "GET /wp-admin/index.php HTTP/1.1" 302 5223 "https://sacherconsultancy.com/wp-login.php" "Mozilla/5.0 (X11; Linux x86_64) AppleWebKit/537.36 (KHTML, like Gecko) Chrome/120.0.0.0 Safari/537.36"
104.238.222.26 - - [21/Sep/2026:12:17:42 +0000] "GET /wp-login.php?redirect_to=https%3A%2F%2Fsacherconsultancy.com%2Fwp-admin%2Findex.php&reauth=1 HTTP/1.1" 200 10431 "https://sacherconsultancy.com/wp-login.php" "Mozilla/5.0 (X11; Linux x86_64) AppleWebKit/537.36 (KHTML, like Gecko) Chrome/120.0.0.0 Safari/537.36"
104.238.222.26 - - [21/Sep/2026:12:17:42 +0000] "POST /wp-login.php HTTP/1.1" 200 8612 "https://sacherconsultancy.com/wp-login.php" "Mozilla/5.0 (Macintosh; Intel Mac OS X 13_6_1) AppleWebKit/537.36 (KHTML, like Gecko) Chrome/121.0.0.0 Safari/537.36"
104.238.222.26 - - [21/Sep/2026:12:17:43 +0000] "GET /wp-admin/index.php HTTP/1.1" 302 5223 "https://sacherconsultancy.com/wp-login.php" "Mozilla/5.0 (Macintosh; Intel Mac OS X 10_15_7) AppleWebKit/605.1.15 (KHTML, like Gecko) Version/17.1 Safari/605.1.15"
104.238.222.26 - - [21/Sep/2026:12:17:43 +0000] "GET /wp-login.php?redirect_to=https%3A%2F%2Fsacherconsultancy.com%2Fwp-admin%2Findex.php&reauth=1 HTTP/1.1" 200 10431 "https://sacherconsultancy.com/wp-login.php" "Mozilla/5.0 (Macintosh; Intel Mac OS X 10_15_7) AppleWebKit/605.1.15 (KHTML, like Gecko) Version/17.1 Safari/605.1.15"
104.238.222.26 - - [21/Sep/2026:12:17:44 +0000] "POST /wp-login.php HTTP/1.1" 200 8605 "https://sacherconsultancy.com/wp-login.php" "Mozilla/5.0 (Macintosh; Intel Mac OS X 13_6_1) AppleWebKit/605.1.15 (KHTML, like Gecko) Version/17.2 Safari/605.1.15"
