66.249.77.162 - - [21/Sep/2026:16:38:29 +0000] "GET /category/item/evydvzmmbjmw1w3.shtml HTTP/1.1" 404 121229 "-" "Mozilla/5.0 (Linux; Android 6.0.1; Nexus 5X Build/MMB29P) AppleWebKit/537.36 (KHTML, like Gecko) Chrome/153.0.8010.47 Mobile Safari/537.36 (compatible; Googlebot/2.1; +http://www.google.com/bot.html)"
217.165.186.118 - - [21/Sep/2026:16:38:36 +0000] "POST /xmlrpc.php HTTP/1.1" 200 5415 "-" "Jetpack/13.0; WordPress/6.3; http://site53377703.com"
217.165.186.118 - - [21/Sep/2026:16:38:47 +0000] "POST /xmlrpc.php HTTP/1.1" 200 5415 "-" "Jetpack by WordPress.com (Jetpack 13.0; WordPress 6.4)"
217.165.186.118 - - [21/Sep/2026:16:38:57 +0000] "POST /xmlrpc.php HTTP/1.1" 200 5415 "-" "Jetpack by WordPress.com (Jetpack 13.0; WordPress 6.4)"
160.191.89.83 - - [21/Sep/2026:16:38:59 +0000] "POST /wp-login.php HTTP/1.1" 200 16217 "https://sacherconsultancy.com/wp-login.php" "Mozilla/5.0 (Windows NT 10.0; Win64; x64) AppleWebKit/537.36 (KHTML, like Gecko) Chrome/124.0.0.0 Safari/537.36"
217.165.186.118 - - [21/Sep/2026:16:39:08 +0000] "POST /xmlrpc.php HTTP/1.1" 200 5415 "-" "Jetpack by WordPress.com (Jetpack 13.0; WordPress 6.4)"
77.68.25.176 - - [21/Sep/2026:16:39:19 +0000] "POST /wp-cron.php?doing_wp_cron=1790008759.4781329631805419921875 HTTP/1.1" 200 5041 "-" "WordPress/7.1.1; https://sacherconsultancy.com"
217.165.186.118 - - [21/Sep/2026:16:39:19 +0000] "POST /xmlrpc.php HTTP/1.1" 200 5415 "-" "WordPress.com; https://wordpress.com"
75.119.130.216 - - [21/Sep/2026:16:39:22 +0000] "POST /wp-login.php HTTP/1.1" 200 16173 "https://sacherconsultancy.com/wp-login.php" "Mozilla/5.0 (Windows NT 10.0; Win64; x64) AppleWebKit/537.36 (KHTML, like Gecko) Chrome/124.0.0.0 Safari/537.36"
217.165.186.118 - - [21/Sep/2026:16:39:29 +0000] "POST /xmlrpc.php HTTP/1.1" 200 5415 "-" "Jetpack by WordPress.com"
23.111.14.115 - - [21/Sep/2026:16:39:39 +0000] "POST /wp-login.php HTTP/1.1" 200 16173 "https://sacherconsultancy.com/wp-login.php" "Mozilla/5.0 (Windows NT 10.0; Win64; x64) AppleWebKit/537.36 (KHTML, like Gecko) Chrome/124.0.0.0 Safari/537.36"
217.165.186.118 - - [21/Sep/2026:16:39:40 +0000] "POST /xmlrpc.php HTTP/1.1" 200 5415 "-" "Jetpack by WordPress.com"
217.165.186.118 - - [21/Sep/2026:16:39:50 +0000] "POST /xmlrpc.php HTTP/1.1" 200 5415 "-" "WordPress.com; https://wordpress.com"
217.165.186.118 - - [21/Sep/2026:16:40:01 +0000] "POST /xmlrpc.php HTTP/1.1" 200 5415 "-" "WordPress.com; https://wordpress.com"
77.68.25.176 - - [21/Sep/2026:16:40:12 +0000] "POST /wp-cron.php?doing_wp_cron=1790008812.3118169307708740234375 HTTP/1.1" 200 5041 "-" "WordPress/7.1.1; https://sacherconsultancy.com"
217.165.186.118 - - [21/Sep/2026:16:40:11 +0000] "POST /xmlrpc.php HTTP/1.1" 200 5415 "-" "WordPress.com; https://wordpress.com"
217.165.186.118 - - [21/Sep/2026:16:40:22 +0000] "POST /xmlrpc.php HTTP/1.1" 200 5415 "-" "Jetpack by WordPress.com (Jetpack 13.0; WordPress 6.2)"
217.165.186.118 - - [21/Sep/2026:16:40:33 +0000] "POST /xmlrpc.php HTTP/1.1" 200 5415 "-" "Jetpack by WordPress.com (Jetpack 12.0; WordPress 6.2)"
217.165.186.118 - - [21/Sep/2026:16:40:43 +0000] "POST /xmlrpc.php HTTP/1.1" 200 5415 "-" "Jetpack/12.1; WordPress/6.2; http://site37223917.com"
69.57.172.4 - - [21/Sep/2026:16:40:44 +0000] "POST /wp-login.php HTTP/1.1" 200 16225 "https://sacherconsultancy.com/wp-login.php" "Mozilla/5.0 (Windows NT 10.0; Win64; x64) AppleWebKit/537.36 (KHTML, like Gecko) Chrome/124.0.0.0 Safari/537.36"
217.165.186.118 - - [21/Sep/2026:16:40:54 +0000] "POST /xmlrpc.php HTTP/1.1" 200 5415 "-" "WordPress.com; https://wordpress.com"
217.165.186.118 - - [21/Sep/2026:16:41:04 +0000] "POST /xmlrpc.php HTTP/1.1" 200 5415 "-" "Jetpack/12.1; WordPress/6.3; http://site90598370.com"
77.68.25.176 - - [21/Sep/2026:16:41:15 +0000] "POST /wp-cron.php?doing_wp_cron=1790008875.8324348926544189453125 HTTP/1.1" 200 5041 "-" "WordPress/7.1.1; https://sacherconsultancy.com"
217.165.186.118 - - [21/Sep/2026:16:41:15 +0000] "POST /xmlrpc.php HTTP/1.1" 200 5415 "-" "Jetpack/12.0; WordPress/6.2; http://site67292404.com"
217.165.186.118 - - [21/Sep/2026:16:41:25 +0000] "POST /xmlrpc.php HTTP/1.1" 200 5415 "-" "Jetpack by WordPress.com"
217.165.186.118 - - [21/Sep/2026:16:41:36 +0000] "POST /xmlrpc.php HTTP/1.1" 200 5415 "-" "WordPress.com; https://wordpress.com"
217.165.186.118 - - [21/Sep/2026:16:41:47 +0000] "POST /xmlrpc.php HTTP/1.1" 200 5415 "-" "Jetpack by WordPress.com (Jetpack 12.1; WordPress 6.3)"
77.68.25.176 - - [21/Sep/2026:16:47:20 +0000] "POST /wp-cron.php?doing_wp_cron=1790009239.9772090911865234375000 HTTP/1.1" 200 5041 "-" "WordPress/7.1.1; https://sacherconsultancy.com"
23.111.14.115 - - [21/Sep/2026:16:47:19 +0000] "POST /wp-login.php HTTP/1.1" 200 16181 "https://sacherconsultancy.com/wp-login.php" "Mozilla/5.0 (Windows NT 10.0; Win64; x64) AppleWebKit/537.36 (KHTML, like Gecko) Chrome/124.0.0.0 Safari/537.36"
77.68.25.176 - - [21/Sep/2026:16:48:44 +0000] "POST /wp-cron.php?doing_wp_cron=1790009324.8948199748992919921875 HTTP/1.1" 200 5041 "-" "WordPress/7.1.1; https://sacherconsultancy.com"
69.57.172.4 - - [21/Sep/2026:16:48:44 +0000] "POST /wp-login.php HTTP/1.1" 200 16217 "https://sacherconsultancy.com/wp-login.php" "Mozilla/5.0 (Windows NT 10.0; Win64; x64) AppleWebKit/537.36 (KHTML, like Gecko) Chrome/124.0.0.0 Safari/537.36"
77.68.25.176 - - [21/Sep/2026:16:52:23 +0000] "POST /wp-cron.php?doing_wp_cron=1790009543.5471038818359375000000 HTTP/1.1" 200 5041 "-" "WordPress/7.1.1; https://sacherconsultancy.com"
129.159.56.14 - - [21/Sep/2026:16:52:23 +0000] "GET /.env HTTP/1.1" 404 120959 "-" "Mozilla/5.0 (Windows NT 10.0; Win64; x64) AppleWebKit/537.36"
77.68.25.176 - - [21/Sep/2026:16:53:42 +0000] "POST /wp-cron.php?doing_wp_cron=1790009622.2179269790649414062500 HTTP/1.1" 200 5041 "-" "WordPress/7.1.1; https://sacherconsultancy.com"
209.141.37.195 - - [21/Sep/2026:16:53:41 +0000] "GET /wp-login.php HTTP/1.1" 200 15722 "-" "Mozilla/5.0 (X11; Ubuntu; Linux i686; rv:31.0) Gecko/20100101 Firefox/31.0"
77.68.25.176 - - [21/Sep/2026:16:54:23 +0000] "POST /wp-cron.php?doing_wp_cron=1790009663.5746979713439941406250 HTTP/1.1" 200 5041 "-" "WordPress/7.1.1; https://sacherconsultancy.com"
23.111.14.115 - - [21/Sep/2026:16:54:23 +0000] "POST /wp-login.php HTTP/1.1" 200 16173 "https://sacherconsultancy.com/wp-login.php" "Mozilla/5.0 (Windows NT 10.0; Win64; x64) AppleWebKit/537.36 (KHTML, like Gecko) Chrome/124.0.0.0 Safari/537.36"
77.68.25.176 - - [21/Sep/2026:16:55:18 +0000] "POST /wp-cron.php?doing_wp_cron=1790009718.4592530727386474609375 HTTP/1.1" 200 5041 "-" "WordPress/7.1.1; https://sacherconsultancy.com"
209.141.37.195 - - [21/Sep/2026:16:55:17 +0000] "POST /wp-login.php HTTP/1.1" 200 16248 "-" "Mozilla/5.0 (X11; Ubuntu; Linux i686; rv:31.0) Gecko/20100101 Firefox/31.0"
69.57.172.4 - - [21/Sep/2026:16:55:56 +0000] "POST /wp-login.php HTTP/1.1" 200 16225 "https://sacherconsultancy.com/wp-login.php" "Mozilla/5.0 (Windows NT 10.0; Win64; x64) AppleWebKit/537.36 (KHTML, like Gecko) Chrome/124.0.0.0 Safari/537.36"
77.68.25.176 - - [21/Sep/2026:16:57:23 +0000] "POST /wp-cron.php?doing_wp_cron=1790009843.8951930999755859375000 HTTP/1.1" 200 5041 "-" "WordPress/7.1.1; https://sacherconsultancy.com"
185.36.180.238 - - [21/Sep/2026:16:57:23 +0000] "POST /xmlrpc.php HTTP/1.1" 200 5223 "-" "Mozilla/5.0 (Windows NT 10.0; rv:143.0) Gecko/20100101 Firefox/143.0"
77.68.25.176 - - [21/Sep/2026:16:58:39 +0000] "POST /wp-cron.php?doing_wp_cron=1790009918.9982960224151611328125 HTTP/1.1" 200 5041 "-" "WordPress/7.1.1; https://sacherconsultancy.com"
147.5.127.200 - - [21/Sep/2026:16:58:38 +0000] "POST /wp-login.php HTTP/1.1" 200 8572 "https://sacherconsultancy.com/wp-login.php" "Mozilla/5.0 (Windows NT 10.0; Win64; x64) AppleWebKit/537.36 (KHTML, like Gecko) Chrome/124.0.0.0 Safari/537.36"
77.68.25.176 - - [21/Sep/2026:17:00:47 +0000] "POST /wp-cron.php?doing_wp_cron=1790010047.0935800075531005859375 HTTP/1.1" 200 5041 "-" "WordPress/7.1.1; https://sacherconsultancy.com"
23.111.14.115 - - [21/Sep/2026:17:00:46 +0000] "POST /wp-login.php HTTP/1.1" 200 16181 "https://sacherconsultancy.com/wp-login.php" "Mozilla/5.0 (Windows NT 10.0; Win64; x64) AppleWebKit/537.36 (KHTML, like Gecko) Chrome/124.0.0.0 Safari/537.36"
77.68.25.176 - - [21/Sep/2026:17:02:45 +0000] "POST /wp-cron.php?doing_wp_cron=1790010165.1517810821533203125000 HTTP/1.1" 200 5041 "-" "WordPress/7.1.1; https://sacherconsultancy.com"
69.57.172.4 - - [21/Sep/2026:17:02:44 +0000] "POST /wp-login.php HTTP/1.1" 200 16225 "https://sacherconsultancy.com/wp-login.php" "Mozilla/5.0 (Windows NT 10.0; Win64; x64) AppleWebKit/537.36 (KHTML, like Gecko) Chrome/124.0.0.0 Safari/537.36"
77.68.25.176 - - [21/Sep/2026:17:06:54 +0000] "POST /wp-cron.php?doing_wp_cron=1790010414.6821720600128173828125 HTTP/1.1" 200 5041 "-" "WordPress/7.1.1; https://sacherconsultancy.com"
23.111.14.115 - - [21/Sep/2026:17:06:54 +0000] "POST /wp-login.php HTTP/1.1" 200 16181 "https://sacherconsultancy.com/wp-login.php" "Mozilla/5.0 (Windows NT 10.0; Win64; x64) AppleWebKit/537.36 (KHTML, like Gecko) Chrome/124.0.0.0 Safari/537.36"
77.68.25.176 - - [21/Sep/2026:17:09:58 +0000] "POST /wp-cron.php?doing_wp_cron=1790010598.4688999652862548828125 HTTP/1.1" 200 5041 "-" "WordPress/7.1.1; https://sacherconsultancy.com"
95.111.234.226 - - [21/Sep/2026:17:09:57 +0000] "POST /xmlrpc.php HTTP/1.1" 200 5223 "-" "Mozilla/5.0 (Windows NT 10.0; WOW64; rv:144.0) Gecko/20100101 Firefox/144.0"
69.57.172.4 - - [21/Sep/2026:17:10:20 +0000] "POST /wp-login.php HTTP/1.1" 200 16215 "https://sacherconsultancy.com/wp-login.php" "Mozilla/5.0 (Windows NT 10.0; Win64; x64) AppleWebKit/537.36 (KHTML, like Gecko) Chrome/124.0.0.0 Safari/537.36"
77.68.25.176 - - [21/Sep/2026:17:10:20 +0000] "POST /wp-cron.php?doing_wp_cron=1790010620.6764850616455078125000 HTTP/1.1" 200 5041 "-" "WordPress/7.1.1; https://sacherconsultancy.com"
69.57.172.4 - - [21/Sep/2026:17:10:20 +0000] "POST /wp-login.php HTTP/1.1" 200 16215 "https://sacherconsultancy.com/wp-login.php" "Mozilla/5.0 (Windows NT 10.0; Win64; x64) AppleWebKit/537.36 (KHTML, like Gecko) Chrome/124.0.0.0 Safari/537.36"
77.68.25.176 - - [21/Sep/2026:17:11:35 +0000] "POST /wp-cron.php?doing_wp_cron=1790010695.9071700572967529296875 HTTP/1.1" 200 5041 "-" "WordPress/7.1.1; https://sacherconsultancy.com"
216.73.217.6 - - [21/Sep/2026:17:11:35 +0000] "GET /robots.txt HTTP/1.1" 200 5199 "-" "Mozilla/5.0 AppleWebKit/537.36 (KHTML, like Gecko; compatible; ClaudeBot/1.0; +claudebot@anthropic.com)"
216.73.217.6 - - [21/Sep/2026:17:11:36 +0000] "GET /sitemap.xml HTTP/1.1" 200 5382 "-" "Mozilla/5.0 AppleWebKit/537.36 (KHTML, like Gecko; compatible; ClaudeBot/1.0; +claudebot@anthropic.com)"
23.111.14.115 - - [21/Sep/2026:17:13:26 +0000] "POST /wp-login.php HTTP/1.1" 200 16171 "https://sacherconsultancy.com/wp-login.php" "Mozilla/5.0 (Windows NT 10.0; Win64; x64) AppleWebKit/537.36 (KHTML, like Gecko) Chrome/124.0.0.0 Safari/537.36"
77.68.25.176 - - [21/Sep/2026:17:13:27 +0000] "POST /wp-cron.php?doing_wp_cron=1790010807.4182209968566894531250 HTTP/1.1" 200 5041 "-" "WordPress/7.1.1; https://sacherconsultancy.com"
23.111.14.115 - - [21/Sep/2026:17:13:26 +0000] "POST /wp-login.php HTTP/1.1" 200 16171 "https://sacherconsultancy.com/wp-login.php" "Mozilla/5.0 (Windows NT 10.0; Win64; x64) AppleWebKit/537.36 (KHTML, like Gecko) Chrome/124.0.0.0 Safari/537.36"
77.68.25.176 - - [21/Sep/2026:17:14:36 +0000] "POST /wp-cron.php?doing_wp_cron=1790010876.7730460166931152343750 HTTP/1.1" 200 5041 "-" "WordPress/7.1.1; https://sacherconsultancy.com"
150.109.180.208 - - [21/Sep/2026:17:14:36 +0000] "POST /xmlrpc.php HTTP/1.1" 200 5223 "-" "Mozilla/5.0 (Windows NT 10.0; WOW64; rv:145.0) Gecko/20100101 Firefox/145.0"
77.68.25.176 - - [21/Sep/2026:17:15:18 +0000] "POST /wp-cron.php?doing_wp_cron=1790010918.9765229225158691406250 HTTP/1.1" 200 5041 "-" "WordPress/7.1.1; https://sacherconsultancy.com"
35.233.143.4 - - [21/Sep/2026:17:15:18 +0000] "POST /xmlrpc.php HTTP/1.1" 200 5223 "-" "Mozilla/5.0 (Windows NT 10.0) AppleWebKit/537.36 (KHTML, like Gecko) Chrome/139.0.0.0 Safari/537.36 Edg/139.0.0.0"
77.68.25.176 - - [21/Sep/2026:17:22:30 +0000] "POST /wp-cron.php?doing_wp_cron=1790011350.7562549114227294921875 HTTP/1.1" 200 5041 "-" "WordPress/7.1.1; https://sacherconsultancy.com"
45.148.10.246 - - [21/Sep/2026:17:22:30 +0000] "POST /?rest_route=/batch/v1 HTTP/1.1" 207 5315 "-" "Mozilla/5.0 (Windows NT 10.0; Win64; x64) AppleWebKit/537.36 (KHTML, like Gecko) Chrome/120.0.0.0 Safari/537.36"
45.148.10.246 - - [21/Sep/2026:17:22:30 +0000] "POST /index.php?rest_route=/batch/v1 HTTP/1.1" 207 5315 "-" "Mozilla/5.0 (Windows NT 10.0; Win64; x64) AppleWebKit/537.36 (KHTML, like Gecko) Chrome/120.0.0.0 Safari/537.36"
45.148.10.246 - - [21/Sep/2026:17:22:31 +0000] "GET /wp-login.php HTTP/1.1" 200 8356 "-" "Mozilla/5.0 (Windows NT 10.0; Win64; x64) AppleWebKit/537.36 (KHTML, like Gecko) Chrome/120.0.0.0 Safari/537.36"
45.148.10.246 - - [21/Sep/2026:17:22:31 +0000] "POST /index.php?rest_route=/batch/v1 HTTP/1.1" 207 5778 "-" "Mozilla/5.0 (Windows NT 10.0; Win64; x64) AppleWebKit/537.36 (KHTML, like Gecko) Chrome/120.0.0.0 Safari/537.36"
45.148.10.246 - - [21/Sep/2026:17:22:32 +0000] "POST /index.php?rest_route=/batch/v1 HTTP/1.1" 207 5778 "-" "Mozilla/5.0 (Windows NT 10.0; Win64; x64) AppleWebKit/537.36 (KHTML, like Gecko) Chrome/120.0.0.0 Safari/537.36"
45.148.10.246 - - [21/Sep/2026:17:22:32 +0000] "GET /wp-json/gravitysmtp/v1/tests/mock-data?page=gravitysmtp-settings HTTP/1.1" 404 5411 "-" "Mozilla/5.0 (Windows NT 10.0; Win64; x64) AppleWebKit/537.36 (KHTML, like Gecko) Chrome/120.0.0.0 Safari/537.36"
45.148.10.246 - - [21/Sep/2026:17:22:33 +0000] "GET /?rest_route=/gravitysmtp/v1/tests/mock-data&page=gravitysmtp-settings HTTP/1.1" 404 5411 "-" "Mozilla/5.0 (Macintosh; Intel Mac OS X 10_15_7) AppleWebKit/605.1.15 (KHTML, like Gecko) Version/17.0 Safari/605.1.15"
45.148.10.246 - - [21/Sep/2026:17:22:33 +0000] "GET /wp-json/gravitysmtp/v1/tests/mock-data?page=gravitysmtp-connections HTTP/1.1" 404 5411 "-" "Mozilla/5.0 (X11; Linux x86_64; rv:121.0) Gecko/20100101 Firefox/121.0"
45.148.10.246 - - [21/Sep/2026:17:22:34 +0000] "GET /?rest_route=/gravitysmtp/v1/tests/mock-data&page=gravitysmtp-connections HTTP/1.1" 404 5411 "-" "Mozilla/5.0 (Windows NT 10.0; Win64; x64; rv:121.0) Gecko/20100101 Firefox/121.0"
45.148.10.246 - - [21/Sep/2026:17:22:34 +0000] "GET /index.php?rest_route=/gravitysmtp/v1/tests/mock-data&page=gravitysmtp-settings HTTP/1.1" 404 5411 "-" "Mozilla/5.0 (iPhone; CPU iPhone OS 17_0 like Mac OS X) AppleWebKit/605.1.15 (KHTML, like Gecko) Version/17.0 Mobile/15E148 Safari/604.1"
45.148.10.246 - - [21/Sep/2026:17:22:34 +0000] "GET /wp-json/gravitysmtp/v1/tests/mock-data HTTP/1.1" 404 5411 "-" "Mozilla/5.0 (Linux; Android 13; SM-S918B) AppleWebKit/537.36 (KHTML, like Gecko) Chrome/120.0.0.0 Mobile Safari/537.36"
45.148.10.246 - - [21/Sep/2026:17:22:35 +0000] "POST /wp/index.php?rest_route=/batch/v1 HTTP/1.1" 207 5315 "-" "Mozilla/5.0 (Windows NT 10.0; Win64; x64) AppleWebKit/537.36 (KHTML, like Gecko) Chrome/120.0.0.0 Safari/537.36"
45.148.10.246 - - [21/Sep/2026:17:22:35 +0000] "POST /wp/index.php?rest_route=/batch/v1 HTTP/1.1" 207 5778 "-" "Mozilla/5.0 (Windows NT 10.0; Win64; x64) AppleWebKit/537.36 (KHTML, like Gecko) Chrome/120.0.0.0 Safari/537.36"
45.148.10.246 - - [21/Sep/2026:17:22:38 +0000] "POST /wordpress/index.php?rest_route=/batch/v1 HTTP/1.1" 207 5315 "-" "Mozilla/5.0 (Windows NT 10.0; Win64; x64) AppleWebKit/537.36 (KHTML, like Gecko) Chrome/120.0.0.0 Safari/537.36"
45.148.10.246 - - [21/Sep/2026:17:22:38 +0000] "POST /wordpress/index.php?rest_route=/batch/v1 HTTP/1.1" 207 5778 "-" "Mozilla/5.0 (Windows NT 10.0; Win64; x64) AppleWebKit/537.36 (KHTML, like Gecko) Chrome/120.0.0.0 Safari/537.36"
45.148.10.246 - - [21/Sep/2026:17:22:38 +0000] "POST /blog/index.php?rest_route=/batch/v1 HTTP/1.1" 207 5315 "-" "Mozilla/5.0 (Windows NT 10.0; Win64; x64) AppleWebKit/537.36 (KHTML, like Gecko) Chrome/120.0.0.0 Safari/537.36"
45.148.10.246 - - [21/Sep/2026:17:22:39 +0000] "POST /blog/index.php?rest_route=/batch/v1 HTTP/1.1" 207 5778 "-" "Mozilla/5.0 (Windows NT 10.0; Win64; x64) AppleWebKit/537.36 (KHTML, like Gecko) Chrome/120.0.0.0 Safari/537.36"
77.68.25.176 - - [21/Sep/2026:17:23:17 +0000] "POST /wp-cron.php?doing_wp_cron=1790011397.0807518959045410156250 HTTP/1.1" 200 5041 "-" "WordPress/7.1.1; https://sacherconsultancy.com"
69.57.172.4 - - [21/Sep/2026:17:23:16 +0000] "POST /wp-login.php HTTP/1.1" 200 16217 "https://sacherconsultancy.com/wp-login.php" "Mozilla/5.0 (Windows NT 10.0; Win64; x64) AppleWebKit/537.36 (KHTML, like Gecko) Chrome/124.0.0.0 Safari/537.36"
198.235.24.15 - - [21/Sep/2026:17:23:19 +0000] "GET / HTTP/1.1" 200 136573 "http://sacherconsultancy.com/" "Hello from Palo Alto Networks, find out more about our scans in https://docs-cortex.paloaltonetworks.com/r/1/Cortex-Xpanse/Scanning-activity"
77.68.25.176 - - [21/Sep/2026:17:24:37 +0000] "POST /wp-cron.php?doing_wp_cron=1790011477.7003591060638427734375 HTTP/1.1" 200 5041 "-" "WordPress/7.1.1; https://sacherconsultancy.com"
66.249.77.160 - - [21/Sep/2026:17:24:37 +0000] "GET /robots.txt HTTP/1.1" 200 5199 "-" "Mozilla/5.0 (compatible; Googlebot/2.1; +http://www.google.com/bot.html)"
66.249.77.160 - - [21/Sep/2026:17:24:37 +0000] "GET /category/item/e75geutduetfnra.shtml HTTP/1.1" 404 121229 "-" "Mozilla/5.0 (Linux; Android 6.0.1; Nexus 5X Build/MMB29P) AppleWebKit/537.36 (KHTML, like Gecko) Chrome/153.0.8010.47 Mobile Safari/537.36 (compatible; Googlebot/2.1; +http://www.google.com/bot.html)"
77.68.25.176 - - [21/Sep/2026:17:25:17 +0000] "POST /wp-cron.php?doing_wp_cron=1790011517.7158141136169433593750 HTTP/1.1" 200 5041 "-" "WordPress/7.1.1; https://sacherconsultancy.com"
23.111.14.115 - - [21/Sep/2026:17:25:17 +0000] "POST /wp-login.php HTTP/1.1" 200 16181 "https://sacherconsultancy.com/wp-login.php" "Mozilla/5.0 (Windows NT 10.0; Win64; x64) AppleWebKit/537.36 (KHTML, like Gecko) Chrome/124.0.0.0 Safari/537.36"
77.68.25.176 - - [21/Sep/2026:17:28:11 +0000] "POST /wp-cron.php?doing_wp_cron=1790011691.5995891094207763671875 HTTP/1.1" 200 5041 "-" "WordPress/7.1.1; https://sacherconsultancy.com"
51.89.69.98 - - [21/Sep/2026:17:28:11 +0000] "GET /sitemap.rss HTTP/1.1" 200 5920 "-" "Mozilla/5.0 (compatible; AhrefsBot/7.0; +http://ahrefs.com/robot/)"
77.68.25.176 - - [21/Sep/2026:17:29:26 +0000] "POST /wp-cron.php?doing_wp_cron=1790011766.4684619903564453125000 HTTP/1.1" 200 5041 "-" "WordPress/7.1.1; https://sacherconsultancy.com"
69.57.172.4 - - [21/Sep/2026:17:29:26 +0000] "POST /wp-login.php HTTP/1.1" 200 16217 "https://sacherconsultancy.com/wp-login.php" "Mozilla/5.0 (Windows NT 10.0; Win64; x64) AppleWebKit/537.36 (KHTML, like Gecko) Chrome/124.0.0.0 Safari/537.36"
77.68.25.176 - - [21/Sep/2026:17:30:48 +0000] "POST /wp-cron.php?doing_wp_cron=1790011848.0225989818572998046875 HTTP/1.1" 200 5041 "-" "WordPress/7.1.1; https://sacherconsultancy.com"
23.111.14.115 - - [21/Sep/2026:17:30:47 +0000] "POST /wp-login.php HTTP/1.1" 200 16173 "https://sacherconsultancy.com/wp-login.php" "Mozilla/5.0 (Windows NT 10.0; Win64; x64) AppleWebKit/537.36 (KHTML, like Gecko) Chrome/124.0.0.0 Safari/537.36"
77.68.25.176 - - [21/Sep/2026:17:31:25 +0000] "POST /wp-cron.php?doing_wp_cron=1790011885.0081939697265625000000 HTTP/1.1" 200 5041 "-" "WordPress/7.1.1; https://sacherconsultancy.com"
216.73.217.6 - - [21/Sep/2026:17:31:24 +0000] "GET /sitemap.rss HTTP/1.1" 200 5923 "-" "Mozilla/5.0 AppleWebKit/537.36 (KHTML, like Gecko; compatible; ClaudeBot/1.0; +claudebot@anthropic.com)"
77.68.25.176 - - [21/Sep/2026:17:33:20 +0000] "POST /wp-cron.php?doing_wp_cron=1790012000.7908298969268798828125 HTTP/1.1" 200 5041 "-" "WordPress/7.1.1; https://sacherconsultancy.com"
156.146.38.169 - - [21/Sep/2026:17:33:20 +0000] "GET / HTTP/1.1" 200 25152 "-" "Mozilla/5.0 (Windows NT 10.0; Win64; x64) AppleWebKit/537.36 (KHTML, like Gecko) Chrome/126.0.0.0 Safari/537.36"
216.73.217.6 - - [21/Sep/2026:17:33:36 +0000] "GET /sitemap.xml HTTP/1.1" 200 5383 "-" "Mozilla/5.0 AppleWebKit/537.36 (KHTML, like Gecko; compatible; ClaudeBot/1.0; +claudebot@anthropic.com)"
77.68.25.176 - - [21/Sep/2026:17:35:21 +0000] "POST /wp-cron.php?doing_wp_cron=1790012121.2111721038818359375000 HTTP/1.1" 200 5041 "-" "WordPress/7.1.1; https://sacherconsultancy.com"
69.57.172.4 - - [21/Sep/2026:17:35:20 +0000] "POST /wp-login.php HTTP/1.1" 200 16225 "https://sacherconsultancy.com/wp-login.php" "Mozilla/5.0 (Windows NT 10.0; Win64; x64) AppleWebKit/537.36 (KHTML, like Gecko) Chrome/124.0.0.0 Safari/537.36"
23.111.14.115 - - [21/Sep/2026:17:36:10 +0000] "POST /wp-login.php HTTP/1.1" 200 16173 "https://sacherconsultancy.com/wp-login.php" "Mozilla/5.0 (Windows NT 10.0; Win64; x64) AppleWebKit/537.36 (KHTML, like Gecko) Chrome/124.0.0.0 Safari/537.36"
77.68.25.176 - - [21/Sep/2026:17:41:16 +0000] "POST /wp-cron.php?doing_wp_cron=1790012476.3448920249938964843750 HTTP/1.1" 200 5041 "-" "WordPress/7.1.1; https://sacherconsultancy.com"
69.57.172.4 - - [21/Sep/2026:17:41:15 +0000] "POST /wp-login.php HTTP/1.1" 200 16217 "https://sacherconsultancy.com/wp-login.php" "Mozilla/5.0 (Windows NT 10.0; Win64; x64) AppleWebKit/537.36 (KHTML, like Gecko) Chrome/124.0.0.0 Safari/537.36"
23.111.14.115 - - [21/Sep/2026:17:41:29 +0000] "POST /wp-login.php HTTP/1.1" 200 16173 "https://sacherconsultancy.com/wp-login.php" "Mozilla/5.0 (Windows NT 10.0; Win64; x64) AppleWebKit/537.36 (KHTML, like Gecko) Chrome/124.0.0.0 Safari/537.36"
77.68.25.176 - - [21/Sep/2026:17:46:42 +0000] "POST /wp-cron.php?doing_wp_cron=1790012802.8086869716644287109375 HTTP/1.1" 200 5041 "-" "WordPress/7.1.1; https://sacherconsultancy.com"
23.111.14.115 - - [21/Sep/2026:17:46:42 +0000] "POST /wp-login.php HTTP/1.1" 200 16181 "https://sacherconsultancy.com/wp-login.php" "Mozilla/5.0 (Windows NT 10.0; Win64; x64) AppleWebKit/537.36 (KHTML, like Gecko) Chrome/124.0.0.0 Safari/537.36"
69.57.172.4 - - [21/Sep/2026:17:46:56 +0000] "POST /wp-login.php HTTP/1.1" 200 16217 "https://sacherconsultancy.com/wp-login.php" "Mozilla/5.0 (Windows NT 10.0; Win64; x64) AppleWebKit/537.36 (KHTML, like Gecko) Chrome/124.0.0.0 Safari/537.36"
77.68.25.176 - - [21/Sep/2026:17:47:16 +0000] "POST /wp-cron.php?doing_wp_cron=1790012836.4863209724426269531250 HTTP/1.1" 200 5041 "-" "WordPress/7.1.1; https://sacherconsultancy.com"
147.5.127.200 - - [21/Sep/2026:17:47:16 +0000] "POST /wp-login.php HTTP/1.1" 200 8588 "https://sacherconsultancy.com/wp-login.php" "Mozilla/5.0 (Windows NT 10.0; Win64; x64) AppleWebKit/537.36 (KHTML, like Gecko) Chrome/124.0.0.0 Safari/537.36"
77.68.25.176 - - [21/Sep/2026:17:50:41 +0000] "POST /wp-cron.php?doing_wp_cron=1790013041.6861469745635986328125 HTTP/1.1" 200 5041 "-" "WordPress/7.1.1; https://sacherconsultancy.com"
57.141.0.27 - - [21/Sep/2026:17:50:41 +0000] "GET /sitemap.html HTTP/1.1" 404 121023 "-" "Mozilla/5.0 (Windows NT 10.0; Win64; x64) AppleWebKit/537.36 (KHTML, like Gecko) Chrome/145.0.0.0 Safari/537.36 (compatible; meta-webindexer/1.1 (+https://developers.facebook.com/docs/sharing/webmasters/crawler))"
77.68.25.176 - - [21/Sep/2026:17:51:45 +0000] "POST /wp-cron.php?doing_wp_cron=1790013104.9945480823516845703125 HTTP/1.1" 200 5041 "-" "WordPress/7.1.1; https://sacherconsultancy.com"
23.111.14.115 - - [21/Sep/2026:17:51:44 +0000] "POST /wp-login.php HTTP/1.1" 200 16181 "https://sacherconsultancy.com/wp-login.php" "Mozilla/5.0 (Windows NT 10.0; Win64; x64) AppleWebKit/537.36 (KHTML, like Gecko) Chrome/124.0.0.0 Safari/537.36"
77.68.25.176 - - [21/Sep/2026:17:52:35 +0000] "POST /wp-cron.php?doing_wp_cron=1790013155.4635629653930664062500 HTTP/1.1" 200 5041 "-" "WordPress/7.1.1; https://sacherconsultancy.com"
69.57.172.4 - - [21/Sep/2026:17:52:35 +0000] "POST /wp-login.php HTTP/1.1" 200 16213 "https://sacherconsultancy.com/wp-login.php" "Mozilla/5.0 (Windows NT 10.0; Win64; x64) AppleWebKit/537.36 (KHTML, like Gecko) Chrome/124.0.0.0 Safari/537.36"
77.68.25.176 - - [21/Sep/2026:17:53:16 +0000] "POST /wp-cron.php?doing_wp_cron=1790013196.7205410003662109375000 HTTP/1.1" 200 5041 "-" "WordPress/7.1.1; https://sacherconsultancy.com"
43.163.81.168 - - [21/Sep/2026:17:53:16 +0000] "POST /wp-login.php HTTP/1.1" 200 16225 "https://sacherconsultancy.com/wp-login.php" "Mozilla/5.0 (Windows NT 10.0; Win64; x64) AppleWebKit/537.36 (KHTML, like Gecko) Chrome/124.0.0.0 Safari/537.36"
77.68.25.176 - - [21/Sep/2026:17:56:48 +0000] "POST /wp-cron.php?doing_wp_cron=1790013408.8114020824432373046875 HTTP/1.1" 200 5041 "-" "WordPress/7.1.1; https://sacherconsultancy.com"
23.111.14.115 - - [21/Sep/2026:17:56:48 +0000] "POST /wp-login.php HTTP/1.1" 200 16177 "https://sacherconsultancy.com/wp-login.php" "Mozilla/5.0 (Windows NT 10.0; Win64; x64) AppleWebKit/537.36 (KHTML, like Gecko) Chrome/124.0.0.0 Safari/537.36"
77.68.25.176 - - [21/Sep/2026:17:58:01 +0000] "POST /wp-cron.php?doing_wp_cron=1790013481.9438259601593017578125 HTTP/1.1" 200 5041 "-" "WordPress/7.1.1; https://sacherconsultancy.com"
69.57.172.4 - - [21/Sep/2026:17:58:01 +0000] "POST /wp-login.php HTTP/1.1" 200 16225 "https://sacherconsultancy.com/wp-login.php" "Mozilla/5.0 (Windows NT 10.0; Win64; x64) AppleWebKit/537.36 (KHTML, like Gecko) Chrome/124.0.0.0 Safari/537.36"
77.68.25.176 - - [21/Sep/2026:17:58:52 +0000] "POST /wp-cron.php?doing_wp_cron=1790013532.7839210033416748046875 HTTP/1.1" 200 5041 "-" "WordPress/7.1.1; https://sacherconsultancy.com"
43.132.214.228 - - [21/Sep/2026:17:58:52 +0000] "GET / HTTP/1.1" 200 25152 "http://sacherconsultancy.com" "Mozilla/5.0 (iPhone; CPU iPhone OS 13_2_3 like Mac OS X) AppleWebKit/605.1.15 (KHTML, like Gecko) Version/13.0.3 Mobile/15E148 Safari/604.1"
77.68.25.176 - - [21/Sep/2026:18:01:58 +0000] "POST /wp-cron.php?doing_wp_cron=1790013718.0924270153045654296875 HTTP/1.1" 200 5041 "-" "WordPress/7.1.1; https://sacherconsultancy.com"
23.111.14.115 - - [21/Sep/2026:18:01:57 +0000] "POST /wp-login.php HTTP/1.1" 200 16173 "https://sacherconsultancy.com/wp-login.php" "Mozilla/5.0 (Windows NT 10.0; Win64; x64) AppleWebKit/537.36 (KHTML, like Gecko) Chrome/124.0.0.0 Safari/537.36"
77.68.25.176 - - [21/Sep/2026:18:03:25 +0000] "POST /wp-cron.php?doing_wp_cron=1790013805.8894200325012207031250 HTTP/1.1" 200 5041 "-" "WordPress/7.1.1; https://sacherconsultancy.com"
170.106.11.141 - - [21/Sep/2026:18:03:25 +0000] "GET /wp-json/ HTTP/1.1" 200 244469 "-" "Mozilla/5.0 (iPhone; CPU iPhone OS 13_2_3 like Mac OS X) AppleWebKit/605.1.15 (KHTML, like Gecko) Version/13.0.3 Mobile/15E148 Safari/604.1"
69.57.172.4 - - [21/Sep/2026:18:03:29 +0000] "POST /wp-login.php HTTP/1.1" 200 16225 "https://sacherconsultancy.com/wp-login.php" "Mozilla/5.0 (Windows NT 10.0; Win64; x64) AppleWebKit/537.36 (KHTML, like Gecko) Chrome/124.0.0.0 Safari/537.36"
77.68.25.176 - - [21/Sep/2026:18:07:00 +0000] "POST /wp-cron.php?doing_wp_cron=1790014020.5061049461364746093750 HTTP/1.1" 200 5041 "-" "WordPress/7.1.1; https://sacherconsultancy.com"
23.111.14.115 - - [21/Sep/2026:18:07:00 +0000] "POST /wp-login.php HTTP/1.1" 200 16181 "https://sacherconsultancy.com/wp-login.php" "Mozilla/5.0 (Windows NT 10.0; Win64; x64) AppleWebKit/537.36 (KHTML, like Gecko) Chrome/124.0.0.0 Safari/537.36"
77.68.25.176 - - [21/Sep/2026:18:08:54 +0000] "POST /wp-cron.php?doing_wp_cron=1790014134.9072170257568359375000 HTTP/1.1" 200 5041 "-" "WordPress/7.1.1; https://sacherconsultancy.com"
69.57.172.4 - - [21/Sep/2026:18:08:54 +0000] "POST /wp-login.php HTTP/1.1" 200 16225 "https://sacherconsultancy.com/wp-login.php" "Mozilla/5.0 (Windows NT 10.0; Win64; x64) AppleWebKit/537.36 (KHTML, like Gecko) Chrome/124.0.0.0 Safari/537.36"
77.68.25.176 - - [21/Sep/2026:18:12:00 +0000] "POST /wp-cron.php?doing_wp_cron=1790014320.5581600666046142578125 HTTP/1.1" 200 5041 "-" "WordPress/7.1.1; https://sacherconsultancy.com"
23.111.14.115 - - [21/Sep/2026:18:12:00 +0000] "POST /wp-login.php HTTP/1.1" 200 16181 "https://sacherconsultancy.com/wp-login.php" "Mozilla/5.0 (Windows NT 10.0; Win64; x64) AppleWebKit/537.36 (KHTML, like Gecko) Chrome/124.0.0.0 Safari/537.36"
77.68.25.176 - - [21/Sep/2026:18:14:16 +0000] "POST /wp-cron.php?doing_wp_cron=1790014456.0386340618133544921875 HTTP/1.1" 200 5041 "-" "WordPress/7.1.1; https://sacherconsultancy.com"
69.57.172.4 - - [21/Sep/2026:18:14:15 +0000] "POST /wp-login.php HTTP/1.1" 200 16219 "https://sacherconsultancy.com/wp-login.php" "Mozilla/5.0 (Windows NT 10.0; Win64; x64) AppleWebKit/537.36 (KHTML, like Gecko) Chrome/124.0.0.0 Safari/537.36"
77.68.25.176 - - [21/Sep/2026:18:17:02 +0000] "POST /wp-cron.php?doing_wp_cron=1790014622.1704950332641601562500 HTTP/1.1" 200 5041 "-" "WordPress/7.1.1; https://sacherconsultancy.com"
23.111.14.115 - - [21/Sep/2026:18:17:01 +0000] "POST /wp-login.php HTTP/1.1" 200 16173 "https://sacherconsultancy.com/wp-login.php" "Mozilla/5.0 (Windows NT 10.0; Win64; x64) AppleWebKit/537.36 (KHTML, like Gecko) Chrome/124.0.0.0 Safari/537.36"
77.68.25.176 - - [21/Sep/2026:18:19:38 +0000] "POST /wp-cron.php?doing_wp_cron=1790014778.2562379837036132812500 HTTP/1.1" 200 5041 "-" "WordPress/7.1.1; https://sacherconsultancy.com"
69.57.172.4 - - [21/Sep/2026:18:19:37 +0000] "POST /wp-login.php HTTP/1.1" 200 16225 "https://sacherconsultancy.com/wp-login.php" "Mozilla/5.0 (Windows NT 10.0; Win64; x64) AppleWebKit/537.36 (KHTML, like Gecko) Chrome/124.0.0.0 Safari/537.36"
77.68.25.176 - - [21/Sep/2026:18:22:03 +0000] "POST /wp-cron.php?doing_wp_cron=1790014922.9984350204467773437500 HTTP/1.1" 200 5041 "-" "WordPress/7.1.1; https://sacherconsultancy.com"
23.111.14.115 - - [21/Sep/2026:18:22:02 +0000] "POST /wp-login.php HTTP/1.1" 200 16181 "https://sacherconsultancy.com/wp-login.php" "Mozilla/5.0 (Windows NT 10.0; Win64; x64) AppleWebKit/537.36 (KHTML, like Gecko) Chrome/124.0.0.0 Safari/537.36"
160.191.89.83 - - [21/Sep/2026:18:22:15 +0000] "POST /wp-login.php HTTP/1.1" 200 16215 "https://sacherconsultancy.com/wp-login.php" "Mozilla/5.0 (Windows NT 10.0; Win64; x64) AppleWebKit/537.36 (KHTML, like Gecko) Chrome/124.0.0.0 Safari/537.36"
77.68.25.176 - - [21/Sep/2026:18:22:16 +0000] "POST /wp-cron.php?doing_wp_cron=1790014936.3961169719696044921875 HTTP/1.1" 200 5041 "-" "WordPress/7.1.1; https://sacherconsultancy.com"
160.191.89.83 - - [21/Sep/2026:18:22:15 +0000] "POST /wp-login.php HTTP/1.1" 200 16215 "https://sacherconsultancy.com/wp-login.php" "Mozilla/5.0 (Windows NT 10.0; Win64; x64) AppleWebKit/537.36 (KHTML, like Gecko) Chrome/124.0.0.0 Safari/537.36"
77.68.25.176 - - [21/Sep/2026:18:24:58 +0000] "POST /wp-cron.php?doing_wp_cron=1790015098.5000739097595214843750 HTTP/1.1" 200 5041 "-" "WordPress/7.1.1; https://sacherconsultancy.com"
69.57.172.4 - - [21/Sep/2026:18:24:58 +0000] "POST /wp-login.php HTTP/1.1" 200 16217 "https://sacherconsultancy.com/wp-login.php" "Mozilla/5.0 (Windows NT 10.0; Win64; x64) AppleWebKit/537.36 (KHTML, like Gecko) Chrome/124.0.0.0 Safari/537.36"
77.68.25.176 - - [21/Sep/2026:18:25:37 +0000] "POST /wp-cron.php?doing_wp_cron=1790015137.9511969089508056640625 HTTP/1.1" 200 5041 "-" "WordPress/7.1.1; https://sacherconsultancy.com"
103.229.177.82 - - [21/Sep/2026:18:25:37 +0000] "POST /xmlrpc.php HTTP/1.1" 200 5223 "-" "Mozilla/5.0 (Windows NT 10.0) AppleWebKit/537.43 (KHTML, like Gecko) Chrome/138.0.0.0 Safari/537.36 OPR/122.0.0.0"
77.68.25.176 - - [21/Sep/2026:18:26:47 +0000] "POST /wp-cron.php?doing_wp_cron=1790015207.9035279750823974609375 HTTP/1.1" 200 5041 "-" "WordPress/7.1.1; https://sacherconsultancy.com"
23.111.14.115 - - [21/Sep/2026:18:26:47 +0000] "POST /wp-login.php HTTP/1.1" 200 16175 "https://sacherconsultancy.com/wp-login.php" "Mozilla/5.0 (Windows NT 10.0; Win64; x64) AppleWebKit/537.36 (KHTML, like Gecko) Chrome/124.0.0.0 Safari/537.36"
77.68.25.176 - - [21/Sep/2026:18:30:13 +0000] "POST /wp-cron.php?doing_wp_cron=1790015413.8024289608001708984375 HTTP/1.1" 200 5041 "-" "WordPress/7.1.1; https://sacherconsultancy.com"
69.57.172.4 - - [21/Sep/2026:18:30:13 +0000] "POST /wp-login.php HTTP/1.1" 200 16225 "https://sacherconsultancy.com/wp-login.php" "Mozilla/5.0 (Windows NT 10.0; Win64; x64) AppleWebKit/537.36 (KHTML, like Gecko) Chrome/124.0.0.0 Safari/537.36"
77.68.25.176 - - [21/Sep/2026:18:31:41 +0000] "POST /wp-cron.php?doing_wp_cron=1790015501.8037340641021728515625 HTTP/1.1" 200 5041 "-" "WordPress/7.1.1; https://sacherconsultancy.com"
23.111.14.115 - - [21/Sep/2026:18:31:41 +0000] "POST /wp-login.php HTTP/1.1" 200 16173 "https://sacherconsultancy.com/wp-login.php" "Mozilla/5.0 (Windows NT 10.0; Win64; x64) AppleWebKit/537.36 (KHTML, like Gecko) Chrome/124.0.0.0 Safari/537.36"
77.68.25.176 - - [21/Sep/2026:18:35:21 +0000] "POST /wp-cron.php?doing_wp_cron=1790015721.9053959846496582031250 HTTP/1.1" 200 5041 "-" "WordPress/7.1.1; https://sacherconsultancy.com"
69.57.172.4 - - [21/Sep/2026:18:35:21 +0000] "POST /wp-login.php HTTP/1.1" 200 16225 "https://sacherconsultancy.com/wp-login.php" "Mozilla/5.0 (Windows NT 10.0; Win64; x64) AppleWebKit/537.36 (KHTML, like Gecko) Chrome/124.0.0.0 Safari/537.36"
147.5.127.200 - - [21/Sep/2026:18:35:43 +0000] "POST /wp-login.php HTTP/1.1" 200 8604 "https://sacherconsultancy.com/wp-login.php" "Mozilla/5.0 (Windows NT 10.0; Win64; x64) AppleWebKit/537.36 (KHTML, like Gecko) Chrome/124.0.0.0 Safari/537.36"
77.68.25.176 - - [21/Sep/2026:18:36:28 +0000] "POST /wp-cron.php?doing_wp_cron=1790015788.7933828830718994140625 HTTP/1.1" 200 5041 "-" "WordPress/7.1.1; https://sacherconsultancy.com"
23.111.14.115 - - [21/Sep/2026:18:36:28 +0000] "POST /wp-login.php HTTP/1.1" 200 16181 "https://sacherconsultancy.com/wp-login.php" "Mozilla/5.0 (Windows NT 10.0; Win64; x64) AppleWebKit/537.36 (KHTML, like Gecko) Chrome/124.0.0.0 Safari/537.36"
77.68.25.176 - - [21/Sep/2026:18:40:28 +0000] "POST /wp-cron.php?doing_wp_cron=1790016028.1960721015930175781250 HTTP/1.1" 200 5041 "-" "WordPress/7.1.1; https://sacherconsultancy.com"
69.57.172.4 - - [21/Sep/2026:18:40:27 +0000] "POST /wp-login.php HTTP/1.1" 200 16225 "https://sacherconsultancy.com/wp-login.php" "Mozilla/5.0 (Windows NT 10.0; Win64; x64) AppleWebKit/537.36 (KHTML, like Gecko) Chrome/124.0.0.0 Safari/537.36"
77.68.25.176 - - [21/Sep/2026:18:41:23 +0000] "POST /wp-cron.php?doing_wp_cron=1790016083.3876700401306152343750 HTTP/1.1" 200 5041 "-" "WordPress/7.1.1; https://sacherconsultancy.com"
23.111.14.115 - - [21/Sep/2026:18:41:22 +0000] "POST /wp-login.php HTTP/1.1" 200 16181 "https://sacherconsultancy.com/wp-login.php" "Mozilla/5.0 (Windows NT 10.0; Win64; x64) AppleWebKit/537.36 (KHTML, like Gecko) Chrome/124.0.0.0 Safari/537.36"
157.230.43.92 - - [21/Sep/2026:18:42:01 +0000] "GET /wp-login.php HTTP/1.1" 200 8356 "https://duckduckgo.com/" "Mozilla/5.0 (X11; Linux x86_64) AppleWebKit/537.36 (KHTML, like Gecko) Chrome/121.0.0.0 Safari/537.36"
157.230.43.92 - - [21/Sep/2026:18:42:01 +0000] "GET /?author=1 HTTP/1.1" 301 5047 "https://www.google.com/search?q=wordpress" "Mozilla/5.0 (Macintosh; Intel Mac OS X 10_15_7; rv:121.0) Gecko/20100101 Firefox/121.0"
157.230.43.92 - - [21/Sep/2026:18:42:02 +0000] "GET /author/sc_admin/ HTTP/1.1" 200 24382 "https://www.google.com/search?q=wordpress" "Mozilla/5.0 (Macintosh; Intel Mac OS X 10_15_7; rv:121.0) Gecko/20100101 Firefox/121.0"
157.230.43.92 - - [21/Sep/2026:18:42:03 +0000] "GET /?author=2 HTTP/1.1" 200 24255 "https://www.facebook.com/" "Mozilla/5.0 (Macintosh; Intel Mac OS X 13_6_1) AppleWebKit/605.1.15 (KHTML, like Gecko) Version/17.1 Safari/605.1.15"
157.230.43.92 - - [21/Sep/2026:18:42:04 +0000] "GET /?author=3 HTTP/1.1" 200 24357 "https://duckduckgo.com/" "Mozilla/5.0 (Macintosh; Intel Mac OS X 13_6_1; rv:120.0) Gecko/20100101 Firefox/120.0"
157.230.43.92 - - [21/Sep/2026:18:42:05 +0000] "GET /?author=4 HTTP/1.1" 200 24353 "-" "Mozilla/5.0 (Macintosh; Intel Mac OS X 13_6_1) AppleWebKit/605.1.15 (KHTML, like Gecko) Version/16.6 Safari/605.1.15"
157.230.43.92 - - [21/Sep/2026:18:42:06 +0000] "GET /?author=5 HTTP/1.1" 200 24358 "-" "Mozilla/5.0 (Macintosh; Intel Mac OS X 13_6_1; rv:118.0) Gecko/20100101 Firefox/118.0"
157.230.43.92 - - [21/Sep/2026:18:42:06 +0000] "GET /wp-json/wp/v2/users HTTP/1.1" 500 5294 "" "Mozilla/5.0 (Macintosh; Intel Mac OS X 13_6_1) AppleWebKit/537.36 (KHTML, like Gecko) Chrome/121.0.0.0 Safari/537.36"
157.230.43.92 - - [21/Sep/2026:18:42:07 +0000] "POST /wp-login.php HTTP/1.1" 200 8612 "https://sacherconsultancy.com/wp-login.php" "Mozilla/5.0 (Macintosh; Intel Mac OS X 10_15_7) AppleWebKit/605.1.15 (KHTML, like Gecko) Version/16.6 Safari/605.1.15"
157.230.43.92 - - [21/Sep/2026:18:42:08 +0000] "GET /wp-admin/index.php HTTP/1.1" 302 5223 "https://sacherconsultancy.com/wp-login.php" "Mozilla/5.0 (Macintosh; Intel Mac OS X 10_15_7; rv:118.0) Gecko/20100101 Firefox/118.0"
157.230.43.92 - - [21/Sep/2026:18:42:10 +0000] "GET /wp-login.php?redirect_to=https%3A%2F%2Fsacherconsultancy.com%2Fwp-admin%2Findex.php&reauth=1 HTTP/1.1" 200 10431 "https://sacherconsultancy.com/wp-login.php" "Mozilla/5.0 (Macintosh; Intel Mac OS X 10_15_7; rv:118.0) Gecko/20100101 Firefox/118.0"
157.230.43.92 - - [21/Sep/2026:18:42:10 +0000] "POST /wp-login.php HTTP/1.1" 200 8592 "https://sacherconsultancy.com/wp-login.php" "Mozilla/5.0 (Windows NT 11.0; Win64; x64) AppleWebKit/537.36 (KHTML, like Gecko) Chrome/118.0.0.0 Safari/537.36"
157.230.43.92 - - [21/Sep/2026:18:42:11 +0000] "GET /wp-admin/index.php HTTP/1.1" 302 5223 "https://sacherconsultancy.com/wp-login.php" "Mozilla/5.0 (X11; Ubuntu; Linux x86_64) AppleWebKit/537.36 (KHTML, like Gecko) Chrome/120.0.0.0 Safari/537.36"
77.68.25.176 - - [21/Sep/2026:18:42:12 +0000] "POST /wp-cron.php?doing_wp_cron=1790016132.3477959632873535156250 HTTP/1.1" 200 5041 "-" "WordPress/7.1.1; https://sacherconsultancy.com"
157.230.43.92 - - [21/Sep/2026:18:42:11 +0000] "GET /wp-login.php?redirect_to=https%3A%2F%2Fsacherconsultancy.com%2Fwp-admin%2Findex.php&reauth=1 HTTP/1.1" 200 10431 "https://sacherconsultancy.com/wp-login.php" "Mozilla/5.0 (X11; Ubuntu; Linux x86_64) AppleWebKit/537.36 (KHTML, like Gecko) Chrome/120.0.0.0 Safari/537.36"
157.230.43.92 - - [21/Sep/2026:18:42:12 +0000] "POST /wp-login.php HTTP/1.1" 200 8611 "https://sacherconsultancy.com/wp-login.php" "Mozilla/5.0 (Windows NT 11.0; Win64; x64; rv:118.0) Gecko/20100101 Firefox/118.0"
157.230.43.92 - - [21/Sep/2026:18:42:13 +0000] "GET /wp-admin/index.php HTTP/1.1" 302 5223 "https://sacherconsultancy.com/wp-login.php" "Mozilla/5.0 (Windows NT 10.0; Win64; x64) AppleWebKit/537.36 (KHTML, like Gecko) Chrome/118.0.0.0 Safari/537.36"
157.230.43.92 - - [21/Sep/2026:18:42:13 +0000] "GET /wp-login.php?redirect_to=https%3A%2F%2Fsacherconsultancy.com%2Fwp-admin%2Findex.php&reauth=1 HTTP/1.1" 200 10431 "https://sacherconsultancy.com/wp-login.php" "Mozilla/5.0 (Windows NT 10.0; Win64; x64) AppleWebKit/537.36 (KHTML, like Gecko) Chrome/118.0.0.0 Safari/537.36"
77.68.25.176 - - [21/Sep/2026:18:42:14 +0000] "POST /wp-cron.php?doing_wp_cron=1790016134.5399858951568603515625 HTTP/1.1" 200 5041 "-" "WordPress/7.1.1; https://sacherconsultancy.com"
77.68.25.176 - - [21/Sep/2026:18:42:08 +0000] "POST /wp-admin/admin-ajax.php?action=as_async_request_queue_runner&nonce=a1f90fed78 HTTP/1.1" 200 5341 "-" "WordPress/7.1.1; https://sacherconsultancy.com"
157.230.43.92 - - [21/Sep/2026:18:42:14 +0000] "POST /wp-login.php HTTP/1.1" 200 8622 "https://sacherconsultancy.com/wp-login.php" "Mozilla/5.0 (Macintosh; Intel Mac OS X 10_15_7) AppleWebKit/537.36 (KHTML, like Gecko) Chrome/119.0.0.0 Safari/537.36"
157.230.43.92 - - [21/Sep/2026:18:42:14 +0000] "GET /wp-admin/index.php HTTP/1.1" 302 5223 "https://sacherconsultancy.com/wp-login.php" "Mozilla/5.0 (Macintosh; Intel Mac OS X 10_15_7) AppleWebKit/537.36 (KHTML, like Gecko) Chrome/120.0.0.0 Safari/537.36"
157.230.43.92 - - [21/Sep/2026:18:42:15 +0000] "GET /wp-login.php?redirect_to=https%3A%2F%2Fsacherconsultancy.com%2Fwp-admin%2Findex.php&reauth=1 HTTP/1.1" 200 10431 "https://sacherconsultancy.com/wp-login.php" "Mozilla/5.0 (Macintosh; Intel Mac OS X 10_15_7) AppleWebKit/537.36 (KHTML, like Gecko) Chrome/120.0.0.0 Safari/537.36"
157.230.43.92 - - [21/Sep/2026:18:42:16 +0000] "POST /wp-login.php HTTP/1.1" 200 8618 "https://sacherconsultancy.com/wp-login.php" "Mozilla/5.0 (Macintosh; Intel Mac OS X 10_15_7; rv:119.0) Gecko/20100101 Firefox/119.0"
157.230.43.92 - - [21/Sep/2026:18:42:16 +0000] "GET /wp-admin/index.php HTTP/1.1" 302 5223 "https://sacherconsultancy.com/wp-login.php" "Mozilla/5.0 (Macintosh; Intel Mac OS X 13_6_1; rv:120.0) Gecko/20100101 Firefox/120.0"
157.230.43.92 - - [21/Sep/2026:18:42:17 +0000] "GET /wp-login.php?redirect_to=https%3A%2F%2Fsacherconsultancy.com%2Fwp-admin%2Findex.php&reauth=1 HTTP/1.1" 200 10431 "https://sacherconsultancy.com/wp-login.php" "Mozilla/5.0 (Macintosh; Intel Mac OS X 13_6_1; rv:120.0) Gecko/20100101 Firefox/120.0"
157.230.43.92 - - [21/Sep/2026:18:42:18 +0000] "POST /wp-login.php HTTP/1.1" 200 8577 "https://sacherconsultancy.com/wp-login.php" "Mozilla/5.0 (Windows NT 11.0; Win64; x64; rv:120.0) Gecko/20100101 Firefox/120.0"
157.230.43.92 - - [21/Sep/2026:18:42:18 +0000] "GET /wp-admin/index.php HTTP/1.1" 302 5223 "https://sacherconsultancy.com/wp-login.php" "Mozilla/5.0 (Macintosh; Intel Mac OS X 13_6_1) AppleWebKit/537.36 (KHTML, like Gecko) Chrome/121.0.0.0 Safari/537.36"
157.230.43.92 - - [21/Sep/2026:18:42:19 +0000] "GET /wp-login.php?redirect_to=https%3A%2F%2Fsacherconsultancy.com%2Fwp-admin%2Findex.php&reauth=1 HTTP/1.1" 200 10431 "https://sacherconsultancy.com/wp-login.php" "Mozilla/5.0 (Macintosh; Intel Mac OS X 13_6_1) AppleWebKit/537.36 (KHTML, like Gecko) Chrome/121.0.0.0 Safari/537.36"
157.230.43.92 - - [21/Sep/2026:18:42:19 +0000] "POST /wp-login.php HTTP/1.1" 200 8621 "https://sacherconsultancy.com/wp-login.php" "Mozilla/5.0 (Macintosh; Intel Mac OS X 13_6_1; rv:120.0) Gecko/20100101 Firefox/120.0"
157.230.43.92 - - [21/Sep/2026:18:42:20 +0000] "GET /wp-admin/index.php HTTP/1.1" 302 5223 "https://sacherconsultancy.com/wp-login.php" "Mozilla/5.0 (Windows NT 10.0; Win64; x64) AppleWebKit/537.36 (KHTML, like Gecko) Chrome/120.0.0.0 Safari/537.36"
157.230.43.92 - - [21/Sep/2026:18:42:21 +0000] "GET /wp-login.php?redirect_to=https%3A%2F%2Fsacherconsultancy.com%2Fwp-admin%2Findex.php&reauth=1 HTTP/1.1" 200 10431 "https://sacherconsultancy.com/wp-login.php" "Mozilla/5.0 (Windows NT 10.0; Win64; x64) AppleWebKit/537.36 (KHTML, like Gecko) Chrome/120.0.0.0 Safari/537.36"
157.230.43.92 - - [21/Sep/2026:18:42:21 +0000] "POST /wp-login.php HTTP/1.1" 200 8586 "https://sacherconsultancy.com/wp-login.php" "Mozilla/5.0 (Windows NT 11.0; Win64; x64; rv:118.0) Gecko/20100101 Firefox/118.0"
157.230.43.92 - - [21/Sep/2026:18:42:22 +0000] "GET /wp-admin/index.php HTTP/1.1" 302 5223 "https://sacherconsultancy.com/wp-login.php" "Mozilla/5.0 (Windows NT 10.0; Win64; x64) AppleWebKit/537.36 (KHTML, like Gecko) Chrome/118.0.0.0 Safari/537.36"
157.230.43.92 - - [21/Sep/2026:18:42:22 +0000] "GET /wp-login.php?redirect_to=https%3A%2F%2Fsacherconsultancy.com%2Fwp-admin%2Findex.php&reauth=1 HTTP/1.1" 200 10431 "https://sacherconsultancy.com/wp-login.php" "Mozilla/5.0 (Windows NT 10.0; Win64; x64) AppleWebKit/537.36 (KHTML, like Gecko) Chrome/118.0.0.0 Safari/537.36"
157.230.43.92 - - [21/Sep/2026:18:42:23 +0000] "POST /wp-login.php HTTP/1.1" 200 8630 "https://sacherconsultancy.com/wp-login.php" "Mozilla/5.0 (Macintosh; Intel Mac OS X 13_6_1) AppleWebKit/537.36 (KHTML, like Gecko) Chrome/119.0.0.0 Safari/537.36"
157.230.43.92 - - [21/Sep/2026:18:42:23 +0000] "GET /wp-admin/index.php HTTP/1.1" 302 5223 "https://sacherconsultancy.com/wp-login.php" "Mozilla/5.0 (Macintosh; Intel Mac OS X 10_15_7) AppleWebKit/605.1.15 (KHTML, like Gecko) Version/16.6 Safari/605.1.15"
157.230.43.92 - - [21/Sep/2026:18:42:24 +0000] "GET /wp-login.php?redirect_to=https%3A%2F%2Fsacherconsultancy.com%2Fwp-admin%2Findex.php&reauth=1 HTTP/1.1" 200 10431 "https://sacherconsultancy.com/wp-login.php" "Mozilla/5.0 (Macintosh; Intel Mac OS X 10_15_7) AppleWebKit/605.1.15 (KHTML, like Gecko) Version/16.6 Safari/605.1.15"
157.230.43.92 - - [21/Sep/2026:18:42:25 +0000] "POST /wp-login.php HTTP/1.1" 200 8621 "https://sacherconsultancy.com/wp-login.php" "Mozilla/5.0 (Macintosh; Intel Mac OS X 13_6_1) AppleWebKit/537.36 (KHTML, like Gecko) Chrome/119.0.0.0 Safari/537.36"
157.230.43.92 - - [21/Sep/2026:18:42:25 +0000] "GET /wp-admin/index.php HTTP/1.1" 302 5223 "https://sacherconsultancy.com/wp-login.php" "Mozilla/5.0 (Macintosh; Intel Mac OS X 10_15_7) AppleWebKit/537.36 (KHTML, like Gecko) Chrome/118.0.0.0 Safari/537.36"
157.230.43.92 - - [21/Sep/2026:18:42:26 +0000] "GET /wp-login.php?redirect_to=https%3A%2F%2Fsacherconsultancy.com%2Fwp-admin%2Findex.php&reauth=1 HTTP/1.1" 200 10431 "https://sacherconsultancy.com/wp-login.php" "Mozilla/5.0 (Macintosh; Intel Mac OS X 10_15_7) AppleWebKit/537.36 (KHTML, like Gecko) Chrome/118.0.0.0 Safari/537.36"
157.230.43.92 - - [21/Sep/2026:18:42:26 +0000] "POST /wp-login.php HTTP/1.1" 200 8594 "https://sacherconsultancy.com/wp-login.php" "Mozilla/5.0 (Macintosh; Intel Mac OS X 13_6_1; rv:119.0) Gecko/20100101 Firefox/119.0"
157.230.43.92 - - [21/Sep/2026:18:42:27 +0000] "GET /wp-admin/index.php HTTP/1.1" 302 5223 "https://sacherconsultancy.com/wp-login.php" "Mozilla/5.0 (X11; Ubuntu; Linux x86_64) AppleWebKit/537.36 (KHTML, like Gecko) Chrome/120.0.0.0 Safari/537.36"
157.230.43.92 - - [21/Sep/2026:18:42:28 +0000] "GET /wp-login.php?redirect_to=https%3A%2F%2Fsacherconsultancy.com%2Fwp-admin%2Findex.php&reauth=1 HTTP/1.1" 200 10431 "https://sacherconsultancy.com/wp-login.php" "Mozilla/5.0 (X11; Ubuntu; Linux x86_64) AppleWebKit/537.36 (KHTML, like Gecko) Chrome/120.0.0.0 Safari/537.36"
157.230.43.92 - - [21/Sep/2026:18:42:28 +0000] "POST /wp-login.php HTTP/1.1" 200 8619 "https://sacherconsultancy.com/wp-login.php" "Mozilla/5.0 (Windows NT 10.0; Win64; x64) AppleWebKit/537.36 (KHTML, like Gecko) Chrome/118.0.0.0 Safari/537.36"
157.230.43.92 - - [21/Sep/2026:18:42:29 +0000] "GET /wp-admin/index.php HTTP/1.1" 302 5223 "https://sacherconsultancy.com/wp-login.php" "Mozilla/5.0 (Macintosh; Intel Mac OS X 10_15_7) AppleWebKit/605.1.15 (KHTML, like Gecko) Version/17.0 Safari/605.1.15"
157.230.43.92 - - [21/Sep/2026:18:42:29 +0000] "GET /wp-login.php?redirect_to=https%3A%2F%2Fsacherconsultancy.com%2Fwp-admin%2Findex.php&reauth=1 HTTP/1.1" 200 10431 "https://sacherconsultancy.com/wp-login.php" "Mozilla/5.0 (Macintosh; Intel Mac OS X 10_15_7) AppleWebKit/605.1.15 (KHTML, like Gecko) Version/17.0 Safari/605.1.15"
157.230.43.92 - - [21/Sep/2026:18:42:30 +0000] "POST /wp-login.php HTTP/1.1" 200 8648 "https://sacherconsultancy.com/wp-login.php" "Mozilla/5.0 (Macintosh; Intel Mac OS X 13_6_1; rv:121.0) Gecko/20100101 Firefox/121.0"
157.230.43.92 - - [21/Sep/2026:18:42:31 +0000] "GET /wp-admin/index.php HTTP/1.1" 302 5223 "https://sacherconsultancy.com/wp-login.php" "Mozilla/5.0 (Windows NT 11.0; Win64; x64) AppleWebKit/537.36 (KHTML, like Gecko) Chrome/121.0.0.0 Safari/537.36"
157.230.43.92 - - [21/Sep/2026:18:42:31 +0000] "GET /wp-login.php?redirect_to=https%3A%2F%2Fsacherconsultancy.com%2Fwp-admin%2Findex.php&reauth=1 HTTP/1.1" 200 10431 "https://sacherconsultancy.com/wp-login.php" "Mozilla/5.0 (Windows NT 11.0; Win64; x64) AppleWebKit/537.36 (KHTML, like Gecko) Chrome/121.0.0.0 Safari/537.36"
157.230.43.92 - - [21/Sep/2026:18:42:32 +0000] "POST /wp-login.php HTTP/1.1" 200 8604 "https://sacherconsultancy.com/wp-login.php" "Mozilla/5.0 (Windows NT 10.0; Win64; x64; rv:118.0) Gecko/20100101 Firefox/118.0"
157.230.43.92 - - [21/Sep/2026:18:42:32 +0000] "GET /wp-admin/index.php HTTP/1.1" 302 5223 "https://sacherconsultancy.com/wp-login.php" "Mozilla/5.0 (Macintosh; Intel Mac OS X 13_6_1) AppleWebKit/537.36 (KHTML, like Gecko) Chrome/120.0.0.0 Safari/537.36"
157.230.43.92 - - [21/Sep/2026:18:42:33 +0000] "GET /wp-login.php?redirect_to=https%3A%2F%2Fsacherconsultancy.com%2Fwp-admin%2Findex.php&reauth=1 HTTP/1.1" 200 10431 "https://sacherconsultancy.com/wp-login.php" "Mozilla/5.0 (Macintosh; Intel Mac OS X 13_6_1) AppleWebKit/537.36 (KHTML, like Gecko) Chrome/120.0.0.0 Safari/537.36"
157.230.43.92 - - [21/Sep/2026:18:42:33 +0000] "POST /wp-login.php HTTP/1.1" 200 8602 "https://sacherconsultancy.com/wp-login.php" "Mozilla/5.0 (X11; Linux x86_64) AppleWebKit/537.36 (KHTML, like Gecko) Chrome/120.0.0.0 Safari/537.36"
157.230.43.92 - - [21/Sep/2026:18:42:34 +0000] "GET /wp-admin/index.php HTTP/1.1" 302 5223 "https://sacherconsultancy.com/wp-login.php" "Mozilla/5.0 (Macintosh; Intel Mac OS X 10_15_7; rv:121.0) Gecko/20100101 Firefox/121.0"
157.230.43.92 - - [21/Sep/2026:18:42:35 +0000] "GET /wp-login.php?redirect_to=https%3A%2F%2Fsacherconsultancy.com%2Fwp-admin%2Findex.php&reauth=1 HTTP/1.1" 200 10431 "https://sacherconsultancy.com/wp-login.php" "Mozilla/5.0 (Macintosh; Intel Mac OS X 10_15_7; rv:121.0) Gecko/20100101 Firefox/121.0"
157.230.43.92 - - [21/Sep/2026:18:42:35 +0000] "POST /wp-login.php HTTP/1.1" 200 8605 "https://sacherconsultancy.com/wp-login.php" "Mozilla/5.0 (Macintosh; Intel Mac OS X 10_15_7; rv:119.0) Gecko/20100101 Firefox/119.0"
157.230.43.92 - - [21/Sep/2026:18:42:36 +0000] "GET /wp-admin/index.php HTTP/1.1" 302 5223 "https://sacherconsultancy.com/wp-login.php" "Mozilla/5.0 (Macintosh; Intel Mac OS X 13_6_1) AppleWebKit/537.36 (KHTML, like Gecko) Chrome/119.0.0.0 Safari/537.36"
157.230.43.92 - - [21/Sep/2026:18:42:36 +0000] "GET /wp-login.php?redirect_to=https%3A%2F%2Fsacherconsultancy.com%2Fwp-admin%2Findex.php&reauth=1 HTTP/1.1" 200 10431 "https://sacherconsultancy.com/wp-login.php" "Mozilla/5.0 (Macintosh; Intel Mac OS X 13_6_1) AppleWebKit/537.36 (KHTML, like Gecko) Chrome/119.0.0.0 Safari/537.36"
157.230.43.92 - - [21/Sep/2026:18:42:37 +0000] "POST /wp-login.php HTTP/1.1" 200 8607 "https://sacherconsultancy.com/wp-login.php" "Mozilla/5.0 (Windows NT 11.0; Win64; x64) AppleWebKit/537.36 (KHTML, like Gecko) Chrome/118.0.0.0 Safari/537.36"
