62.60.130.252 - - [21/Sep/2026:19:19:35 +0000] "GET /wp-login.php?redirect_to=https%3A%2F%2Fsacherconsultancy.com%2Fwp-admin%2Findex.php&reauth=1 HTTP/1.1" 200 10431 "https://sacherconsultancy.com/wp-login.php" "Mozilla/5.0 (X11; Ubuntu; Linux x86_64; rv:122.0) Gecko/20100101 Firefox/122.0"
62.60.130.252 - - [21/Sep/2026:19:19:36 +0000] "POST /wp-login.php HTTP/1.1" 200 8576 "https://sacherconsultancy.com/wp-login.php" "Mozilla/5.0 (X11; Linux x86_64) Gecko/20100101 Firefox/122.0"
62.60.130.252 - - [21/Sep/2026:19:19:36 +0000] "GET /wp-admin/index.php HTTP/1.1" 302 5223 "https://sacherconsultancy.com/wp-login.php" "Mozilla/5.0 (X11; Linux x86_64) Gecko/20100101 Firefox/122.0"
62.60.130.252 - - [21/Sep/2026:19:19:37 +0000] "GET /wp-login.php?redirect_to=https%3A%2F%2Fsacherconsultancy.com%2Fwp-admin%2Findex.php&reauth=1 HTTP/1.1" 200 10431 "https://sacherconsultancy.com/wp-login.php" "Mozilla/5.0 (X11; Linux x86_64) Gecko/20100101 Firefox/122.0"
62.60.130.252 - - [21/Sep/2026:19:19:38 +0000] "POST /wp-login.php HTTP/1.1" 200 8627 "https://sacherconsultancy.com/wp-login.php" "Mozilla/5.0 (X11; Ubuntu; Linux x86_64) AppleWebKit/537.36 (KHTML, like Gecko) Chrome/121.0.6167.85 Safari/537.36"
62.60.130.252 - - [21/Sep/2026:19:19:38 +0000] "GET /wp-admin/index.php HTTP/1.1" 302 5223 "https://sacherconsultancy.com/wp-login.php" "Mozilla/5.0 (X11; Ubuntu; Linux x86_64) AppleWebKit/537.36 (KHTML, like Gecko) Chrome/121.0.6167.85 Safari/537.36"
62.60.130.252 - - [21/Sep/2026:19:19:39 +0000] "GET /wp-login.php?redirect_to=https%3A%2F%2Fsacherconsultancy.com%2Fwp-admin%2Findex.php&reauth=1 HTTP/1.1" 200 10431 "https://sacherconsultancy.com/wp-login.php" "Mozilla/5.0 (X11; Ubuntu; Linux x86_64) AppleWebKit/537.36 (KHTML, like Gecko) Chrome/121.0.6167.85 Safari/537.36"
62.60.130.252 - - [21/Sep/2026:19:19:40 +0000] "POST /wp-login.php HTTP/1.1" 200 8593 "https://sacherconsultancy.com/wp-login.php" "Mozilla/5.0 (X11; Linux x86_64) Gecko/20100101 Firefox/118.0.2"
62.60.130.252 - - [21/Sep/2026:19:19:40 +0000] "GET /wp-admin/index.php HTTP/1.1" 302 5223 "https://sacherconsultancy.com/wp-login.php" "Mozilla/5.0 (X11; Linux x86_64) Gecko/20100101 Firefox/118.0.2"
62.60.130.252 - - [21/Sep/2026:19:19:41 +0000] "GET /wp-login.php?redirect_to=https%3A%2F%2Fsacherconsultancy.com%2Fwp-admin%2Findex.php&reauth=1 HTTP/1.1" 200 10431 "https://sacherconsultancy.com/wp-login.php" "Mozilla/5.0 (X11; Linux x86_64) Gecko/20100101 Firefox/118.0.2"
62.60.130.252 - - [21/Sep/2026:19:19:42 +0000] "POST /wp-login.php HTTP/1.1" 200 8606 "https://sacherconsultancy.com/wp-login.php" "Mozilla/5.0 (Windows NT 10.0; Win64; x64) AppleWebKit/537.36 (KHTML, like Gecko) Chrome/119.0.0.0 Safari/537.36 Edg/119.0.2151.97"
62.60.130.252 - - [21/Sep/2026:19:19:43 +0000] "GET /wp-admin/index.php HTTP/1.1" 302 5223 "https://sacherconsultancy.com/wp-login.php" "Mozilla/5.0 (Windows NT 10.0; Win64; x64) AppleWebKit/537.36 (KHTML, like Gecko) Chrome/119.0.0.0 Safari/537.36 Edg/119.0.2151.97"
62.60.130.252 - - [21/Sep/2026:19:19:43 +0000] "GET /wp-login.php?redirect_to=https%3A%2F%2Fsacherconsultancy.com%2Fwp-admin%2Findex.php&reauth=1 HTTP/1.1" 200 10431 "https://sacherconsultancy.com/wp-login.php" "Mozilla/5.0 (Windows NT 10.0; Win64; x64) AppleWebKit/537.36 (KHTML, like Gecko) Chrome/119.0.0.0 Safari/537.36 Edg/119.0.2151.97"
23.111.14.115 - - [21/Sep/2026:19:19:44 +0000] "POST /wp-login.php HTTP/1.1" 200 16173 "https://sacherconsultancy.com/wp-login.php" "Mozilla/5.0 (Windows NT 10.0; Win64; x64) AppleWebKit/537.36 (KHTML, like Gecko) Chrome/124.0.0.0 Safari/537.36"
62.60.130.252 - - [21/Sep/2026:19:19:44 +0000] "POST /wp-login.php HTTP/1.1" 200 8618 "https://sacherconsultancy.com/wp-login.php" "Mozilla/5.0 (X11; Ubuntu; Linux x86_64; rv:121.0) Gecko/20100101 Firefox/121.0"
62.60.130.252 - - [21/Sep/2026:19:19:45 +0000] "GET /wp-admin/index.php HTTP/1.1" 302 5223 "https://sacherconsultancy.com/wp-login.php" "Mozilla/5.0 (X11; Ubuntu; Linux x86_64; rv:121.0) Gecko/20100101 Firefox/121.0"
62.60.130.252 - - [21/Sep/2026:19:19:45 +0000] "GET /wp-login.php?redirect_to=https%3A%2F%2Fsacherconsultancy.com%2Fwp-admin%2Findex.php&reauth=1 HTTP/1.1" 200 10431 "https://sacherconsultancy.com/wp-login.php" "Mozilla/5.0 (X11; Ubuntu; Linux x86_64; rv:121.0) Gecko/20100101 Firefox/121.0"
62.60.130.252 - - [21/Sep/2026:19:19:46 +0000] "POST /wp-login.php HTTP/1.1" 200 8612 "https://sacherconsultancy.com/wp-login.php" "Mozilla/5.0 (X11; Ubuntu; Linux x86_64) AppleWebKit/537.36 (KHTML, like Gecko) Chrome/122.0.6261.57 Safari/537.36"
62.60.130.252 - - [21/Sep/2026:19:19:47 +0000] "GET /wp-admin/index.php HTTP/1.1" 302 5223 "https://sacherconsultancy.com/wp-login.php" "Mozilla/5.0 (X11; Ubuntu; Linux x86_64) AppleWebKit/537.36 (KHTML, like Gecko) Chrome/122.0.6261.57 Safari/537.36"
62.60.130.252 - - [21/Sep/2026:19:19:47 +0000] "GET /wp-login.php?redirect_to=https%3A%2F%2Fsacherconsultancy.com%2Fwp-admin%2Findex.php&reauth=1 HTTP/1.1" 200 10431 "https://sacherconsultancy.com/wp-login.php" "Mozilla/5.0 (X11; Ubuntu; Linux x86_64) AppleWebKit/537.36 (KHTML, like Gecko) Chrome/122.0.6261.57 Safari/537.36"
62.60.130.252 - - [21/Sep/2026:19:19:48 +0000] "POST /wp-login.php HTTP/1.1" 200 8600 "https://sacherconsultancy.com/wp-login.php" "Mozilla/5.0 (X11; Ubuntu; Linux x86_64; rv:120.0.1) Gecko/20100101 Firefox/120.0.1"
62.60.130.252 - - [21/Sep/2026:19:19:49 +0000] "GET /wp-admin/index.php HTTP/1.1" 302 5223 "https://sacherconsultancy.com/wp-login.php" "Mozilla/5.0 (X11; Ubuntu; Linux x86_64; rv:120.0.1) Gecko/20100101 Firefox/120.0.1"
62.60.130.252 - - [21/Sep/2026:19:19:49 +0000] "GET /wp-login.php?redirect_to=https%3A%2F%2Fsacherconsultancy.com%2Fwp-admin%2Findex.php&reauth=1 HTTP/1.1" 200 10431 "https://sacherconsultancy.com/wp-login.php" "Mozilla/5.0 (X11; Ubuntu; Linux x86_64; rv:120.0.1) Gecko/20100101 Firefox/120.0.1"
62.60.130.252 - - [21/Sep/2026:19:19:50 +0000] "POST /wp-login.php HTTP/1.1" 200 8588 "https://sacherconsultancy.com/wp-login.php" "Mozilla/5.0 (X11; Ubuntu; Linux x86_64) AppleWebKit/537.36 (KHTML, like Gecko) Chrome/122.0.6261.57 Safari/537.36"
62.60.130.252 - - [21/Sep/2026:19:19:50 +0000] "GET /wp-admin/index.php HTTP/1.1" 302 5223 "https://sacherconsultancy.com/wp-login.php" "Mozilla/5.0 (X11; Ubuntu; Linux x86_64) AppleWebKit/537.36 (KHTML, like Gecko) Chrome/122.0.6261.57 Safari/537.36"
62.60.130.252 - - [21/Sep/2026:19:19:51 +0000] "GET /wp-login.php?redirect_to=https%3A%2F%2Fsacherconsultancy.com%2Fwp-admin%2Findex.php&reauth=1 HTTP/1.1" 200 10431 "https://sacherconsultancy.com/wp-login.php" "Mozilla/5.0 (X11; Ubuntu; Linux x86_64) AppleWebKit/537.36 (KHTML, like Gecko) Chrome/122.0.6261.57 Safari/537.36"
62.60.130.252 - - [21/Sep/2026:19:19:52 +0000] "POST /wp-login.php HTTP/1.1" 200 8614 "https://sacherconsultancy.com/wp-login.php" "Mozilla/5.0 (Macintosh; Intel Mac OS X 10_15_7) AppleWebKit/537.36 (KHTML, like Gecko) Chrome/121.0.6167.85 Safari/537.36"
62.60.130.252 - - [21/Sep/2026:19:19:52 +0000] "GET /wp-admin/index.php HTTP/1.1" 302 5223 "https://sacherconsultancy.com/wp-login.php" "Mozilla/5.0 (Macintosh; Intel Mac OS X 10_15_7) AppleWebKit/537.36 (KHTML, like Gecko) Chrome/121.0.6167.85 Safari/537.36"
62.60.130.252 - - [21/Sep/2026:19:19:53 +0000] "GET /wp-login.php?redirect_to=https%3A%2F%2Fsacherconsultancy.com%2Fwp-admin%2Findex.php&reauth=1 HTTP/1.1" 200 10431 "https://sacherconsultancy.com/wp-login.php" "Mozilla/5.0 (Macintosh; Intel Mac OS X 10_15_7) AppleWebKit/537.36 (KHTML, like Gecko) Chrome/121.0.6167.85 Safari/537.36"
62.60.130.252 - - [21/Sep/2026:19:19:54 +0000] "POST /wp-login.php HTTP/1.1" 200 8625 "https://sacherconsultancy.com/wp-login.php" "Mozilla/5.0 (Macintosh; Intel Mac OS X 13_6_1) AppleWebKit/605.1.15 (KHTML, like Gecko) Version/17.1 Safari/605.1.15"
62.60.130.252 - - [21/Sep/2026:19:19:54 +0000] "GET /wp-admin/index.php HTTP/1.1" 302 5223 "https://sacherconsultancy.com/wp-login.php" "Mozilla/5.0 (Macintosh; Intel Mac OS X 13_6_1) AppleWebKit/605.1.15 (KHTML, like Gecko) Version/17.1 Safari/605.1.15"
62.60.130.252 - - [21/Sep/2026:19:19:55 +0000] "GET /wp-login.php?redirect_to=https%3A%2F%2Fsacherconsultancy.com%2Fwp-admin%2Findex.php&reauth=1 HTTP/1.1" 200 10431 "https://sacherconsultancy.com/wp-login.php" "Mozilla/5.0 (Macintosh; Intel Mac OS X 13_6_1) AppleWebKit/605.1.15 (KHTML, like Gecko) Version/17.1 Safari/605.1.15"
62.60.130.252 - - [21/Sep/2026:19:19:56 +0000] "POST /wp-login.php HTTP/1.1" 200 8600 "https://sacherconsultancy.com/wp-login.php" "Mozilla/5.0 (Windows NT 11.0; Win64; x64) AppleWebKit/537.36 (KHTML, like Gecko) Chrome/118.0.5993.88 Safari/537.36"
62.60.130.252 - - [21/Sep/2026:19:19:56 +0000] "GET /wp-admin/index.php HTTP/1.1" 302 5223 "https://sacherconsultancy.com/wp-login.php" "Mozilla/5.0 (Windows NT 11.0; Win64; x64) AppleWebKit/537.36 (KHTML, like Gecko) Chrome/118.0.5993.88 Safari/537.36"
62.60.130.252 - - [21/Sep/2026:19:19:57 +0000] "GET /wp-login.php?redirect_to=https%3A%2F%2Fsacherconsultancy.com%2Fwp-admin%2Findex.php&reauth=1 HTTP/1.1" 200 10431 "https://sacherconsultancy.com/wp-login.php" "Mozilla/5.0 (Windows NT 11.0; Win64; x64) AppleWebKit/537.36 (KHTML, like Gecko) Chrome/118.0.5993.88 Safari/537.36"
62.60.130.252 - - [21/Sep/2026:19:19:58 +0000] "POST /wp-login.php HTTP/1.1" 200 8594 "https://sacherconsultancy.com/wp-login.php" "Mozilla/5.0 (Macintosh; Intel Mac OS X 13_6_2) AppleWebKit/537.36 (KHTML, like Gecko) Chrome/119.0.6045.159 Safari/537.36"
62.60.130.252 - - [21/Sep/2026:19:19:58 +0000] "GET /wp-admin/index.php HTTP/1.1" 302 5223 "https://sacherconsultancy.com/wp-login.php" "Mozilla/5.0 (Macintosh; Intel Mac OS X 13_6_2) AppleWebKit/537.36 (KHTML, like Gecko) Chrome/119.0.6045.159 Safari/537.36"
62.60.130.252 - - [21/Sep/2026:19:19:59 +0000] "GET /wp-login.php?redirect_to=https%3A%2F%2Fsacherconsultancy.com%2Fwp-admin%2Findex.php&reauth=1 HTTP/1.1" 200 10431 "https://sacherconsultancy.com/wp-login.php" "Mozilla/5.0 (Macintosh; Intel Mac OS X 13_6_2) AppleWebKit/537.36 (KHTML, like Gecko) Chrome/119.0.6045.159 Safari/537.36"
62.60.130.252 - - [21/Sep/2026:19:20:00 +0000] "POST /wp-login.php HTTP/1.1" 200 8605 "https://sacherconsultancy.com/wp-login.php" "Mozilla/5.0 (Windows NT 10.0; Win64; x64) AppleWebKit/537.36 (KHTML, like Gecko) Chrome/121.0.0.0 Safari/537.36 Edg/121.0.2277.83"
62.60.130.252 - - [21/Sep/2026:19:20:00 +0000] "GET /wp-admin/index.php HTTP/1.1" 302 5223 "https://sacherconsultancy.com/wp-login.php" "Mozilla/5.0 (Windows NT 10.0; Win64; x64) AppleWebKit/537.36 (KHTML, like Gecko) Chrome/121.0.0.0 Safari/537.36 Edg/121.0.2277.83"
62.60.130.252 - - [21/Sep/2026:19:20:01 +0000] "GET /wp-login.php?redirect_to=https%3A%2F%2Fsacherconsultancy.com%2Fwp-admin%2Findex.php&reauth=1 HTTP/1.1" 200 10431 "https://sacherconsultancy.com/wp-login.php" "Mozilla/5.0 (Windows NT 10.0; Win64; x64) AppleWebKit/537.36 (KHTML, like Gecko) Chrome/121.0.0.0 Safari/537.36 Edg/121.0.2277.83"
62.60.130.252 - - [21/Sep/2026:19:20:02 +0000] "POST /wp-login.php HTTP/1.1" 200 8607 "https://sacherconsultancy.com/wp-login.php" "Mozilla/5.0 (Macintosh; Intel Mac OS X 10_15_7) AppleWebKit/605.1.15 (KHTML, like Gecko) Version/16.6.1 Safari/605.1.15"
62.60.130.252 - - [21/Sep/2026:19:20:02 +0000] "GET /wp-admin/index.php HTTP/1.1" 302 5223 "https://sacherconsultancy.com/wp-login.php" "Mozilla/5.0 (Macintosh; Intel Mac OS X 10_15_7) AppleWebKit/605.1.15 (KHTML, like Gecko) Version/16.6.1 Safari/605.1.15"
62.60.130.252 - - [21/Sep/2026:19:20:03 +0000] "GET /wp-login.php?redirect_to=https%3A%2F%2Fsacherconsultancy.com%2Fwp-admin%2Findex.php&reauth=1 HTTP/1.1" 200 10431 "https://sacherconsultancy.com/wp-login.php" "Mozilla/5.0 (Macintosh; Intel Mac OS X 10_15_7) AppleWebKit/605.1.15 (KHTML, like Gecko) Version/16.6.1 Safari/605.1.15"
62.60.130.252 - - [21/Sep/2026:19:20:04 +0000] "POST /wp-login.php HTTP/1.1" 200 8603 "https://sacherconsultancy.com/wp-login.php" "Mozilla/5.0 (Windows NT 10.0; Win64; x64) Gecko/20100101 Firefox/118.0.2"
62.60.130.252 - - [21/Sep/2026:19:20:04 +0000] "GET /wp-admin/index.php HTTP/1.1" 302 5223 "https://sacherconsultancy.com/wp-login.php" "Mozilla/5.0 (Windows NT 10.0; Win64; x64) Gecko/20100101 Firefox/118.0.2"
62.60.130.252 - - [21/Sep/2026:19:20:05 +0000] "GET /wp-login.php?redirect_to=https%3A%2F%2Fsacherconsultancy.com%2Fwp-admin%2Findex.php&reauth=1 HTTP/1.1" 200 10431 "https://sacherconsultancy.com/wp-login.php" "Mozilla/5.0 (Windows NT 10.0; Win64; x64) Gecko/20100101 Firefox/118.0.2"
62.60.130.252 - - [21/Sep/2026:19:20:06 +0000] "POST /wp-login.php HTTP/1.1" 200 8593 "https://sacherconsultancy.com/wp-login.php" "Mozilla/5.0 (X11; Ubuntu; Linux x86_64) AppleWebKit/537.36 (KHTML, like Gecko) Chrome/119.0.6045.159 Safari/537.36"
62.60.130.252 - - [21/Sep/2026:19:20:06 +0000] "GET /wp-admin/index.php HTTP/1.1" 302 5223 "https://sacherconsultancy.com/wp-login.php" "Mozilla/5.0 (X11; Ubuntu; Linux x86_64) AppleWebKit/537.36 (KHTML, like Gecko) Chrome/119.0.6045.159 Safari/537.36"
62.60.130.252 - - [21/Sep/2026:19:20:07 +0000] "GET /wp-login.php?redirect_to=https%3A%2F%2Fsacherconsultancy.com%2Fwp-admin%2Findex.php&reauth=1 HTTP/1.1" 200 10431 "https://sacherconsultancy.com/wp-login.php" "Mozilla/5.0 (X11; Ubuntu; Linux x86_64) AppleWebKit/537.36 (KHTML, like Gecko) Chrome/119.0.6045.159 Safari/537.36"
62.60.130.252 - - [21/Sep/2026:19:20:08 +0000] "POST /wp-login.php HTTP/1.1" 200 8589 "https://sacherconsultancy.com/wp-login.php" "Mozilla/5.0 (Macintosh; Intel Mac OS X 10.15) Gecko/20100101 Firefox/119.0.1"
62.60.130.252 - - [21/Sep/2026:19:20:09 +0000] "GET /wp-admin/index.php HTTP/1.1" 302 5223 "https://sacherconsultancy.com/wp-login.php" "Mozilla/5.0 (Macintosh; Intel Mac OS X 10.15) Gecko/20100101 Firefox/119.0.1"
62.60.130.252 - - [21/Sep/2026:19:20:09 +0000] "GET /wp-login.php?redirect_to=https%3A%2F%2Fsacherconsultancy.com%2Fwp-admin%2Findex.php&reauth=1 HTTP/1.1" 200 10431 "https://sacherconsultancy.com/wp-login.php" "Mozilla/5.0 (Macintosh; Intel Mac OS X 10.15) Gecko/20100101 Firefox/119.0.1"
62.60.130.252 - - [21/Sep/2026:19:20:10 +0000] "POST /wp-login.php HTTP/1.1" 200 8600 "https://sacherconsultancy.com/wp-login.php" "Mozilla/5.0 (Macintosh; Intel Mac OS X 10_15_7) AppleWebKit/537.36 (KHTML, like Gecko) Chrome/118.0.5993.88 Safari/537.36"
62.60.130.252 - - [21/Sep/2026:19:20:11 +0000] "GET /wp-admin/index.php HTTP/1.1" 302 5223 "https://sacherconsultancy.com/wp-login.php" "Mozilla/5.0 (Macintosh; Intel Mac OS X 10_15_7) AppleWebKit/537.36 (KHTML, like Gecko) Chrome/118.0.5993.88 Safari/537.36"
62.60.130.252 - - [21/Sep/2026:19:20:11 +0000] "GET /wp-login.php?redirect_to=https%3A%2F%2Fsacherconsultancy.com%2Fwp-admin%2Findex.php&reauth=1 HTTP/1.1" 200 10431 "https://sacherconsultancy.com/wp-login.php" "Mozilla/5.0 (Macintosh; Intel Mac OS X 10_15_7) AppleWebKit/537.36 (KHTML, like Gecko) Chrome/118.0.5993.88 Safari/537.36"
77.68.25.176 - - [21/Sep/2026:19:20:12 +0000] "POST /wp-cron.php?doing_wp_cron=1790018412.9266240596771240234375 HTTP/1.1" 200 5041 "-" "WordPress/7.1.1; https://sacherconsultancy.com"
62.60.130.252 - - [21/Sep/2026:19:20:12 +0000] "POST /wp-login.php HTTP/1.1" 200 8589 "https://sacherconsultancy.com/wp-login.php" "Mozilla/5.0 (Macintosh; Intel Mac OS X 10.15) Gecko/20100101 Firefox/118.0.2"
62.60.130.252 - - [21/Sep/2026:19:20:13 +0000] "GET /wp-admin/index.php HTTP/1.1" 302 5223 "https://sacherconsultancy.com/wp-login.php" "Mozilla/5.0 (Macintosh; Intel Mac OS X 10.15) Gecko/20100101 Firefox/118.0.2"
62.60.130.252 - - [21/Sep/2026:19:20:13 +0000] "GET /wp-login.php?redirect_to=https%3A%2F%2Fsacherconsultancy.com%2Fwp-admin%2Findex.php&reauth=1 HTTP/1.1" 200 10431 "https://sacherconsultancy.com/wp-login.php" "Mozilla/5.0 (Macintosh; Intel Mac OS X 10.15) Gecko/20100101 Firefox/118.0.2"
62.60.130.252 - - [21/Sep/2026:19:20:14 +0000] "POST /wp-login.php HTTP/1.1" 200 8605 "https://sacherconsultancy.com/wp-login.php" "Mozilla/5.0 (X11; Linux x86_64) AppleWebKit/537.36 (KHTML, like Gecko) Chrome/119.0.6045.159 Safari/537.36"
62.60.130.252 - - [21/Sep/2026:19:20:15 +0000] "GET /wp-admin/index.php HTTP/1.1" 302 5223 "https://sacherconsultancy.com/wp-login.php" "Mozilla/5.0 (X11; Linux x86_64) AppleWebKit/537.36 (KHTML, like Gecko) Chrome/119.0.6045.159 Safari/537.36"
62.60.130.252 - - [21/Sep/2026:19:20:15 +0000] "GET /wp-login.php?redirect_to=https%3A%2F%2Fsacherconsultancy.com%2Fwp-admin%2Findex.php&reauth=1 HTTP/1.1" 200 10431 "https://sacherconsultancy.com/wp-login.php" "Mozilla/5.0 (X11; Linux x86_64) AppleWebKit/537.36 (KHTML, like Gecko) Chrome/119.0.6045.159 Safari/537.36"
62.60.130.252 - - [21/Sep/2026:19:20:16 +0000] "POST /wp-login.php HTTP/1.1" 200 8613 "https://sacherconsultancy.com/wp-login.php" "Mozilla/5.0 (Windows NT 10.0; Win64; x64) Gecko/20100101 Firefox/119.0.1"
62.60.130.252 - - [21/Sep/2026:19:20:17 +0000] "GET /wp-admin/index.php HTTP/1.1" 302 5223 "https://sacherconsultancy.com/wp-login.php" "Mozilla/5.0 (Windows NT 10.0; Win64; x64) Gecko/20100101 Firefox/119.0.1"
62.60.130.252 - - [21/Sep/2026:19:20:17 +0000] "GET /wp-login.php?redirect_to=https%3A%2F%2Fsacherconsultancy.com%2Fwp-admin%2Findex.php&reauth=1 HTTP/1.1" 200 10431 "https://sacherconsultancy.com/wp-login.php" "Mozilla/5.0 (Windows NT 10.0; Win64; x64) Gecko/20100101 Firefox/119.0.1"
62.60.130.252 - - [21/Sep/2026:19:20:19 +0000] "POST /wp-login.php HTTP/1.1" 200 8619 "https://sacherconsultancy.com/wp-login.php" "Mozilla/5.0 (X11; Ubuntu; Linux x86_64; rv:120.0.1) Gecko/20100101 Firefox/120.0.1"
62.60.130.252 - - [21/Sep/2026:19:20:19 +0000] "GET /wp-admin/index.php HTTP/1.1" 302 5223 "https://sacherconsultancy.com/wp-login.php" "Mozilla/5.0 (X11; Ubuntu; Linux x86_64; rv:120.0.1) Gecko/20100101 Firefox/120.0.1"
62.60.130.252 - - [21/Sep/2026:19:20:20 +0000] "GET /wp-login.php?redirect_to=https%3A%2F%2Fsacherconsultancy.com%2Fwp-admin%2Findex.php&reauth=1 HTTP/1.1" 200 10431 "https://sacherconsultancy.com/wp-login.php" "Mozilla/5.0 (X11; Ubuntu; Linux x86_64; rv:120.0.1) Gecko/20100101 Firefox/120.0.1"
62.60.130.252 - - [21/Sep/2026:19:20:21 +0000] "POST /wp-login.php HTTP/1.1" 200 8612 "https://sacherconsultancy.com/wp-login.php" "Mozilla/5.0 (X11; Ubuntu; Linux x86_64; rv:118.0.2) Gecko/20100101 Firefox/118.0.2"
62.60.130.252 - - [21/Sep/2026:19:20:21 +0000] "GET /wp-admin/index.php HTTP/1.1" 302 5223 "https://sacherconsultancy.com/wp-login.php" "Mozilla/5.0 (X11; Ubuntu; Linux x86_64; rv:118.0.2) Gecko/20100101 Firefox/118.0.2"
62.60.130.252 - - [21/Sep/2026:19:20:22 +0000] "GET /wp-login.php?redirect_to=https%3A%2F%2Fsacherconsultancy.com%2Fwp-admin%2Findex.php&reauth=1 HTTP/1.1" 200 10431 "https://sacherconsultancy.com/wp-login.php" "Mozilla/5.0 (X11; Ubuntu; Linux x86_64; rv:118.0.2) Gecko/20100101 Firefox/118.0.2"
62.60.130.252 - - [21/Sep/2026:19:20:23 +0000] "POST /wp-login.php HTTP/1.1" 200 8601 "https://sacherconsultancy.com/wp-login.php" "Mozilla/5.0 (X11; Linux x86_64) AppleWebKit/537.36 (KHTML, like Gecko) Chrome/118.0.5993.88 Safari/537.36"
62.60.130.252 - - [21/Sep/2026:19:20:23 +0000] "GET /wp-admin/index.php HTTP/1.1" 302 5223 "https://sacherconsultancy.com/wp-login.php" "Mozilla/5.0 (X11; Linux x86_64) AppleWebKit/537.36 (KHTML, like Gecko) Chrome/118.0.5993.88 Safari/537.36"
62.60.130.252 - - [21/Sep/2026:19:20:24 +0000] "GET /wp-login.php?redirect_to=https%3A%2F%2Fsacherconsultancy.com%2Fwp-admin%2Findex.php&reauth=1 HTTP/1.1" 200 10431 "https://sacherconsultancy.com/wp-login.php" "Mozilla/5.0 (X11; Linux x86_64) AppleWebKit/537.36 (KHTML, like Gecko) Chrome/118.0.5993.88 Safari/537.36"
62.60.130.252 - - [21/Sep/2026:19:20:25 +0000] "POST /wp-login.php HTTP/1.1" 200 8594 "https://sacherconsultancy.com/wp-login.php" "Mozilla/5.0 (Windows NT 10.0; Win64; x64) Gecko/20100101 Firefox/119.0.1"
62.60.130.252 - - [21/Sep/2026:19:20:25 +0000] "GET /wp-admin/index.php HTTP/1.1" 302 5223 "https://sacherconsultancy.com/wp-login.php" "Mozilla/5.0 (Windows NT 10.0; Win64; x64) Gecko/20100101 Firefox/119.0.1"
62.60.130.252 - - [21/Sep/2026:19:20:26 +0000] "GET /wp-login.php?redirect_to=https%3A%2F%2Fsacherconsultancy.com%2Fwp-admin%2Findex.php&reauth=1 HTTP/1.1" 200 10431 "https://sacherconsultancy.com/wp-login.php" "Mozilla/5.0 (Windows NT 10.0; Win64; x64) Gecko/20100101 Firefox/119.0.1"
62.60.130.252 - - [21/Sep/2026:19:20:27 +0000] "POST /wp-login.php HTTP/1.1" 200 8596 "https://sacherconsultancy.com/wp-login.php" "Mozilla/5.0 (X11; Linux x86_64) AppleWebKit/537.36 (KHTML, like Gecko) Chrome/122.0.6261.57 Safari/537.36"
62.60.130.252 - - [21/Sep/2026:19:20:27 +0000] "GET /wp-admin/index.php HTTP/1.1" 302 5223 "https://sacherconsultancy.com/wp-login.php" "Mozilla/5.0 (X11; Linux x86_64) AppleWebKit/537.36 (KHTML, like Gecko) Chrome/122.0.6261.57 Safari/537.36"
62.60.130.252 - - [21/Sep/2026:19:20:28 +0000] "GET /wp-login.php?redirect_to=https%3A%2F%2Fsacherconsultancy.com%2Fwp-admin%2Findex.php&reauth=1 HTTP/1.1" 200 10431 "https://sacherconsultancy.com/wp-login.php" "Mozilla/5.0 (X11; Linux x86_64) AppleWebKit/537.36 (KHTML, like Gecko) Chrome/122.0.6261.57 Safari/537.36"
62.60.130.252 - - [21/Sep/2026:19:20:29 +0000] "POST /wp-login.php HTTP/1.1" 200 8611 "https://sacherconsultancy.com/wp-login.php" "Mozilla/5.0 (Windows NT 11.0; Win64; x64) AppleWebKit/537.36 (KHTML, like Gecko) Chrome/122.0.6261.57 Safari/537.36"
62.60.130.252 - - [21/Sep/2026:19:20:29 +0000] "GET /wp-admin/index.php HTTP/1.1" 302 5223 "https://sacherconsultancy.com/wp-login.php" "Mozilla/5.0 (Windows NT 11.0; Win64; x64) AppleWebKit/537.36 (KHTML, like Gecko) Chrome/122.0.6261.57 Safari/537.36"
62.60.130.252 - - [21/Sep/2026:19:20:30 +0000] "GET /wp-login.php?redirect_to=https%3A%2F%2Fsacherconsultancy.com%2Fwp-admin%2Findex.php&reauth=1 HTTP/1.1" 200 10431 "https://sacherconsultancy.com/wp-login.php" "Mozilla/5.0 (Windows NT 11.0; Win64; x64) AppleWebKit/537.36 (KHTML, like Gecko) Chrome/122.0.6261.57 Safari/537.36"
62.60.130.252 - - [21/Sep/2026:19:20:31 +0000] "POST /wp-login.php HTTP/1.1" 200 8613 "https://sacherconsultancy.com/wp-login.php" "Mozilla/5.0 (Windows NT 10.0; Win64; x64) AppleWebKit/537.36 (KHTML, like Gecko) Chrome/118.0.5993.88 Safari/537.36"
62.60.130.252 - - [21/Sep/2026:19:20:31 +0000] "GET /wp-admin/index.php HTTP/1.1" 302 5223 "https://sacherconsultancy.com/wp-login.php" "Mozilla/5.0 (Windows NT 10.0; Win64; x64) AppleWebKit/537.36 (KHTML, like Gecko) Chrome/118.0.5993.88 Safari/537.36"
62.60.130.252 - - [21/Sep/2026:19:20:32 +0000] "GET /wp-login.php?redirect_to=https%3A%2F%2Fsacherconsultancy.com%2Fwp-admin%2Findex.php&reauth=1 HTTP/1.1" 200 10431 "https://sacherconsultancy.com/wp-login.php" "Mozilla/5.0 (Windows NT 10.0; Win64; x64) AppleWebKit/537.36 (KHTML, like Gecko) Chrome/118.0.5993.88 Safari/537.36"
69.57.172.4 - - [21/Sep/2026:19:20:33 +0000] "POST /wp-login.php HTTP/1.1" 200 16217 "https://sacherconsultancy.com/wp-login.php" "Mozilla/5.0 (Windows NT 10.0; Win64; x64) AppleWebKit/537.36 (KHTML, like Gecko) Chrome/124.0.0.0 Safari/537.36"
77.68.25.176 - - [21/Sep/2026:19:22:01 +0000] "POST /wp-cron.php?doing_wp_cron=1790018521.2373039722442626953125 HTTP/1.1" 200 5041 "-" "WordPress/7.1.1; https://sacherconsultancy.com"
114.119.145.216 - - [21/Sep/2026:19:22:00 +0000] "GET /contact-us/ HTTP/1.1" 200 25149 "https://sacherconsultancy.com/contact-us/" "Mozilla/5.0 (Linux; Android 7.0;) AppleWebKit/537.36 (HTML, like Gecko) Mobile Safari/537.36 (compatible; PetalBot;+https://webmaster.petalsearch.com/site/petalbot)"
77.68.25.176 - - [21/Sep/2026:19:23:47 +0000] "POST /wp-cron.php?doing_wp_cron=1790018627.8959710597991943359375 HTTP/1.1" 200 5041 "-" "WordPress/7.1.1; https://sacherconsultancy.com"
147.5.127.200 - - [21/Sep/2026:19:23:47 +0000] "POST /wp-login.php HTTP/1.1" 200 8588 "https://sacherconsultancy.com/wp-login.php" "Mozilla/5.0 (Windows NT 10.0; Win64; x64) AppleWebKit/537.36 (KHTML, like Gecko) Chrome/124.0.0.0 Safari/537.36"
77.68.25.176 - - [21/Sep/2026:19:24:23 +0000] "POST /wp-cron.php?doing_wp_cron=1790018663.2562079429626464843750 HTTP/1.1" 200 5041 "-" "WordPress/7.1.1; https://sacherconsultancy.com"
23.111.14.115 - - [21/Sep/2026:19:24:22 +0000] "POST /wp-login.php HTTP/1.1" 200 16173 "https://sacherconsultancy.com/wp-login.php" "Mozilla/5.0 (Windows NT 10.0; Win64; x64) AppleWebKit/537.36 (KHTML, like Gecko) Chrome/124.0.0.0 Safari/537.36"
52.167.144.163 - - [21/Sep/2026:19:24:31 +0000] "GET /sitemap.xml HTTP/1.1" 200 5382 "-" "Mozilla/5.0 AppleWebKit/537.36 (KHTML, like Gecko; compatible; bingbot/2.0; +http://www.bing.com/bingbot.htm) Chrome/116.0.1938.76 Safari/537.36"
77.68.25.176 - - [21/Sep/2026:19:25:16 +0000] "POST /wp-cron.php?doing_wp_cron=1790018716.6797680854797363281250 HTTP/1.1" 200 5041 "-" "WordPress/7.1.1; https://sacherconsultancy.com"
69.57.172.4 - - [21/Sep/2026:19:25:16 +0000] "POST /wp-login.php HTTP/1.1" 200 16217 "https://sacherconsultancy.com/wp-login.php" "Mozilla/5.0 (Windows NT 10.0; Win64; x64) AppleWebKit/537.36 (KHTML, like Gecko) Chrome/124.0.0.0 Safari/537.36"
77.68.25.176 - - [21/Sep/2026:19:40:03 +0000] "POST /wp-cron.php?doing_wp_cron=1790019603.8243720531463623046875 HTTP/1.1" 200 5041 "-" "WordPress/7.1.1; https://sacherconsultancy.com"
216.73.217.6 - - [21/Sep/2026:19:40:03 +0000] "GET /robots.txt HTTP/1.1" 200 5199 "-" "Mozilla/5.0 AppleWebKit/537.36 (KHTML, like Gecko; compatible; ClaudeBot/1.0; +claudebot@anthropic.com)"
216.73.217.6 - - [21/Sep/2026:19:40:03 +0000] "GET /sitemap.rss HTTP/1.1" 200 5922 "-" "Mozilla/5.0 AppleWebKit/537.36 (KHTML, like Gecko; compatible; ClaudeBot/1.0; +claudebot@anthropic.com)"
77.68.25.176 - - [21/Sep/2026:19:40:21 +0000] "POST /wp-cron.php?doing_wp_cron=1790019621.0840880870819091796875 HTTP/1.1" 200 5041 "-" "WordPress/7.1.1; https://sacherconsultancy.com"
46.4.28.29 - - [21/Sep/2026:19:40:20 +0000] "GET /robots.txt HTTP/1.1" 200 5199 "-" "Mozilla/5.0 (compatible; SERankingBacklinksBot/1.0; +https://seranking.com/backlinks-crawler)"
216.73.217.6 - - [21/Sep/2026:19:40:24 +0000] "GET /sitemap.xml HTTP/1.1" 200 5382 "-" "Mozilla/5.0 AppleWebKit/537.36 (KHTML, like Gecko; compatible; ClaudeBot/1.0; +claudebot@anthropic.com)"
77.68.25.176 - - [21/Sep/2026:19:41:26 +0000] "POST /wp-cron.php?doing_wp_cron=1790019686.7180249691009521484375 HTTP/1.1" 200 5041 "-" "WordPress/7.1.1; https://sacherconsultancy.com"
46.4.28.29 - - [21/Sep/2026:19:41:26 +0000] "GET /sitemap.xml HTTP/1.1" 200 5382 "-" "Mozilla/5.0 (compatible; SERankingBacklinksBot/1.0; +https://seranking.com/backlinks-crawler)"
46.150.68.85 - - [21/Sep/2026:19:41:44 +0000] "GET / HTTP/1.1" 200 25152 "-" "Mozilla/5.0 (Windows NT 10.0; Win64; x64) AppleWebKit/537.36"
77.68.25.176 - - [21/Sep/2026:19:42:25 +0000] "POST /wp-cron.php?doing_wp_cron=1790019745.4401609897613525390625 HTTP/1.1" 200 5041 "-" "WordPress/7.1.1; https://sacherconsultancy.com"
46.4.28.29 - - [21/Sep/2026:19:42:24 +0000] "GET /events/ HTTP/1.1" 200 25335 "-" "Mozilla/5.0 (compatible; SERankingBacklinksBot/1.0; +https://seranking.com/backlinks-crawler)"
77.68.25.176 - - [21/Sep/2026:19:43:18 +0000] "POST /wp-cron.php?doing_wp_cron=1790019798.4679958820343017578125 HTTP/1.1" 200 5041 "-" "WordPress/7.1.1; https://sacherconsultancy.com"
46.4.28.29 - - [21/Sep/2026:19:43:18 +0000] "GET /services HTTP/1.1" 301 5040 "-" "Mozilla/5.0 (compatible; SERankingBacklinksBot/1.0; +https://seranking.com/backlinks-crawler)"
46.4.28.29 - - [21/Sep/2026:19:43:20 +0000] "GET /services/ HTTP/1.1" 200 25608 "-" "Mozilla/5.0 (compatible; SERankingBacklinksBot/1.0; +https://seranking.com/backlinks-crawler)"
46.4.28.29 - - [21/Sep/2026:19:44:07 +0000] "GET /about-us/ HTTP/1.1" 200 25500 "-" "Mozilla/5.0 (compatible; SERankingBacklinksBot/1.0; +https://seranking.com/backlinks-crawler)"
77.68.25.176 - - [21/Sep/2026:19:44:51 +0000] "POST /wp-cron.php?doing_wp_cron=1790019891.9297819137573242187500 HTTP/1.1" 200 5041 "-" "WordPress/7.1.1; https://sacherconsultancy.com"
46.4.28.29 - - [21/Sep/2026:19:44:51 +0000] "GET /projects/ HTTP/1.1" 200 25588 "-" "Mozilla/5.0 (compatible; SERankingBacklinksBot/1.0; +https://seranking.com/backlinks-crawler)"
77.68.25.176 - - [21/Sep/2026:19:45:34 +0000] "POST /wp-cron.php?doing_wp_cron=1790019934.0132260322570800781250 HTTP/1.1" 200 5041 "-" "WordPress/7.1.1; https://sacherconsultancy.com"
46.4.28.29 - - [21/Sep/2026:19:45:33 +0000] "GET /services/ HTTP/1.1" 200 25608 "-" "Mozilla/5.0 (compatible; SERankingBacklinksBot/1.0; +https://seranking.com/backlinks-crawler)"
77.68.25.176 - - [21/Sep/2026:19:46:16 +0000] "POST /wp-cron.php?doing_wp_cron=1790019976.5009748935699462890625 HTTP/1.1" 200 5041 "-" "WordPress/7.1.1; https://sacherconsultancy.com"
46.4.28.29 - - [21/Sep/2026:19:46:15 +0000] "GET /contact-us/ HTTP/1.1" 200 25149 "-" "Mozilla/5.0 (compatible; SERankingBacklinksBot/1.0; +https://seranking.com/backlinks-crawler)"
77.68.25.176 - - [21/Sep/2026:19:47:47 +0000] "POST /wp-cron.php?doing_wp_cron=1790020067.5749690532684326171875 HTTP/1.1" 200 5041 "-" "WordPress/7.1.1; https://sacherconsultancy.com"
43.157.179.227 - - [21/Sep/2026:19:47:47 +0000] "GET / HTTP/1.1" 301 5031 "http://www.sacherconsultancy.com" "Mozilla/5.0 (iPhone; CPU iPhone OS 13_2_3 like Mac OS X) AppleWebKit/605.1.15 (KHTML, like Gecko) Version/13.0.3 Mobile/15E148 Safari/604.1"
43.157.179.227 - - [21/Sep/2026:19:47:48 +0000] "GET / HTTP/1.1" 200 25152 "https://www.sacherconsultancy.com/" "Mozilla/5.0 (iPhone; CPU iPhone OS 13_2_3 like Mac OS X) AppleWebKit/605.1.15 (KHTML, like Gecko) Version/13.0.3 Mobile/15E148 Safari/604.1"
77.68.25.176 - - [21/Sep/2026:19:58:39 +0000] "POST /wp-cron.php?doing_wp_cron=1790020719.7237100601196289062500 HTTP/1.1" 200 5041 "-" "WordPress/7.1.1; https://sacherconsultancy.com"
66.249.77.160 - - [21/Sep/2026:19:58:39 +0000] "GET /reserve/tool/ HTTP/1.1" 404 121031 "-" "Mozilla/5.0 (Linux; Android 6.0.1; Nexus 5X Build/MMB29P) AppleWebKit/537.36 (KHTML, like Gecko) Chrome/153.0.8010.52 Mobile Safari/537.36 (compatible; Googlebot/2.1; +http://www.google.com/bot.html)"
77.68.25.176 - - [21/Sep/2026:20:00:42 +0000] "POST /wp-cron.php?doing_wp_cron=1790020842.1103670597076416015625 HTTP/1.1" 200 5041 "-" "WordPress/7.1.1; https://sacherconsultancy.com"
120.76.206.71 - - [21/Sep/2026:20:00:41 +0000] "POST /wp-login.php HTTP/1.1" 200 16223 "https://sacherconsultancy.com/wp-login.php" "Mozilla/5.0 (Windows NT 10.0; Win64; x64) AppleWebKit/537.36 (KHTML, like Gecko) Chrome/124.0.0.0 Safari/537.36"
77.68.25.176 - - [21/Sep/2026:20:09:19 +0000] "POST /wp-cron.php?doing_wp_cron=1790021359.5750250816345214843750 HTTP/1.1" 200 5041 "-" "WordPress/7.1.1; https://sacherconsultancy.com"
38.250.8.232 - - [21/Sep/2026:20:09:19 +0000] "POST /wp-login.php HTTP/1.1" 200 16193 "https://sacherconsultancy.com/wp-login.php" "Mozilla/5.0 (Windows NT 10.0; Win64; x64) AppleWebKit/537.36 (KHTML, like Gecko) Chrome/124.0.0.0 Safari/537.36"
77.68.25.176 - - [21/Sep/2026:20:12:58 +0000] "POST /wp-cron.php?doing_wp_cron=1790021578.5274529457092285156250 HTTP/1.1" 200 5041 "-" "WordPress/7.1.1; https://sacherconsultancy.com"
66.249.77.160 - - [21/Sep/2026:20:12:58 +0000] "GET /robots.txt HTTP/1.1" 200 5199 "-" "Mozilla/5.0 (compatible; Googlebot/2.1; +http://www.google.com/bot.html)"
77.68.25.176 - - [21/Sep/2026:20:14:24 +0000] "POST /wp-cron.php?doing_wp_cron=1790021664.6061511039733886718750 HTTP/1.1" 200 5041 "-" "WordPress/7.1.1; https://sacherconsultancy.com"
203.161.56.21 - - [21/Sep/2026:20:14:24 +0000] "POST /xmlrpc.php HTTP/1.1" 200 5223 "-" "Mozilla/5.0 (Windows NT 10.0; WOW64; rv:142.0) Gecko/20100101 Firefox/142.0"
77.68.25.176 - - [21/Sep/2026:20:17:12 +0000] "POST /wp-cron.php?doing_wp_cron=1790021832.1484749317169189453125 HTTP/1.1" 200 5041 "-" "WordPress/7.1.1; https://sacherconsultancy.com"
66.249.77.162 - - [21/Sep/2026:20:17:11 +0000] "GET /category/item/f5xlialby91bfbi.shtml HTTP/1.1" 404 121229 "-" "Mozilla/5.0 (Linux; Android 6.0.1; Nexus 5X Build/MMB29P) AppleWebKit/537.36 (KHTML, like Gecko) Chrome/153.0.8010.52 Mobile Safari/537.36 (compatible; Googlebot/2.1; +http://www.google.com/bot.html)"
77.68.25.176 - - [21/Sep/2026:20:18:42 +0000] "POST /wp-cron.php?doing_wp_cron=1790021922.7415421009063720703125 HTTP/1.1" 200 5041 "-" "WordPress/7.1.1; https://sacherconsultancy.com"
162.243.247.186 - - [21/Sep/2026:20:18:42 +0000] "POST /wp-login.php HTTP/1.1" 200 16181 "https://sacherconsultancy.com/wp-login.php" "Mozilla/5.0 (Windows NT 10.0; Win64; x64) AppleWebKit/537.36 (KHTML, like Gecko) Chrome/124.0.0.0 Safari/537.36"
77.68.25.176 - - [21/Sep/2026:20:19:40 +0000] "POST /wp-cron.php?doing_wp_cron=1790021980.1574060916900634765625 HTTP/1.1" 200 5041 "-" "WordPress/7.1.1; https://sacherconsultancy.com"
74.50.123.76 - - [21/Sep/2026:20:19:39 +0000] "POST /wp-login.php HTTP/1.1" 200 16221 "https://sacherconsultancy.com/wp-login.php" "Mozilla/5.0 (Windows NT 10.0; Win64; x64) AppleWebKit/537.36 (KHTML, like Gecko) Chrome/124.0.0.0 Safari/537.36"
77.68.25.176 - - [21/Sep/2026:20:26:53 +0000] "POST /wp-cron.php?doing_wp_cron=1790022413.2075190544128417968750 HTTP/1.1" 200 5041 "-" "WordPress/7.1.1; https://sacherconsultancy.com"
51.89.59.33 - - [21/Sep/2026:20:26:52 +0000] "GET /robots.txt HTTP/1.1" 200 5199 "-" "Mozilla/5.0 (compatible; AhrefsBot/7.0; +http://ahrefs.com/robot/)"
51.89.83.49 - - [21/Sep/2026:20:26:53 +0000] "GET /sitemap.rss HTTP/1.1" 200 5920 "-" "Mozilla/5.0 (compatible; AhrefsBot/7.0; +http://ahrefs.com/robot/)"
77.68.25.176 - - [21/Sep/2026:20:33:37 +0000] "POST /wp-cron.php?doing_wp_cron=1790022817.2392590045928955078125 HTTP/1.1" 200 5041 "-" "WordPress/7.1.1; https://sacherconsultancy.com"
168.144.130.244 - - [21/Sep/2026:20:33:36 +0000] "GET /wp-login.php HTTP/1.1" 200 8356 "-" "Mozilla/5.0 (Macintosh; Intel Mac OS X 10_15_7) AppleWebKit/537.36 (KHTML, like Gecko) Chrome/120.0.0.0 Safari/537.36"
90.162.116.66 - - [21/Sep/2026:20:33:39 +0000] "POST /wp-login.php HTTP/1.1" 200 16209 "https://sacherconsultancy.com/wp-login.php" "Mozilla/5.0 (Windows NT 10.0; Win64; x64) AppleWebKit/537.36 (KHTML, like Gecko) Chrome/124.0.0.0 Safari/537.36"
168.144.130.244 - - [21/Sep/2026:20:33:43 +0000] "GET /?author=1 HTTP/1.1" 301 5047 "https://t.co/" "Mozilla/5.0 (Macintosh; Intel Mac OS X 10_15_7) AppleWebKit/605.1.15 (KHTML, like Gecko) Version/17.2 Safari/605.1.15"
168.144.130.244 - - [21/Sep/2026:20:33:49 +0000] "GET /author/sc_admin/ HTTP/1.1" 200 24382 "https://t.co/" "Mozilla/5.0 (Macintosh; Intel Mac OS X 10_15_7) AppleWebKit/605.1.15 (KHTML, like Gecko) Version/17.2 Safari/605.1.15"
168.144.130.244 - - [21/Sep/2026:20:33:56 +0000] "GET /?author=2 HTTP/1.1" 200 24255 "https://www.bing.com/" "Mozilla/5.0 (Macintosh; Intel Mac OS X 10_15_7; rv:118.0) Gecko/20100101 Firefox/118.0"
168.144.130.244 - - [21/Sep/2026:20:34:04 +0000] "GET /?author=3 HTTP/1.1" 200 24357 "https://www.google.com/search?q=wordpress" "Mozilla/5.0 (Windows NT 10.0; Win64; x64) AppleWebKit/537.36 (KHTML, like Gecko) Chrome/120.0.0.0 Safari/537.36"
77.68.25.176 - - [21/Sep/2026:20:34:12 +0000] "POST /wp-cron.php?doing_wp_cron=1790022852.8685100078582763671875 HTTP/1.1" 200 5041 "-" "WordPress/7.1.1; https://sacherconsultancy.com"
168.144.130.244 - - [21/Sep/2026:20:34:12 +0000] "GET /?author=4 HTTP/1.1" 200 24353 "https://wordpress.org/" "Mozilla/5.0 (Macintosh; Intel Mac OS X 13_6_1) AppleWebKit/605.1.15 (KHTML, like Gecko) Version/17.0 Safari/605.1.15"
168.144.130.244 - - [21/Sep/2026:20:34:21 +0000] "GET /?author=5 HTTP/1.1" 200 24358 "-" "Mozilla/5.0 (Macintosh; Intel Mac OS X 10_15_7) AppleWebKit/537.36 (KHTML, like Gecko) Chrome/120.0.0.0 Safari/537.36"
168.144.130.244 - - [21/Sep/2026:20:34:29 +0000] "GET /wp-json/wp/v2/users HTTP/1.1" 500 5294 "-" "Mozilla/5.0 (Windows NT 11.0; Win64; x64) AppleWebKit/537.36 (KHTML, like Gecko) Chrome/120.0.0.0 Safari/537.36"
168.144.130.244 - - [21/Sep/2026:20:34:38 +0000] "POST /wp-login.php HTTP/1.1" 200 8612 "https://sacherconsultancy.com/wp-login.php" "Mozilla/5.0 (Macintosh; Intel Mac OS X 13_6_1) AppleWebKit/605.1.15 (KHTML, like Gecko) Version/17.2 Safari/605.1.15"
168.144.130.244 - - [21/Sep/2026:20:34:46 +0000] "GET /wp-admin/index.php HTTP/1.1" 302 5223 "https://sacherconsultancy.com/wp-login.php" "Mozilla/5.0 (Macintosh; Intel Mac OS X 13_6_1; rv:118.0) Gecko/20100101 Firefox/118.0"
168.144.130.244 - - [21/Sep/2026:20:34:52 +0000] "GET /wp-login.php?redirect_to=https%3A%2F%2Fsacherconsultancy.com%2Fwp-admin%2Findex.php&reauth=1 HTTP/1.1" 200 10431 "https://sacherconsultancy.com/wp-login.php" "Mozilla/5.0 (Macintosh; Intel Mac OS X 13_6_1; rv:118.0) Gecko/20100101 Firefox/118.0"
168.144.130.244 - - [21/Sep/2026:20:34:59 +0000] "POST /wp-login.php HTTP/1.1" 200 8592 "https://sacherconsultancy.com/wp-login.php" "Mozilla/5.0 (Macintosh; Intel Mac OS X 10_15_7; rv:120.0) Gecko/20100101 Firefox/120.0"
168.144.130.244 - - [21/Sep/2026:20:35:08 +0000] "GET /wp-admin/index.php HTTP/1.1" 302 5223 "https://sacherconsultancy.com/wp-login.php" "Mozilla/5.0 (Macintosh; Intel Mac OS X 13_6_1) AppleWebKit/605.1.15 (KHTML, like Gecko) Version/17.2 Safari/605.1.15"
77.68.25.176 - - [21/Sep/2026:20:35:17 +0000] "POST /wp-cron.php?doing_wp_cron=1790022917.1058089733123779296875 HTTP/1.1" 200 5041 "-" "WordPress/7.1.1; https://sacherconsultancy.com"
168.144.130.244 - - [21/Sep/2026:20:35:16 +0000] "GET /wp-login.php?redirect_to=https%3A%2F%2Fsacherconsultancy.com%2Fwp-admin%2Findex.php&reauth=1 HTTP/1.1" 200 10431 "https://sacherconsultancy.com/wp-login.php" "Mozilla/5.0 (Macintosh; Intel Mac OS X 13_6_1) AppleWebKit/605.1.15 (KHTML, like Gecko) Version/17.2 Safari/605.1.15"
168.144.130.244 - - [21/Sep/2026:20:35:25 +0000] "POST /wp-login.php HTTP/1.1" 200 8577 "https://sacherconsultancy.com/wp-login.php" "Mozilla/5.0 (Macintosh; Intel Mac OS X 13_6_1) AppleWebKit/605.1.15 (KHTML, like Gecko) Version/17.0 Safari/605.1.15"
168.144.130.244 - - [21/Sep/2026:20:35:33 +0000] "GET /wp-admin/index.php HTTP/1.1" 302 5223 "https://sacherconsultancy.com/wp-login.php" "Mozilla/5.0 (Macintosh; Intel Mac OS X 10_15_7) AppleWebKit/605.1.15 (KHTML, like Gecko) Version/17.1 Safari/605.1.15"
168.144.130.244 - - [21/Sep/2026:20:35:40 +0000] "GET /wp-login.php?redirect_to=https%3A%2F%2Fsacherconsultancy.com%2Fwp-admin%2Findex.php&reauth=1 HTTP/1.1" 200 10431 "https://sacherconsultancy.com/wp-login.php" "Mozilla/5.0 (Macintosh; Intel Mac OS X 10_15_7) AppleWebKit/605.1.15 (KHTML, like Gecko) Version/17.1 Safari/605.1.15"
168.144.130.244 - - [21/Sep/2026:20:35:48 +0000] "POST /wp-login.php HTTP/1.1" 200 8586 "https://sacherconsultancy.com/wp-login.php" "Mozilla/5.0 (Macintosh; Intel Mac OS X 10_15_7; rv:121.0) Gecko/20100101 Firefox/121.0"
168.144.130.244 - - [21/Sep/2026:20:35:56 +0000] "GET /wp-admin/index.php HTTP/1.1" 302 5223 "https://sacherconsultancy.com/wp-login.php" "Mozilla/5.0 (Macintosh; Intel Mac OS X 10_15_7) AppleWebKit/605.1.15 (KHTML, like Gecko) Version/17.2 Safari/605.1.15"
168.144.130.244 - - [21/Sep/2026:20:36:05 +0000] "GET /wp-login.php?redirect_to=https%3A%2F%2Fsacherconsultancy.com%2Fwp-admin%2Findex.php&reauth=1 HTTP/1.1" 200 10431 "https://sacherconsultancy.com/wp-login.php" "Mozilla/5.0 (Macintosh; Intel Mac OS X 10_15_7) AppleWebKit/605.1.15 (KHTML, like Gecko) Version/17.2 Safari/605.1.15"
77.68.25.176 - - [21/Sep/2026:20:36:14 +0000] "POST /wp-cron.php?doing_wp_cron=1790022974.0511190891265869140625 HTTP/1.1" 200 5041 "-" "WordPress/7.1.1; https://sacherconsultancy.com"
168.144.130.244 - - [21/Sep/2026:20:36:13 +0000] "POST /wp-login.php HTTP/1.1" 200 8594 "https://sacherconsultancy.com/wp-login.php" "Mozilla/5.0 (Macintosh; Intel Mac OS X 13_6_1) AppleWebKit/605.1.15 (KHTML, like Gecko) Version/17.0 Safari/605.1.15"
168.144.130.244 - - [21/Sep/2026:20:36:21 +0000] "GET /wp-admin/index.php HTTP/1.1" 302 5223 "https://sacherconsultancy.com/wp-login.php" "Mozilla/5.0 (Windows NT 10.0; Win64; x64; rv:121.0) Gecko/20100101 Firefox/121.0"
168.144.130.244 - - [21/Sep/2026:20:36:29 +0000] "GET /wp-login.php?redirect_to=https%3A%2F%2Fsacherconsultancy.com%2Fwp-admin%2Findex.php&reauth=1 HTTP/1.1" 200 10431 "https://sacherconsultancy.com/wp-login.php" "Mozilla/5.0 (Windows NT 10.0; Win64; x64; rv:121.0) Gecko/20100101 Firefox/121.0"
168.144.130.244 - - [21/Sep/2026:20:36:37 +0000] "POST /wp-login.php HTTP/1.1" 200 8602 "https://sacherconsultancy.com/wp-login.php" "Mozilla/5.0 (Windows NT 11.0; Win64; x64; rv:118.0) Gecko/20100101 Firefox/118.0"
168.144.130.244 - - [21/Sep/2026:20:36:43 +0000] "GET /wp-admin/index.php HTTP/1.1" 302 5223 "https://sacherconsultancy.com/wp-login.php" "Mozilla/5.0 (Windows NT 11.0; Win64; x64; rv:119.0) Gecko/20100101 Firefox/119.0"
168.144.130.244 - - [21/Sep/2026:20:36:50 +0000] "GET /wp-login.php?redirect_to=https%3A%2F%2Fsacherconsultancy.com%2Fwp-admin%2Findex.php&reauth=1 HTTP/1.1" 200 10431 "https://sacherconsultancy.com/wp-login.php" "Mozilla/5.0 (Windows NT 11.0; Win64; x64; rv:119.0) Gecko/20100101 Firefox/119.0"
168.144.130.244 - - [21/Sep/2026:20:36:57 +0000] "POST /wp-login.php HTTP/1.1" 200 8605 "https://sacherconsultancy.com/wp-login.php" "Mozilla/5.0 (Windows NT 10.0; Win64; x64; rv:121.0) Gecko/20100101 Firefox/121.0"
168.144.130.244 - - [21/Sep/2026:20:37:04 +0000] "GET /wp-admin/index.php HTTP/1.1" 302 5223 "https://sacherconsultancy.com/wp-login.php" "Mozilla/5.0 (Windows NT 11.0; Win64; x64) AppleWebKit/537.36 (KHTML, like Gecko) Chrome/121.0.0.0 Safari/537.36"
168.144.130.244 - - [21/Sep/2026:20:37:11 +0000] "GET /wp-login.php?redirect_to=https%3A%2F%2Fsacherconsultancy.com%2Fwp-admin%2Findex.php&reauth=1 HTTP/1.1" 200 10431 "https://sacherconsultancy.com/wp-login.php" "Mozilla/5.0 (Windows NT 11.0; Win64; x64) AppleWebKit/537.36 (KHTML, like Gecko) Chrome/121.0.0.0 Safari/537.36"
77.68.25.176 - - [21/Sep/2026:20:37:19 +0000] "POST /wp-cron.php?doing_wp_cron=1790023039.2811079025268554687500 HTTP/1.1" 200 5041 "-" "WordPress/7.1.1; https://sacherconsultancy.com"
168.144.130.244 - - [21/Sep/2026:20:37:18 +0000] "POST /wp-login.php HTTP/1.1" 200 8607 "https://sacherconsultancy.com/wp-login.php" "Mozilla/5.0 (Macintosh; Intel Mac OS X 13_6_1) AppleWebKit/605.1.15 (KHTML, like Gecko) Version/17.2 Safari/605.1.15"
77.68.25.176 - - [21/Sep/2026:20:37:28 +0000] "POST /wp-cron.php?doing_wp_cron=1790023048.0500979423522949218750 HTTP/1.1" 200 5041 "-" "WordPress/7.1.1; https://sacherconsultancy.com"
168.144.130.244 - - [21/Sep/2026:20:37:27 +0000] "GET /wp-admin/index.php HTTP/1.1" 302 5223 "https://sacherconsultancy.com/wp-login.php" "Mozilla/5.0 (X11; Ubuntu; Linux x86_64) AppleWebKit/537.36 (KHTML, like Gecko) Chrome/118.0.0.0 Safari/537.36"
168.144.130.244 - - [21/Sep/2026:20:37:35 +0000] "GET /wp-login.php?redirect_to=https%3A%2F%2Fsacherconsultancy.com%2Fwp-admin%2Findex.php&reauth=1 HTTP/1.1" 200 10431 "https://sacherconsultancy.com/wp-login.php" "Mozilla/5.0 (X11; Ubuntu; Linux x86_64) AppleWebKit/537.36 (KHTML, like Gecko) Chrome/118.0.0.0 Safari/537.36"
168.144.130.244 - - [21/Sep/2026:20:37:43 +0000] "POST /wp-login.php HTTP/1.1" 200 8593 "https://sacherconsultancy.com/wp-login.php" "Mozilla/5.0 (Macintosh; Intel Mac OS X 13_6_1) AppleWebKit/605.1.15 (KHTML, like Gecko) Version/17.0 Safari/605.1.15"
168.144.130.244 - - [21/Sep/2026:20:37:50 +0000] "GET /wp-admin/index.php HTTP/1.1" 302 5223 "https://sacherconsultancy.com/wp-login.php" "Mozilla/5.0 (Macintosh; Intel Mac OS X 13_6_1) AppleWebKit/605.1.15 (KHTML, like Gecko) Version/17.0 Safari/605.1.15"
168.144.130.244 - - [21/Sep/2026:20:37:57 +0000] "GET /wp-login.php?redirect_to=https%3A%2F%2Fsacherconsultancy.com%2Fwp-admin%2Findex.php&reauth=1 HTTP/1.1" 200 10431 "https://sacherconsultancy.com/wp-login.php" "Mozilla/5.0 (Macintosh; Intel Mac OS X 13_6_1) AppleWebKit/605.1.15 (KHTML, like Gecko) Version/17.0 Safari/605.1.15"
168.144.130.244 - - [21/Sep/2026:20:38:05 +0000] "POST /wp-login.php HTTP/1.1" 200 8593 "https://sacherconsultancy.com/wp-login.php" "Mozilla/5.0 (Macintosh; Intel Mac OS X 10_15_7) AppleWebKit/605.1.15 (KHTML, like Gecko) Version/17.0 Safari/605.1.15"
77.68.25.176 - - [21/Sep/2026:20:38:13 +0000] "POST /wp-cron.php?doing_wp_cron=1790023093.3599710464477539062500 HTTP/1.1" 200 5041 "-" "WordPress/7.1.1; https://sacherconsultancy.com"
168.144.130.244 - - [21/Sep/2026:20:38:12 +0000] "GET /wp-admin/index.php HTTP/1.1" 302 5223 "https://sacherconsultancy.com/wp-login.php" "Mozilla/5.0 (Windows NT 11.0; Win64; x64; rv:121.0) Gecko/20100101 Firefox/121.0"
168.144.130.244 - - [21/Sep/2026:20:38:21 +0000] "GET /wp-login.php?redirect_to=https%3A%2F%2Fsacherconsultancy.com%2Fwp-admin%2Findex.php&reauth=1 HTTP/1.1" 200 10431 "https://sacherconsultancy.com/wp-login.php" "Mozilla/5.0 (Windows NT 11.0; Win64; x64; rv:121.0) Gecko/20100101 Firefox/121.0"
168.144.130.244 - - [21/Sep/2026:20:38:29 +0000] "POST /wp-login.php HTTP/1.1" 200 8609 "https://sacherconsultancy.com/wp-login.php" "Mozilla/5.0 (X11; Linux x86_64) AppleWebKit/537.36 (KHTML, like Gecko) Chrome/121.0.0.0 Safari/537.36"
168.144.130.244 - - [21/Sep/2026:20:38:37 +0000] "GET /wp-admin/index.php HTTP/1.1" 302 5223 "https://sacherconsultancy.com/wp-login.php" "Mozilla/5.0 (Macintosh; Intel Mac OS X 13_6_1) AppleWebKit/537.36 (KHTML, like Gecko) Chrome/121.0.0.0 Safari/537.36"
168.144.130.244 - - [21/Sep/2026:20:38:45 +0000] "GET /wp-login.php?redirect_to=https%3A%2F%2Fsacherconsultancy.com%2Fwp-admin%2Findex.php&reauth=1 HTTP/1.1" 200 10431 "https://sacherconsultancy.com/wp-login.php" "Mozilla/5.0 (Macintosh; Intel Mac OS X 13_6_1) AppleWebKit/537.36 (KHTML, like Gecko) Chrome/121.0.0.0 Safari/537.36"
168.144.130.244 - - [21/Sep/2026:20:38:53 +0000] "POST /wp-login.php HTTP/1.1" 200 8586 "https://sacherconsultancy.com/wp-login.php" "Mozilla/5.0 (Macintosh; Intel Mac OS X 13_6_1; rv:119.0) Gecko/20100101 Firefox/119.0"
168.144.130.244 - - [21/Sep/2026:20:39:02 +0000] "GET /wp-admin/index.php HTTP/1.1" 302 5223 "https://sacherconsultancy.com/wp-login.php" "Mozilla/5.0 (Windows NT 10.0; Win64; x64) AppleWebKit/537.36 (KHTML, like Gecko) Chrome/119.0.0.0 Safari/537.36"
147.5.127.200 - - [21/Sep/2026:20:39:09 +0000] "POST /wp-login.php HTTP/1.1" 200 8594 "https://sacherconsultancy.com/wp-login.php" "Mozilla/5.0 (Windows NT 10.0; Win64; x64) AppleWebKit/537.36 (KHTML, like Gecko) Chrome/124.0.0.0 Safari/537.36"
147.5.127.200 - - [21/Sep/2026:20:39:09 +0000] "POST /wp-login.php HTTP/1.1" 200 8594 "https://sacherconsultancy.com/wp-login.php" "Mozilla/5.0 (Windows NT 10.0; Win64; x64) AppleWebKit/537.36 (KHTML, like Gecko) Chrome/124.0.0.0 Safari/537.36"
77.68.25.176 - - [21/Sep/2026:20:39:12 +0000] "POST /wp-cron.php?doing_wp_cron=1790023152.1613481044769287109375 HTTP/1.1" 200 5041 "-" "WordPress/7.1.1; https://sacherconsultancy.com"
168.144.130.244 - - [21/Sep/2026:20:39:11 +0000] "GET /wp-login.php?redirect_to=https%3A%2F%2Fsacherconsultancy.com%2Fwp-admin%2Findex.php&reauth=1 HTTP/1.1" 200 10431 "https://sacherconsultancy.com/wp-login.php" "Mozilla/5.0 (Windows NT 10.0; Win64; x64) AppleWebKit/537.36 (KHTML, like Gecko) Chrome/119.0.0.0 Safari/537.36"
168.144.130.244 - - [21/Sep/2026:20:39:19 +0000] "POST /wp-login.php HTTP/1.1" 200 8606 "https://sacherconsultancy.com/wp-login.php" "Mozilla/5.0 (Macintosh; Intel Mac OS X 13_6_1) AppleWebKit/605.1.15 (KHTML, like Gecko) Version/17.0 Safari/605.1.15"
168.144.130.244 - - [21/Sep/2026:20:39:27 +0000] "GET /wp-admin/index.php HTTP/1.1" 302 5223 "https://sacherconsultancy.com/wp-login.php" "Mozilla/5.0 (Windows NT 11.0; Win64; x64) AppleWebKit/537.36 (KHTML, like Gecko) Chrome/120.0.0.0 Safari/537.36"
168.144.130.244 - - [21/Sep/2026:20:39:34 +0000] "GET /wp-login.php?redirect_to=https%3A%2F%2Fsacherconsultancy.com%2Fwp-admin%2Findex.php&reauth=1 HTTP/1.1" 200 10431 "https://sacherconsultancy.com/wp-login.php" "Mozilla/5.0 (Windows NT 11.0; Win64; x64) AppleWebKit/537.36 (KHTML, like Gecko) Chrome/120.0.0.0 Safari/537.36"
168.144.130.244 - - [21/Sep/2026:20:39:52 +0000] "POST /wp-login.php HTTP/1.1" 200 8582 "https://sacherconsultancy.com/wp-login.php" "Mozilla/5.0 (Macintosh; Intel Mac OS X 13_6_1) AppleWebKit/605.1.15 (KHTML, like Gecko) Version/16.6 Safari/605.1.15"
168.144.130.244 - - [21/Sep/2026:20:40:01 +0000] "GET /wp-admin/index.php HTTP/1.1" 302 5223 "https://sacherconsultancy.com/wp-login.php" "Mozilla/5.0 (Macintosh; Intel Mac OS X 10_15_7) AppleWebKit/537.36 (KHTML, like Gecko) Chrome/119.0.0.0 Safari/537.36"
77.68.25.176 - - [21/Sep/2026:20:40:12 +0000] "POST /wp-cron.php?doing_wp_cron=1790023212.3040909767150878906250 HTTP/1.1" 200 5041 "-" "WordPress/7.1.1; https://sacherconsultancy.com"
168.144.130.244 - - [21/Sep/2026:20:40:11 +0000] "GET /wp-login.php?redirect_to=https%3A%2F%2Fsacherconsultancy.com%2Fwp-admin%2Findex.php&reauth=1 HTTP/1.1" 200 10431 "https://sacherconsultancy.com/wp-login.php" "Mozilla/5.0 (Macintosh; Intel Mac OS X 10_15_7) AppleWebKit/537.36 (KHTML, like Gecko) Chrome/119.0.0.0 Safari/537.36"
168.144.130.244 - - [21/Sep/2026:20:40:21 +0000] "POST /wp-login.php HTTP/1.1" 200 8609 "https://sacherconsultancy.com/wp-login.php" "Mozilla/5.0 (Macintosh; Intel Mac OS X 13_6_1) AppleWebKit/537.36 (KHTML, like Gecko) Chrome/119.0.0.0 Safari/537.36"
168.144.130.244 - - [21/Sep/2026:20:40:30 +0000] "GET /wp-admin/index.php HTTP/1.1" 302 5223 "https://sacherconsultancy.com/wp-login.php" "Mozilla/5.0 (Windows NT 11.0; Win64; x64) AppleWebKit/537.36 (KHTML, like Gecko) Chrome/120.0.0.0 Safari/537.36"
168.144.130.244 - - [21/Sep/2026:20:40:38 +0000] "GET /wp-login.php?redirect_to=https%3A%2F%2Fsacherconsultancy.com%2Fwp-admin%2Findex.php&reauth=1 HTTP/1.1" 200 10431 "https://sacherconsultancy.com/wp-login.php" "Mozilla/5.0 (Windows NT 11.0; Win64; x64) AppleWebKit/537.36 (KHTML, like Gecko) Chrome/120.0.0.0 Safari/537.36"
27.46.75.6 - - [21/Sep/2026:20:40:44 +0000] "GET /robots.txt HTTP/1.1" 200 5199 "https://sacherconsultancy.com/robots.txt" "Mozilla/5.0 (Windows NT 10.0; Win64; x64) AppleWebKit/537.36 (KHTML, like Gecko) Chrome/147.0.5746.14 Safari/537.36"
