209.141.37.250 - - [21/Sep/2026:09:34:05 +0000] "GET /wp-login.php HTTP/1.1" 200 15722 "-" "Mozilla/5.0 (Macintosh; Intel Mac OS X 10_15_7) AppleWebKit/605.1.15 (KHTML, like Gecko) Version/16.0 Safari/605.1.15"
77.68.25.176 - - [21/Sep/2026:09:35:40 +0000] "POST /wp-cron.php?doing_wp_cron=1789983340.7584669589996337890625 HTTP/1.1" 200 5041 "-" "WordPress/7.1.1; https://sacherconsultancy.com"
209.141.37.250 - - [21/Sep/2026:09:35:40 +0000] "POST /wp-login.php HTTP/1.1" 200 16256 "-" "Mozilla/5.0 (Macintosh; Intel Mac OS X 10_15_7) AppleWebKit/605.1.15 (KHTML, like Gecko) Version/16.0 Safari/605.1.15"
77.68.25.176 - - [21/Sep/2026:09:37:25 +0000] "POST /wp-cron.php?doing_wp_cron=1789983445.8447051048278808593750 HTTP/1.1" 200 5041 "-" "WordPress/7.1.1; https://sacherconsultancy.com"
51.89.71.158 - - [21/Sep/2026:09:37:25 +0000] "GET /sitemap.rss HTTP/1.1" 200 5921 "-" "Mozilla/5.0 (compatible; AhrefsBot/7.0; +http://ahrefs.com/robot/)"
77.68.25.176 - - [21/Sep/2026:09:38:18 +0000] "POST /wp-cron.php?doing_wp_cron=1789983498.3152079582214355468750 HTTP/1.1" 200 5041 "-" "WordPress/7.1.1; https://sacherconsultancy.com"
136.111.217.135 - - [21/Sep/2026:09:38:17 +0000] "GET / HTTP/1.1" 200 25152 "-" "Mozilla/5.0 (X11; OpenBSD i386) AppleWebKit/537.36 (KHTML, like Gecko) Chrome/36.0.1985.125 Safari/537.36"
216.73.217.123 - - [21/Sep/2026:09:38:52 +0000] "GET /sitemap.xml HTTP/1.1" 200 5383 "-" "Mozilla/5.0 AppleWebKit/537.36 (KHTML, like Gecko; compatible; ClaudeBot/1.0; +claudebot@anthropic.com)"
77.68.25.176 - - [21/Sep/2026:09:39:34 +0000] "POST /wp-cron.php?doing_wp_cron=1789983574.6438119411468505859375 HTTP/1.1" 200 5041 "-" "WordPress/7.1.1; https://sacherconsultancy.com"
209.141.37.195 - - [21/Sep/2026:09:39:34 +0000] "GET /wp-login.php HTTP/1.1" 200 15722 "-" "Mozilla/5.0 (Macintosh; Intel Mac OS X 10_9_0) AppleWebKit/537.36 (KHTML, like Gecko) Chrome/36.0.1985.125 Safari/537.36"
77.68.25.176 - - [21/Sep/2026:09:41:00 +0000] "POST /wp-cron.php?doing_wp_cron=1789983659.9708459377288818359375 HTTP/1.1" 200 5041 "-" "WordPress/7.1.1; https://sacherconsultancy.com"
209.141.37.195 - - [21/Sep/2026:09:40:59 +0000] "POST /wp-login.php HTTP/1.1" 200 16256 "-" "Mozilla/5.0 (Macintosh; Intel Mac OS X 10_9_0) AppleWebKit/537.36 (KHTML, like Gecko) Chrome/36.0.1985.125 Safari/537.36"
77.68.25.176 - - [21/Sep/2026:09:50:13 +0000] "POST /wp-cron.php?doing_wp_cron=1789984213.4461948871612548828125 HTTP/1.1" 200 5041 "-" "WordPress/7.1.1; https://sacherconsultancy.com"
66.249.77.162 - - [21/Sep/2026:09:50:12 +0000] "GET /category/item/epts2ihfi2h31fy.shtml HTTP/1.1" 404 121411 "-" "Mozilla/5.0 (Linux; Android 6.0.1; Nexus 5X Build/MMB29P) AppleWebKit/537.36 (KHTML, like Gecko) Chrome/153.0.8010.47 Mobile Safari/537.36 (compatible; Googlebot/2.1; +http://www.google.com/bot.html)"
77.68.25.176 - - [21/Sep/2026:09:53:17 +0000] "POST /wp-cron.php?doing_wp_cron=1789984397.2408969402313232421875 HTTP/1.1" 200 5041 "-" "WordPress/7.1.1; https://sacherconsultancy.com"
50.116.112.105 - - [21/Sep/2026:09:53:16 +0000] "POST /xmlrpc.php HTTP/1.1" 200 5242 "-" "Mozilla/5.0 (Windows NT 10.0; Win64; x64) AppleWebKit/537.36 (KHTML, like Gecko) Chrome/151.0.0.0 Safari/537.36"
66.249.77.162 - - [21/Sep/2026:09:53:16 +0000] "GET /category/item/fn7p48vbktzldxg.shtml HTTP/1.1" 404 121229 "-" "Mozilla/5.0 (Linux; Android 6.0.1; Nexus 5X Build/MMB29P) AppleWebKit/537.36 (KHTML, like Gecko) Chrome/153.0.8010.47 Mobile Safari/537.36 (compatible; Googlebot/2.1; +http://www.google.com/bot.html)"
77.68.25.176 - - [21/Sep/2026:09:56:22 +0000] "POST /wp-cron.php?doing_wp_cron=1789984582.5535569190979003906250 HTTP/1.1" 200 5041 "-" "WordPress/7.1.1; https://sacherconsultancy.com"
216.73.217.123 - - [21/Sep/2026:09:56:21 +0000] "GET / HTTP/1.1" 200 25152 "-" "Mozilla/5.0 AppleWebKit/537.36 (KHTML, like Gecko; compatible; ClaudeBot/1.0; +claudebot@anthropic.com)"
77.68.25.176 - - [21/Sep/2026:09:59:43 +0000] "POST /wp-cron.php?doing_wp_cron=1789984783.2370219230651855468750 HTTP/1.1" 200 5041 "-" "WordPress/7.1.1; https://sacherconsultancy.com"
45.86.202.214 - - [21/Sep/2026:09:59:42 +0000] "GET / HTTP/1.1" 200 25152 "-" "Mozilla/5.0 (Windows NT 10.0; Win64; x64; rv:123.0) Gecko/20100101 Firefox/123.0"
45.86.202.214 - - [21/Sep/2026:09:59:43 +0000] "GET /contact-us HTTP/1.1" 301 5042 "https://sacherconsultancy.com/" "Mozilla/5.0 (Windows NT 10.0; Win64; x64; rv:123.0) Gecko/20100101 Firefox/123.0"
45.86.202.214 - - [21/Sep/2026:09:59:43 +0000] "GET /about-us HTTP/1.1" 301 5040 "https://sacherconsultancy.com/" "Mozilla/5.0 (Windows NT 10.0; Win64; x64; rv:123.0) Gecko/20100101 Firefox/123.0"
45.86.202.214 - - [21/Sep/2026:09:59:43 +0000] "GET /contact-us/ HTTP/1.1" 200 25149 "https://sacherconsultancy.com/" "Mozilla/5.0 (Windows NT 10.0; Win64; x64; rv:123.0) Gecko/20100101 Firefox/123.0"
45.86.202.214 - - [21/Sep/2026:09:59:43 +0000] "GET /about-us/ HTTP/1.1" 200 25500 "https://sacherconsultancy.com/" "Mozilla/5.0 (Windows NT 10.0; Win64; x64; rv:123.0) Gecko/20100101 Firefox/123.0"
45.86.202.214 - - [21/Sep/2026:09:59:45 +0000] "GET /wp-content/plugins/contact-form-7/includes/swv/js/index.js?ver=5.7.4 HTTP/1.1" 200 5053 "https://sacherconsultancy.com/contact-us/" "Mozilla/5.0 (Windows NT 10.0; Win64; x64; rv:123.0) Gecko/20100101 Firefox/123.0"
45.86.202.214 - - [21/Sep/2026:09:59:45 +0000] "GET /wp-content/plugins/contact-form-7/includes/js/index.js?ver=5.7.4 HTTP/1.1" 200 5049 "https://sacherconsultancy.com/contact-us/" "Mozilla/5.0 (Windows NT 10.0; Win64; x64; rv:123.0) Gecko/20100101 Firefox/123.0"
45.86.202.214 - - [21/Sep/2026:09:59:45 +0000] "GET /wp-content/themes/earna/js/main.js?ver=7.1.1 HTTP/1.1" 200 5029 "https://sacherconsultancy.com/contact-us/" "Mozilla/5.0 (Windows NT 10.0; Win64; x64; rv:123.0) Gecko/20100101 Firefox/123.0"
45.86.202.214 - - [21/Sep/2026:09:59:45 +0000] "GET /wp-content/plugins/wpforms-lite/assets/js/integrations/elementor/frontend.min.js?ver=1.8.2.2 HTTP/1.1" 200 5478 "https://sacherconsultancy.com/contact-us/" "Mozilla/5.0 (Windows NT 10.0; Win64; x64; rv:123.0) Gecko/20100101 Firefox/123.0"
45.86.202.214 - - [21/Sep/2026:09:59:45 +0000] "POST /wp-json/contact-form-7/v1/contact-forms/5/feedback/ HTTP/1.1" 200 5674 "https://sacherconsultancy.com/contact-us/" "Mozilla/5.0 (Windows NT 10.0; Win64; x64; rv:123.0) Gecko/20100101 Firefox/123.0"
77.68.25.176 - - [21/Sep/2026:10:09:50 +0000] "POST /wp-cron.php?doing_wp_cron=1789985390.7668569087982177734375 HTTP/1.1" 200 5041 "-" "WordPress/7.1.1; https://sacherconsultancy.com"
66.249.77.160 - - [21/Sep/2026:10:09:50 +0000] "GET /category/item/fexhialbyt1bxbi.shtml HTTP/1.1" 404 121229 "-" "Mozilla/5.0 (Linux; Android 6.0.1; Nexus 5X Build/MMB29P) AppleWebKit/537.36 (KHTML, like Gecko) Chrome/153.0.8010.47 Mobile Safari/537.36 (compatible; Googlebot/2.1; +http://www.google.com/bot.html)"
77.68.25.176 - - [21/Sep/2026:10:19:09 +0000] "POST /wp-cron.php?doing_wp_cron=1789985949.9250249862670898437500 HTTP/1.1" 200 5041 "-" "WordPress/7.1.1; https://sacherconsultancy.com"
47.238.249.137 - - [21/Sep/2026:10:19:09 +0000] "GET /wp-login.php HTTP/1.1" 200 8354 "-" "Mozilla/5.0 (Windows NT 10.0; Win64; x64) AppleWebKit/537.36 (KHTML, like Gecko) Chrome/127.0.0.0 Safari/537.36"
47.238.249.137 - - [21/Sep/2026:10:19:10 +0000] "GET /wp-json/wp/v2/users?per_page=100&context=edit HTTP/1.1" 401 5409 "-" "Mozilla/5.0 (Windows NT 10.0; Win64; x64) AppleWebKit/537.36 (KHTML, like Gecko) Chrome/127.0.0.0 Safari/537.36"
47.238.249.137 - - [21/Sep/2026:10:19:10 +0000] "GET /wp-json/wp/v2/users?per_page=100 HTTP/1.1" 500 5294 "-" "Mozilla/5.0 (Windows NT 10.0; Win64; x64) AppleWebKit/537.36 (KHTML, like Gecko) Chrome/127.0.0.0 Safari/537.36"
47.238.249.137 - - [21/Sep/2026:10:19:11 +0000] "GET /?rest_route=/wp/v2/users&per_page=100 HTTP/1.1" 500 5294 "-" "Mozilla/5.0 (Windows NT 10.0; Win64; x64) AppleWebKit/537.36 (KHTML, like Gecko) Chrome/127.0.0.0 Safari/537.36"
47.238.249.137 - - [21/Sep/2026:10:19:12 +0000] "GET /index.php?rest_route=/wp/v2/users&per_page=100 HTTP/1.1" 500 5294 "-" "Mozilla/5.0 (Windows NT 10.0; Win64; x64) AppleWebKit/537.36 (KHTML, like Gecko) Chrome/127.0.0.0 Safari/537.36"
77.68.25.176 - - [21/Sep/2026:10:19:14 +0000] "POST /wp-cron.php?doing_wp_cron=1789985954.1451539993286132812500 HTTP/1.1" 200 5041 "-" "WordPress/7.1.1; https://sacherconsultancy.com"
47.238.249.137 - - [21/Sep/2026:10:19:13 +0000] "GET /feed/ HTTP/1.1" 200 5642 "-" "Mozilla/5.0 (Windows NT 10.0; Win64; x64) AppleWebKit/537.36 (KHTML, like Gecko) Chrome/127.0.0.0 Safari/537.36"
47.238.249.137 - - [21/Sep/2026:10:19:14 +0000] "GET /wp-sitemap-users-1.xml HTTP/1.1" 404 121103 "-" "Mozilla/5.0 (Windows NT 10.0; Win64; x64) AppleWebKit/537.36 (KHTML, like Gecko) Chrome/127.0.0.0 Safari/537.36"
47.238.249.137 - - [21/Sep/2026:10:19:14 +0000] "GET /?feed=rss2 HTTP/1.1" 301 5134 "-" "Mozilla/5.0 (Windows NT 10.0; Win64; x64) AppleWebKit/537.36 (KHTML, like Gecko) Chrome/127.0.0.0 Safari/537.36"
47.238.249.137 - - [21/Sep/2026:10:19:15 +0000] "GET /feed/ HTTP/1.1" 200 5642 "https://sacherconsultancy.com/?feed=rss2" "Mozilla/5.0 (Windows NT 10.0; Win64; x64) AppleWebKit/537.36 (KHTML, like Gecko) Chrome/127.0.0.0 Safari/537.36"
47.238.249.137 - - [21/Sep/2026:10:19:15 +0000] "GET /wp-sitemap.xml HTTP/1.1" 302 5030 "-" "Mozilla/5.0 (Windows NT 10.0; Win64; x64) AppleWebKit/537.36 (KHTML, like Gecko) Chrome/127.0.0.0 Safari/537.36"
47.238.249.137 - - [21/Sep/2026:10:19:15 +0000] "GET /feed/rss2/ HTTP/1.1" 301 5134 "-" "Mozilla/5.0 (Windows NT 10.0; Win64; x64) AppleWebKit/537.36 (KHTML, like Gecko) Chrome/127.0.0.0 Safari/537.36"
47.238.249.137 - - [21/Sep/2026:10:19:16 +0000] "GET /sitemap.xml HTTP/1.1" 200 5383 "https://sacherconsultancy.com/wp-sitemap.xml" "Mozilla/5.0 (Windows NT 10.0; Win64; x64) AppleWebKit/537.36 (KHTML, like Gecko) Chrome/127.0.0.0 Safari/537.36"
47.238.249.137 - - [21/Sep/2026:10:19:16 +0000] "GET /feed/ HTTP/1.1" 200 5642 "https://sacherconsultancy.com/feed/rss2/" "Mozilla/5.0 (Windows NT 10.0; Win64; x64) AppleWebKit/537.36 (KHTML, like Gecko) Chrome/127.0.0.0 Safari/537.36"
47.238.249.137 - - [21/Sep/2026:10:19:17 +0000] "GET /sitemap.xml HTTP/1.1" 200 5383 "-" "Mozilla/5.0 (Windows NT 10.0; Win64; x64) AppleWebKit/537.36 (KHTML, like Gecko) Chrome/127.0.0.0 Safari/537.36"
47.238.249.137 - - [21/Sep/2026:10:19:17 +0000] "GET /?author=1 HTTP/1.1" 301 5047 "-" "Mozilla/5.0 (Windows NT 10.0; Win64; x64) AppleWebKit/537.36 (KHTML, like Gecko) Chrome/127.0.0.0 Safari/537.36"
47.238.249.137 - - [21/Sep/2026:10:19:17 +0000] "POST /xmlrpc.php HTTP/1.1" 200 5223 "-" "Mozilla/5.0 (Windows NT 10.0; Win64; x64) AppleWebKit/537.36 (KHTML, like Gecko) Chrome/127.0.0.0 Safari/537.36"
47.238.249.137 - - [21/Sep/2026:10:19:17 +0000] "GET / HTTP/1.1" 200 25152 "-" "Mozilla/5.0 (Windows NT 10.0; Win64; x64) AppleWebKit/537.36 (KHTML, like Gecko) Chrome/127.0.0.0 Safari/537.36"
47.238.249.137 - - [21/Sep/2026:10:19:18 +0000] "GET /author/sc_admin/ HTTP/1.1" 200 24382 "https://sacherconsultancy.com/?author=1" "Mozilla/5.0 (Windows NT 10.0; Win64; x64) AppleWebKit/537.36 (KHTML, like Gecko) Chrome/127.0.0.0 Safari/537.36"
47.238.249.137 - - [21/Sep/2026:10:19:19 +0000] "GET /?author=2 HTTP/1.1" 200 24255 "-" "Mozilla/5.0 (Windows NT 10.0; Win64; x64) AppleWebKit/537.36 (KHTML, like Gecko) Chrome/127.0.0.0 Safari/537.36"
47.238.249.137 - - [21/Sep/2026:10:19:20 +0000] "GET /?author=3 HTTP/1.1" 200 24357 "-" "Mozilla/5.0 (Windows NT 10.0; Win64; x64) AppleWebKit/537.36 (KHTML, like Gecko) Chrome/127.0.0.0 Safari/537.36"
47.238.249.137 - - [21/Sep/2026:10:19:22 +0000] "GET /?author=4 HTTP/1.1" 200 24353 "-" "Mozilla/5.0 (Windows NT 10.0; Win64; x64) AppleWebKit/537.36 (KHTML, like Gecko) Chrome/127.0.0.0 Safari/537.36"
47.238.249.137 - - [21/Sep/2026:10:19:23 +0000] "GET /?author=5 HTTP/1.1" 200 24358 "-" "Mozilla/5.0 (Windows NT 10.0; Win64; x64) AppleWebKit/537.36 (KHTML, like Gecko) Chrome/127.0.0.0 Safari/537.36"
47.238.249.137 - - [21/Sep/2026:10:19:24 +0000] "GET /?author=6 HTTP/1.1" 200 24327 "-" "Mozilla/5.0 (Windows NT 10.0; Win64; x64) AppleWebKit/537.36 (KHTML, like Gecko) Chrome/127.0.0.0 Safari/537.36"
47.238.249.137 - - [21/Sep/2026:10:19:25 +0000] "GET /?author=7 HTTP/1.1" 404 120911 "-" "Mozilla/5.0 (Windows NT 10.0; Win64; x64) AppleWebKit/537.36 (KHTML, like Gecko) Chrome/127.0.0.0 Safari/537.36"
47.238.249.137 - - [21/Sep/2026:10:19:29 +0000] "GET /?author=8 HTTP/1.1" 404 120911 "-" "Mozilla/5.0 (Windows NT 10.0; Win64; x64) AppleWebKit/537.36 (KHTML, like Gecko) Chrome/127.0.0.0 Safari/537.36"
47.238.249.137 - - [21/Sep/2026:10:19:34 +0000] "GET /?author=9 HTTP/1.1" 404 121099 "-" "Mozilla/5.0 (Windows NT 10.0; Win64; x64) AppleWebKit/537.36 (KHTML, like Gecko) Chrome/127.0.0.0 Safari/537.36"
77.68.25.176 - - [21/Sep/2026:10:31:40 +0000] "POST /wp-cron.php?doing_wp_cron=1789986700.2287690639495849609375 HTTP/1.1" 200 5041 "-" "WordPress/7.1.1; https://sacherconsultancy.com"
82.137.244.176 - - [21/Sep/2026:10:31:39 +0000] "POST /xmlrpc.php HTTP/1.1" 200 5415 "-" "Mozilla/5.0 (Windows NT 6.3; x64) AppleWebKit/537.36 (KHTML, like Gecko) Opera/75.0.0.0 Safari/537.36"
77.68.25.176 - - [21/Sep/2026:10:34:44 +0000] "POST /wp-cron.php?doing_wp_cron=1789986884.8501949310302734375000 HTTP/1.1" 200 5041 "-" "WordPress/7.1.1; https://sacherconsultancy.com"
198.98.59.181 - - [21/Sep/2026:10:34:44 +0000] "GET /wp-login.php HTTP/1.1" 200 15722 "-" "Mozilla/5.0 (X11; Linux x86_64) AppleWebKit/537.36 (KHTML, like Gecko) Ubuntu Chromium/36.0.1985.125 Chrome/36.0.1985.125 Safari/537.36"
198.98.59.181 - - [21/Sep/2026:10:34:55 +0000] "POST /wp-login.php HTTP/1.1" 200 16256 "-" "Mozilla/5.0 (X11; Linux x86_64) AppleWebKit/537.36 (KHTML, like Gecko) Ubuntu Chromium/36.0.1985.125 Chrome/36.0.1985.125 Safari/537.36"
77.68.25.176 - - [21/Sep/2026:10:47:18 +0000] "POST /wp-cron.php?doing_wp_cron=1789987638.9056699275970458984375 HTTP/1.1" 200 5041 "-" "WordPress/7.1.1; https://sacherconsultancy.com"
135.125.107.224 - - [21/Sep/2026:10:47:18 +0000] "GET /wp-login.php HTTP/1.1" 200 8354 "-" "Mozilla/5.0 (Windows NT 10.0; Win64; x64) AppleWebKit/537.36 (KHTML, like Gecko) Chrome/127.0.0.0 Safari/537.36"
135.125.107.224 - - [21/Sep/2026:10:47:18 +0000] "GET /wp-json/wp/v2/users?per_page=100&context=edit HTTP/1.1" 401 5409 "-" "Mozilla/5.0 (Windows NT 10.0; Win64; x64) AppleWebKit/537.36 (KHTML, like Gecko) Chrome/127.0.0.0 Safari/537.36"
135.125.107.224 - - [21/Sep/2026:10:47:19 +0000] "GET /wp-json/wp/v2/users?per_page=100 HTTP/1.1" 500 5940 "-" "Mozilla/5.0 (Windows NT 10.0; Win64; x64) AppleWebKit/537.36 (KHTML, like Gecko) Chrome/127.0.0.0 Safari/537.36"
135.125.107.224 - - [21/Sep/2026:10:47:20 +0000] "GET /?rest_route=/wp/v2/users&per_page=100 HTTP/1.1" 500 5294 "-" "Mozilla/5.0 (Windows NT 10.0; Win64; x64) AppleWebKit/537.36 (KHTML, like Gecko) Chrome/127.0.0.0 Safari/537.36"
135.125.107.224 - - [21/Sep/2026:10:47:20 +0000] "GET /index.php?rest_route=/wp/v2/users&per_page=100 HTTP/1.1" 500 5294 "-" "Mozilla/5.0 (Windows NT 10.0; Win64; x64) AppleWebKit/537.36 (KHTML, like Gecko) Chrome/127.0.0.0 Safari/537.36"
135.125.107.224 - - [21/Sep/2026:10:47:21 +0000] "GET /feed/ HTTP/1.1" 200 5642 "-" "Mozilla/5.0 (Windows NT 10.0; Win64; x64) AppleWebKit/537.36 (KHTML, like Gecko) Chrome/127.0.0.0 Safari/537.36"
135.125.107.224 - - [21/Sep/2026:10:47:21 +0000] "GET /wp-sitemap-users-1.xml HTTP/1.1" 404 121103 "-" "Mozilla/5.0 (Windows NT 10.0; Win64; x64) AppleWebKit/537.36 (KHTML, like Gecko) Chrome/127.0.0.0 Safari/537.36"
135.125.107.224 - - [21/Sep/2026:10:47:22 +0000] "GET /?feed=rss2 HTTP/1.1" 301 5134 "-" "Mozilla/5.0 (Windows NT 10.0; Win64; x64) AppleWebKit/537.36 (KHTML, like Gecko) Chrome/127.0.0.0 Safari/537.36"
135.125.107.224 - - [21/Sep/2026:10:47:22 +0000] "GET /wp-sitemap.xml HTTP/1.1" 302 5030 "-" "Mozilla/5.0 (Windows NT 10.0; Win64; x64) AppleWebKit/537.36 (KHTML, like Gecko) Chrome/127.0.0.0 Safari/537.36"
135.125.107.224 - - [21/Sep/2026:10:47:22 +0000] "GET /feed/ HTTP/1.1" 200 5642 "https://sacherconsultancy.com/?feed=rss2" "Mozilla/5.0 (Windows NT 10.0; Win64; x64) AppleWebKit/537.36 (KHTML, like Gecko) Chrome/127.0.0.0 Safari/537.36"
135.125.107.224 - - [21/Sep/2026:10:47:22 +0000] "GET /sitemap.xml HTTP/1.1" 200 5383 "https://sacherconsultancy.com/wp-sitemap.xml" "Mozilla/5.0 (Windows NT 10.0; Win64; x64) AppleWebKit/537.36 (KHTML, like Gecko) Chrome/127.0.0.0 Safari/537.36"
135.125.107.224 - - [21/Sep/2026:10:47:22 +0000] "GET /feed/rss2/ HTTP/1.1" 301 5134 "-" "Mozilla/5.0 (Windows NT 10.0; Win64; x64) AppleWebKit/537.36 (KHTML, like Gecko) Chrome/127.0.0.0 Safari/537.36"
135.125.107.224 - - [21/Sep/2026:10:47:23 +0000] "GET /sitemap.xml HTTP/1.1" 200 5383 "-" "Mozilla/5.0 (Windows NT 10.0; Win64; x64) AppleWebKit/537.36 (KHTML, like Gecko) Chrome/127.0.0.0 Safari/537.36"
135.125.107.224 - - [21/Sep/2026:10:47:23 +0000] "GET /feed/ HTTP/1.1" 200 5642 "https://sacherconsultancy.com/feed/rss2/" "Mozilla/5.0 (Windows NT 10.0; Win64; x64) AppleWebKit/537.36 (KHTML, like Gecko) Chrome/127.0.0.0 Safari/537.36"
135.125.107.224 - - [21/Sep/2026:10:47:23 +0000] "GET /?author=1 HTTP/1.1" 301 5047 "-" "Mozilla/5.0 (Windows NT 10.0; Win64; x64) AppleWebKit/537.36 (KHTML, like Gecko) Chrome/127.0.0.0 Safari/537.36"
135.125.107.224 - - [21/Sep/2026:10:47:23 +0000] "GET / HTTP/1.1" 200 25152 "-" "Mozilla/5.0 (Windows NT 10.0; Win64; x64) AppleWebKit/537.36 (KHTML, like Gecko) Chrome/127.0.0.0 Safari/537.36"
135.125.107.224 - - [21/Sep/2026:10:47:23 +0000] "POST /xmlrpc.php HTTP/1.1" 200 5223 "-" "Mozilla/5.0 (Windows NT 10.0; Win64; x64) AppleWebKit/537.36 (KHTML, like Gecko) Chrome/127.0.0.0 Safari/537.36"
135.125.107.224 - - [21/Sep/2026:10:47:24 +0000] "GET /author/sc_admin/ HTTP/1.1" 200 24382 "https://sacherconsultancy.com/?author=1" "Mozilla/5.0 (Windows NT 10.0; Win64; x64) AppleWebKit/537.36 (KHTML, like Gecko) Chrome/127.0.0.0 Safari/537.36"
135.125.107.224 - - [21/Sep/2026:10:47:24 +0000] "GET /?author=2 HTTP/1.1" 200 24255 "-" "Mozilla/5.0 (Windows NT 10.0; Win64; x64) AppleWebKit/537.36 (KHTML, like Gecko) Chrome/127.0.0.0 Safari/537.36"
135.125.107.224 - - [21/Sep/2026:10:47:25 +0000] "GET /?author=3 HTTP/1.1" 200 24357 "-" "Mozilla/5.0 (Windows NT 10.0; Win64; x64) AppleWebKit/537.36 (KHTML, like Gecko) Chrome/127.0.0.0 Safari/537.36"
135.125.107.224 - - [21/Sep/2026:10:47:25 +0000] "GET /?author=4 HTTP/1.1" 200 24353 "-" "Mozilla/5.0 (Windows NT 10.0; Win64; x64) AppleWebKit/537.36 (KHTML, like Gecko) Chrome/127.0.0.0 Safari/537.36"
135.125.107.224 - - [21/Sep/2026:10:47:26 +0000] "GET /?author=5 HTTP/1.1" 200 24358 "-" "Mozilla/5.0 (Windows NT 10.0; Win64; x64) AppleWebKit/537.36 (KHTML, like Gecko) Chrome/127.0.0.0 Safari/537.36"
135.125.107.224 - - [21/Sep/2026:10:47:26 +0000] "GET /?author=6 HTTP/1.1" 200 24327 "-" "Mozilla/5.0 (Windows NT 10.0; Win64; x64) AppleWebKit/537.36 (KHTML, like Gecko) Chrome/127.0.0.0 Safari/537.36"
135.125.107.224 - - [21/Sep/2026:10:47:27 +0000] "GET /?author=7 HTTP/1.1" 404 120911 "-" "Mozilla/5.0 (Windows NT 10.0; Win64; x64) AppleWebKit/537.36 (KHTML, like Gecko) Chrome/127.0.0.0 Safari/537.36"
135.125.107.224 - - [21/Sep/2026:10:47:28 +0000] "GET /?author=8 HTTP/1.1" 404 120911 "-" "Mozilla/5.0 (Windows NT 10.0; Win64; x64) AppleWebKit/537.36 (KHTML, like Gecko) Chrome/127.0.0.0 Safari/537.36"
135.125.107.224 - - [21/Sep/2026:10:47:28 +0000] "GET /?author=9 HTTP/1.1" 404 120911 "-" "Mozilla/5.0 (Windows NT 10.0; Win64; x64) AppleWebKit/537.36 (KHTML, like Gecko) Chrome/127.0.0.0 Safari/537.36"
82.137.244.176 - - [21/Sep/2026:10:52:48 +0000] "GET /wp-json/wp/v2/users HTTP/1.1" 500 8255 "-" "Mozilla/4.0 (compatible; Win32; WinHttp.WinHttpRequest.5)"
82.137.244.176 - - [21/Sep/2026:10:53:16 +0000] "POST /xmlrpc.php HTTP/1.1" 200 5415 "-" "Mozilla/5.0 (Windows NT 6.2; x86) AppleWebKit/537.36 (KHTML, like Gecko) Edge/100.0.0.0 Safari/537.36"
82.137.244.176 - - [21/Sep/2026:10:53:41 +0000] "POST /xmlrpc.php HTTP/1.1" 200 5415 "-" "Mozilla/5.0 (Windows NT 6.3; x64) AppleWebKit/537.36 (KHTML, like Gecko) Firefox/86.0.0.0 Safari/537.36"
77.68.25.176 - - [21/Sep/2026:10:54:06 +0000] "POST /wp-cron.php?doing_wp_cron=1789988046.4890940189361572265625 HTTP/1.1" 200 5041 "-" "WordPress/7.1.1; https://sacherconsultancy.com"
82.137.244.176 - - [21/Sep/2026:10:54:06 +0000] "POST /xmlrpc.php HTTP/1.1" 200 5415 "-" "Mozilla/5.0 (Windows NT 6.2; arm64) AppleWebKit/537.36 (KHTML, like Gecko) Opera/77.0.0.0 Safari/537.36"
77.68.25.176 - - [21/Sep/2026:10:54:30 +0000] "POST /wp-cron.php?doing_wp_cron=1789988070.3921949863433837890625 HTTP/1.1" 200 5041 "-" "WordPress/7.1.1; https://sacherconsultancy.com"
82.137.244.176 - - [21/Sep/2026:10:54:29 +0000] "POST /xmlrpc.php HTTP/1.1" 200 5415 "-" "Mozilla/5.0 (Linux; Android 10; arm64) AppleWebKit/537.36 (KHTML, like Gecko) Edge/92.0.0.0 Safari/537.36"
82.137.244.176 - - [21/Sep/2026:10:54:53 +0000] "POST /xmlrpc.php HTTP/1.1" 200 5415 "-" "Mozilla/5.0 (Windows NT 10.0; x86) AppleWebKit/537.36 (KHTML, like Gecko) Opera/66.0.0.0 Safari/537.36"
77.68.25.176 - - [21/Sep/2026:10:55:17 +0000] "POST /wp-cron.php?doing_wp_cron=1789988117.3564360141754150390625 HTTP/1.1" 200 5041 "-" "WordPress/7.1.1; https://sacherconsultancy.com"
82.137.244.176 - - [21/Sep/2026:10:55:16 +0000] "POST /xmlrpc.php HTTP/1.1" 200 5415 "-" "Mozilla/5.0 (Windows NT 10.0; arm64) AppleWebKit/537.36 (KHTML, like Gecko) Edge/80.0.0.0 Safari/537.36"
66.249.77.160 - - [21/Sep/2026:10:55:37 +0000] "GET /category/item/f24015sbh7wiyud.shtml HTTP/1.1" 404 121229 "-" "Mozilla/5.0 (Linux; Android 6.0.1; Nexus 5X Build/MMB29P) AppleWebKit/537.36 (KHTML, like Gecko) Chrome/153.0.8010.47 Mobile Safari/537.36 (compatible; Googlebot/2.1; +http://www.google.com/bot.html)"
82.137.244.176 - - [21/Sep/2026:10:55:39 +0000] "POST /xmlrpc.php HTTP/1.1" 200 5415 "-" "Mozilla/5.0 (Windows NT 6.3; x86) AppleWebKit/537.36 (KHTML, like Gecko) Edge/99.0.0.0 Safari/537.36"
82.137.244.176 - - [21/Sep/2026:10:56:10 +0000] "POST /xmlrpc.php HTTP/1.1" 200 5415 "-" "Mozilla/5.0 (Windows NT 10.0; arm64) AppleWebKit/537.36 (KHTML, like Gecko) Chrome/105.0.0.0 Safari/537.36"
77.68.25.176 - - [21/Sep/2026:10:56:47 +0000] "POST /wp-cron.php?doing_wp_cron=1789988207.2430670261383056640625 HTTP/1.1" 200 5041 "-" "WordPress/7.1.1; https://sacherconsultancy.com"
82.137.244.176 - - [21/Sep/2026:10:56:46 +0000] "POST /xmlrpc.php HTTP/1.1" 200 5415 "-" "Mozilla/5.0 (Windows NT 6.2; x86) AppleWebKit/537.36 (KHTML, like Gecko) Safari/10.0.0.0 Safari/537.36"
77.68.25.176 - - [21/Sep/2026:10:57:23 +0000] "POST /wp-cron.php?doing_wp_cron=1789988243.6582529544830322265625 HTTP/1.1" 200 5041 "-" "WordPress/7.1.1; https://sacherconsultancy.com"
51.210.183.228 - - [21/Sep/2026:10:57:23 +0000] "POST /xmlrpc.php HTTP/1.1" 200 5223 "-" "Mozilla/5.0 (Windows NT 10.0) AppleWebKit/537.43 (KHTML, like Gecko) Chrome/135.0.0.0 Safari/537.36 OPR/120.0.0.0"
82.137.244.176 - - [21/Sep/2026:10:57:26 +0000] "POST /xmlrpc.php HTTP/1.1" 200 5415 "-" "Mozilla/5.0 (Windows NT 6.2; arm64) AppleWebKit/537.36 (KHTML, like Gecko) Opera/67.0.0.0 Safari/537.36"
82.137.244.176 - - [21/Sep/2026:10:58:02 +0000] "POST /xmlrpc.php HTTP/1.1" 200 5415 "-" "Mozilla/5.0 (Linux; Android 10; arm64) AppleWebKit/537.36 (KHTML, like Gecko) Safari/12.0.0.0 Safari/537.36"
77.68.25.176 - - [21/Sep/2026:10:58:39 +0000] "POST /wp-cron.php?doing_wp_cron=1789988319.2352399826049804687500 HTTP/1.1" 200 5041 "-" "WordPress/7.1.1; https://sacherconsultancy.com"
82.137.244.176 - - [21/Sep/2026:10:58:38 +0000] "POST /xmlrpc.php HTTP/1.1" 200 5415 "-" "Mozilla/5.0 (Windows NT 6.2; x64) AppleWebKit/537.36 (KHTML, like Gecko) Chrome/89.0.0.0 Safari/537.36"
77.68.25.176 - - [21/Sep/2026:10:59:15 +0000] "POST /wp-cron.php?doing_wp_cron=1789988355.3971710205078125000000 HTTP/1.1" 200 5041 "-" "WordPress/7.1.1; https://sacherconsultancy.com"
82.137.244.176 - - [21/Sep/2026:10:59:14 +0000] "POST /xmlrpc.php HTTP/1.1" 200 5415 "-" "Mozilla/5.0 (Windows NT 6.3; x64) AppleWebKit/537.36 (KHTML, like Gecko) Edge/87.0.0.0 Safari/537.36"
82.137.244.176 - - [21/Sep/2026:10:59:50 +0000] "POST /xmlrpc.php HTTP/1.1" 200 5415 "-" "Mozilla/5.0 (Windows NT 6.2; x86) AppleWebKit/537.36 (KHTML, like Gecko) Opera/65.0.0.0 Safari/537.36"
77.68.25.176 - - [21/Sep/2026:11:00:27 +0000] "POST /wp-cron.php?doing_wp_cron=1789988427.2606430053710937500000 HTTP/1.1" 200 5041 "-" "WordPress/7.1.1; https://sacherconsultancy.com"
82.137.244.176 - - [21/Sep/2026:11:00:26 +0000] "POST /xmlrpc.php HTTP/1.1" 200 5415 "-" "Mozilla/5.0 (Windows NT 6.2; arm64) AppleWebKit/537.36 (KHTML, like Gecko) Edge/93.0.0.0 Safari/537.36"
82.137.244.176 - - [21/Sep/2026:11:01:02 +0000] "POST /xmlrpc.php HTTP/1.1" 200 5415 "-" "Mozilla/5.0 (Macintosh; Intel Mac OS X 10_15_7; x64) AppleWebKit/537.36 (KHTML, like Gecko) Opera/74.0.0.0 Safari/537.36"
77.68.25.176 - - [21/Sep/2026:11:01:43 +0000] "POST /wp-cron.php?doing_wp_cron=1789988503.2830820083618164062500 HTTP/1.1" 200 5041 "-" "WordPress/7.1.1; https://sacherconsultancy.com"
82.137.244.176 - - [21/Sep/2026:11:01:42 +0000] "POST /xmlrpc.php HTTP/1.1" 200 5415 "-" "Mozilla/5.0 (Windows NT 6.3; x64) AppleWebKit/537.36 (KHTML, like Gecko) Edge/82.0.0.0 Safari/537.36"
77.68.25.176 - - [21/Sep/2026:11:02:19 +0000] "POST /wp-cron.php?doing_wp_cron=1789988539.3563230037689208984375 HTTP/1.1" 200 5041 "-" "WordPress/7.1.1; https://sacherconsultancy.com"
82.137.244.176 - - [21/Sep/2026:11:02:18 +0000] "POST /xmlrpc.php HTTP/1.1" 200 5415 "-" "Mozilla/5.0 (Windows NT 10.0; arm64) AppleWebKit/537.36 (KHTML, like Gecko) Chrome/110.0.0.0 Safari/537.36"
82.137.244.176 - - [21/Sep/2026:11:02:49 +0000] "POST /xmlrpc.php HTTP/1.1" 200 5415 "-" "Mozilla/5.0 (Macintosh; Intel Mac OS X 10_15_7; arm64) AppleWebKit/537.36 (KHTML, like Gecko) Safari/10.0.0.0 Safari/537.36"
82.137.244.176 - - [21/Sep/2026:11:03:08 +0000] "POST /xmlrpc.php HTTP/1.1" 200 5415 "-" "Mozilla/5.0 (Windows NT 10.0; x86) AppleWebKit/537.36 (KHTML, like Gecko) Edge/95.0.0.0 Safari/537.36"
77.68.25.176 - - [21/Sep/2026:11:03:22 +0000] "POST /wp-cron.php?doing_wp_cron=1789988602.5951330661773681640625 HTTP/1.1" 200 5041 "-" "WordPress/7.1.1; https://sacherconsultancy.com"
82.137.244.176 - - [21/Sep/2026:11:03:22 +0000] "POST /xmlrpc.php HTTP/1.1" 200 5415 "-" "Mozilla/5.0 (Linux; Android 10; x64) AppleWebKit/537.36 (KHTML, like Gecko) Chrome/88.0.0.0 Safari/537.36"
192.166.82.100 - - [21/Sep/2026:11:03:31 +0000] "HEAD /backup.zip HTTP/1.1" 404 5122 "-" "python-requests/2.27.1"
82.137.244.176 - - [21/Sep/2026:11:03:34 +0000] "POST /xmlrpc.php HTTP/1.1" 200 5415 "-" "Mozilla/5.0 (X11; Ubuntu; Linux x86_64; x64) AppleWebKit/537.36 (KHTML, like Gecko) Firefox/85.0.0.0 Safari/537.36"
82.137.244.176 - - [21/Sep/2026:11:03:47 +0000] "POST /xmlrpc.php HTTP/1.1" 200 5415 "-" "Mozilla/5.0 (Windows NT 6.2; arm64) AppleWebKit/537.36 (KHTML, like Gecko) Firefox/92.0.0.0 Safari/537.36"
103.59.161.131 - - [21/Sep/2026:11:03:54 +0000] "GET / HTTP/1.1" 200 25152 "-" "Mozilla/5.0 (compatible; WP-Safe-Scanner/1.0)"
103.59.161.131 - - [21/Sep/2026:11:03:55 +0000] "GET / HTTP/1.1" 200 25152 "-" "Mozilla/5.0 (compatible; WP-Safe-Scanner/1.0)"
103.59.161.131 - - [21/Sep/2026:11:03:56 +0000] "GET /wp-content/uploads/ HTTP/1.1" 403 5806 "-" "Mozilla/5.0 (compatible; WP-Safe-Scanner/1.0)"
103.59.161.131 - - [21/Sep/2026:11:03:56 +0000] "GET /wp-content/plugins/ HTTP/1.1" 403 5806 "-" "Mozilla/5.0 (compatible; WP-Safe-Scanner/1.0)"
103.59.161.131 - - [21/Sep/2026:11:03:57 +0000] "GET /wp-content/themes/ HTTP/1.1" 403 5806 "-" "Mozilla/5.0 (compatible; WP-Safe-Scanner/1.0)"
103.59.161.131 - - [21/Sep/2026:11:03:57 +0000] "GET /wp-includes/ HTTP/1.1" 200 4948 "-" "Mozilla/5.0 (compatible; WP-Safe-Scanner/1.0)"
103.59.161.131 - - [21/Sep/2026:11:03:57 +0000] "GET /wp-admin/ HTTP/1.1" 302 5234 "-" "Mozilla/5.0 (compatible; WP-Safe-Scanner/1.0)"
103.59.161.131 - - [21/Sep/2026:11:03:58 +0000] "GET /wp-login.php?redirect_to=https%3A%2F%2Fsacherconsultancy.com%2Fwp-admin%2F&reauth=1 HTTP/1.1" 200 10446 "-" "Mozilla/5.0 (compatible; WP-Safe-Scanner/1.0)"
103.59.161.131 - - [21/Sep/2026:11:03:59 +0000] "GET /plugins/ HTTP/1.1" 404 120983 "-" "Mozilla/5.0 (compatible; WP-Safe-Scanner/1.0)"
103.59.161.131 - - [21/Sep/2026:11:04:00 +0000] "GET /plugins/themes/ HTTP/1.1" 404 121047 "-" "Mozilla/5.0 (compatible; WP-Safe-Scanner/1.0)"
82.137.244.176 - - [21/Sep/2026:11:04:01 +0000] "POST /xmlrpc.php HTTP/1.1" 200 5415 "-" "Mozilla/5.0 (Windows NT 10.0; x64) AppleWebKit/537.36 (KHTML, like Gecko) Safari/11.0.0.0 Safari/537.36"
103.59.161.131 - - [21/Sep/2026:11:04:02 +0000] "GET /plugins/generic/ HTTP/1.1" 404 121055 "-" "Mozilla/5.0 (compatible; WP-Safe-Scanner/1.0)"
103.59.161.131 - - [21/Sep/2026:11:04:03 +0000] "GET /blocks/ HTTP/1.1" 404 120975 "-" "Mozilla/5.0 (compatible; WP-Safe-Scanner/1.0)"
103.59.161.131 - - [21/Sep/2026:11:04:05 +0000] "GET /blocks/rce/ HTTP/1.1" 404 121015 "-" "Mozilla/5.0 (compatible; WP-Safe-Scanner/1.0)"
103.59.161.131 - - [21/Sep/2026:11:04:06 +0000] "GET /blocks/rce/lang/ HTTP/1.1" 404 121063 "-" "Mozilla/5.0 (compatible; WP-Safe-Scanner/1.0)"
103.59.161.131 - - [21/Sep/2026:11:04:08 +0000] "GET /blocks/rce/lang/en/ HTTP/1.1" 404 121095 "-" "Mozilla/5.0 (compatible; WP-Safe-Scanner/1.0)"
103.59.161.131 - - [21/Sep/2026:11:04:09 +0000] "GET /tmp/ HTTP/1.1" 404 120951 "-" "Mozilla/5.0 (compatible; WP-Safe-Scanner/1.0)"
103.59.161.131 - - [21/Sep/2026:11:04:11 +0000] "GET /images/ HTTP/1.1" 404 120975 "-" "Mozilla/5.0 (compatible; WP-Safe-Scanner/1.0)"
77.68.25.176 - - [21/Sep/2026:11:04:13 +0000] "POST /wp-cron.php?doing_wp_cron=1789988652.9916319847106933593750 HTTP/1.1" 200 5041 "-" "WordPress/7.1.1; https://sacherconsultancy.com"
103.59.161.131 - - [21/Sep/2026:11:04:12 +0000] "GET /modules/ HTTP/1.1" 404 120983 "-" "Mozilla/5.0 (compatible; WP-Safe-Scanner/1.0)"
103.59.161.131 - - [21/Sep/2026:11:04:14 +0000] "GET /modules/mod_webshell/ HTTP/1.1" 404 121095 "-" "Mozilla/5.0 (compatible; WP-Safe-Scanner/1.0)"
82.137.244.176 - - [21/Sep/2026:11:04:14 +0000] "POST /xmlrpc.php HTTP/1.1" 200 5415 "-" "Mozilla/5.0 (X11; Ubuntu; Linux x86_64; arm64) AppleWebKit/537.36 (KHTML, like Gecko) Chrome/111.0.0.0 Safari/537.36"
103.59.161.131 - - [21/Sep/2026:11:04:15 +0000] "GET /pub/ HTTP/1.1" 404 120951 "-" "Mozilla/5.0 (compatible; WP-Safe-Scanner/1.0)"
103.59.161.131 - - [21/Sep/2026:11:04:17 +0000] "GET /pub/media/ HTTP/1.1" 404 121007 "-" "Mozilla/5.0 (compatible; WP-Safe-Scanner/1.0)"
82.137.244.176 - - [21/Sep/2026:11:04:27 +0000] "POST /xmlrpc.php HTTP/1.1" 200 5415 "-" "Mozilla/5.0 (Windows NT 6.2; x64) AppleWebKit/537.36 (KHTML, like Gecko) Edge/87.0.0.0 Safari/537.36"
82.137.244.176 - - [21/Sep/2026:11:04:39 +0000] "POST /xmlrpc.php HTTP/1.1" 200 5415 "-" "Mozilla/5.0 (Windows NT 6.3; arm64) AppleWebKit/537.36 (KHTML, like Gecko) Firefox/98.0.0.0 Safari/537.36"
82.137.244.176 - - [21/Sep/2026:11:04:54 +0000] "POST /xmlrpc.php HTTP/1.1" 200 5415 "-" "Mozilla/5.0 (Windows NT 6.2; x64) AppleWebKit/537.36 (KHTML, like Gecko) Safari/10.0.0.0 Safari/537.36"
82.137.244.176 - - [21/Sep/2026:11:05:09 +0000] "POST /xmlrpc.php HTTP/1.1" 200 5415 "-" "Mozilla/5.0 (Windows NT 10.0; arm64) AppleWebKit/537.36 (KHTML, like Gecko) Safari/14.0.0.0 Safari/537.36"
77.68.25.176 - - [21/Sep/2026:11:05:19 +0000] "POST /wp-cron.php?doing_wp_cron=1789988719.7248489856719970703125 HTTP/1.1" 200 5041 "-" "WordPress/7.1.1; https://sacherconsultancy.com"
116.193.128.202 - - [21/Sep/2026:11:05:19 +0000] "POST /xmlrpc.php HTTP/1.1" 200 5415 "-" "Jetpack/13.0; WordPress/6.3; http://site14194981.com"
82.137.244.176 - - [21/Sep/2026:11:05:27 +0000] "POST /xmlrpc.php HTTP/1.1" 200 5415 "-" "Mozilla/5.0 (Linux; Android 10; x64) AppleWebKit/537.36 (KHTML, like Gecko) Safari/12.0.0.0 Safari/537.36"
116.193.128.202 - - [21/Sep/2026:11:05:29 +0000] "POST /xmlrpc.php HTTP/1.1" 200 5415 "-" "Jetpack by WordPress.com (Jetpack 12.1; WordPress 6.2)"
116.193.128.202 - - [21/Sep/2026:11:05:39 +0000] "POST /xmlrpc.php HTTP/1.1" 200 5415 "-" "WordPress.com; https://wordpress.com"
82.137.244.176 - - [21/Sep/2026:11:05:46 +0000] "POST /xmlrpc.php HTTP/1.1" 200 5415 "-" "Mozilla/5.0 (Linux; Android 10; x64) AppleWebKit/537.36 (KHTML, like Gecko) Edge/97.0.0.0 Safari/537.36"
116.193.128.202 - - [21/Sep/2026:11:05:50 +0000] "POST /xmlrpc.php HTTP/1.1" 200 5415 "-" "Jetpack/13.0; WordPress/6.2; http://site11717018.com"
116.193.128.202 - - [21/Sep/2026:11:06:00 +0000] "POST /xmlrpc.php HTTP/1.1" 200 5415 "-" "Jetpack by WordPress.com"
82.137.244.176 - - [21/Sep/2026:11:06:02 +0000] "POST /xmlrpc.php HTTP/1.1" 200 5415 "-" "Mozilla/5.0 (Windows NT 6.2; x64) AppleWebKit/537.36 (KHTML, like Gecko) Safari/14.0.0.0 Safari/537.36"
116.193.128.202 - - [21/Sep/2026:11:06:11 +0000] "POST /xmlrpc.php HTTP/1.1" 200 5415 "-" "Jetpack by WordPress.com (Jetpack 13.0; WordPress 6.3)"
77.68.25.176 - - [21/Sep/2026:11:06:13 +0000] "POST /wp-cron.php?doing_wp_cron=1789988773.1867229938507080078125 HTTP/1.1" 200 5041 "-" "WordPress/7.1.1; https://sacherconsultancy.com"
66.249.77.160 - - [21/Sep/2026:11:06:12 +0000] "GET /category/item/fcgodh4btj8u26p.shtml HTTP/1.1" 404 121229 "-" "Mozilla/5.0 (Linux; Android 6.0.1; Nexus 5X Build/MMB29P) AppleWebKit/537.36 (KHTML, like Gecko) Chrome/153.0.8010.47 Mobile Safari/537.36 (compatible; Googlebot/2.1; +http://www.google.com/bot.html)"
82.137.244.176 - - [21/Sep/2026:11:06:18 +0000] "POST /xmlrpc.php HTTP/1.1" 200 5415 "-" "Mozilla/5.0 (Linux; Android 10; x64) AppleWebKit/537.36 (KHTML, like Gecko) Opera/79.0.0.0 Safari/537.36"
116.193.128.202 - - [21/Sep/2026:11:06:21 +0000] "POST /xmlrpc.php HTTP/1.1" 200 5415 "-" "WordPress.com; https://wordpress.com"
116.193.128.202 - - [21/Sep/2026:11:06:32 +0000] "POST /xmlrpc.php HTTP/1.1" 200 5415 "-" "Jetpack/12.5; WordPress/6.4; http://site96840801.com"
82.137.244.176 - - [21/Sep/2026:11:06:38 +0000] "POST /xmlrpc.php HTTP/1.1" 200 5415 "-" "Mozilla/5.0 (Windows NT 10.0; x64) AppleWebKit/537.36 (KHTML, like Gecko) Edge/93.0.0.0 Safari/537.36"
116.193.128.202 - - [21/Sep/2026:11:06:42 +0000] "POST /xmlrpc.php HTTP/1.1" 200 5415 "-" "Jetpack by WordPress.com (Jetpack 12.0; WordPress 6.4)"
116.193.128.202 - - [21/Sep/2026:11:06:53 +0000] "POST /xmlrpc.php HTTP/1.1" 200 5415 "-" "Jetpack by WordPress.com"
82.137.244.176 - - [21/Sep/2026:11:06:55 +0000] "POST /xmlrpc.php HTTP/1.1" 200 5415 "-" "Mozilla/5.0 (Windows NT 6.2; arm64) AppleWebKit/537.36 (KHTML, like Gecko) Safari/14.0.0.0 Safari/537.36"
116.193.128.202 - - [21/Sep/2026:11:07:04 +0000] "POST /xmlrpc.php HTTP/1.1" 200 5415 "-" "WordPress.com; https://wordpress.com"
82.137.244.176 - - [21/Sep/2026:11:07:07 +0000] "POST /xmlrpc.php HTTP/1.1" 200 5415 "-" "Mozilla/5.0 (Linux; Android 10; arm64) AppleWebKit/537.36 (KHTML, like Gecko) Edge/90.0.0.0 Safari/537.36"
77.68.25.176 - - [21/Sep/2026:11:07:15 +0000] "POST /wp-cron.php?doing_wp_cron=1789988835.0923440456390380859375 HTTP/1.1" 200 5041 "-" "WordPress/7.1.1; https://sacherconsultancy.com"
116.193.128.202 - - [21/Sep/2026:11:07:14 +0000] "POST /xmlrpc.php HTTP/1.1" 200 5415 "-" "Jetpack by WordPress.com (Jetpack 12.1; WordPress 6.4)"
82.137.244.176 - - [21/Sep/2026:11:07:21 +0000] "POST /xmlrpc.php HTTP/1.1" 200 5415 "-" "Mozilla/5.0 (Macintosh; Intel Mac OS X 10_15_7; x86) AppleWebKit/537.36 (KHTML, like Gecko) Firefox/96.0.0.0 Safari/537.36"
116.193.128.202 - - [21/Sep/2026:11:07:25 +0000] "POST /xmlrpc.php HTTP/1.1" 200 5415 "-" "WordPress.com; https://wordpress.com"
82.137.244.176 - - [21/Sep/2026:11:07:35 +0000] "POST /xmlrpc.php HTTP/1.1" 200 5415 "-" "Mozilla/5.0 (Linux; Android 10; x64) AppleWebKit/537.36 (KHTML, like Gecko) Edge/93.0.0.0 Safari/537.36"
116.193.128.202 - - [21/Sep/2026:11:07:35 +0000] "POST /xmlrpc.php HTTP/1.1" 200 5415 "-" "Jetpack by WordPress.com"
116.193.128.202 - - [21/Sep/2026:11:07:46 +0000] "POST /xmlrpc.php HTTP/1.1" 200 5415 "-" "Jetpack by WordPress.com"
82.137.244.176 - - [21/Sep/2026:11:07:47 +0000] "POST /xmlrpc.php HTTP/1.1" 200 5415 "-" "Mozilla/5.0 (Macintosh; Intel Mac OS X 10_15_7; x86) AppleWebKit/537.36 (KHTML, like Gecko) Safari/10.0.0.0 Safari/537.36"
116.193.128.202 - - [21/Sep/2026:11:07:56 +0000] "POST /xmlrpc.php HTTP/1.1" 200 5415 "-" "Jetpack/12.0; WordPress/6.1; http://site46937364.com"
82.137.244.176 - - [21/Sep/2026:11:08:00 +0000] "POST /xmlrpc.php HTTP/1.1" 200 5415 "-" "Mozilla/5.0 (Linux; Android 10; x86) AppleWebKit/537.36 (KHTML, like Gecko) Firefox/85.0.0.0 Safari/537.36"
116.193.128.202 - - [21/Sep/2026:11:08:07 +0000] "POST /xmlrpc.php HTTP/1.1" 200 5415 "-" "Jetpack by WordPress.com (Jetpack 13.0; WordPress 6.2)"
77.68.25.176 - - [21/Sep/2026:11:08:15 +0000] "POST /wp-cron.php?doing_wp_cron=1789988895.4606111049652099609375 HTTP/1.1" 200 5041 "-" "WordPress/7.1.1; https://sacherconsultancy.com"
82.137.244.176 - - [21/Sep/2026:11:08:14 +0000] "POST /xmlrpc.php HTTP/1.1" 200 5415 "-" "Mozilla/5.0 (Windows NT 6.2; x86) AppleWebKit/537.36 (KHTML, like Gecko) Firefox/91.0.0.0 Safari/537.36"
116.193.128.202 - - [21/Sep/2026:11:08:17 +0000] "POST /xmlrpc.php HTTP/1.1" 200 5415 "-" "Jetpack/13.0; WordPress/6.3; http://site51937647.com"
116.193.128.202 - - [21/Sep/2026:11:08:28 +0000] "POST /xmlrpc.php HTTP/1.1" 200 5415 "-" "Jetpack by WordPress.com (Jetpack 12.0; WordPress 6.1)"
82.137.244.176 - - [21/Sep/2026:11:08:29 +0000] "POST /xmlrpc.php HTTP/1.1" 200 5415 "-" "Mozilla/5.0 (Windows NT 6.2; x64) AppleWebKit/537.36 (KHTML, like Gecko) Chrome/88.0.0.0 Safari/537.36"
116.193.128.202 - - [21/Sep/2026:11:08:38 +0000] "POST /xmlrpc.php HTTP/1.1" 200 5415 "-" "Jetpack by WordPress.com (Jetpack 12.5; WordPress 6.4)"
82.137.244.176 - - [21/Sep/2026:11:08:44 +0000] "POST /xmlrpc.php HTTP/1.1" 200 5415 "-" "Mozilla/5.0 (Windows NT 6.3; arm64) AppleWebKit/537.36 (KHTML, like Gecko) Safari/11.0.0.0 Safari/537.36"
116.193.128.202 - - [21/Sep/2026:11:08:49 +0000] "POST /xmlrpc.php HTTP/1.1" 200 5415 "-" "Jetpack/12.5; WordPress/6.4; http://site68166032.com"
82.137.244.176 - - [21/Sep/2026:11:08:58 +0000] "POST /xmlrpc.php HTTP/1.1" 200 5415 "-" "Mozilla/5.0 (Windows NT 10.0; x86) AppleWebKit/537.36 (KHTML, like Gecko) Safari/11.0.0.0 Safari/537.36"
116.193.128.202 - - [21/Sep/2026:11:09:00 +0000] "POST /xmlrpc.php HTTP/1.1" 200 5415 "-" "WordPress.com; https://wordpress.com"
116.193.128.202 - - [21/Sep/2026:11:09:10 +0000] "POST /xmlrpc.php HTTP/1.1" 200 5415 "-" "Jetpack/12.0; WordPress/6.3; http://site82064577.com"
77.68.25.176 - - [21/Sep/2026:11:09:13 +0000] "POST /wp-cron.php?doing_wp_cron=1789988953.3615620136260986328125 HTTP/1.1" 200 5041 "-" "WordPress/7.1.1; https://sacherconsultancy.com"
82.137.244.176 - - [21/Sep/2026:11:09:12 +0000] "POST /xmlrpc.php HTTP/1.1" 200 5415 "-" "Mozilla/5.0 (Linux; Android 10; x86) AppleWebKit/537.36 (KHTML, like Gecko) Opera/80.0.0.0 Safari/537.36"
116.193.128.202 - - [21/Sep/2026:11:09:21 +0000] "POST /xmlrpc.php HTTP/1.1" 200 5415 "-" "Jetpack/13.0; WordPress/6.3; http://site52243953.com"
82.137.244.176 - - [21/Sep/2026:11:09:28 +0000] "POST /xmlrpc.php HTTP/1.1" 200 5415 "-" "Mozilla/5.0 (Windows NT 10.0; x64) AppleWebKit/537.36 (KHTML, like Gecko) Safari/15.0.0.0 Safari/537.36"
116.193.128.202 - - [21/Sep/2026:11:09:32 +0000] "POST /xmlrpc.php HTTP/1.1" 200 5415 "-" "WordPress.com; https://wordpress.com"
82.137.244.176 - - [21/Sep/2026:11:09:40 +0000] "POST /xmlrpc.php HTTP/1.1" 200 5415 "-" "Mozilla/5.0 (Macintosh; Intel Mac OS X 10_15_7; arm64) AppleWebKit/537.36 (KHTML, like Gecko) Firefox/99.0.0.0 Safari/537.36"
116.193.128.202 - - [21/Sep/2026:11:09:42 +0000] "POST /xmlrpc.php HTTP/1.1" 200 5415 "-" "Jetpack/12.1; WordPress/6.4; http://site66495160.com"
116.193.128.202 - - [21/Sep/2026:11:09:53 +0000] "POST /xmlrpc.php HTTP/1.1" 200 5415 "-" "Jetpack by WordPress.com"
82.137.244.176 - - [21/Sep/2026:11:09:54 +0000] "POST /xmlrpc.php HTTP/1.1" 200 5415 "-" "Mozilla/5.0 (Windows NT 6.3; x64) AppleWebKit/537.36 (KHTML, like Gecko) Safari/10.0.0.0 Safari/537.36"
116.193.128.202 - - [21/Sep/2026:11:10:03 +0000] "POST /xmlrpc.php HTTP/1.1" 200 5415 "-" "Jetpack by WordPress.com"
82.137.244.176 - - [21/Sep/2026:11:10:08 +0000] "POST /xmlrpc.php HTTP/1.1" 200 5415 "-" "Mozilla/5.0 (Linux; Android 10; x64) AppleWebKit/537.36 (KHTML, like Gecko) Safari/15.0.0.0 Safari/537.36"
77.68.25.176 - - [21/Sep/2026:11:10:14 +0000] "POST /wp-cron.php?doing_wp_cron=1789989014.7829849720001220703125 HTTP/1.1" 200 5041 "-" "WordPress/7.1.1; https://sacherconsultancy.com"
116.193.128.202 - - [21/Sep/2026:11:10:14 +0000] "POST /xmlrpc.php HTTP/1.1" 200 5415 "-" "WordPress.com; https://wordpress.com"
82.137.244.176 - - [21/Sep/2026:11:10:21 +0000] "POST /xmlrpc.php HTTP/1.1" 200 5415 "-" "Mozilla/5.0 (X11; Ubuntu; Linux x86_64; x64) AppleWebKit/537.36 (KHTML, like Gecko) Opera/66.0.0.0 Safari/537.36"
116.193.128.202 - - [21/Sep/2026:11:10:24 +0000] "POST /xmlrpc.php HTTP/1.1" 200 5415 "-" "WordPress.com; https://wordpress.com"
82.137.244.176 - - [21/Sep/2026:11:10:35 +0000] "POST /xmlrpc.php HTTP/1.1" 200 5415 "-" "Mozilla/5.0 (X11; Ubuntu; Linux x86_64; x86) AppleWebKit/537.36 (KHTML, like Gecko) Chrome/97.0.0.0 Safari/537.36"
116.193.128.202 - - [21/Sep/2026:11:10:35 +0000] "POST /xmlrpc.php HTTP/1.1" 200 5415 "-" "Jetpack/13.0; WordPress/6.1; http://site66537716.com"
116.193.128.202 - - [21/Sep/2026:11:10:45 +0000] "POST /xmlrpc.php HTTP/1.1" 200 5415 "-" "WordPress.com; https://wordpress.com"
82.137.244.176 - - [21/Sep/2026:11:10:48 +0000] "POST /xmlrpc.php HTTP/1.1" 200 5415 "-" "Mozilla/5.0 (Macintosh; Intel Mac OS X 10_15_7; arm64) AppleWebKit/537.36 (KHTML, like Gecko) Chrome/95.0.0.0 Safari/537.36"
116.193.128.202 - - [21/Sep/2026:11:10:56 +0000] "POST /xmlrpc.php HTTP/1.1" 200 5415 "-" "Jetpack by WordPress.com (Jetpack 13.0; WordPress 6.4)"
82.137.244.176 - - [21/Sep/2026:11:11:03 +0000] "POST /xmlrpc.php HTTP/1.1" 200 5415 "-" "Mozilla/5.0 (Windows NT 6.3; x64) AppleWebKit/537.36 (KHTML, like Gecko) Opera/72.0.0.0 Safari/537.36"
116.193.128.202 - - [21/Sep/2026:11:11:07 +0000] "POST /xmlrpc.php HTTP/1.1" 200 5415 "-" "Jetpack by WordPress.com (Jetpack 12.1; WordPress 6.3)"
74.7.228.58 - - [21/Sep/2026:11:11:11 +0000] "GET /robots.txt HTTP/1.1" 200 5199 "-" "Mozilla/5.0 (Macintosh; Intel Mac OS X 10_15_7) AppleWebKit/537.36 (KHTML, like Gecko) Chrome/131.0.0.0 Safari/537.36; compatible; OAI-SearchBot/1.4; robots.txt; +https://openai.com/searchbot"
74.7.227.168 - - [21/Sep/2026:11:11:11 +0000] "GET /sitemap.rss HTTP/1.1" 200 5920 "-" "Mozilla/5.0 AppleWebKit/537.36 (KHTML, like Gecko; compatible; GPTBot/1.4; +https://openai.com/gptbot)"
77.68.25.176 - - [21/Sep/2026:11:11:16 +0000] "POST /wp-cron.php?doing_wp_cron=1789989076.7395980358123779296875 HTTP/1.1" 200 5041 "-" "WordPress/7.1.1; https://sacherconsultancy.com"
82.137.244.176 - - [21/Sep/2026:11:11:16 +0000] "POST /xmlrpc.php HTTP/1.1" 200 5415 "-" "Mozilla/5.0 (Windows NT 6.3; x86) AppleWebKit/537.36 (KHTML, like Gecko) Opera/77.0.0.0 Safari/537.36"
116.193.128.202 - - [21/Sep/2026:11:11:17 +0000] "POST /xmlrpc.php HTTP/1.1" 200 5415 "-" "Jetpack by WordPress.com (Jetpack 13.0; WordPress 6.4)"
116.193.128.202 - - [21/Sep/2026:11:11:28 +0000] "POST /xmlrpc.php HTTP/1.1" 200 5415 "-" "WordPress.com; https://wordpress.com"
82.137.244.176 - - [21/Sep/2026:11:11:29 +0000] "POST /xmlrpc.php HTTP/1.1" 200 5415 "-" "Mozilla/5.0 (Windows NT 6.2; x64) AppleWebKit/537.36 (KHTML, like Gecko) Chrome/104.0.0.0 Safari/537.36"
74.7.227.168 - - [21/Sep/2026:11:11:31 +0000] "GET /sitemap.xml HTTP/1.1" 200 5382 "-" "Mozilla/5.0 AppleWebKit/537.36 (KHTML, like Gecko; compatible; GPTBot/1.4; +https://openai.com/gptbot)"
116.193.128.202 - - [21/Sep/2026:11:11:38 +0000] "POST /xmlrpc.php HTTP/1.1" 200 5415 "-" "WordPress.com; https://wordpress.com"
82.137.244.176 - - [21/Sep/2026:11:11:42 +0000] "POST /xmlrpc.php HTTP/1.1" 200 5415 "-" "Mozilla/5.0 (Windows NT 6.3; x86) AppleWebKit/537.36 (KHTML, like Gecko) Firefox/86.0.0.0 Safari/537.36"
116.193.128.202 - - [21/Sep/2026:11:11:49 +0000] "POST /xmlrpc.php HTTP/1.1" 200 5415 "-" "Jetpack/12.1; WordPress/6.3; http://site30107993.com"
82.137.244.176 - - [21/Sep/2026:11:11:56 +0000] "POST /xmlrpc.php HTTP/1.1" 200 5415 "-" "Mozilla/5.0 (Linux; Android 10; x86) AppleWebKit/537.36 (KHTML, like Gecko) Safari/15.0.0.0 Safari/537.36"
116.193.128.202 - - [21/Sep/2026:11:12:00 +0000] "POST /xmlrpc.php HTTP/1.1" 200 5415 "-" "Jetpack by WordPress.com (Jetpack 12.0; WordPress 6.3)"
116.193.128.202 - - [21/Sep/2026:11:12:10 +0000] "POST /xmlrpc.php HTTP/1.1" 200 5415 "-" "Jetpack/12.1; WordPress/6.4; http://site77455792.com"
77.68.25.176 - - [21/Sep/2026:11:12:12 +0000] "POST /wp-cron.php?doing_wp_cron=1789989132.4565110206604003906250 HTTP/1.1" 200 5041 "-" "WordPress/7.1.1; https://sacherconsultancy.com"
82.137.244.176 - - [21/Sep/2026:11:12:12 +0000] "POST /xmlrpc.php HTTP/1.1" 200 5415 "-" "Mozilla/5.0 (X11; Ubuntu; Linux x86_64; x86) AppleWebKit/537.36 (KHTML, like Gecko) Firefox/85.0.0.0 Safari/537.36"
54.39.89.147 - - [21/Sep/2026:11:12:19 +0000] "GET /robots.txt HTTP/1.1" 200 5199 "-" "Mozilla/5.0 (compatible; AhrefsBot/7.0; +http://ahrefs.com/robot/)"
51.89.69.42 - - [21/Sep/2026:11:12:19 +0000] "GET /sitemap.rss HTTP/1.1" 200 5920 "-" "Mozilla/5.0 (compatible; AhrefsBot/7.0; +http://ahrefs.com/robot/)"
116.193.128.202 - - [21/Sep/2026:11:12:21 +0000] "POST /xmlrpc.php HTTP/1.1" 200 5415 "-" "Jetpack by WordPress.com (Jetpack 13.0; WordPress 6.3)"
82.137.244.176 - - [21/Sep/2026:11:12:28 +0000] "POST /xmlrpc.php HTTP/1.1" 200 5415 "-" "Mozilla/5.0 (Windows NT 6.3; x64) AppleWebKit/537.36 (KHTML, like Gecko) Chrome/94.0.0.0 Safari/537.36"
116.193.128.202 - - [21/Sep/2026:11:12:31 +0000] "POST /xmlrpc.php HTTP/1.1" 200 5415 "-" "Jetpack/12.5; WordPress/6.4; http://site47963918.com"
116.193.128.202 - - [21/Sep/2026:11:12:42 +0000] "POST /xmlrpc.php HTTP/1.1" 200 5415 "-" "Jetpack by WordPress.com"
82.137.244.176 - - [21/Sep/2026:11:12:44 +0000] "POST /xmlrpc.php HTTP/1.1" 200 5415 "-" "Mozilla/5.0 (Windows NT 10.0; arm64) AppleWebKit/537.36 (KHTML, like Gecko) Edge/97.0.0.0 Safari/537.36"
116.193.128.202 - - [21/Sep/2026:11:12:53 +0000] "POST /xmlrpc.php HTTP/1.1" 200 5415 "-" "WordPress.com; https://wordpress.com"
82.137.244.176 - - [21/Sep/2026:11:12:58 +0000] "POST /xmlrpc.php HTTP/1.1" 200 5415 "-" "Mozilla/5.0 (X11; Ubuntu; Linux x86_64; arm64) AppleWebKit/537.36 (KHTML, like Gecko) Opera/79.0.0.0 Safari/537.36"
116.193.128.202 - - [21/Sep/2026:11:13:03 +0000] "POST /xmlrpc.php HTTP/1.1" 200 5415 "-" "WordPress.com; https://wordpress.com"
82.137.244.176 - - [21/Sep/2026:11:13:10 +0000] "POST /xmlrpc.php HTTP/1.1" 200 5415 "-" "Mozilla/5.0 (X11; Ubuntu; Linux x86_64; arm64) AppleWebKit/537.36 (KHTML, like Gecko) Opera/75.0.0.0 Safari/537.36"
77.68.25.176 - - [21/Sep/2026:11:13:14 +0000] "POST /wp-cron.php?doing_wp_cron=1789989194.6349079608917236328125 HTTP/1.1" 200 5041 "-" "WordPress/7.1.1; https://sacherconsultancy.com"
116.193.128.202 - - [21/Sep/2026:11:13:14 +0000] "POST /xmlrpc.php HTTP/1.1" 200 5415 "-" "Jetpack by WordPress.com (Jetpack 12.0; WordPress 6.2)"
82.137.244.176 - - [21/Sep/2026:11:13:22 +0000] "POST /xmlrpc.php HTTP/1.1" 200 5415 "-" "Mozilla/5.0 (Windows NT 10.0; arm64) AppleWebKit/537.36 (KHTML, like Gecko) Firefox/76.0.0.0 Safari/537.36"
116.193.128.202 - - [21/Sep/2026:11:13:24 +0000] "POST /xmlrpc.php HTTP/1.1" 200 5415 "-" "Jetpack by WordPress.com"
82.137.244.176 - - [21/Sep/2026:11:13:35 +0000] "POST /xmlrpc.php HTTP/1.1" 200 5415 "-" "Mozilla/5.0 (Linux; Android 10; x86) AppleWebKit/537.36 (KHTML, like Gecko) Opera/67.0.0.0 Safari/537.36"
116.193.128.202 - - [21/Sep/2026:11:13:35 +0000] "POST /xmlrpc.php HTTP/1.1" 200 5415 "-" "Jetpack by WordPress.com (Jetpack 12.5; WordPress 6.2)"
116.193.128.202 - - [21/Sep/2026:11:13:46 +0000] "POST /xmlrpc.php HTTP/1.1" 200 5415 "-" "WordPress.com; https://wordpress.com"
82.137.244.176 - - [21/Sep/2026:11:13:46 +0000] "POST /xmlrpc.php HTTP/1.1" 200 5415 "-" "Mozilla/5.0 (Windows NT 10.0; x64) AppleWebKit/537.36 (KHTML, like Gecko) Safari/11.0.0.0 Safari/537.36"
116.193.128.202 - - [21/Sep/2026:11:13:56 +0000] "POST /xmlrpc.php HTTP/1.1" 200 5415 "-" "Jetpack by WordPress.com"
82.137.244.176 - - [21/Sep/2026:11:14:02 +0000] "POST /xmlrpc.php HTTP/1.1" 200 5415 "-" "Mozilla/5.0 (Linux; Android 10; arm64) AppleWebKit/537.36 (KHTML, like Gecko) Edge/80.0.0.0 Safari/537.36"
116.193.128.202 - - [21/Sep/2026:11:14:07 +0000] "POST /xmlrpc.php HTTP/1.1" 200 5415 "-" "WordPress.com; https://wordpress.com"
77.68.25.176 - - [21/Sep/2026:11:14:15 +0000] "POST /wp-cron.php?doing_wp_cron=1789989255.8712370395660400390625 HTTP/1.1" 200 5041 "-" "WordPress/7.1.1; https://sacherconsultancy.com"
82.137.244.176 - - [21/Sep/2026:11:14:15 +0000] "POST /xmlrpc.php HTTP/1.1" 200 5415 "-" "Mozilla/5.0 (X11; Ubuntu; Linux x86_64; x64) AppleWebKit/537.36 (KHTML, like Gecko) Safari/11.0.0.0 Safari/537.36"
116.193.128.202 - - [21/Sep/2026:11:14:17 +0000] "POST /xmlrpc.php HTTP/1.1" 200 5415 "-" "Jetpack by WordPress.com"
82.137.244.176 - - [21/Sep/2026:11:14:28 +0000] "POST /xmlrpc.php HTTP/1.1" 200 5415 "-" "Mozilla/5.0 (Windows NT 6.3; x86) AppleWebKit/537.36 (KHTML, like Gecko) Firefox/73.0.0.0 Safari/537.36"
116.193.128.202 - - [21/Sep/2026:11:14:28 +0000] "POST /xmlrpc.php HTTP/1.1" 200 5415 "-" "Jetpack by WordPress.com (Jetpack 13.0; WordPress 6.4)"
116.193.128.202 - - [21/Sep/2026:11:14:39 +0000] "POST /xmlrpc.php HTTP/1.1" 200 5415 "-" "WordPress.com; https://wordpress.com"
82.137.244.176 - - [21/Sep/2026:11:14:42 +0000] "POST /xmlrpc.php HTTP/1.1" 200 5415 "-" "Mozilla/5.0 (Linux; Android 10; arm64) AppleWebKit/537.36 (KHTML, like Gecko) Safari/13.0.0.0 Safari/537.36"
136.66.94.245 - - [21/Sep/2026:11:14:48 +0000] "GET /000.php HTTP/1.1" 403 5806 "http://sacherconsultancy.com/000.php" "Go-http-client/2.0"
136.66.94.245 - - [21/Sep/2026:11:14:48 +0000] "GET /wp-content/about.php HTTP/1.1" 403 5806 "http://sacherconsultancy.com/wp-content/about.php" "Go-http-client/2.0"
