34.156.249.47 - - [21/Sep/2026:15:24:14 +0000] "GET /app/config/pimcore/google-api-private-key.json HTTP/1.1" 404 13377 "-" "Mozilla/5.0 (Windows NT 10.0; Win64; x64) AppleWebKit/537.36"
34.156.249.47 - - [21/Sep/2026:15:24:15 +0000] "GET /db.sqlite HTTP/1.1" 404 120999 "-" "Mozilla/5.0 (Windows NT 10.0; Win64; x64) AppleWebKit/537.36"
34.156.249.47 - - [21/Sep/2026:15:24:14 +0000] "GET /mcp/ HTTP/1.1" 404 13377 "-" "Mozilla/5.0 (Windows NT 10.0; Win64; x64) AppleWebKit/537.36"
34.156.249.47 - - [21/Sep/2026:15:24:15 +0000] "GET /Makefile HTTP/1.1" 404 120991 "-" "Mozilla/5.0 (Windows NT 10.0; Win64; x64) AppleWebKit/537.36"
34.156.249.47 - - [21/Sep/2026:15:24:14 +0000] "GET /web.config HTTP/1.1" 404 13377 "-" "Mozilla/5.0 (Windows NT 10.0; Win64; x64) AppleWebKit/537.36"
34.156.249.47 - - [21/Sep/2026:15:24:15 +0000] "GET /sftp-config.json HTTP/1.1" 404 13377 "-" "Mozilla/5.0 (Windows NT 10.0; Win64; x64) AppleWebKit/537.36"
34.156.249.47 - - [21/Sep/2026:15:24:15 +0000] "GET /.github/workflows/coverage.yml HTTP/1.1" 404 13377 "-" "Mozilla/5.0 (Windows NT 10.0; Win64; x64) AppleWebKit/537.36"
34.156.249.47 - - [21/Sep/2026:15:24:16 +0000] "GET /horizon/api/stats HTTP/1.1" 404 13377 "-" "Mozilla/5.0 (Windows NT 10.0; Win64; x64) AppleWebKit/537.36"
34.156.249.47 - - [21/Sep/2026:15:24:16 +0000] "GET /.composer/auth.json HTTP/1.1" 404 13377 "-" "Mozilla/5.0 (Windows NT 10.0; Win64; x64) AppleWebKit/537.36"
34.156.249.47 - - [21/Sep/2026:15:24:16 +0000] "GET /credentials.go HTTP/1.1" 404 13377 "-" "Mozilla/5.0 (Windows NT 10.0; Win64; x64) AppleWebKit/537.36"
34.156.249.47 - - [21/Sep/2026:15:24:16 +0000] "GET /env-config.js HTTP/1.1" 404 13377 "-" "Mozilla/5.0 (Windows NT 10.0; Win64; x64) AppleWebKit/537.36"
34.156.249.47 - - [21/Sep/2026:15:24:17 +0000] "GET /.env-dev HTTP/1.1" 404 13377 "-" "Mozilla/5.0 (Windows NT 10.0; Win64; x64) AppleWebKit/537.36"
34.156.249.47 - - [21/Sep/2026:15:24:17 +0000] "GET /.env.local.swp HTTP/1.1" 404 13377 "-" "Mozilla/5.0 (Windows NT 10.0; Win64; x64) AppleWebKit/537.36"
34.156.249.47 - - [21/Sep/2026:15:24:16 +0000] "GET /src/config/stripe.ts HTTP/1.1" 404 13377 "-" "Mozilla/5.0 (Windows NT 10.0; Win64; x64) AppleWebKit/537.36"
34.156.249.47 - - [21/Sep/2026:15:24:17 +0000] "GET /developer/.env HTTP/1.1" 404 13377 "-" "Mozilla/5.0 (Windows NT 10.0; Win64; x64) AppleWebKit/537.36"
34.156.249.47 - - [21/Sep/2026:15:24:17 +0000] "GET /config/environment.json HTTP/1.1" 404 13377 "-" "Mozilla/5.0 (Windows NT 10.0; Win64; x64) AppleWebKit/537.36"
34.156.249.47 - - [21/Sep/2026:15:24:17 +0000] "GET /mysqldump.sql HTTP/1.1" 404 13377 "-" "Mozilla/5.0 (Windows NT 10.0; Win64; x64) AppleWebKit/537.36"
34.156.249.47 - - [21/Sep/2026:15:24:17 +0000] "GET /config.properties HTTP/1.1" 404 13377 "-" "Mozilla/5.0 (Windows NT 10.0; Win64; x64) AppleWebKit/537.36"
34.156.249.47 - - [21/Sep/2026:15:24:17 +0000] "GET /storage/ovh-backups.json HTTP/1.1" 404 13377 "-" "Mozilla/5.0 (Windows NT 10.0; Win64; x64) AppleWebKit/537.36"
34.156.249.47 - - [21/Sep/2026:15:24:18 +0000] "GET /app/config/parameters.ini HTTP/1.1" 404 13377 "-" "Mozilla/5.0 (Windows NT 10.0; Win64; x64) AppleWebKit/537.36"
34.156.249.47 - - [21/Sep/2026:15:24:18 +0000] "GET /build.sh HTTP/1.1" 404 13377 "-" "Mozilla/5.0 (Windows NT 10.0; Win64; x64) AppleWebKit/537.36"
34.156.249.47 - - [21/Sep/2026:15:24:18 +0000] "GET /.env.development.example HTTP/1.1" 404 13377 "-" "Mozilla/5.0 (Windows NT 10.0; Win64; x64) AppleWebKit/537.36"
34.156.249.47 - - [21/Sep/2026:15:24:18 +0000] "GET /user-config.json HTTP/1.1" 404 13377 "-" "Mozilla/5.0 (Windows NT 10.0; Win64; x64) AppleWebKit/537.36"
34.156.249.47 - - [21/Sep/2026:15:24:19 +0000] "GET /.bashrc HTTP/1.1" 404 13377 "-" "Mozilla/5.0 (Windows NT 10.0; Win64; x64) AppleWebKit/537.36"
34.156.249.47 - - [21/Sep/2026:15:24:19 +0000] "GET /.pgpass HTTP/1.1" 404 13377 "-" "Mozilla/5.0 (Windows NT 10.0; Win64; x64) AppleWebKit/537.36"
34.156.249.47 - - [21/Sep/2026:15:24:19 +0000] "GET /_profiler/ HTTP/1.1" 404 13377 "-" "Mozilla/5.0 (Windows NT 10.0; Win64; x64) AppleWebKit/537.36"
34.156.249.47 - - [21/Sep/2026:15:24:19 +0000] "GET /Guardfile HTTP/1.1" 404 13377 "-" "Mozilla/5.0 (Windows NT 10.0; Win64; x64) AppleWebKit/537.36"
34.156.249.47 - - [21/Sep/2026:15:24:19 +0000] "GET /credentials.ts HTTP/1.1" 404 13377 "-" "Mozilla/5.0 (Windows NT 10.0; Win64; x64) AppleWebKit/537.36"
77.68.25.176 - - [21/Sep/2026:15:26:08 +0000] "POST /wp-cron.php?doing_wp_cron=1790004368.8815391063690185546875 HTTP/1.1" 200 5041 "-" "WordPress/7.1.1; https://sacherconsultancy.com"
23.111.14.115 - - [21/Sep/2026:15:26:08 +0000] "POST /wp-login.php HTTP/1.1" 200 16173 "https://sacherconsultancy.com/wp-login.php" "Mozilla/5.0 (Windows NT 10.0; Win64; x64) AppleWebKit/537.36 (KHTML, like Gecko) Chrome/124.0.0.0 Safari/537.36"
77.68.25.176 - - [21/Sep/2026:15:26:44 +0000] "POST /wp-cron.php?doing_wp_cron=1790004404.1110389232635498046875 HTTP/1.1" 200 5041 "-" "WordPress/7.1.1; https://sacherconsultancy.com"
69.57.172.4 - - [21/Sep/2026:15:26:43 +0000] "POST /wp-login.php HTTP/1.1" 200 16225 "https://sacherconsultancy.com/wp-login.php" "Mozilla/5.0 (Windows NT 10.0; Win64; x64) AppleWebKit/537.36 (KHTML, like Gecko) Chrome/124.0.0.0 Safari/537.36"
77.68.25.176 - - [21/Sep/2026:15:27:49 +0000] "POST /wp-cron.php?doing_wp_cron=1790004469.4089570045471191406250 HTTP/1.1" 200 5041 "-" "WordPress/7.1.1; https://sacherconsultancy.com"
216.73.217.123 - - [21/Sep/2026:15:27:49 +0000] "GET /robots.txt HTTP/1.1" 200 5199 "-" "Mozilla/5.0 AppleWebKit/537.36 (KHTML, like Gecko; compatible; ClaudeBot/1.0; +claudebot@anthropic.com)"
216.73.217.123 - - [21/Sep/2026:15:27:49 +0000] "GET /sitemap.rss HTTP/1.1" 200 5922 "-" "Mozilla/5.0 AppleWebKit/537.36 (KHTML, like Gecko; compatible; ClaudeBot/1.0; +claudebot@anthropic.com)"
77.68.25.176 - - [21/Sep/2026:15:30:57 +0000] "POST /wp-cron.php?doing_wp_cron=1790004657.1564719676971435546875 HTTP/1.1" 200 5041 "-" "WordPress/7.1.1; https://sacherconsultancy.com"
75.119.130.216 - - [21/Sep/2026:15:30:56 +0000] "POST /wp-login.php HTTP/1.1" 200 16173 "https://sacherconsultancy.com/wp-login.php" "Mozilla/5.0 (Windows NT 10.0; Win64; x64) AppleWebKit/537.36 (KHTML, like Gecko) Chrome/124.0.0.0 Safari/537.36"
77.68.25.176 - - [21/Sep/2026:15:31:21 +0000] "POST /wp-cron.php?doing_wp_cron=1790004681.0531859397888183593750 HTTP/1.1" 200 5041 "-" "WordPress/7.1.1; https://sacherconsultancy.com"
216.73.217.123 - - [21/Sep/2026:15:31:20 +0000] "GET /sitemap.xml HTTP/1.1" 200 5383 "-" "Mozilla/5.0 AppleWebKit/537.36 (KHTML, like Gecko; compatible; ClaudeBot/1.0; +claudebot@anthropic.com)"
77.68.25.176 - - [21/Sep/2026:15:39:17 +0000] "POST /wp-cron.php?doing_wp_cron=1790005157.1836988925933837890625 HTTP/1.1" 200 5041 "-" "WordPress/7.1.1; https://sacherconsultancy.com"
129.212.220.28 - - [21/Sep/2026:15:39:16 +0000] "GET / HTTP/1.1" 200 25152 "-" "TLDWPBot/1.0 (+https://tldwp.com/about.php)"
77.68.25.176 - - [21/Sep/2026:15:41:29 +0000] "POST /wp-cron.php?doing_wp_cron=1790005289.9186239242553710937500 HTTP/1.1" 200 5041 "-" "WordPress/7.1.1; https://sacherconsultancy.com"
129.212.220.28 - - [21/Sep/2026:15:41:29 +0000] "GET /wp-json/wp/v2/posts?per_page=100&_fields=content,excerpt HTTP/1.1" 200 5338 "-" "TLDWPBot/1.0 (+https://tldwp.com/about.php)"
77.68.25.176 - - [21/Sep/2026:15:46:09 +0000] "POST /wp-cron.php?doing_wp_cron=1790005569.7981529235839843750000 HTTP/1.1" 200 5041 "-" "WordPress/7.1.1; https://sacherconsultancy.com"
94.154.43.146 - - [21/Sep/2026:15:46:09 +0000] "GET / HTTP/1.1" 200 136573 "-" "Mozilla/5.0 (Windows NT 10.0; Win64; x64) AppleWebKit/537.36 (KHTML, like Gecko) Chrome/147.0.0.0 Safari/537.36"
77.68.25.176 - - [21/Sep/2026:15:47:10 +0000] "POST /wp-cron.php?doing_wp_cron=1790005630.8608140945434570312500 HTTP/1.1" 200 5041 "-" "WordPress/7.1.1; https://sacherconsultancy.com"
75.119.130.216 - - [21/Sep/2026:15:47:10 +0000] "POST /wp-login.php HTTP/1.1" 200 16181 "https://sacherconsultancy.com/wp-login.php" "Mozilla/5.0 (Windows NT 10.0; Win64; x64) AppleWebKit/537.36 (KHTML, like Gecko) Chrome/124.0.0.0 Safari/537.36"
77.68.25.176 - - [21/Sep/2026:15:49:08 +0000] "POST /wp-cron.php?doing_wp_cron=1790005748.5656559467315673828125 HTTP/1.1" 200 5041 "-" "WordPress/7.1.1; https://sacherconsultancy.com"
5.39.1.224 - - [21/Sep/2026:15:49:08 +0000] "GET /robots.txt HTTP/1.1" 200 5199 "-" "Mozilla/5.0 (compatible; AhrefsBot/7.0; +http://ahrefs.com/robot/)"
51.89.71.152 - - [21/Sep/2026:15:49:08 +0000] "GET /sitemap.rss HTTP/1.1" 200 5921 "-" "Mozilla/5.0 (compatible; AhrefsBot/7.0; +http://ahrefs.com/robot/)"
77.68.25.176 - - [21/Sep/2026:15:49:50 +0000] "POST /wp-cron.php?doing_wp_cron=1790005790.5464351177215576171875 HTTP/1.1" 200 5041 "-" "WordPress/7.1.1; https://sacherconsultancy.com"
23.111.14.115 - - [21/Sep/2026:15:49:50 +0000] "POST /wp-login.php HTTP/1.1" 200 16181 "https://sacherconsultancy.com/wp-login.php" "Mozilla/5.0 (Windows NT 10.0; Win64; x64) AppleWebKit/537.36 (KHTML, like Gecko) Chrome/124.0.0.0 Safari/537.36"
129.212.220.28 - - [21/Sep/2026:15:50:21 +0000] "GET /wp-content/themes/earna/style.css HTTP/1.1" 200 5339 "-" "TLDWPBot/1.0 (+https://tldwp.com/about.php)"
77.68.25.176 - - [21/Sep/2026:15:50:31 +0000] "POST /wp-cron.php?doing_wp_cron=1790005831.5001499652862548828125 HTTP/1.1" 200 5041 "-" "WordPress/7.1.1; https://sacherconsultancy.com"
129.212.220.28 - - [21/Sep/2026:15:50:31 +0000] "GET /wp-content/debug.log HTTP/1.1" 404 121095 "-" "TLDWPBot/1.0 (+https://tldwp.com/about.php)"
129.212.220.28 - - [21/Sep/2026:15:50:41 +0000] "GET /error_log HTTP/1.1" 404 120999 "-" "TLDWPBot/1.0 (+https://tldwp.com/about.php)"
129.212.220.28 - - [21/Sep/2026:15:50:52 +0000] "GET /wp-admin/install.php HTTP/1.1" 403 5806 "-" "TLDWPBot/1.0 (+https://tldwp.com/about.php)"
129.212.220.28 - - [21/Sep/2026:15:50:59 +0000] "GET /xmlrpc.php HTTP/1.1" 405 5039 "-" "TLDWPBot/1.0 (+https://tldwp.com/about.php)"
129.212.220.28 - - [21/Sep/2026:15:51:06 +0000] "GET /phpinfo.php HTTP/1.1" 403 5806 "-" "TLDWPBot/1.0 (+https://tldwp.com/about.php)"
129.212.220.28 - - [21/Sep/2026:15:51:17 +0000] "GET /info.php HTTP/1.1" 403 5806 "-" "TLDWPBot/1.0 (+https://tldwp.com/about.php)"
129.212.220.28 - - [21/Sep/2026:15:51:28 +0000] "GET /wp-content/ HTTP/1.1" 200 4948 "-" "TLDWPBot/1.0 (+https://tldwp.com/about.php)"
77.68.25.176 - - [21/Sep/2026:15:51:37 +0000] "POST /wp-cron.php?doing_wp_cron=1790005897.5854730606079101562500 HTTP/1.1" 200 5041 "-" "WordPress/7.1.1; https://sacherconsultancy.com"
129.212.220.28 - - [21/Sep/2026:15:51:37 +0000] "GET /dev/ HTTP/1.1" 404 120951 "-" "TLDWPBot/1.0 (+https://tldwp.com/about.php)"
129.212.220.28 - - [21/Sep/2026:15:51:47 +0000] "GET /test/ HTTP/1.1" 404 120959 "-" "TLDWPBot/1.0 (+https://tldwp.com/about.php)"
129.212.220.28 - - [21/Sep/2026:15:51:58 +0000] "GET /staging/ HTTP/1.1" 404 120983 "-" "TLDWPBot/1.0 (+https://tldwp.com/about.php)"
129.212.220.28 - - [21/Sep/2026:15:52:09 +0000] "GET /backup/ HTTP/1.1" 404 120975 "-" "TLDWPBot/1.0 (+https://tldwp.com/about.php)"
77.68.25.176 - - [21/Sep/2026:15:52:21 +0000] "POST /wp-cron.php?doing_wp_cron=1790005941.8444049358367919921875 HTTP/1.1" 200 5041 "-" "WordPress/7.1.1; https://sacherconsultancy.com"
129.212.220.28 - - [21/Sep/2026:15:52:21 +0000] "GET /old/ HTTP/1.1" 404 120951 "-" "TLDWPBot/1.0 (+https://tldwp.com/about.php)"
129.212.220.28 - - [21/Sep/2026:15:52:32 +0000] "GET /wp-json/wp/v2/users HTTP/1.1" 500 8255 "-" "TLDWPBot/1.0 (+https://tldwp.com/about.php)"
129.212.220.28 - - [21/Sep/2026:15:52:42 +0000] "GET /?author=1 HTTP/1.1" 301 5047 "-" "TLDWPBot/1.0 (+https://tldwp.com/about.php)"
69.57.172.4 - - [21/Sep/2026:15:52:51 +0000] "POST /wp-login.php HTTP/1.1" 200 16225 "https://sacherconsultancy.com/wp-login.php" "Mozilla/5.0 (Windows NT 10.0; Win64; x64) AppleWebKit/537.36 (KHTML, like Gecko) Chrome/124.0.0.0 Safari/537.36"
77.68.25.176 - - [21/Sep/2026:15:54:17 +0000] "POST /wp-cron.php?doing_wp_cron=1790006057.0294470787048339843750 HTTP/1.1" 200 5041 "-" "WordPress/7.1.1; https://sacherconsultancy.com"
75.119.130.216 - - [21/Sep/2026:15:54:16 +0000] "POST /wp-login.php HTTP/1.1" 200 16175 "https://sacherconsultancy.com/wp-login.php" "Mozilla/5.0 (Windows NT 10.0; Win64; x64) AppleWebKit/537.36 (KHTML, like Gecko) Chrome/124.0.0.0 Safari/537.36"
66.249.77.160 - - [21/Sep/2026:15:54:30 +0000] "GET /category/item/ewwp5lkcl5k6zi1.shtml HTTP/1.1" 404 121411 "-" "Mozilla/5.0 (Linux; Android 6.0.1; Nexus 5X Build/MMB29P) AppleWebKit/537.36 (KHTML, like Gecko) Chrome/153.0.8010.47 Mobile Safari/537.36 (compatible; Googlebot/2.1; +http://www.google.com/bot.html)"
77.68.25.176 - - [21/Sep/2026:15:56:21 +0000] "POST /wp-cron.php?doing_wp_cron=1790006180.9883029460906982421875 HTTP/1.1" 200 5041 "-" "WordPress/7.1.1; https://sacherconsultancy.com"
160.191.89.83 - - [21/Sep/2026:15:56:20 +0000] "POST /wp-login.php HTTP/1.1" 200 16225 "https://sacherconsultancy.com/wp-login.php" "Mozilla/5.0 (Windows NT 10.0; Win64; x64) AppleWebKit/537.36 (KHTML, like Gecko) Chrome/124.0.0.0 Safari/537.36"
77.68.25.176 - - [21/Sep/2026:15:57:17 +0000] "POST /wp-cron.php?doing_wp_cron=1790006237.8518850803375244140625 HTTP/1.1" 200 5041 "-" "WordPress/7.1.1; https://sacherconsultancy.com"
57.141.0.27 - - [21/Sep/2026:15:57:17 +0000] "GET /sitemap.txt HTTP/1.1" 302 5030 "-" "Mozilla/5.0 (Windows NT 10.0; Win64; x64) AppleWebKit/537.36 (KHTML, like Gecko) Chrome/145.0.0.0 Safari/537.36 (compatible; meta-webindexer/1.1 (+https://developers.facebook.com/docs/sharing/webmasters/crawler))"
57.141.0.29 - - [21/Sep/2026:15:57:19 +0000] "GET /sitemap.xml HTTP/1.1" 200 5383 "-" "Mozilla/5.0 (Windows NT 10.0; Win64; x64) AppleWebKit/537.36 (KHTML, like Gecko) Chrome/145.0.0.0 Safari/537.36 (compatible; meta-webindexer/1.1 (+https://developers.facebook.com/docs/sharing/webmasters/crawler))"
77.68.25.176 - - [21/Sep/2026:15:59:02 +0000] "POST /wp-cron.php?doing_wp_cron=1790006342.0084869861602783203125 HTTP/1.1" 200 5041 "-" "WordPress/7.1.1; https://sacherconsultancy.com"
23.111.14.115 - - [21/Sep/2026:15:59:01 +0000] "POST /wp-login.php HTTP/1.1" 200 16181 "https://sacherconsultancy.com/wp-login.php" "Mozilla/5.0 (Windows NT 10.0; Win64; x64) AppleWebKit/537.36 (KHTML, like Gecko) Chrome/124.0.0.0 Safari/537.36"
77.68.25.176 - - [21/Sep/2026:16:01:17 +0000] "POST /wp-cron.php?doing_wp_cron=1790006477.5683150291442871093750 HTTP/1.1" 200 5041 "-" "WordPress/7.1.1; https://sacherconsultancy.com"
103.110.84.178 - - [21/Sep/2026:16:01:17 +0000] "POST /xmlrpc.php HTTP/1.1" 200 5223 "-" "Mozilla/5.0 (Windows NT 10.0; Win64; x64) AppleWebKit/537.36 (KHTML, like Gecko) Chrome/142.0.0.0 Safari/537.36"
77.68.25.176 - - [21/Sep/2026:16:04:36 +0000] "POST /wp-cron.php?doing_wp_cron=1790006676.3798320293426513671875 HTTP/1.1" 200 5041 "-" "WordPress/7.1.1; https://sacherconsultancy.com"
198.98.59.181 - - [21/Sep/2026:16:04:35 +0000] "GET /wp-login.php HTTP/1.1" 200 15722 "-" "Mozilla/5.0 (Windows NT 6.1) AppleWebKit/537.36 (KHTML, like Gecko) Chrome/35.0.1916.153 Safari/537.36"
198.98.59.181 - - [21/Sep/2026:16:04:36 +0000] "POST /wp-login.php HTTP/1.1" 200 16250 "-" "Mozilla/5.0 (Windows NT 6.1) AppleWebKit/537.36 (KHTML, like Gecko) Chrome/35.0.1916.153 Safari/537.36"
77.68.25.176 - - [21/Sep/2026:16:05:14 +0000] "POST /wp-cron.php?doing_wp_cron=1790006714.3051800727844238281250 HTTP/1.1" 200 5041 "-" "WordPress/7.1.1; https://sacherconsultancy.com"
23.111.14.115 - - [21/Sep/2026:16:05:13 +0000] "POST /wp-login.php HTTP/1.1" 200 16177 "https://sacherconsultancy.com/wp-login.php" "Mozilla/5.0 (Windows NT 10.0; Win64; x64) AppleWebKit/537.36 (KHTML, like Gecko) Chrome/124.0.0.0 Safari/537.36"
69.57.172.4 - - [21/Sep/2026:16:05:30 +0000] "POST /wp-login.php HTTP/1.1" 200 16225 "https://sacherconsultancy.com/wp-login.php" "Mozilla/5.0 (Windows NT 10.0; Win64; x64) AppleWebKit/537.36 (KHTML, like Gecko) Chrome/124.0.0.0 Safari/537.36"
77.68.25.176 - - [21/Sep/2026:16:09:50 +0000] "POST /wp-cron.php?doing_wp_cron=1790006990.4719879627227783203125 HTTP/1.1" 200 5041 "-" "WordPress/7.1.1; https://sacherconsultancy.com"
147.5.127.200 - - [21/Sep/2026:16:09:50 +0000] "POST /wp-login.php HTTP/1.1" 200 8580 "https://sacherconsultancy.com/wp-login.php" "Mozilla/5.0 (Windows NT 10.0; Win64; x64) AppleWebKit/537.36 (KHTML, like Gecko) Chrome/124.0.0.0 Safari/537.36"
75.119.130.216 - - [21/Sep/2026:16:10:05 +0000] "POST /wp-login.php HTTP/1.1" 200 16181 "https://sacherconsultancy.com/wp-login.php" "Mozilla/5.0 (Windows NT 10.0; Win64; x64) AppleWebKit/537.36 (KHTML, like Gecko) Chrome/124.0.0.0 Safari/537.36"
77.68.25.176 - - [21/Sep/2026:16:11:23 +0000] "POST /wp-cron.php?doing_wp_cron=1790007083.2664539813995361328125 HTTP/1.1" 200 5041 "-" "WordPress/7.1.1; https://sacherconsultancy.com"
94.154.43.135 - - [21/Sep/2026:16:11:22 +0000] "GET /.env HTTP/1.1" 404 120959 "-" "Mozilla/5.0 (Windows NT 10.0; Win64; x64) AppleWebKit/537.36 (KHTML, like Gecko) Chrome/147.0.0.0 Safari/537.36"
77.68.25.176 - - [21/Sep/2026:16:14:30 +0000] "POST /wp-cron.php?doing_wp_cron=1790007270.8095450401306152343750 HTTP/1.1" 200 5041 "-" "WordPress/7.1.1; https://sacherconsultancy.com"
152.42.253.184 - - [21/Sep/2026:16:14:30 +0000] "GET /wp-login.php HTTP/1.1" 200 8356 "-" "Mozilla/5.0 (Macintosh; Intel Mac OS X 10_15_7) AppleWebKit/537.36 (KHTML, like Gecko) Chrome/118.0.0.0 Safari/537.36"
152.42.253.184 - - [21/Sep/2026:16:14:32 +0000] "GET /?author=1 HTTP/1.1" 301 5047 "https://www.bing.com/" "Mozilla/5.0 (Macintosh; Intel Mac OS X 13_6_1) AppleWebKit/537.36 (KHTML, like Gecko) Chrome/119.0.0.0 Safari/537.36"
152.42.253.184 - - [21/Sep/2026:16:14:33 +0000] "GET /author/sc_admin/ HTTP/1.1" 200 24382 "https://www.bing.com/" "Mozilla/5.0 (Macintosh; Intel Mac OS X 13_6_1) AppleWebKit/537.36 (KHTML, like Gecko) Chrome/119.0.0.0 Safari/537.36"
152.42.253.184 - - [21/Sep/2026:16:14:35 +0000] "GET /?author=2 HTTP/1.1" 200 24255 "-" "Mozilla/5.0 (Macintosh; Intel Mac OS X 13_6_1) AppleWebKit/605.1.15 (KHTML, like Gecko) Version/17.0 Safari/605.1.15"
152.42.253.184 - - [21/Sep/2026:16:14:37 +0000] "GET /?author=3 HTTP/1.1" 200 24357 "https://duckduckgo.com/" "Mozilla/5.0 (X11; Ubuntu; Linux x86_64) AppleWebKit/537.36 (KHTML, like Gecko) Chrome/119.0.0.0 Safari/537.36"
152.42.253.184 - - [21/Sep/2026:16:14:39 +0000] "GET /?author=4 HTTP/1.1" 200 24353 "https://www.google.com/search?q=wordpress" "Mozilla/5.0 (Macintosh; Intel Mac OS X 10_15_7; rv:121.0) Gecko/20100101 Firefox/121.0"
152.42.253.184 - - [21/Sep/2026:16:14:41 +0000] "GET /?author=5 HTTP/1.1" 200 24358 "https://t.co/" "Mozilla/5.0 (Macintosh; Intel Mac OS X 13_6_1) AppleWebKit/605.1.15 (KHTML, like Gecko) Version/17.2 Safari/605.1.15"
152.42.253.184 - - [21/Sep/2026:16:14:43 +0000] "GET /wp-json/wp/v2/users HTTP/1.1" 500 5294 "-" "Mozilla/5.0 (X11; Linux x86_64) AppleWebKit/537.36 (KHTML, like Gecko) Chrome/119.0.0.0 Safari/537.36"
152.42.253.184 - - [21/Sep/2026:16:14:45 +0000] "POST /wp-login.php HTTP/1.1" 200 8607 "https://sacherconsultancy.com/wp-login.php" "Mozilla/5.0 (Windows NT 11.0; Win64; x64) AppleWebKit/537.36 (KHTML, like Gecko) Chrome/119.0.0.0 Safari/537.36"
152.42.253.184 - - [21/Sep/2026:16:14:47 +0000] "GET /wp-admin/index.php HTTP/1.1" 302 5223 "https://sacherconsultancy.com/wp-login.php" "Mozilla/5.0 (Macintosh; Intel Mac OS X 10_15_7) AppleWebKit/537.36 (KHTML, like Gecko) Chrome/121.0.0.0 Safari/537.36"
152.42.253.184 - - [21/Sep/2026:16:14:49 +0000] "GET /wp-login.php?redirect_to=https%3A%2F%2Fsacherconsultancy.com%2Fwp-admin%2Findex.php&reauth=1 HTTP/1.1" 200 10431 "https://sacherconsultancy.com/wp-login.php" "Mozilla/5.0 (Macintosh; Intel Mac OS X 10_15_7) AppleWebKit/537.36 (KHTML, like Gecko) Chrome/121.0.0.0 Safari/537.36"
152.42.253.184 - - [21/Sep/2026:16:14:51 +0000] "POST /wp-login.php HTTP/1.1" 200 8602 "https://sacherconsultancy.com/wp-login.php" "Mozilla/5.0 (Windows NT 11.0; Win64; x64; rv:118.0) Gecko/20100101 Firefox/118.0"
152.42.253.184 - - [21/Sep/2026:16:14:53 +0000] "GET /wp-admin/index.php HTTP/1.1" 302 5223 "https://sacherconsultancy.com/wp-login.php" "Mozilla/5.0 (Macintosh; Intel Mac OS X 10_15_7) AppleWebKit/605.1.15 (KHTML, like Gecko) Version/16.6 Safari/605.1.15"
152.42.253.184 - - [21/Sep/2026:16:14:55 +0000] "GET /wp-login.php?redirect_to=https%3A%2F%2Fsacherconsultancy.com%2Fwp-admin%2Findex.php&reauth=1 HTTP/1.1" 200 10431 "https://sacherconsultancy.com/wp-login.php" "Mozilla/5.0 (Macintosh; Intel Mac OS X 10_15_7) AppleWebKit/605.1.15 (KHTML, like Gecko) Version/16.6 Safari/605.1.15"
152.42.253.184 - - [21/Sep/2026:16:14:56 +0000] "POST /wp-login.php HTTP/1.1" 200 8605 "https://sacherconsultancy.com/wp-login.php" "Mozilla/5.0 (Macintosh; Intel Mac OS X 13_6_1; rv:119.0) Gecko/20100101 Firefox/119.0"
152.42.253.184 - - [21/Sep/2026:16:14:58 +0000] "GET /wp-admin/index.php HTTP/1.1" 302 5223 "https://sacherconsultancy.com/wp-login.php" "Mozilla/5.0 (Macintosh; Intel Mac OS X 10_15_7; rv:118.0) Gecko/20100101 Firefox/118.0"
152.42.253.184 - - [21/Sep/2026:16:15:00 +0000] "GET /wp-login.php?redirect_to=https%3A%2F%2Fsacherconsultancy.com%2Fwp-admin%2Findex.php&reauth=1 HTTP/1.1" 200 10431 "https://sacherconsultancy.com/wp-login.php" "Mozilla/5.0 (Macintosh; Intel Mac OS X 10_15_7; rv:118.0) Gecko/20100101 Firefox/118.0"
152.42.253.184 - - [21/Sep/2026:16:15:02 +0000] "POST /wp-login.php HTTP/1.1" 200 8586 "https://sacherconsultancy.com/wp-login.php" "Mozilla/5.0 (Macintosh; Intel Mac OS X 13_6_1; rv:118.0) Gecko/20100101 Firefox/118.0"
152.42.253.184 - - [21/Sep/2026:16:15:05 +0000] "GET /wp-admin/index.php HTTP/1.1" 302 5223 "https://sacherconsultancy.com/wp-login.php" "Mozilla/5.0 (Macintosh; Intel Mac OS X 10_15_7) AppleWebKit/537.36 (KHTML, like Gecko) Chrome/119.0.0.0 Safari/537.36"
152.42.253.184 - - [21/Sep/2026:16:15:07 +0000] "GET /wp-login.php?redirect_to=https%3A%2F%2Fsacherconsultancy.com%2Fwp-admin%2Findex.php&reauth=1 HTTP/1.1" 200 10431 "https://sacherconsultancy.com/wp-login.php" "Mozilla/5.0 (Macintosh; Intel Mac OS X 10_15_7) AppleWebKit/537.36 (KHTML, like Gecko) Chrome/119.0.0.0 Safari/537.36"
152.42.253.184 - - [21/Sep/2026:16:15:09 +0000] "POST /wp-login.php HTTP/1.1" 200 8606 "https://sacherconsultancy.com/wp-login.php" "Mozilla/5.0 (X11; Linux x86_64) AppleWebKit/537.36 (KHTML, like Gecko) Chrome/120.0.0.0 Safari/537.36"
152.42.253.184 - - [21/Sep/2026:16:15:11 +0000] "GET /wp-admin/index.php HTTP/1.1" 302 5223 "https://sacherconsultancy.com/wp-login.php" "Mozilla/5.0 (X11; Ubuntu; Linux x86_64) AppleWebKit/537.36 (KHTML, like Gecko) Chrome/118.0.0.0 Safari/537.36"
77.68.25.176 - - [21/Sep/2026:16:15:13 +0000] "POST /wp-cron.php?doing_wp_cron=1790007313.4517199993133544921875 HTTP/1.1" 200 5041 "-" "WordPress/7.1.1; https://sacherconsultancy.com"
152.42.253.184 - - [21/Sep/2026:16:15:13 +0000] "GET /wp-login.php?redirect_to=https%3A%2F%2Fsacherconsultancy.com%2Fwp-admin%2Findex.php&reauth=1 HTTP/1.1" 200 10431 "https://sacherconsultancy.com/wp-login.php" "Mozilla/5.0 (X11; Ubuntu; Linux x86_64) AppleWebKit/537.36 (KHTML, like Gecko) Chrome/118.0.0.0 Safari/537.36"
152.42.253.184 - - [21/Sep/2026:16:15:15 +0000] "POST /wp-login.php HTTP/1.1" 200 8588 "https://sacherconsultancy.com/wp-login.php" "Mozilla/5.0 (Macintosh; Intel Mac OS X 10_15_7) AppleWebKit/605.1.15 (KHTML, like Gecko) Version/16.6 Safari/605.1.15"
152.42.253.184 - - [21/Sep/2026:16:15:17 +0000] "GET /wp-admin/index.php HTTP/1.1" 302 5223 "https://sacherconsultancy.com/wp-login.php" "Mozilla/5.0 (X11; Linux x86_64) AppleWebKit/537.36 (KHTML, like Gecko) Chrome/120.0.0.0 Safari/537.36"
152.42.253.184 - - [21/Sep/2026:16:15:19 +0000] "GET /wp-login.php?redirect_to=https%3A%2F%2Fsacherconsultancy.com%2Fwp-admin%2Findex.php&reauth=1 HTTP/1.1" 200 10431 "https://sacherconsultancy.com/wp-login.php" "Mozilla/5.0 (X11; Linux x86_64) AppleWebKit/537.36 (KHTML, like Gecko) Chrome/120.0.0.0 Safari/537.36"
152.42.253.184 - - [21/Sep/2026:16:15:21 +0000] "POST /wp-login.php HTTP/1.1" 200 8595 "https://sacherconsultancy.com/wp-login.php" "Mozilla/5.0 (Windows NT 10.0; Win64; x64) AppleWebKit/537.36 (KHTML, like Gecko) Chrome/119.0.0.0 Safari/537.36"
152.42.253.184 - - [21/Sep/2026:16:15:23 +0000] "GET /wp-admin/index.php HTTP/1.1" 302 5223 "https://sacherconsultancy.com/wp-login.php" "Mozilla/5.0 (Windows NT 10.0; Win64; x64; rv:121.0) Gecko/20100101 Firefox/121.0"
152.42.253.184 - - [21/Sep/2026:16:15:25 +0000] "GET /wp-login.php?redirect_to=https%3A%2F%2Fsacherconsultancy.com%2Fwp-admin%2Findex.php&reauth=1 HTTP/1.1" 200 10431 "https://sacherconsultancy.com/wp-login.php" "Mozilla/5.0 (Windows NT 10.0; Win64; x64; rv:121.0) Gecko/20100101 Firefox/121.0"
152.42.253.184 - - [21/Sep/2026:16:15:27 +0000] "POST /wp-login.php HTTP/1.1" 200 8592 "https://sacherconsultancy.com/wp-login.php" "Mozilla/5.0 (X11; Ubuntu; Linux x86_64) AppleWebKit/537.36 (KHTML, like Gecko) Chrome/121.0.0.0 Safari/537.36"
152.42.253.184 - - [21/Sep/2026:16:15:28 +0000] "GET /wp-admin/index.php HTTP/1.1" 302 5223 "https://sacherconsultancy.com/wp-login.php" "Mozilla/5.0 (Macintosh; Intel Mac OS X 10_15_7; rv:121.0) Gecko/20100101 Firefox/121.0"
152.42.253.184 - - [21/Sep/2026:16:15:31 +0000] "GET /wp-login.php?redirect_to=https%3A%2F%2Fsacherconsultancy.com%2Fwp-admin%2Findex.php&reauth=1 HTTP/1.1" 200 10431 "https://sacherconsultancy.com/wp-login.php" "Mozilla/5.0 (Macintosh; Intel Mac OS X 10_15_7; rv:121.0) Gecko/20100101 Firefox/121.0"
152.42.253.184 - - [21/Sep/2026:16:15:32 +0000] "POST /wp-login.php HTTP/1.1" 200 8606 "https://sacherconsultancy.com/wp-login.php" "Mozilla/5.0 (Macintosh; Intel Mac OS X 10_15_7) AppleWebKit/605.1.15 (KHTML, like Gecko) Version/17.0 Safari/605.1.15"
217.165.186.118 - - [21/Sep/2026:16:15:33 +0000] "POST /xmlrpc.php HTTP/1.1" 200 5415 "-" "Jetpack by WordPress.com"
152.42.253.184 - - [21/Sep/2026:16:15:35 +0000] "GET /wp-admin/index.php HTTP/1.1" 302 5223 "https://sacherconsultancy.com/wp-login.php" "Mozilla/5.0 (Macintosh; Intel Mac OS X 10_15_7) AppleWebKit/605.1.15 (KHTML, like Gecko) Version/17.0 Safari/605.1.15"
152.42.253.184 - - [21/Sep/2026:16:15:37 +0000] "GET /wp-login.php?redirect_to=https%3A%2F%2Fsacherconsultancy.com%2Fwp-admin%2Findex.php&reauth=1 HTTP/1.1" 200 10431 "https://sacherconsultancy.com/wp-login.php" "Mozilla/5.0 (Macintosh; Intel Mac OS X 10_15_7) AppleWebKit/605.1.15 (KHTML, like Gecko) Version/17.0 Safari/605.1.15"
217.165.186.118 - - [21/Sep/2026:16:15:43 +0000] "POST /xmlrpc.php HTTP/1.1" 200 5415 "-" "Jetpack/12.1; WordPress/6.4; http://site45173516.com"
217.165.186.118 - - [21/Sep/2026:16:15:54 +0000] "POST /xmlrpc.php HTTP/1.1" 200 5415 "-" "WordPress.com; https://wordpress.com"
217.165.186.118 - - [21/Sep/2026:16:16:04 +0000] "POST /xmlrpc.php HTTP/1.1" 200 5415 "-" "WordPress.com; https://wordpress.com"
77.68.25.176 - - [21/Sep/2026:16:16:15 +0000] "POST /wp-cron.php?doing_wp_cron=1790007375.5951850414276123046875 HTTP/1.1" 200 5041 "-" "WordPress/7.1.1; https://sacherconsultancy.com"
217.165.186.118 - - [21/Sep/2026:16:16:15 +0000] "POST /xmlrpc.php HTTP/1.1" 200 5415 "-" "Jetpack/13.0; WordPress/6.2; http://site19157752.com"
217.165.186.118 - - [21/Sep/2026:16:16:25 +0000] "POST /xmlrpc.php HTTP/1.1" 200 5415 "-" "WordPress.com; https://wordpress.com"
217.165.186.118 - - [21/Sep/2026:16:16:36 +0000] "POST /xmlrpc.php HTTP/1.1" 200 5415 "-" "Jetpack by WordPress.com"
217.165.186.118 - - [21/Sep/2026:16:16:46 +0000] "POST /xmlrpc.php HTTP/1.1" 200 5415 "-" "Jetpack/12.5; WordPress/6.4; http://site81201244.com"
217.165.186.118 - - [21/Sep/2026:16:16:57 +0000] "POST /xmlrpc.php HTTP/1.1" 200 5415 "-" "Jetpack by WordPress.com (Jetpack 12.1; WordPress 6.2)"
217.165.186.118 - - [21/Sep/2026:16:17:08 +0000] "POST /xmlrpc.php HTTP/1.1" 200 5415 "-" "Jetpack/12.0; WordPress/6.3; http://site60263600.com"
77.68.25.176 - - [21/Sep/2026:16:17:19 +0000] "POST /wp-cron.php?doing_wp_cron=1790007439.0784220695495605468750 HTTP/1.1" 200 5041 "-" "WordPress/7.1.1; https://sacherconsultancy.com"
217.165.186.118 - - [21/Sep/2026:16:17:18 +0000] "POST /xmlrpc.php HTTP/1.1" 200 5415 "-" "Jetpack by WordPress.com (Jetpack 13.0; WordPress 6.2)"
217.165.186.118 - - [21/Sep/2026:16:17:29 +0000] "POST /xmlrpc.php HTTP/1.1" 200 5415 "-" "Jetpack by WordPress.com"
217.165.186.118 - - [21/Sep/2026:16:17:39 +0000] "POST /xmlrpc.php HTTP/1.1" 200 5415 "-" "Jetpack/12.1; WordPress/6.1; http://site55327603.com"
217.165.186.118 - - [21/Sep/2026:16:17:50 +0000] "POST /xmlrpc.php HTTP/1.1" 200 5415 "-" "Jetpack/12.5; WordPress/6.3; http://site70633158.com"
217.165.186.118 - - [21/Sep/2026:16:18:01 +0000] "POST /xmlrpc.php HTTP/1.1" 200 5415 "-" "Jetpack by WordPress.com"
217.165.186.118 - - [21/Sep/2026:16:18:11 +0000] "POST /xmlrpc.php HTTP/1.1" 200 5415 "-" "Jetpack/12.5; WordPress/6.4; http://site34093820.com"
77.68.25.176 - - [21/Sep/2026:16:18:22 +0000] "POST /wp-cron.php?doing_wp_cron=1790007502.5411899089813232421875 HTTP/1.1" 200 5041 "-" "WordPress/7.1.1; https://sacherconsultancy.com"
217.165.186.118 - - [21/Sep/2026:16:18:22 +0000] "POST /xmlrpc.php HTTP/1.1" 200 5415 "-" "Jetpack by WordPress.com"
217.165.186.118 - - [21/Sep/2026:16:18:32 +0000] "POST /xmlrpc.php HTTP/1.1" 200 5415 "-" "WordPress.com; https://wordpress.com"
217.165.186.118 - - [21/Sep/2026:16:18:43 +0000] "POST /xmlrpc.php HTTP/1.1" 200 5415 "-" "Jetpack/12.0; WordPress/6.4; http://site44709460.com"
217.165.186.118 - - [21/Sep/2026:16:18:53 +0000] "POST /xmlrpc.php HTTP/1.1" 200 5415 "-" "WordPress.com; https://wordpress.com"
217.165.186.118 - - [21/Sep/2026:16:19:04 +0000] "POST /xmlrpc.php HTTP/1.1" 200 5415 "-" "Jetpack/12.1; WordPress/6.1; http://site83863374.com"
77.68.25.176 - - [21/Sep/2026:16:19:15 +0000] "POST /wp-cron.php?doing_wp_cron=1790007555.2657310962677001953125 HTTP/1.1" 200 5041 "-" "WordPress/7.1.1; https://sacherconsultancy.com"
217.165.186.118 - - [21/Sep/2026:16:19:14 +0000] "POST /xmlrpc.php HTTP/1.1" 200 5415 "-" "WordPress.com; https://wordpress.com"
217.165.186.118 - - [21/Sep/2026:16:19:25 +0000] "POST /xmlrpc.php HTTP/1.1" 200 5415 "-" "WordPress.com; https://wordpress.com"
217.165.186.118 - - [21/Sep/2026:16:19:35 +0000] "POST /xmlrpc.php HTTP/1.1" 200 5415 "-" "Jetpack by WordPress.com"
217.165.186.118 - - [21/Sep/2026:16:19:46 +0000] "POST /xmlrpc.php HTTP/1.1" 200 5415 "-" "Jetpack by WordPress.com"
217.165.186.118 - - [21/Sep/2026:16:19:57 +0000] "POST /xmlrpc.php HTTP/1.1" 200 5415 "-" "Jetpack/13.0; WordPress/6.4; http://site16757672.com"
217.165.186.118 - - [21/Sep/2026:16:20:07 +0000] "POST /xmlrpc.php HTTP/1.1" 200 5415 "-" "Jetpack by WordPress.com"
77.68.25.176 - - [21/Sep/2026:16:20:18 +0000] "POST /wp-cron.php?doing_wp_cron=1790007618.6819260120391845703125 HTTP/1.1" 200 5041 "-" "WordPress/7.1.1; https://sacherconsultancy.com"
217.165.186.118 - - [21/Sep/2026:16:20:18 +0000] "POST /xmlrpc.php HTTP/1.1" 200 5415 "-" "Jetpack/12.1; WordPress/6.4; http://site65659908.com"
217.165.186.118 - - [21/Sep/2026:16:20:28 +0000] "POST /xmlrpc.php HTTP/1.1" 200 5415 "-" "WordPress.com; https://wordpress.com"
217.165.186.118 - - [21/Sep/2026:16:20:39 +0000] "POST /xmlrpc.php HTTP/1.1" 200 5415 "-" "WordPress.com; https://wordpress.com"
217.165.186.118 - - [21/Sep/2026:16:20:49 +0000] "POST /xmlrpc.php HTTP/1.1" 200 5415 "-" "WordPress.com; https://wordpress.com"
217.165.186.118 - - [21/Sep/2026:16:21:00 +0000] "POST /xmlrpc.php HTTP/1.1" 200 5415 "-" "Jetpack by WordPress.com"
217.165.186.118 - - [21/Sep/2026:16:21:10 +0000] "POST /xmlrpc.php HTTP/1.1" 200 5415 "-" "WordPress.com; https://wordpress.com"
77.68.25.176 - - [21/Sep/2026:16:21:21 +0000] "POST /wp-cron.php?doing_wp_cron=1790007681.9102070331573486328125 HTTP/1.1" 200 5041 "-" "WordPress/7.1.1; https://sacherconsultancy.com"
217.165.186.118 - - [21/Sep/2026:16:21:21 +0000] "POST /xmlrpc.php HTTP/1.1" 200 5415 "-" "Jetpack/12.1; WordPress/6.1; http://site51660093.com"
217.165.186.118 - - [21/Sep/2026:16:21:32 +0000] "POST /xmlrpc.php HTTP/1.1" 200 5415 "-" "WordPress.com; https://wordpress.com"
217.165.186.118 - - [21/Sep/2026:16:21:42 +0000] "POST /xmlrpc.php HTTP/1.1" 200 5415 "-" "Jetpack by WordPress.com (Jetpack 12.1; WordPress 6.3)"
217.165.186.118 - - [21/Sep/2026:16:21:53 +0000] "POST /xmlrpc.php HTTP/1.1" 200 5415 "-" "Jetpack/12.1; WordPress/6.3; http://site13045812.com"
217.165.186.118 - - [21/Sep/2026:16:22:03 +0000] "POST /xmlrpc.php HTTP/1.1" 200 5415 "-" "Jetpack by WordPress.com"
77.68.25.176 - - [21/Sep/2026:16:22:14 +0000] "POST /wp-cron.php?doing_wp_cron=1790007734.7205629348754882812500 HTTP/1.1" 200 5041 "-" "WordPress/7.1.1; https://sacherconsultancy.com"
217.165.186.118 - - [21/Sep/2026:16:22:14 +0000] "POST /xmlrpc.php HTTP/1.1" 200 5415 "-" "Jetpack/12.0; WordPress/6.1; http://site63367912.com"
217.165.186.118 - - [21/Sep/2026:16:22:24 +0000] "POST /xmlrpc.php HTTP/1.1" 200 5415 "-" "WordPress.com; https://wordpress.com"
217.165.186.118 - - [21/Sep/2026:16:22:35 +0000] "POST /xmlrpc.php HTTP/1.1" 200 5415 "-" "Jetpack by WordPress.com"
217.165.186.118 - - [21/Sep/2026:16:22:45 +0000] "POST /xmlrpc.php HTTP/1.1" 200 5415 "-" "WordPress.com; https://wordpress.com"
217.165.186.118 - - [21/Sep/2026:16:22:56 +0000] "POST /xmlrpc.php HTTP/1.1" 200 5415 "-" "Jetpack/12.1; WordPress/6.4; http://site93121394.com"
217.165.186.118 - - [21/Sep/2026:16:23:07 +0000] "POST /xmlrpc.php HTTP/1.1" 200 5415 "-" "Jetpack by WordPress.com"
77.68.25.176 - - [21/Sep/2026:16:23:18 +0000] "POST /wp-cron.php?doing_wp_cron=1790007798.0585250854492187500000 HTTP/1.1" 200 5041 "-" "WordPress/7.1.1; https://sacherconsultancy.com"
217.165.186.118 - - [21/Sep/2026:16:23:17 +0000] "POST /xmlrpc.php HTTP/1.1" 200 5415 "-" "WordPress.com; https://wordpress.com"
217.165.186.118 - - [21/Sep/2026:16:23:28 +0000] "POST /xmlrpc.php HTTP/1.1" 200 5415 "-" "WordPress.com; https://wordpress.com"
217.165.186.118 - - [21/Sep/2026:16:23:38 +0000] "POST /xmlrpc.php HTTP/1.1" 200 5415 "-" "Jetpack by WordPress.com (Jetpack 12.0; WordPress 6.2)"
217.165.186.118 - - [21/Sep/2026:16:23:49 +0000] "POST /xmlrpc.php HTTP/1.1" 200 5415 "-" "Jetpack/12.5; WordPress/6.2; http://site65113720.com"
217.165.186.118 - - [21/Sep/2026:16:23:59 +0000] "POST /xmlrpc.php HTTP/1.1" 200 5415 "-" "Jetpack by WordPress.com"
217.165.186.118 - - [21/Sep/2026:16:24:10 +0000] "POST /xmlrpc.php HTTP/1.1" 200 5415 "-" "Jetpack/12.1; WordPress/6.2; http://site31907803.com"
77.68.25.176 - - [21/Sep/2026:16:24:21 +0000] "POST /wp-cron.php?doing_wp_cron=1790007861.4058370590209960937500 HTTP/1.1" 200 5041 "-" "WordPress/7.1.1; https://sacherconsultancy.com"
217.165.186.118 - - [21/Sep/2026:16:24:20 +0000] "POST /xmlrpc.php HTTP/1.1" 200 5415 "-" "Jetpack by WordPress.com (Jetpack 12.5; WordPress 6.2)"
217.165.186.118 - - [21/Sep/2026:16:24:31 +0000] "POST /xmlrpc.php HTTP/1.1" 200 5415 "-" "WordPress.com; https://wordpress.com"
217.165.186.118 - - [21/Sep/2026:16:24:42 +0000] "POST /xmlrpc.php HTTP/1.1" 200 5415 "-" "WordPress.com; https://wordpress.com"
217.165.186.118 - - [21/Sep/2026:16:24:52 +0000] "POST /xmlrpc.php HTTP/1.1" 200 5415 "-" "Jetpack by WordPress.com (Jetpack 12.0; WordPress 6.3)"
217.165.186.118 - - [21/Sep/2026:16:25:03 +0000] "POST /xmlrpc.php HTTP/1.1" 200 5415 "-" "WordPress.com; https://wordpress.com"
77.68.25.176 - - [21/Sep/2026:16:25:14 +0000] "POST /wp-cron.php?doing_wp_cron=1790007914.2352259159088134765625 HTTP/1.1" 200 5041 "-" "WordPress/7.1.1; https://sacherconsultancy.com"
217.165.186.118 - - [21/Sep/2026:16:25:13 +0000] "POST /xmlrpc.php HTTP/1.1" 200 5415 "-" "WordPress.com; https://wordpress.com"
217.165.186.118 - - [21/Sep/2026:16:25:24 +0000] "POST /xmlrpc.php HTTP/1.1" 200 5415 "-" "Jetpack by WordPress.com"
217.165.186.118 - - [21/Sep/2026:16:25:34 +0000] "POST /xmlrpc.php HTTP/1.1" 200 5415 "-" "Jetpack/12.0; WordPress/6.3; http://site49984268.com"
217.165.186.118 - - [21/Sep/2026:16:25:45 +0000] "POST /xmlrpc.php HTTP/1.1" 200 5415 "-" "Jetpack by WordPress.com"
217.165.186.118 - - [21/Sep/2026:16:25:56 +0000] "POST /xmlrpc.php HTTP/1.1" 200 5415 "-" "WordPress.com; https://wordpress.com"
217.165.186.118 - - [21/Sep/2026:16:26:06 +0000] "POST /xmlrpc.php HTTP/1.1" 200 5415 "-" "Jetpack by WordPress.com"
77.68.25.176 - - [21/Sep/2026:16:26:17 +0000] "POST /wp-cron.php?doing_wp_cron=1790007977.5868699550628662109375 HTTP/1.1" 200 5041 "-" "WordPress/7.1.1; https://sacherconsultancy.com"
217.165.186.118 - - [21/Sep/2026:16:26:17 +0000] "POST /xmlrpc.php HTTP/1.1" 200 5415 "-" "Jetpack by WordPress.com (Jetpack 12.5; WordPress 6.1)"
217.165.186.118 - - [21/Sep/2026:16:26:27 +0000] "POST /xmlrpc.php HTTP/1.1" 200 5415 "-" "Jetpack/13.0; WordPress/6.2; http://site75365850.com"
75.119.130.216 - - [21/Sep/2026:16:26:36 +0000] "POST /wp-login.php HTTP/1.1" 200 16181 "https://sacherconsultancy.com/wp-login.php" "Mozilla/5.0 (Windows NT 10.0; Win64; x64) AppleWebKit/537.36 (KHTML, like Gecko) Chrome/124.0.0.0 Safari/537.36"
217.165.186.118 - - [21/Sep/2026:16:26:38 +0000] "POST /xmlrpc.php HTTP/1.1" 200 5415 "-" "WordPress.com; https://wordpress.com"
217.165.186.118 - - [21/Sep/2026:16:26:48 +0000] "POST /xmlrpc.php HTTP/1.1" 200 5415 "-" "WordPress.com; https://wordpress.com"
217.165.186.118 - - [21/Sep/2026:16:26:59 +0000] "POST /xmlrpc.php HTTP/1.1" 200 5415 "-" "WordPress.com; https://wordpress.com"
217.165.186.118 - - [21/Sep/2026:16:27:10 +0000] "POST /xmlrpc.php HTTP/1.1" 200 5415 "-" "Jetpack/12.1; WordPress/6.4; http://site97950372.com"
77.68.25.176 - - [21/Sep/2026:16:27:21 +0000] "POST /wp-cron.php?doing_wp_cron=1790008041.9403090476989746093750 HTTP/1.1" 200 5041 "-" "WordPress/7.1.1; https://sacherconsultancy.com"
217.165.186.118 - - [21/Sep/2026:16:27:20 +0000] "POST /xmlrpc.php HTTP/1.1" 200 5415 "-" "WordPress.com; https://wordpress.com"
217.165.186.118 - - [21/Sep/2026:16:27:31 +0000] "POST /xmlrpc.php HTTP/1.1" 200 5415 "-" "Jetpack by WordPress.com (Jetpack 12.1; WordPress 6.1)"
217.165.186.118 - - [21/Sep/2026:16:27:41 +0000] "POST /xmlrpc.php HTTP/1.1" 200 5415 "-" "Jetpack by WordPress.com (Jetpack 12.0; WordPress 6.2)"
217.165.186.118 - - [21/Sep/2026:16:27:52 +0000] "POST /xmlrpc.php HTTP/1.1" 200 5415 "-" "Jetpack by WordPress.com"
217.165.186.118 - - [21/Sep/2026:16:28:02 +0000] "POST /xmlrpc.php HTTP/1.1" 200 5415 "-" "Jetpack/12.5; WordPress/6.1; http://site44672579.com"
77.68.25.176 - - [21/Sep/2026:16:28:13 +0000] "POST /wp-cron.php?doing_wp_cron=1790008093.8102591037750244140625 HTTP/1.1" 200 5041 "-" "WordPress/7.1.1; https://sacherconsultancy.com"
217.165.186.118 - - [21/Sep/2026:16:28:13 +0000] "POST /xmlrpc.php HTTP/1.1" 200 5415 "-" "Jetpack by WordPress.com"
217.165.186.118 - - [21/Sep/2026:16:28:23 +0000] "POST /xmlrpc.php HTTP/1.1" 200 5415 "-" "Jetpack by WordPress.com (Jetpack 12.5; WordPress 6.4)"
217.165.186.118 - - [21/Sep/2026:16:28:34 +0000] "POST /xmlrpc.php HTTP/1.1" 200 5415 "-" "Jetpack by WordPress.com (Jetpack 12.5; WordPress 6.1)"
217.165.186.118 - - [21/Sep/2026:16:28:45 +0000] "POST /xmlrpc.php HTTP/1.1" 200 5415 "-" "WordPress.com; https://wordpress.com"
217.165.186.118 - - [21/Sep/2026:16:28:55 +0000] "POST /xmlrpc.php HTTP/1.1" 200 5415 "-" "WordPress.com; https://wordpress.com"
217.165.186.118 - - [21/Sep/2026:16:29:06 +0000] "POST /xmlrpc.php HTTP/1.1" 200 5415 "-" "Jetpack/12.0; WordPress/6.3; http://site36679541.com"
77.68.25.176 - - [21/Sep/2026:16:29:17 +0000] "POST /wp-cron.php?doing_wp_cron=1790008157.1121339797973632812500 HTTP/1.1" 200 5041 "-" "WordPress/7.1.1; https://sacherconsultancy.com"
217.165.186.118 - - [21/Sep/2026:16:29:16 +0000] "POST /xmlrpc.php HTTP/1.1" 200 5415 "-" "Jetpack by WordPress.com (Jetpack 13.0; WordPress 6.2)"
217.165.186.118 - - [21/Sep/2026:16:29:27 +0000] "POST /xmlrpc.php HTTP/1.1" 200 5415 "-" "Jetpack by WordPress.com"
217.165.186.118 - - [21/Sep/2026:16:29:37 +0000] "POST /xmlrpc.php HTTP/1.1" 200 5415 "-" "Jetpack by WordPress.com (Jetpack 13.0; WordPress 6.1)"
77.68.25.176 - - [21/Sep/2026:16:29:41 +0000] "GET /wp-includes/html-api/xnzwfl1/samyexl/znjskdv/index.php?pass=32BXgiPqM4b HTTP/1.1" 403 5806 "-" "Mozilla/5.0 (Windows NT 10.0; Win64; x64) AppleWebKit/537.36 (KHTML, like Gecko) Chrome/121.0.6167.85 Safari/537.36"
77.68.25.176 - - [21/Sep/2026:16:29:41 +0000] "GET /wp-includes/html-api/xnzwfl1/samyexl/znjskdv/index.php?pass=32BXgiPqM4b HTTP/1.1" 403 5806 "-" "Mozilla/5.0 (Windows NT 10.0; Win64; x64) AppleWebKit/537.36 (KHTML, like Gecko) Chrome/121.0.6167.85 Safari/537.36"
217.165.186.118 - - [21/Sep/2026:16:29:48 +0000] "POST /xmlrpc.php HTTP/1.1" 200 5415 "-" "WordPress.com; https://wordpress.com"
217.165.186.118 - - [21/Sep/2026:16:29:59 +0000] "POST /xmlrpc.php HTTP/1.1" 200 5415 "-" "Jetpack by WordPress.com"
217.165.186.118 - - [21/Sep/2026:16:30:09 +0000] "POST /xmlrpc.php HTTP/1.1" 200 5415 "-" "Jetpack/12.5; WordPress/6.2; http://site67714795.com"
77.68.25.176 - - [21/Sep/2026:16:30:20 +0000] "POST /wp-cron.php?doing_wp_cron=1790008220.6510350704193115234375 HTTP/1.1" 200 5041 "-" "WordPress/7.1.1; https://sacherconsultancy.com"
217.165.186.118 - - [21/Sep/2026:16:30:20 +0000] "POST /xmlrpc.php HTTP/1.1" 200 5415 "-" "Jetpack by WordPress.com"
217.165.186.118 - - [21/Sep/2026:16:30:30 +0000] "POST /xmlrpc.php HTTP/1.1" 200 5415 "-" "Jetpack by WordPress.com (Jetpack 12.1; WordPress 6.1)"
217.165.186.118 - - [21/Sep/2026:16:30:41 +0000] "POST /xmlrpc.php HTTP/1.1" 200 5415 "-" "Jetpack by WordPress.com (Jetpack 12.5; WordPress 6.1)"
23.111.14.115 - - [21/Sep/2026:16:30:42 +0000] "POST /wp-login.php HTTP/1.1" 200 16173 "https://sacherconsultancy.com/wp-login.php" "Mozilla/5.0 (Windows NT 10.0; Win64; x64) AppleWebKit/537.36 (KHTML, like Gecko) Chrome/124.0.0.0 Safari/537.36"
217.165.186.118 - - [21/Sep/2026:16:30:51 +0000] "POST /xmlrpc.php HTTP/1.1" 200 5415 "-" "Jetpack by WordPress.com (Jetpack 12.0; WordPress 6.2)"
217.165.186.118 - - [21/Sep/2026:16:31:02 +0000] "POST /xmlrpc.php HTTP/1.1" 200 5415 "-" "WordPress.com; https://wordpress.com"
77.68.25.176 - - [21/Sep/2026:16:31:13 +0000] "POST /wp-cron.php?doing_wp_cron=1790008273.3931939601898193359375 HTTP/1.1" 200 5041 "-" "WordPress/7.1.1; https://sacherconsultancy.com"
217.165.186.118 - - [21/Sep/2026:16:31:12 +0000] "POST /xmlrpc.php HTTP/1.1" 200 5415 "-" "Jetpack by WordPress.com (Jetpack 12.5; WordPress 6.3)"
69.57.172.4 - - [21/Sep/2026:16:31:17 +0000] "POST /wp-login.php HTTP/1.1" 200 16225 "https://sacherconsultancy.com/wp-login.php" "Mozilla/5.0 (Windows NT 10.0; Win64; x64) AppleWebKit/537.36 (KHTML, like Gecko) Chrome/124.0.0.0 Safari/537.36"
217.165.186.118 - - [21/Sep/2026:16:31:23 +0000] "POST /xmlrpc.php HTTP/1.1" 200 5415 "-" "Jetpack by WordPress.com"
217.165.186.118 - - [21/Sep/2026:16:31:34 +0000] "POST /xmlrpc.php HTTP/1.1" 200 5415 "-" "Jetpack by WordPress.com (Jetpack 12.1; WordPress 6.2)"
217.165.186.118 - - [21/Sep/2026:16:31:44 +0000] "POST /xmlrpc.php HTTP/1.1" 200 5415 "-" "Jetpack by WordPress.com"
217.165.186.118 - - [21/Sep/2026:16:31:55 +0000] "POST /xmlrpc.php HTTP/1.1" 200 5415 "-" "Jetpack/12.1; WordPress/6.4; http://site72708345.com"
217.165.186.118 - - [21/Sep/2026:16:32:05 +0000] "POST /xmlrpc.php HTTP/1.1" 200 5415 "-" "Jetpack by WordPress.com"
77.68.25.176 - - [21/Sep/2026:16:32:16 +0000] "POST /wp-cron.php?doing_wp_cron=1790008336.7158820629119873046875 HTTP/1.1" 200 5041 "-" "WordPress/7.1.1; https://sacherconsultancy.com"
217.165.186.118 - - [21/Sep/2026:16:32:16 +0000] "POST /xmlrpc.php HTTP/1.1" 200 5415 "-" "WordPress.com; https://wordpress.com"
217.165.186.118 - - [21/Sep/2026:16:32:26 +0000] "POST /xmlrpc.php HTTP/1.1" 200 5415 "-" "Jetpack/13.0; WordPress/6.2; http://site21812951.com"
217.165.186.118 - - [21/Sep/2026:16:32:37 +0000] "POST /xmlrpc.php HTTP/1.1" 200 5415 "-" "Jetpack/12.0; WordPress/6.3; http://site18016814.com"
217.165.186.118 - - [21/Sep/2026:16:32:48 +0000] "POST /xmlrpc.php HTTP/1.1" 200 5415 "-" "WordPress.com; https://wordpress.com"
217.165.186.118 - - [21/Sep/2026:16:32:58 +0000] "POST /xmlrpc.php HTTP/1.1" 200 5415 "-" "Jetpack/13.0; WordPress/6.2; http://site87324641.com"
217.165.186.118 - - [21/Sep/2026:16:33:09 +0000] "POST /xmlrpc.php HTTP/1.1" 200 5415 "-" "WordPress.com; https://wordpress.com"
77.68.25.176 - - [21/Sep/2026:16:33:20 +0000] "POST /wp-cron.php?doing_wp_cron=1790008400.2089850902557373046875 HTTP/1.1" 200 5041 "-" "WordPress/7.1.1; https://sacherconsultancy.com"
217.165.186.118 - - [21/Sep/2026:16:33:19 +0000] "POST /xmlrpc.php HTTP/1.1" 200 5415 "-" "Jetpack by WordPress.com (Jetpack 12.5; WordPress 6.2)"
217.165.186.118 - - [21/Sep/2026:16:33:30 +0000] "POST /xmlrpc.php HTTP/1.1" 200 5415 "-" "Jetpack by WordPress.com (Jetpack 12.1; WordPress 6.4)"
75.119.130.216 - - [21/Sep/2026:16:33:35 +0000] "POST /wp-login.php HTTP/1.1" 200 16181 "https://sacherconsultancy.com/wp-login.php" "Mozilla/5.0 (Windows NT 10.0; Win64; x64) AppleWebKit/537.36 (KHTML, like Gecko) Chrome/124.0.0.0 Safari/537.36"
217.165.186.118 - - [21/Sep/2026:16:33:40 +0000] "POST /xmlrpc.php HTTP/1.1" 200 5415 "-" "Jetpack by WordPress.com (Jetpack 13.0; WordPress 6.1)"
217.165.186.118 - - [21/Sep/2026:16:33:51 +0000] "POST /xmlrpc.php HTTP/1.1" 200 5415 "-" "Jetpack by WordPress.com"
217.165.186.118 - - [21/Sep/2026:16:34:01 +0000] "POST /xmlrpc.php HTTP/1.1" 200 5415 "-" "Jetpack by WordPress.com"
77.68.25.176 - - [21/Sep/2026:16:34:13 +0000] "POST /wp-cron.php?doing_wp_cron=1790008453.0008490085601806640625 HTTP/1.1" 200 5041 "-" "WordPress/7.1.1; https://sacherconsultancy.com"
217.165.186.118 - - [21/Sep/2026:16:34:12 +0000] "POST /xmlrpc.php HTTP/1.1" 200 5415 "-" "Jetpack/12.0; WordPress/6.1; http://site86520455.com"
217.165.186.118 - - [21/Sep/2026:16:34:23 +0000] "POST /xmlrpc.php HTTP/1.1" 200 5415 "-" "Jetpack by WordPress.com"
217.165.186.118 - - [21/Sep/2026:16:34:33 +0000] "POST /xmlrpc.php HTTP/1.1" 200 5415 "-" "WordPress.com; https://wordpress.com"
217.165.186.118 - - [21/Sep/2026:16:34:44 +0000] "POST /xmlrpc.php HTTP/1.1" 200 5415 "-" "Jetpack by WordPress.com"
217.165.186.118 - - [21/Sep/2026:16:34:54 +0000] "POST /xmlrpc.php HTTP/1.1" 200 5415 "-" "Jetpack/12.5; WordPress/6.4; http://site82639839.com"
217.165.186.118 - - [21/Sep/2026:16:35:05 +0000] "POST /xmlrpc.php HTTP/1.1" 200 5415 "-" "Jetpack/12.0; WordPress/6.1; http://site85677761.com"
77.68.25.176 - - [21/Sep/2026:16:35:16 +0000] "POST /wp-cron.php?doing_wp_cron=1790008516.3655149936676025390625 HTTP/1.1" 200 5041 "-" "WordPress/7.1.1; https://sacherconsultancy.com"
217.165.186.118 - - [21/Sep/2026:16:35:15 +0000] "POST /xmlrpc.php HTTP/1.1" 200 5415 "-" "Jetpack by WordPress.com"
217.165.186.118 - - [21/Sep/2026:16:35:26 +0000] "POST /xmlrpc.php HTTP/1.1" 200 5415 "-" "Jetpack by WordPress.com"
217.165.186.118 - - [21/Sep/2026:16:35:37 +0000] "POST /xmlrpc.php HTTP/1.1" 200 5415 "-" "WordPress.com; https://wordpress.com"
217.165.186.118 - - [21/Sep/2026:16:35:47 +0000] "POST /xmlrpc.php HTTP/1.1" 200 5415 "-" "Jetpack/13.0; WordPress/6.3; http://site83232657.com"
217.165.186.118 - - [21/Sep/2026:16:35:58 +0000] "POST /xmlrpc.php HTTP/1.1" 200 5415 "-" "WordPress.com; https://wordpress.com"
217.165.186.118 - - [21/Sep/2026:16:36:08 +0000] "POST /xmlrpc.php HTTP/1.1" 200 5415 "-" "Jetpack by WordPress.com"
77.68.25.176 - - [21/Sep/2026:16:36:19 +0000] "POST /wp-cron.php?doing_wp_cron=1790008579.8933379650115966796875 HTTP/1.1" 200 5041 "-" "WordPress/7.1.1; https://sacherconsultancy.com"
217.165.186.118 - - [21/Sep/2026:16:36:19 +0000] "POST /xmlrpc.php HTTP/1.1" 200 5415 "-" "Jetpack by WordPress.com (Jetpack 12.0; WordPress 6.4)"
217.165.186.118 - - [21/Sep/2026:16:36:30 +0000] "POST /xmlrpc.php HTTP/1.1" 200 5415 "-" "Jetpack/12.5; WordPress/6.3; http://site16965838.com"
217.165.186.118 - - [21/Sep/2026:16:36:40 +0000] "POST /xmlrpc.php HTTP/1.1" 200 5415 "-" "Jetpack by WordPress.com (Jetpack 12.1; WordPress 6.4)"
217.165.186.118 - - [21/Sep/2026:16:36:51 +0000] "POST /xmlrpc.php HTTP/1.1" 200 5415 "-" "Jetpack by WordPress.com (Jetpack 12.5; WordPress 6.2)"
217.165.186.118 - - [21/Sep/2026:16:37:01 +0000] "POST /xmlrpc.php HTTP/1.1" 200 5415 "-" "Jetpack/12.1; WordPress/6.1; http://site28967794.com"
77.68.25.176 - - [21/Sep/2026:16:37:12 +0000] "POST /wp-cron.php?doing_wp_cron=1790008632.7774100303649902343750 HTTP/1.1" 200 5041 "-" "WordPress/7.1.1; https://sacherconsultancy.com"
217.165.186.118 - - [21/Sep/2026:16:37:12 +0000] "POST /xmlrpc.php HTTP/1.1" 200 5415 "-" "Jetpack by WordPress.com"
217.165.186.118 - - [21/Sep/2026:16:37:22 +0000] "POST /xmlrpc.php HTTP/1.1" 200 5415 "-" "Jetpack by WordPress.com (Jetpack 12.5; WordPress 6.2)"
77.68.25.176 - - [21/Sep/2026:16:37:33 +0000] "POST /wp-cron.php?doing_wp_cron=1790008653.8561909198760986328125 HTTP/1.1" 200 5041 "-" "WordPress/7.1.1; https://sacherconsultancy.com"
217.165.186.118 - - [21/Sep/2026:16:37:33 +0000] "POST /xmlrpc.php HTTP/1.1" 200 5415 "-" "Jetpack by WordPress.com (Jetpack 13.0; WordPress 6.2)"
217.165.186.118 - - [21/Sep/2026:16:37:43 +0000] "POST /xmlrpc.php HTTP/1.1" 200 5415 "-" "Jetpack/12.5; WordPress/6.1; http://site68218547.com"
217.165.186.118 - - [21/Sep/2026:16:37:54 +0000] "POST /xmlrpc.php HTTP/1.1" 200 5415 "-" "Jetpack by WordPress.com (Jetpack 12.5; WordPress 6.2)"
217.165.186.118 - - [21/Sep/2026:16:38:05 +0000] "POST /xmlrpc.php HTTP/1.1" 200 5415 "-" "Jetpack by WordPress.com (Jetpack 12.0; WordPress 6.4)"
77.68.25.176 - - [21/Sep/2026:16:38:16 +0000] "POST /wp-cron.php?doing_wp_cron=1790008696.0572988986968994140625 HTTP/1.1" 200 5041 "-" "WordPress/7.1.1; https://sacherconsultancy.com"
217.165.186.118 - - [21/Sep/2026:16:38:15 +0000] "POST /xmlrpc.php HTTP/1.1" 200 5415 "-" "Jetpack by WordPress.com"
217.165.186.118 - - [21/Sep/2026:16:38:26 +0000] "POST /xmlrpc.php HTTP/1.1" 200 5415 "-" "WordPress.com; https://wordpress.com"
