157.230.43.92 - - [21/Sep/2026:18:44:31 +0000] "POST /wp-login.php HTTP/1.1" 200 8592 "https://sacherconsultancy.com/wp-login.php" "Mozilla/5.0 (Windows NT 11.0; Win64; x64; rv:121.0) Gecko/20100101 Firefox/121.0"
157.230.43.92 - - [21/Sep/2026:18:44:32 +0000] "GET /wp-admin/index.php HTTP/1.1" 302 5223 "https://sacherconsultancy.com/wp-login.php" "Mozilla/5.0 (Macintosh; Intel Mac OS X 13_6_1) AppleWebKit/605.1.15 (KHTML, like Gecko) Version/17.1 Safari/605.1.15"
157.230.43.92 - - [21/Sep/2026:18:44:32 +0000] "GET /wp-login.php?redirect_to=https%3A%2F%2Fsacherconsultancy.com%2Fwp-admin%2Findex.php&reauth=1 HTTP/1.1" 200 10431 "https://sacherconsultancy.com/wp-login.php" "Mozilla/5.0 (Macintosh; Intel Mac OS X 13_6_1) AppleWebKit/605.1.15 (KHTML, like Gecko) Version/17.1 Safari/605.1.15"
157.230.43.92 - - [21/Sep/2026:18:44:33 +0000] "POST /wp-login.php HTTP/1.1" 200 8586 "https://sacherconsultancy.com/wp-login.php" "Mozilla/5.0 (X11; Ubuntu; Linux x86_64) AppleWebKit/537.36 (KHTML, like Gecko) Chrome/119.0.0.0 Safari/537.36"
157.230.43.92 - - [21/Sep/2026:18:44:33 +0000] "GET /wp-admin/index.php HTTP/1.1" 302 5223 "https://sacherconsultancy.com/wp-login.php" "Mozilla/5.0 (Macintosh; Intel Mac OS X 13_6_1) AppleWebKit/605.1.15 (KHTML, like Gecko) Version/17.0 Safari/605.1.15"
157.230.43.92 - - [21/Sep/2026:18:44:34 +0000] "GET /wp-login.php?redirect_to=https%3A%2F%2Fsacherconsultancy.com%2Fwp-admin%2Findex.php&reauth=1 HTTP/1.1" 200 10431 "https://sacherconsultancy.com/wp-login.php" "Mozilla/5.0 (Macintosh; Intel Mac OS X 13_6_1) AppleWebKit/605.1.15 (KHTML, like Gecko) Version/17.0 Safari/605.1.15"
157.230.43.92 - - [21/Sep/2026:18:44:35 +0000] "POST /wp-login.php HTTP/1.1" 200 8566 "https://sacherconsultancy.com/wp-login.php" "Mozilla/5.0 (Windows NT 11.0; Win64; x64) AppleWebKit/537.36 (KHTML, like Gecko) Chrome/119.0.0.0 Safari/537.36"
157.230.43.92 - - [21/Sep/2026:18:44:35 +0000] "GET /wp-admin/index.php HTTP/1.1" 302 5223 "https://sacherconsultancy.com/wp-login.php" "Mozilla/5.0 (Windows NT 11.0; Win64; x64; rv:120.0) Gecko/20100101 Firefox/120.0"
157.230.43.92 - - [21/Sep/2026:18:44:36 +0000] "GET /wp-login.php?redirect_to=https%3A%2F%2Fsacherconsultancy.com%2Fwp-admin%2Findex.php&reauth=1 HTTP/1.1" 200 10431 "https://sacherconsultancy.com/wp-login.php" "Mozilla/5.0 (Windows NT 11.0; Win64; x64; rv:120.0) Gecko/20100101 Firefox/120.0"
157.230.43.92 - - [21/Sep/2026:18:44:37 +0000] "POST /wp-login.php HTTP/1.1" 200 8560 "https://sacherconsultancy.com/wp-login.php" "Mozilla/5.0 (X11; Linux x86_64) AppleWebKit/537.36 (KHTML, like Gecko) Chrome/120.0.0.0 Safari/537.36"
157.230.43.92 - - [21/Sep/2026:18:44:37 +0000] "GET /wp-admin/index.php HTTP/1.1" 302 5223 "https://sacherconsultancy.com/wp-login.php" "Mozilla/5.0 (Macintosh; Intel Mac OS X 10_15_7) AppleWebKit/605.1.15 (KHTML, like Gecko) Version/17.1 Safari/605.1.15"
157.230.43.92 - - [21/Sep/2026:18:44:38 +0000] "GET /wp-login.php?redirect_to=https%3A%2F%2Fsacherconsultancy.com%2Fwp-admin%2Findex.php&reauth=1 HTTP/1.1" 200 10431 "https://sacherconsultancy.com/wp-login.php" "Mozilla/5.0 (Macintosh; Intel Mac OS X 10_15_7) AppleWebKit/605.1.15 (KHTML, like Gecko) Version/17.1 Safari/605.1.15"
157.230.43.92 - - [21/Sep/2026:18:44:38 +0000] "POST /wp-login.php HTTP/1.1" 200 8570 "https://sacherconsultancy.com/wp-login.php" "Mozilla/5.0 (Macintosh; Intel Mac OS X 13_6_1; rv:120.0) Gecko/20100101 Firefox/120.0"
157.230.43.92 - - [21/Sep/2026:18:44:39 +0000] "GET /wp-admin/index.php HTTP/1.1" 302 5223 "https://sacherconsultancy.com/wp-login.php" "Mozilla/5.0 (Macintosh; Intel Mac OS X 10_15_7) AppleWebKit/537.36 (KHTML, like Gecko) Chrome/120.0.0.0 Safari/537.36"
157.230.43.92 - - [21/Sep/2026:18:44:40 +0000] "GET /wp-login.php?redirect_to=https%3A%2F%2Fsacherconsultancy.com%2Fwp-admin%2Findex.php&reauth=1 HTTP/1.1" 200 10431 "https://sacherconsultancy.com/wp-login.php" "Mozilla/5.0 (Macintosh; Intel Mac OS X 10_15_7) AppleWebKit/537.36 (KHTML, like Gecko) Chrome/120.0.0.0 Safari/537.36"
157.230.43.92 - - [21/Sep/2026:18:44:40 +0000] "POST /wp-login.php HTTP/1.1" 200 8566 "https://sacherconsultancy.com/wp-login.php" "Mozilla/5.0 (Macintosh; Intel Mac OS X 10_15_7) AppleWebKit/537.36 (KHTML, like Gecko) Chrome/121.0.0.0 Safari/537.36"
157.230.43.92 - - [21/Sep/2026:18:44:41 +0000] "GET /wp-admin/index.php HTTP/1.1" 302 5223 "https://sacherconsultancy.com/wp-login.php" "Mozilla/5.0 (Macintosh; Intel Mac OS X 13_6_1) AppleWebKit/537.36 (KHTML, like Gecko) Chrome/118.0.0.0 Safari/537.36"
157.230.43.92 - - [21/Sep/2026:18:44:41 +0000] "GET /wp-login.php?redirect_to=https%3A%2F%2Fsacherconsultancy.com%2Fwp-admin%2Findex.php&reauth=1 HTTP/1.1" 200 10431 "https://sacherconsultancy.com/wp-login.php" "Mozilla/5.0 (Macintosh; Intel Mac OS X 13_6_1) AppleWebKit/537.36 (KHTML, like Gecko) Chrome/118.0.0.0 Safari/537.36"
157.230.43.92 - - [21/Sep/2026:18:44:42 +0000] "POST /wp-login.php HTTP/1.1" 200 8562 "https://sacherconsultancy.com/wp-login.php" "Mozilla/5.0 (X11; Ubuntu; Linux x86_64) AppleWebKit/537.36 (KHTML, like Gecko) Chrome/118.0.0.0 Safari/537.36"
157.230.43.92 - - [21/Sep/2026:18:44:43 +0000] "GET /wp-admin/index.php HTTP/1.1" 302 5223 "https://sacherconsultancy.com/wp-login.php" "Mozilla/5.0 (Windows NT 10.0; Win64; x64; rv:120.0) Gecko/20100101 Firefox/120.0"
157.230.43.92 - - [21/Sep/2026:18:44:43 +0000] "GET /wp-login.php?redirect_to=https%3A%2F%2Fsacherconsultancy.com%2Fwp-admin%2Findex.php&reauth=1 HTTP/1.1" 200 10431 "https://sacherconsultancy.com/wp-login.php" "Mozilla/5.0 (Windows NT 10.0; Win64; x64; rv:120.0) Gecko/20100101 Firefox/120.0"
157.230.43.92 - - [21/Sep/2026:18:44:44 +0000] "POST /wp-login.php HTTP/1.1" 200 8566 "https://sacherconsultancy.com/wp-login.php" "Mozilla/5.0 (Macintosh; Intel Mac OS X 10_15_7) AppleWebKit/605.1.15 (KHTML, like Gecko) Version/17.1 Safari/605.1.15"
157.230.43.92 - - [21/Sep/2026:18:44:44 +0000] "GET /wp-admin/index.php HTTP/1.1" 302 5223 "https://sacherconsultancy.com/wp-login.php" "Mozilla/5.0 (Windows NT 11.0; Win64; x64) AppleWebKit/537.36 (KHTML, like Gecko) Chrome/119.0.0.0 Safari/537.36"
157.230.43.92 - - [21/Sep/2026:18:44:45 +0000] "GET /wp-login.php?redirect_to=https%3A%2F%2Fsacherconsultancy.com%2Fwp-admin%2Findex.php&reauth=1 HTTP/1.1" 200 10431 "https://sacherconsultancy.com/wp-login.php" "Mozilla/5.0 (Windows NT 11.0; Win64; x64) AppleWebKit/537.36 (KHTML, like Gecko) Chrome/119.0.0.0 Safari/537.36"
157.230.43.92 - - [21/Sep/2026:18:44:46 +0000] "POST /wp-login.php HTTP/1.1" 200 8578 "https://sacherconsultancy.com/wp-login.php" "Mozilla/5.0 (Windows NT 10.0; Win64; x64) AppleWebKit/537.36 (KHTML, like Gecko) Chrome/120.0.0.0 Safari/537.36"
157.230.43.92 - - [21/Sep/2026:18:44:46 +0000] "GET /wp-admin/index.php HTTP/1.1" 302 5223 "https://sacherconsultancy.com/wp-login.php" "Mozilla/5.0 (Macintosh; Intel Mac OS X 13_6_1) AppleWebKit/605.1.15 (KHTML, like Gecko) Version/17.2 Safari/605.1.15"
157.230.43.92 - - [21/Sep/2026:18:44:47 +0000] "GET /wp-login.php?redirect_to=https%3A%2F%2Fsacherconsultancy.com%2Fwp-admin%2Findex.php&reauth=1 HTTP/1.1" 200 10431 "https://sacherconsultancy.com/wp-login.php" "Mozilla/5.0 (Macintosh; Intel Mac OS X 13_6_1) AppleWebKit/605.1.15 (KHTML, like Gecko) Version/17.2 Safari/605.1.15"
157.230.43.92 - - [21/Sep/2026:18:44:47 +0000] "POST /wp-login.php HTTP/1.1" 200 8582 "https://sacherconsultancy.com/wp-login.php" "Mozilla/5.0 (X11; Ubuntu; Linux x86_64) AppleWebKit/537.36 (KHTML, like Gecko) Chrome/120.0.0.0 Safari/537.36"
157.230.43.92 - - [21/Sep/2026:18:44:48 +0000] "GET /wp-admin/index.php HTTP/1.1" 302 5223 "https://sacherconsultancy.com/wp-login.php" "Mozilla/5.0 (Macintosh; Intel Mac OS X 10_15_7) AppleWebKit/537.36 (KHTML, like Gecko) Chrome/118.0.0.0 Safari/537.36"
157.230.43.92 - - [21/Sep/2026:18:44:49 +0000] "GET /wp-login.php?redirect_to=https%3A%2F%2Fsacherconsultancy.com%2Fwp-admin%2Findex.php&reauth=1 HTTP/1.1" 200 10431 "https://sacherconsultancy.com/wp-login.php" "Mozilla/5.0 (Macintosh; Intel Mac OS X 10_15_7) AppleWebKit/537.36 (KHTML, like Gecko) Chrome/118.0.0.0 Safari/537.36"
157.230.43.92 - - [21/Sep/2026:18:44:49 +0000] "POST /wp-login.php HTTP/1.1" 200 8566 "https://sacherconsultancy.com/wp-login.php" "Mozilla/5.0 (Macintosh; Intel Mac OS X 13_6_1) AppleWebKit/537.36 (KHTML, like Gecko) Chrome/118.0.0.0 Safari/537.36"
157.230.43.92 - - [21/Sep/2026:18:44:50 +0000] "GET /wp-admin/index.php HTTP/1.1" 302 5223 "https://sacherconsultancy.com/wp-login.php" "Mozilla/5.0 (Macintosh; Intel Mac OS X 10_15_7; rv:121.0) Gecko/20100101 Firefox/121.0"
157.230.43.92 - - [21/Sep/2026:18:44:51 +0000] "GET /wp-login.php?redirect_to=https%3A%2F%2Fsacherconsultancy.com%2Fwp-admin%2Findex.php&reauth=1 HTTP/1.1" 200 10431 "https://sacherconsultancy.com/wp-login.php" "Mozilla/5.0 (Macintosh; Intel Mac OS X 10_15_7; rv:121.0) Gecko/20100101 Firefox/121.0"
157.230.43.92 - - [21/Sep/2026:18:44:51 +0000] "POST /wp-login.php HTTP/1.1" 200 8570 "https://sacherconsultancy.com/wp-login.php" "Mozilla/5.0 (Macintosh; Intel Mac OS X 13_6_1) AppleWebKit/605.1.15 (KHTML, like Gecko) Version/17.0 Safari/605.1.15"
157.230.43.92 - - [21/Sep/2026:18:44:52 +0000] "GET /wp-admin/index.php HTTP/1.1" 302 5223 "https://sacherconsultancy.com/wp-login.php" "Mozilla/5.0 (Macintosh; Intel Mac OS X 13_6_1) AppleWebKit/537.36 (KHTML, like Gecko) Chrome/118.0.0.0 Safari/537.36"
157.230.43.92 - - [21/Sep/2026:18:44:52 +0000] "GET /wp-login.php?redirect_to=https%3A%2F%2Fsacherconsultancy.com%2Fwp-admin%2Findex.php&reauth=1 HTTP/1.1" 200 10431 "https://sacherconsultancy.com/wp-login.php" "Mozilla/5.0 (Macintosh; Intel Mac OS X 13_6_1) AppleWebKit/537.36 (KHTML, like Gecko) Chrome/118.0.0.0 Safari/537.36"
157.230.43.92 - - [21/Sep/2026:18:44:53 +0000] "POST /wp-login.php HTTP/1.1" 200 8594 "https://sacherconsultancy.com/wp-login.php" "Mozilla/5.0 (Macintosh; Intel Mac OS X 13_6_1; rv:121.0) Gecko/20100101 Firefox/121.0"
157.230.43.92 - - [21/Sep/2026:18:44:53 +0000] "GET /wp-admin/index.php HTTP/1.1" 302 5223 "https://sacherconsultancy.com/wp-login.php" "Mozilla/5.0 (Macintosh; Intel Mac OS X 10_15_7) AppleWebKit/605.1.15 (KHTML, like Gecko) Version/16.6 Safari/605.1.15"
157.230.43.92 - - [21/Sep/2026:18:44:54 +0000] "GET /wp-login.php?redirect_to=https%3A%2F%2Fsacherconsultancy.com%2Fwp-admin%2Findex.php&reauth=1 HTTP/1.1" 200 10431 "https://sacherconsultancy.com/wp-login.php" "Mozilla/5.0 (Macintosh; Intel Mac OS X 10_15_7) AppleWebKit/605.1.15 (KHTML, like Gecko) Version/16.6 Safari/605.1.15"
157.230.43.92 - - [21/Sep/2026:18:44:55 +0000] "POST /wp-login.php HTTP/1.1" 200 8598 "https://sacherconsultancy.com/wp-login.php" "Mozilla/5.0 (X11; Linux x86_64) AppleWebKit/537.36 (KHTML, like Gecko) Chrome/118.0.0.0 Safari/537.36"
157.230.43.92 - - [21/Sep/2026:18:44:55 +0000] "GET /wp-admin/index.php HTTP/1.1" 302 5223 "https://sacherconsultancy.com/wp-login.php" "Mozilla/5.0 (Macintosh; Intel Mac OS X 10_15_7; rv:120.0) Gecko/20100101 Firefox/120.0"
157.230.43.92 - - [21/Sep/2026:18:44:56 +0000] "GET /wp-login.php?redirect_to=https%3A%2F%2Fsacherconsultancy.com%2Fwp-admin%2Findex.php&reauth=1 HTTP/1.1" 200 10431 "https://sacherconsultancy.com/wp-login.php" "Mozilla/5.0 (Macintosh; Intel Mac OS X 10_15_7; rv:120.0) Gecko/20100101 Firefox/120.0"
157.230.43.92 - - [21/Sep/2026:18:44:56 +0000] "POST /wp-login.php HTTP/1.1" 200 8611 "https://sacherconsultancy.com/wp-login.php" "Mozilla/5.0 (Macintosh; Intel Mac OS X 13_6_1) AppleWebKit/605.1.15 (KHTML, like Gecko) Version/17.0 Safari/605.1.15"
157.230.43.92 - - [21/Sep/2026:18:44:57 +0000] "GET /wp-admin/index.php HTTP/1.1" 302 5223 "https://sacherconsultancy.com/wp-login.php" "Mozilla/5.0 (Macintosh; Intel Mac OS X 10_15_7) AppleWebKit/537.36 (KHTML, like Gecko) Chrome/120.0.0.0 Safari/537.36"
157.230.43.92 - - [21/Sep/2026:18:44:58 +0000] "GET /wp-login.php?redirect_to=https%3A%2F%2Fsacherconsultancy.com%2Fwp-admin%2Findex.php&reauth=1 HTTP/1.1" 200 10431 "https://sacherconsultancy.com/wp-login.php" "Mozilla/5.0 (Macintosh; Intel Mac OS X 10_15_7) AppleWebKit/537.36 (KHTML, like Gecko) Chrome/120.0.0.0 Safari/537.36"
157.230.43.92 - - [21/Sep/2026:18:44:58 +0000] "POST /wp-login.php HTTP/1.1" 200 8615 "https://sacherconsultancy.com/wp-login.php" "Mozilla/5.0 (Macintosh; Intel Mac OS X 13_6_1) AppleWebKit/537.36 (KHTML, like Gecko) Chrome/120.0.0.0 Safari/537.36"
157.230.43.92 - - [21/Sep/2026:18:44:59 +0000] "GET /wp-admin/index.php HTTP/1.1" 302 5223 "https://sacherconsultancy.com/wp-login.php" "Mozilla/5.0 (Macintosh; Intel Mac OS X 10_15_7) AppleWebKit/537.36 (KHTML, like Gecko) Chrome/120.0.0.0 Safari/537.36"
157.230.43.92 - - [21/Sep/2026:18:44:59 +0000] "GET /wp-login.php?redirect_to=https%3A%2F%2Fsacherconsultancy.com%2Fwp-admin%2Findex.php&reauth=1 HTTP/1.1" 200 10431 "https://sacherconsultancy.com/wp-login.php" "Mozilla/5.0 (Macintosh; Intel Mac OS X 10_15_7) AppleWebKit/537.36 (KHTML, like Gecko) Chrome/120.0.0.0 Safari/537.36"
77.68.25.176 - - [21/Sep/2026:18:45:30 +0000] "POST /wp-cron.php?doing_wp_cron=1790016330.3246929645538330078125 HTTP/1.1" 200 5041 "-" "WordPress/7.1.1; https://sacherconsultancy.com"
69.57.172.4 - - [21/Sep/2026:18:45:29 +0000] "POST /wp-login.php HTTP/1.1" 200 16225 "https://sacherconsultancy.com/wp-login.php" "Mozilla/5.0 (Windows NT 10.0; Win64; x64) AppleWebKit/537.36 (KHTML, like Gecko) Chrome/124.0.0.0 Safari/537.36"
23.111.14.115 - - [21/Sep/2026:18:46:09 +0000] "POST /wp-login.php HTTP/1.1" 200 16181 "https://sacherconsultancy.com/wp-login.php" "Mozilla/5.0 (Windows NT 10.0; Win64; x64) AppleWebKit/537.36 (KHTML, like Gecko) Chrome/124.0.0.0 Safari/537.36"
77.68.25.176 - - [21/Sep/2026:18:49:57 +0000] "POST /wp-cron.php?doing_wp_cron=1790016597.2711780071258544921875 HTTP/1.1" 200 5041 "-" "WordPress/7.1.1; https://sacherconsultancy.com"
51.89.69.100 - - [21/Sep/2026:18:49:56 +0000] "GET /sitemap.rss HTTP/1.1" 200 5921 "-" "Mozilla/5.0 (compatible; AhrefsBot/7.0; +http://ahrefs.com/robot/)"
77.68.25.176 - - [21/Sep/2026:18:50:34 +0000] "POST /wp-cron.php?doing_wp_cron=1790016634.7068419456481933593750 HTTP/1.1" 200 5041 "-" "WordPress/7.1.1; https://sacherconsultancy.com"
69.57.172.4 - - [21/Sep/2026:18:50:34 +0000] "POST /wp-login.php HTTP/1.1" 200 16221 "https://sacherconsultancy.com/wp-login.php" "Mozilla/5.0 (Windows NT 10.0; Win64; x64) AppleWebKit/537.36 (KHTML, like Gecko) Chrome/124.0.0.0 Safari/537.36"
23.111.14.115 - - [21/Sep/2026:18:51:05 +0000] "POST /wp-login.php HTTP/1.1" 200 16173 "https://sacherconsultancy.com/wp-login.php" "Mozilla/5.0 (Windows NT 10.0; Win64; x64) AppleWebKit/537.36 (KHTML, like Gecko) Chrome/124.0.0.0 Safari/537.36"
77.68.25.176 - - [21/Sep/2026:18:51:17 +0000] "POST /wp-cron.php?doing_wp_cron=1790016677.1793711185455322265625 HTTP/1.1" 200 5041 "-" "WordPress/7.1.1; https://sacherconsultancy.com"
143.205.174.30 - - [21/Sep/2026:18:51:16 +0000] "POST /xmlrpc.php HTTP/1.1" 200 5223 "-" "Mozilla/5.0 (Windows NT 10.0; Win64; x64) AppleWebKit/537.43 (KHTML, like Gecko) Chrome/137.0.0.0 Safari/537.36 OPR/121.0.0.0"
77.68.25.176 - - [21/Sep/2026:18:53:26 +0000] "POST /wp-cron.php?doing_wp_cron=1790016806.5773649215698242187500 HTTP/1.1" 200 5041 "-" "WordPress/7.1.1; https://sacherconsultancy.com"
92.209.186.105 - - [21/Sep/2026:18:53:26 +0000] "GET /projects HTTP/1.1" 301 5040 "https://sacherconsultancy.com" "Mozilla/5.0 (Macintosh; Intel Mac OS X 10_15_7) AppleWebKit/537.36 (KHTML, like Gecko) Chrome/144.0.0.0 Safari/537.36"
77.68.25.176 - - [21/Sep/2026:18:55:40 +0000] "POST /wp-cron.php?doing_wp_cron=1790016940.1432979106903076171875 HTTP/1.1" 200 5041 "-" "WordPress/7.1.1; https://sacherconsultancy.com"
69.57.172.4 - - [21/Sep/2026:18:55:39 +0000] "POST /wp-login.php HTTP/1.1" 200 16217 "https://sacherconsultancy.com/wp-login.php" "Mozilla/5.0 (Windows NT 10.0; Win64; x64) AppleWebKit/537.36 (KHTML, like Gecko) Chrome/124.0.0.0 Safari/537.36"
23.111.14.115 - - [21/Sep/2026:18:55:59 +0000] "POST /wp-login.php HTTP/1.1" 200 16181 "https://sacherconsultancy.com/wp-login.php" "Mozilla/5.0 (Windows NT 10.0; Win64; x64) AppleWebKit/537.36 (KHTML, like Gecko) Chrome/124.0.0.0 Safari/537.36"
77.68.25.176 - - [21/Sep/2026:19:00:36 +0000] "POST /wp-cron.php?doing_wp_cron=1790017236.4605040550231933593750 HTTP/1.1" 200 5041 "-" "WordPress/7.1.1; https://sacherconsultancy.com"
23.111.14.115 - - [21/Sep/2026:19:00:35 +0000] "POST /wp-login.php HTTP/1.1" 200 16181 "https://sacherconsultancy.com/wp-login.php" "Mozilla/5.0 (Windows NT 10.0; Win64; x64) AppleWebKit/537.36 (KHTML, like Gecko) Chrome/124.0.0.0 Safari/537.36"
69.57.172.4 - - [21/Sep/2026:19:00:44 +0000] "POST /wp-login.php HTTP/1.1" 200 16217 "https://sacherconsultancy.com/wp-login.php" "Mozilla/5.0 (Windows NT 10.0; Win64; x64) AppleWebKit/537.36 (KHTML, like Gecko) Chrome/124.0.0.0 Safari/537.36"
77.68.25.176 - - [21/Sep/2026:19:04:02 +0000] "POST /wp-cron.php?doing_wp_cron=1790017441.9917180538177490234375 HTTP/1.1" 200 5041 "-" "WordPress/7.1.1; https://sacherconsultancy.com"
173.252.69.8 - - [21/Sep/2026:19:04:01 +0000] "GET /robots.txt HTTP/1.1" 206 5244 "-" "facebookexternalhit/1.1 (+http://www.facebook.com/externalhit_uatext.php)"
77.68.25.176 - - [21/Sep/2026:19:05:24 +0000] "POST /wp-cron.php?doing_wp_cron=1790017524.9006080627441406250000 HTTP/1.1" 200 5041 "-" "WordPress/7.1.1; https://sacherconsultancy.com"
23.111.14.115 - - [21/Sep/2026:19:05:24 +0000] "POST /wp-login.php HTTP/1.1" 200 16169 "https://sacherconsultancy.com/wp-login.php" "Mozilla/5.0 (Windows NT 10.0; Win64; x64) AppleWebKit/537.36 (KHTML, like Gecko) Chrome/124.0.0.0 Safari/537.36"
69.57.172.4 - - [21/Sep/2026:19:05:46 +0000] "POST /wp-login.php HTTP/1.1" 200 16225 "https://sacherconsultancy.com/wp-login.php" "Mozilla/5.0 (Windows NT 10.0; Win64; x64) AppleWebKit/537.36 (KHTML, like Gecko) Chrome/124.0.0.0 Safari/537.36"
77.68.25.176 - - [21/Sep/2026:19:07:12 +0000] "POST /wp-cron.php?doing_wp_cron=1790017632.2305428981781005859375 HTTP/1.1" 200 5041 "-" "WordPress/7.1.1; https://sacherconsultancy.com"
114.119.145.216 - - [21/Sep/2026:19:07:11 +0000] "GET / HTTP/1.1" 200 25152 "https://sacherconsultancy.com/" "Mozilla/5.0 (Linux; Android 7.0;) AppleWebKit/537.36 (HTML, like Gecko) Mobile Safari/537.36 (compatible; PetalBot;+https://webmaster.petalsearch.com/site/petalbot)"
45.227.253.15 - - [21/Sep/2026:19:07:30 +0000] "GET /index.php/jk HTTP/1.1" 301 5145 "-" "Mozilla/5.0 (Macintosh; Intel Mac OS X 10.15; rv:79.0) Gecko/20100101 Firefox/79.0"
45.227.253.15 - - [21/Sep/2026:19:07:30 +0000] "GET /jk HTTP/1.1" 404 120943 "https://sacherconsultancy.com/index.php/jk" "Mozilla/5.0 (Macintosh; Intel Mac OS X 10.15; rv:79.0) Gecko/20100101 Firefox/79.0"
77.68.25.176 - - [21/Sep/2026:19:10:13 +0000] "POST /wp-cron.php?doing_wp_cron=1790017813.2876720428466796875000 HTTP/1.1" 200 5041 "-" "WordPress/7.1.1; https://sacherconsultancy.com"
23.111.14.115 - - [21/Sep/2026:19:10:12 +0000] "POST /wp-login.php HTTP/1.1" 200 16169 "https://sacherconsultancy.com/wp-login.php" "Mozilla/5.0 (Windows NT 10.0; Win64; x64) AppleWebKit/537.36 (KHTML, like Gecko) Chrome/124.0.0.0 Safari/537.36"
69.57.172.4 - - [21/Sep/2026:19:10:45 +0000] "POST /wp-login.php HTTP/1.1" 200 16217 "https://sacherconsultancy.com/wp-login.php" "Mozilla/5.0 (Windows NT 10.0; Win64; x64) AppleWebKit/537.36 (KHTML, like Gecko) Chrome/124.0.0.0 Safari/537.36"
77.68.25.176 - - [21/Sep/2026:19:14:56 +0000] "POST /wp-cron.php?doing_wp_cron=1790018095.9834709167480468750000 HTTP/1.1" 200 5041 "-" "WordPress/7.1.1; https://sacherconsultancy.com"
23.111.14.115 - - [21/Sep/2026:19:14:55 +0000] "POST /wp-login.php HTTP/1.1" 200 16181 "https://sacherconsultancy.com/wp-login.php" "Mozilla/5.0 (Windows NT 10.0; Win64; x64) AppleWebKit/537.36 (KHTML, like Gecko) Chrome/124.0.0.0 Safari/537.36"
77.68.25.176 - - [21/Sep/2026:19:15:43 +0000] "POST /wp-cron.php?doing_wp_cron=1790018143.1044309139251708984375 HTTP/1.1" 200 5041 "-" "WordPress/7.1.1; https://sacherconsultancy.com"
69.57.172.4 - - [21/Sep/2026:19:15:42 +0000] "POST /wp-login.php HTTP/1.1" 200 16219 "https://sacherconsultancy.com/wp-login.php" "Mozilla/5.0 (Windows NT 10.0; Win64; x64) AppleWebKit/537.36 (KHTML, like Gecko) Chrome/124.0.0.0 Safari/537.36"
77.68.25.176 - - [21/Sep/2026:19:18:21 +0000] "POST /wp-cron.php?doing_wp_cron=1790018301.1300430297851562500000 HTTP/1.1" 200 5041 "-" "WordPress/7.1.1; https://sacherconsultancy.com"
62.60.130.252 - - [21/Sep/2026:19:18:20 +0000] "GET /wp-login.php HTTP/1.1" 200 8356 "-" "Mozilla/5.0 (Windows NT 10.0; Win64; x64) AppleWebKit/537.36 (KHTML, like Gecko) Chrome/122.0.6261.57 Safari/537.36"
62.60.130.252 - - [21/Sep/2026:19:18:21 +0000] "POST /wp-login.php HTTP/1.1" 200 8612 "https://sacherconsultancy.com/wp-login.php" "Mozilla/5.0 (Macintosh; Intel Mac OS X 13_6_2) AppleWebKit/537.36 (KHTML, like Gecko) Chrome/118.0.5993.88 Safari/537.36"
62.60.130.252 - - [21/Sep/2026:19:18:22 +0000] "GET /wp-admin/index.php HTTP/1.1" 302 5223 "https://sacherconsultancy.com/wp-login.php" "Mozilla/5.0 (Macintosh; Intel Mac OS X 13_6_2) AppleWebKit/537.36 (KHTML, like Gecko) Chrome/118.0.5993.88 Safari/537.36"
62.60.130.252 - - [21/Sep/2026:19:18:23 +0000] "GET /wp-login.php?redirect_to=https%3A%2F%2Fsacherconsultancy.com%2Fwp-admin%2Findex.php&reauth=1 HTTP/1.1" 200 10431 "https://sacherconsultancy.com/wp-login.php" "Mozilla/5.0 (Macintosh; Intel Mac OS X 13_6_2) AppleWebKit/537.36 (KHTML, like Gecko) Chrome/118.0.5993.88 Safari/537.36"
62.60.130.252 - - [21/Sep/2026:19:18:24 +0000] "POST /wp-login.php HTTP/1.1" 200 8597 "https://sacherconsultancy.com/wp-login.php" "Mozilla/5.0 (Windows NT 10.0; Win64; x64) AppleWebKit/537.36 (KHTML, like Gecko) Chrome/119.0.6045.159 Safari/537.36"
62.60.130.252 - - [21/Sep/2026:19:18:24 +0000] "GET /wp-admin/index.php HTTP/1.1" 302 5223 "https://sacherconsultancy.com/wp-login.php" "Mozilla/5.0 (Windows NT 10.0; Win64; x64) AppleWebKit/537.36 (KHTML, like Gecko) Chrome/119.0.6045.159 Safari/537.36"
62.60.130.252 - - [21/Sep/2026:19:18:25 +0000] "GET /wp-login.php?redirect_to=https%3A%2F%2Fsacherconsultancy.com%2Fwp-admin%2Findex.php&reauth=1 HTTP/1.1" 200 10431 "https://sacherconsultancy.com/wp-login.php" "Mozilla/5.0 (Windows NT 10.0; Win64; x64) AppleWebKit/537.36 (KHTML, like Gecko) Chrome/119.0.6045.159 Safari/537.36"
62.60.130.252 - - [21/Sep/2026:19:18:26 +0000] "POST /wp-login.php HTTP/1.1" 200 8601 "https://sacherconsultancy.com/wp-login.php" "Mozilla/5.0 (Windows NT 10.0; Win64; x64) AppleWebKit/537.36 (KHTML, like Gecko) Chrome/118.0.5993.88 Safari/537.36"
62.60.130.252 - - [21/Sep/2026:19:18:26 +0000] "GET /wp-admin/index.php HTTP/1.1" 302 5223 "https://sacherconsultancy.com/wp-login.php" "Mozilla/5.0 (Windows NT 10.0; Win64; x64) AppleWebKit/537.36 (KHTML, like Gecko) Chrome/118.0.5993.88 Safari/537.36"
62.60.130.252 - - [21/Sep/2026:19:18:27 +0000] "GET /wp-login.php?redirect_to=https%3A%2F%2Fsacherconsultancy.com%2Fwp-admin%2Findex.php&reauth=1 HTTP/1.1" 200 10431 "https://sacherconsultancy.com/wp-login.php" "Mozilla/5.0 (Windows NT 10.0; Win64; x64) AppleWebKit/537.36 (KHTML, like Gecko) Chrome/118.0.5993.88 Safari/537.36"
62.60.130.252 - - [21/Sep/2026:19:18:28 +0000] "POST /wp-login.php HTTP/1.1" 200 8604 "https://sacherconsultancy.com/wp-login.php" "Mozilla/5.0 (Windows NT 10.0; Win64; x64) AppleWebKit/537.36 (KHTML, like Gecko) Chrome/120.0.0.0 Safari/537.36 Edg/120.0.2210.133"
62.60.130.252 - - [21/Sep/2026:19:18:28 +0000] "GET /wp-admin/index.php HTTP/1.1" 302 5223 "https://sacherconsultancy.com/wp-login.php" "Mozilla/5.0 (Windows NT 10.0; Win64; x64) AppleWebKit/537.36 (KHTML, like Gecko) Chrome/120.0.0.0 Safari/537.36 Edg/120.0.2210.133"
62.60.130.252 - - [21/Sep/2026:19:18:29 +0000] "GET /wp-login.php?redirect_to=https%3A%2F%2Fsacherconsultancy.com%2Fwp-admin%2Findex.php&reauth=1 HTTP/1.1" 200 10431 "https://sacherconsultancy.com/wp-login.php" "Mozilla/5.0 (Windows NT 10.0; Win64; x64) AppleWebKit/537.36 (KHTML, like Gecko) Chrome/120.0.0.0 Safari/537.36 Edg/120.0.2210.133"
62.60.130.252 - - [21/Sep/2026:19:18:30 +0000] "POST /wp-login.php HTTP/1.1" 200 8610 "https://sacherconsultancy.com/wp-login.php" "Mozilla/5.0 (Macintosh; Intel Mac OS X 13_6_2) AppleWebKit/537.36 (KHTML, like Gecko) Chrome/119.0.6045.159 Safari/537.36"
62.60.130.252 - - [21/Sep/2026:19:18:30 +0000] "GET /wp-admin/index.php HTTP/1.1" 302 5223 "https://sacherconsultancy.com/wp-login.php" "Mozilla/5.0 (Macintosh; Intel Mac OS X 13_6_2) AppleWebKit/537.36 (KHTML, like Gecko) Chrome/119.0.6045.159 Safari/537.36"
62.60.130.252 - - [21/Sep/2026:19:18:31 +0000] "GET /wp-login.php?redirect_to=https%3A%2F%2Fsacherconsultancy.com%2Fwp-admin%2Findex.php&reauth=1 HTTP/1.1" 200 10431 "https://sacherconsultancy.com/wp-login.php" "Mozilla/5.0 (Macintosh; Intel Mac OS X 13_6_2) AppleWebKit/537.36 (KHTML, like Gecko) Chrome/119.0.6045.159 Safari/537.36"
62.60.130.252 - - [21/Sep/2026:19:18:32 +0000] "POST /wp-login.php HTTP/1.1" 200 8592 "https://sacherconsultancy.com/wp-login.php" "Mozilla/5.0 (X11; Ubuntu; Linux x86_64) AppleWebKit/537.36 (KHTML, like Gecko) Chrome/121.0.6167.85 Safari/537.36"
62.60.130.252 - - [21/Sep/2026:19:18:32 +0000] "GET /wp-admin/index.php HTTP/1.1" 302 5223 "https://sacherconsultancy.com/wp-login.php" "Mozilla/5.0 (X11; Ubuntu; Linux x86_64) AppleWebKit/537.36 (KHTML, like Gecko) Chrome/121.0.6167.85 Safari/537.36"
62.60.130.252 - - [21/Sep/2026:19:18:33 +0000] "GET /wp-login.php?redirect_to=https%3A%2F%2Fsacherconsultancy.com%2Fwp-admin%2Findex.php&reauth=1 HTTP/1.1" 200 10431 "https://sacherconsultancy.com/wp-login.php" "Mozilla/5.0 (X11; Ubuntu; Linux x86_64) AppleWebKit/537.36 (KHTML, like Gecko) Chrome/121.0.6167.85 Safari/537.36"
62.60.130.252 - - [21/Sep/2026:19:18:34 +0000] "POST /wp-login.php HTTP/1.1" 200 8611 "https://sacherconsultancy.com/wp-login.php" "Mozilla/5.0 (Macintosh; Intel Mac OS X 11_7_2) AppleWebKit/605.1.15 (KHTML, like Gecko) Version/17.0 Safari/605.1.15"
62.60.130.252 - - [21/Sep/2026:19:18:34 +0000] "GET /wp-admin/index.php HTTP/1.1" 302 5223 "https://sacherconsultancy.com/wp-login.php" "Mozilla/5.0 (Macintosh; Intel Mac OS X 11_7_2) AppleWebKit/605.1.15 (KHTML, like Gecko) Version/17.0 Safari/605.1.15"
62.60.130.252 - - [21/Sep/2026:19:18:35 +0000] "GET /wp-login.php?redirect_to=https%3A%2F%2Fsacherconsultancy.com%2Fwp-admin%2Findex.php&reauth=1 HTTP/1.1" 200 10431 "https://sacherconsultancy.com/wp-login.php" "Mozilla/5.0 (Macintosh; Intel Mac OS X 11_7_2) AppleWebKit/605.1.15 (KHTML, like Gecko) Version/17.0 Safari/605.1.15"
62.60.130.252 - - [21/Sep/2026:19:18:36 +0000] "POST /wp-login.php HTTP/1.1" 200 8612 "https://sacherconsultancy.com/wp-login.php" "Mozilla/5.0 (Windows NT 10.0; Win64; x64) Gecko/20100101 Firefox/119.0.1"
62.60.130.252 - - [21/Sep/2026:19:18:36 +0000] "GET /wp-admin/index.php HTTP/1.1" 302 5223 "https://sacherconsultancy.com/wp-login.php" "Mozilla/5.0 (Windows NT 10.0; Win64; x64) Gecko/20100101 Firefox/119.0.1"
62.60.130.252 - - [21/Sep/2026:19:18:37 +0000] "GET /wp-login.php?redirect_to=https%3A%2F%2Fsacherconsultancy.com%2Fwp-admin%2Findex.php&reauth=1 HTTP/1.1" 200 10431 "https://sacherconsultancy.com/wp-login.php" "Mozilla/5.0 (Windows NT 10.0; Win64; x64) Gecko/20100101 Firefox/119.0.1"
62.60.130.252 - - [21/Sep/2026:19:18:38 +0000] "POST /wp-login.php HTTP/1.1" 200 8601 "https://sacherconsultancy.com/wp-login.php" "Mozilla/5.0 (Windows NT 10.0; Win64; x64) AppleWebKit/537.36 (KHTML, like Gecko) Chrome/120.0.0.0 Safari/537.36 Edg/120.0.2210.133"
62.60.130.252 - - [21/Sep/2026:19:18:38 +0000] "GET /wp-admin/index.php HTTP/1.1" 302 5223 "https://sacherconsultancy.com/wp-login.php" "Mozilla/5.0 (Windows NT 10.0; Win64; x64) AppleWebKit/537.36 (KHTML, like Gecko) Chrome/120.0.0.0 Safari/537.36 Edg/120.0.2210.133"
62.60.130.252 - - [21/Sep/2026:19:18:39 +0000] "GET /wp-login.php?redirect_to=https%3A%2F%2Fsacherconsultancy.com%2Fwp-admin%2Findex.php&reauth=1 HTTP/1.1" 200 10431 "https://sacherconsultancy.com/wp-login.php" "Mozilla/5.0 (Windows NT 10.0; Win64; x64) AppleWebKit/537.36 (KHTML, like Gecko) Chrome/120.0.0.0 Safari/537.36 Edg/120.0.2210.133"
62.60.130.252 - - [21/Sep/2026:19:18:40 +0000] "POST /wp-login.php HTTP/1.1" 200 8604 "https://sacherconsultancy.com/wp-login.php" "Mozilla/5.0 (Macintosh; Intel Mac OS X 10_15_7) AppleWebKit/605.1.15 (KHTML, like Gecko) Version/17.2.1 Safari/605.1.15"
62.60.130.252 - - [21/Sep/2026:19:18:40 +0000] "GET /wp-admin/index.php HTTP/1.1" 302 5223 "https://sacherconsultancy.com/wp-login.php" "Mozilla/5.0 (Macintosh; Intel Mac OS X 10_15_7) AppleWebKit/605.1.15 (KHTML, like Gecko) Version/17.2.1 Safari/605.1.15"
62.60.130.252 - - [21/Sep/2026:19:18:41 +0000] "GET /wp-login.php?redirect_to=https%3A%2F%2Fsacherconsultancy.com%2Fwp-admin%2Findex.php&reauth=1 HTTP/1.1" 200 10431 "https://sacherconsultancy.com/wp-login.php" "Mozilla/5.0 (Macintosh; Intel Mac OS X 10_15_7) AppleWebKit/605.1.15 (KHTML, like Gecko) Version/17.2.1 Safari/605.1.15"
62.60.130.252 - - [21/Sep/2026:19:18:42 +0000] "POST /wp-login.php HTTP/1.1" 200 8600 "https://sacherconsultancy.com/wp-login.php" "Mozilla/5.0 (X11; Ubuntu; Linux x86_64) AppleWebKit/537.36 (KHTML, like Gecko) Chrome/119.0.6045.159 Safari/537.36"
62.60.130.252 - - [21/Sep/2026:19:18:42 +0000] "GET /wp-admin/index.php HTTP/1.1" 302 5223 "https://sacherconsultancy.com/wp-login.php" "Mozilla/5.0 (X11; Ubuntu; Linux x86_64) AppleWebKit/537.36 (KHTML, like Gecko) Chrome/119.0.6045.159 Safari/537.36"
62.60.130.252 - - [21/Sep/2026:19:18:43 +0000] "GET /wp-login.php?redirect_to=https%3A%2F%2Fsacherconsultancy.com%2Fwp-admin%2Findex.php&reauth=1 HTTP/1.1" 200 10431 "https://sacherconsultancy.com/wp-login.php" "Mozilla/5.0 (X11; Ubuntu; Linux x86_64) AppleWebKit/537.36 (KHTML, like Gecko) Chrome/119.0.6045.159 Safari/537.36"
62.60.130.252 - - [21/Sep/2026:19:18:44 +0000] "POST /wp-login.php HTTP/1.1" 200 8608 "https://sacherconsultancy.com/wp-login.php" "Mozilla/5.0 (Macintosh; Intel Mac OS X 13_6_2) AppleWebKit/537.36 (KHTML, like Gecko) Chrome/118.0.5993.88 Safari/537.36"
62.60.130.252 - - [21/Sep/2026:19:18:44 +0000] "GET /wp-admin/index.php HTTP/1.1" 302 5223 "https://sacherconsultancy.com/wp-login.php" "Mozilla/5.0 (Macintosh; Intel Mac OS X 13_6_2) AppleWebKit/537.36 (KHTML, like Gecko) Chrome/118.0.5993.88 Safari/537.36"
62.60.130.252 - - [21/Sep/2026:19:18:45 +0000] "GET /wp-login.php?redirect_to=https%3A%2F%2Fsacherconsultancy.com%2Fwp-admin%2Findex.php&reauth=1 HTTP/1.1" 200 10431 "https://sacherconsultancy.com/wp-login.php" "Mozilla/5.0 (Macintosh; Intel Mac OS X 13_6_2) AppleWebKit/537.36 (KHTML, like Gecko) Chrome/118.0.5993.88 Safari/537.36"
62.60.130.252 - - [21/Sep/2026:19:18:46 +0000] "POST /wp-login.php HTTP/1.1" 200 8616 "https://sacherconsultancy.com/wp-login.php" "Mozilla/5.0 (X11; Ubuntu; Linux x86_64; rv:120.0.1) Gecko/20100101 Firefox/120.0.1"
62.60.130.252 - - [21/Sep/2026:19:18:46 +0000] "GET /wp-admin/index.php HTTP/1.1" 302 5223 "https://sacherconsultancy.com/wp-login.php" "Mozilla/5.0 (X11; Ubuntu; Linux x86_64; rv:120.0.1) Gecko/20100101 Firefox/120.0.1"
62.60.130.252 - - [21/Sep/2026:19:18:47 +0000] "GET /wp-login.php?redirect_to=https%3A%2F%2Fsacherconsultancy.com%2Fwp-admin%2Findex.php&reauth=1 HTTP/1.1" 200 10431 "https://sacherconsultancy.com/wp-login.php" "Mozilla/5.0 (X11; Ubuntu; Linux x86_64; rv:120.0.1) Gecko/20100101 Firefox/120.0.1"
62.60.130.252 - - [21/Sep/2026:19:18:48 +0000] "POST /wp-login.php HTTP/1.1" 200 8608 "https://sacherconsultancy.com/wp-login.php" "Mozilla/5.0 (Macintosh; Intel Mac OS X 10_15_7) AppleWebKit/605.1.15 (KHTML, like Gecko) Version/17.2.1 Safari/605.1.15"
62.60.130.252 - - [21/Sep/2026:19:18:48 +0000] "GET /wp-admin/index.php HTTP/1.1" 302 5223 "https://sacherconsultancy.com/wp-login.php" "Mozilla/5.0 (Macintosh; Intel Mac OS X 10_15_7) AppleWebKit/605.1.15 (KHTML, like Gecko) Version/17.2.1 Safari/605.1.15"
62.60.130.252 - - [21/Sep/2026:19:18:49 +0000] "GET /wp-login.php?redirect_to=https%3A%2F%2Fsacherconsultancy.com%2Fwp-admin%2Findex.php&reauth=1 HTTP/1.1" 200 10431 "https://sacherconsultancy.com/wp-login.php" "Mozilla/5.0 (Macintosh; Intel Mac OS X 10_15_7) AppleWebKit/605.1.15 (KHTML, like Gecko) Version/17.2.1 Safari/605.1.15"
62.60.130.252 - - [21/Sep/2026:19:18:50 +0000] "POST /wp-login.php HTTP/1.1" 200 8600 "https://sacherconsultancy.com/wp-login.php" "Mozilla/5.0 (X11; Ubuntu; Linux x86_64; rv:120.0.1) Gecko/20100101 Firefox/120.0.1"
62.60.130.252 - - [21/Sep/2026:19:18:50 +0000] "GET /wp-admin/index.php HTTP/1.1" 302 5223 "https://sacherconsultancy.com/wp-login.php" "Mozilla/5.0 (X11; Ubuntu; Linux x86_64; rv:120.0.1) Gecko/20100101 Firefox/120.0.1"
62.60.130.252 - - [21/Sep/2026:19:18:50 +0000] "GET /wp-login.php?redirect_to=https%3A%2F%2Fsacherconsultancy.com%2Fwp-admin%2Findex.php&reauth=1 HTTP/1.1" 200 10431 "https://sacherconsultancy.com/wp-login.php" "Mozilla/5.0 (X11; Ubuntu; Linux x86_64; rv:120.0.1) Gecko/20100101 Firefox/120.0.1"
62.60.130.252 - - [21/Sep/2026:19:18:52 +0000] "POST /wp-login.php HTTP/1.1" 200 8592 "https://sacherconsultancy.com/wp-login.php" "Mozilla/5.0 (Macintosh; Intel Mac OS X 13_6_2) AppleWebKit/537.36 (KHTML, like Gecko) Chrome/118.0.5993.88 Safari/537.36"
62.60.130.252 - - [21/Sep/2026:19:18:52 +0000] "GET /wp-admin/index.php HTTP/1.1" 302 5223 "https://sacherconsultancy.com/wp-login.php" "Mozilla/5.0 (Macintosh; Intel Mac OS X 13_6_2) AppleWebKit/537.36 (KHTML, like Gecko) Chrome/118.0.5993.88 Safari/537.36"
62.60.130.252 - - [21/Sep/2026:19:18:53 +0000] "GET /wp-login.php?redirect_to=https%3A%2F%2Fsacherconsultancy.com%2Fwp-admin%2Findex.php&reauth=1 HTTP/1.1" 200 10431 "https://sacherconsultancy.com/wp-login.php" "Mozilla/5.0 (Macintosh; Intel Mac OS X 13_6_2) AppleWebKit/537.36 (KHTML, like Gecko) Chrome/118.0.5993.88 Safari/537.36"
62.60.130.252 - - [21/Sep/2026:19:18:54 +0000] "POST /wp-login.php HTTP/1.1" 200 8598 "https://sacherconsultancy.com/wp-login.php" "Mozilla/5.0 (Windows NT 10.0; Win64; x64) AppleWebKit/537.36 (KHTML, like Gecko) Chrome/119.0.0.0 Safari/537.36 Edg/119.0.2151.97"
62.60.130.252 - - [21/Sep/2026:19:18:54 +0000] "GET /wp-admin/index.php HTTP/1.1" 302 5223 "https://sacherconsultancy.com/wp-login.php" "Mozilla/5.0 (Windows NT 10.0; Win64; x64) AppleWebKit/537.36 (KHTML, like Gecko) Chrome/119.0.0.0 Safari/537.36 Edg/119.0.2151.97"
62.60.130.252 - - [21/Sep/2026:19:18:55 +0000] "GET /wp-login.php?redirect_to=https%3A%2F%2Fsacherconsultancy.com%2Fwp-admin%2Findex.php&reauth=1 HTTP/1.1" 200 10431 "https://sacherconsultancy.com/wp-login.php" "Mozilla/5.0 (Windows NT 10.0; Win64; x64) AppleWebKit/537.36 (KHTML, like Gecko) Chrome/119.0.0.0 Safari/537.36 Edg/119.0.2151.97"
62.60.130.252 - - [21/Sep/2026:19:18:56 +0000] "POST /wp-login.php HTTP/1.1" 200 8609 "https://sacherconsultancy.com/wp-login.php" "Mozilla/5.0 (Windows NT 10.0; Win64; x64) AppleWebKit/537.36 (KHTML, like Gecko) Chrome/120.0.0.0 Safari/537.36 Edg/120.0.2210.133"
62.60.130.252 - - [21/Sep/2026:19:18:56 +0000] "GET /wp-admin/index.php HTTP/1.1" 302 5223 "https://sacherconsultancy.com/wp-login.php" "Mozilla/5.0 (Windows NT 10.0; Win64; x64) AppleWebKit/537.36 (KHTML, like Gecko) Chrome/120.0.0.0 Safari/537.36 Edg/120.0.2210.133"
62.60.130.252 - - [21/Sep/2026:19:18:57 +0000] "GET /wp-login.php?redirect_to=https%3A%2F%2Fsacherconsultancy.com%2Fwp-admin%2Findex.php&reauth=1 HTTP/1.1" 200 10431 "https://sacherconsultancy.com/wp-login.php" "Mozilla/5.0 (Windows NT 10.0; Win64; x64) AppleWebKit/537.36 (KHTML, like Gecko) Chrome/120.0.0.0 Safari/537.36 Edg/120.0.2210.133"
62.60.130.252 - - [21/Sep/2026:19:18:58 +0000] "POST /wp-login.php HTTP/1.1" 200 8592 "https://sacherconsultancy.com/wp-login.php" "Mozilla/5.0 (X11; Linux x86_64) AppleWebKit/537.36 (KHTML, like Gecko) Chrome/119.0.6045.159 Safari/537.36"
62.60.130.252 - - [21/Sep/2026:19:18:58 +0000] "GET /wp-admin/index.php HTTP/1.1" 302 5223 "https://sacherconsultancy.com/wp-login.php" "Mozilla/5.0 (X11; Linux x86_64) AppleWebKit/537.36 (KHTML, like Gecko) Chrome/119.0.6045.159 Safari/537.36"
62.60.130.252 - - [21/Sep/2026:19:18:59 +0000] "GET /wp-login.php?redirect_to=https%3A%2F%2Fsacherconsultancy.com%2Fwp-admin%2Findex.php&reauth=1 HTTP/1.1" 200 10431 "https://sacherconsultancy.com/wp-login.php" "Mozilla/5.0 (X11; Linux x86_64) AppleWebKit/537.36 (KHTML, like Gecko) Chrome/119.0.6045.159 Safari/537.36"
62.60.130.252 - - [21/Sep/2026:19:19:00 +0000] "POST /wp-login.php HTTP/1.1" 200 8609 "https://sacherconsultancy.com/wp-login.php" "Mozilla/5.0 (X11; Ubuntu; Linux x86_64; rv:121.0) Gecko/20100101 Firefox/121.0"
62.60.130.252 - - [21/Sep/2026:19:19:00 +0000] "GET /wp-admin/index.php HTTP/1.1" 302 5223 "https://sacherconsultancy.com/wp-login.php" "Mozilla/5.0 (X11; Ubuntu; Linux x86_64; rv:121.0) Gecko/20100101 Firefox/121.0"
62.60.130.252 - - [21/Sep/2026:19:19:01 +0000] "GET /wp-login.php?redirect_to=https%3A%2F%2Fsacherconsultancy.com%2Fwp-admin%2Findex.php&reauth=1 HTTP/1.1" 200 10431 "https://sacherconsultancy.com/wp-login.php" "Mozilla/5.0 (X11; Ubuntu; Linux x86_64; rv:121.0) Gecko/20100101 Firefox/121.0"
62.60.130.252 - - [21/Sep/2026:19:19:02 +0000] "POST /wp-login.php HTTP/1.1" 200 8637 "https://sacherconsultancy.com/wp-login.php" "Mozilla/5.0 (Macintosh; Intel Mac OS X 13_6_2) AppleWebKit/537.36 (KHTML, like Gecko) Chrome/121.0.6167.85 Safari/537.36"
62.60.130.252 - - [21/Sep/2026:19:19:03 +0000] "GET /wp-admin/index.php HTTP/1.1" 302 5223 "https://sacherconsultancy.com/wp-login.php" "Mozilla/5.0 (Macintosh; Intel Mac OS X 13_6_2) AppleWebKit/537.36 (KHTML, like Gecko) Chrome/121.0.6167.85 Safari/537.36"
62.60.130.252 - - [21/Sep/2026:19:19:03 +0000] "GET /wp-login.php?redirect_to=https%3A%2F%2Fsacherconsultancy.com%2Fwp-admin%2Findex.php&reauth=1 HTTP/1.1" 200 10431 "https://sacherconsultancy.com/wp-login.php" "Mozilla/5.0 (Macintosh; Intel Mac OS X 13_6_2) AppleWebKit/537.36 (KHTML, like Gecko) Chrome/121.0.6167.85 Safari/537.36"
62.60.130.252 - - [21/Sep/2026:19:19:04 +0000] "POST /wp-login.php HTTP/1.1" 200 8605 "https://sacherconsultancy.com/wp-login.php" "Mozilla/5.0 (X11; Ubuntu; Linux x86_64; rv:118.0.2) Gecko/20100101 Firefox/118.0.2"
62.60.130.252 - - [21/Sep/2026:19:19:05 +0000] "GET /wp-admin/index.php HTTP/1.1" 302 5223 "https://sacherconsultancy.com/wp-login.php" "Mozilla/5.0 (X11; Ubuntu; Linux x86_64; rv:118.0.2) Gecko/20100101 Firefox/118.0.2"
62.60.130.252 - - [21/Sep/2026:19:19:05 +0000] "GET /wp-login.php?redirect_to=https%3A%2F%2Fsacherconsultancy.com%2Fwp-admin%2Findex.php&reauth=1 HTTP/1.1" 200 10431 "https://sacherconsultancy.com/wp-login.php" "Mozilla/5.0 (X11; Ubuntu; Linux x86_64; rv:118.0.2) Gecko/20100101 Firefox/118.0.2"
62.60.130.252 - - [21/Sep/2026:19:19:07 +0000] "POST /wp-login.php HTTP/1.1" 200 8613 "https://sacherconsultancy.com/wp-login.php" "Mozilla/5.0 (Macintosh; Intel Mac OS X 13_6_1) AppleWebKit/605.1.15 (KHTML, like Gecko) Version/17.1 Safari/605.1.15"
62.60.130.252 - - [21/Sep/2026:19:19:07 +0000] "GET /wp-admin/index.php HTTP/1.1" 302 5223 "https://sacherconsultancy.com/wp-login.php" "Mozilla/5.0 (Macintosh; Intel Mac OS X 13_6_1) AppleWebKit/605.1.15 (KHTML, like Gecko) Version/17.1 Safari/605.1.15"
62.60.130.252 - - [21/Sep/2026:19:19:08 +0000] "GET /wp-login.php?redirect_to=https%3A%2F%2Fsacherconsultancy.com%2Fwp-admin%2Findex.php&reauth=1 HTTP/1.1" 200 10431 "https://sacherconsultancy.com/wp-login.php" "Mozilla/5.0 (Macintosh; Intel Mac OS X 13_6_1) AppleWebKit/605.1.15 (KHTML, like Gecko) Version/17.1 Safari/605.1.15"
62.60.130.252 - - [21/Sep/2026:19:19:09 +0000] "POST /wp-login.php HTTP/1.1" 200 8596 "https://sacherconsultancy.com/wp-login.php" "Mozilla/5.0 (Macintosh; Intel Mac OS X 13_6_2) AppleWebKit/537.36 (KHTML, like Gecko) Chrome/120.0.6099.130 Safari/537.36"
62.60.130.252 - - [21/Sep/2026:19:19:09 +0000] "GET /wp-admin/index.php HTTP/1.1" 302 5223 "https://sacherconsultancy.com/wp-login.php" "Mozilla/5.0 (Macintosh; Intel Mac OS X 13_6_2) AppleWebKit/537.36 (KHTML, like Gecko) Chrome/120.0.6099.130 Safari/537.36"
62.60.130.252 - - [21/Sep/2026:19:19:09 +0000] "GET /wp-login.php?redirect_to=https%3A%2F%2Fsacherconsultancy.com%2Fwp-admin%2Findex.php&reauth=1 HTTP/1.1" 200 10431 "https://sacherconsultancy.com/wp-login.php" "Mozilla/5.0 (Macintosh; Intel Mac OS X 13_6_2) AppleWebKit/537.36 (KHTML, like Gecko) Chrome/120.0.6099.130 Safari/537.36"
62.60.130.252 - - [21/Sep/2026:19:19:11 +0000] "POST /wp-login.php HTTP/1.1" 200 8586 "https://sacherconsultancy.com/wp-login.php" "Mozilla/5.0 (Windows NT 10.0; Win64; x64) AppleWebKit/537.36 (KHTML, like Gecko) Chrome/119.0.6045.159 Safari/537.36"
77.68.25.176 - - [21/Sep/2026:19:19:12 +0000] "POST /wp-cron.php?doing_wp_cron=1790018352.1575980186462402343750 HTTP/1.1" 200 5041 "-" "WordPress/7.1.1; https://sacherconsultancy.com"
62.60.130.252 - - [21/Sep/2026:19:19:11 +0000] "GET /wp-admin/index.php HTTP/1.1" 302 5223 "https://sacherconsultancy.com/wp-login.php" "Mozilla/5.0 (Windows NT 10.0; Win64; x64) AppleWebKit/537.36 (KHTML, like Gecko) Chrome/119.0.6045.159 Safari/537.36"
62.60.130.252 - - [21/Sep/2026:19:19:12 +0000] "GET /wp-login.php?redirect_to=https%3A%2F%2Fsacherconsultancy.com%2Fwp-admin%2Findex.php&reauth=1 HTTP/1.1" 200 10431 "https://sacherconsultancy.com/wp-login.php" "Mozilla/5.0 (Windows NT 10.0; Win64; x64) AppleWebKit/537.36 (KHTML, like Gecko) Chrome/119.0.6045.159 Safari/537.36"
62.60.130.252 - - [21/Sep/2026:19:19:13 +0000] "POST /wp-login.php HTTP/1.1" 200 8617 "https://sacherconsultancy.com/wp-login.php" "Mozilla/5.0 (X11; Ubuntu; Linux x86_64) AppleWebKit/537.36 (KHTML, like Gecko) Chrome/120.0.6099.130 Safari/537.36"
62.60.130.252 - - [21/Sep/2026:19:19:13 +0000] "GET /wp-admin/index.php HTTP/1.1" 302 5223 "https://sacherconsultancy.com/wp-login.php" "Mozilla/5.0 (X11; Ubuntu; Linux x86_64) AppleWebKit/537.36 (KHTML, like Gecko) Chrome/120.0.6099.130 Safari/537.36"
62.60.130.252 - - [21/Sep/2026:19:19:14 +0000] "GET /wp-login.php?redirect_to=https%3A%2F%2Fsacherconsultancy.com%2Fwp-admin%2Findex.php&reauth=1 HTTP/1.1" 200 10431 "https://sacherconsultancy.com/wp-login.php" "Mozilla/5.0 (X11; Ubuntu; Linux x86_64) AppleWebKit/537.36 (KHTML, like Gecko) Chrome/120.0.6099.130 Safari/537.36"
62.60.130.252 - - [21/Sep/2026:19:19:15 +0000] "POST /wp-login.php HTTP/1.1" 200 8590 "https://sacherconsultancy.com/wp-login.php" "Mozilla/5.0 (X11; Ubuntu; Linux x86_64) AppleWebKit/537.36 (KHTML, like Gecko) Chrome/120.0.6099.130 Safari/537.36"
62.60.130.252 - - [21/Sep/2026:19:19:15 +0000] "GET /wp-admin/index.php HTTP/1.1" 302 5223 "https://sacherconsultancy.com/wp-login.php" "Mozilla/5.0 (X11; Ubuntu; Linux x86_64) AppleWebKit/537.36 (KHTML, like Gecko) Chrome/120.0.6099.130 Safari/537.36"
62.60.130.252 - - [21/Sep/2026:19:19:16 +0000] "GET /wp-login.php?redirect_to=https%3A%2F%2Fsacherconsultancy.com%2Fwp-admin%2Findex.php&reauth=1 HTTP/1.1" 200 10431 "https://sacherconsultancy.com/wp-login.php" "Mozilla/5.0 (X11; Ubuntu; Linux x86_64) AppleWebKit/537.36 (KHTML, like Gecko) Chrome/120.0.6099.130 Safari/537.36"
62.60.130.252 - - [21/Sep/2026:19:19:17 +0000] "POST /wp-login.php HTTP/1.1" 200 8599 "https://sacherconsultancy.com/wp-login.php" "Mozilla/5.0 (Macintosh; Intel Mac OS X 10.15) Gecko/20100101 Firefox/121.0"
62.60.130.252 - - [21/Sep/2026:19:19:17 +0000] "GET /wp-admin/index.php HTTP/1.1" 302 5223 "https://sacherconsultancy.com/wp-login.php" "Mozilla/5.0 (Macintosh; Intel Mac OS X 10.15) Gecko/20100101 Firefox/121.0"
62.60.130.252 - - [21/Sep/2026:19:19:18 +0000] "GET /wp-login.php?redirect_to=https%3A%2F%2Fsacherconsultancy.com%2Fwp-admin%2Findex.php&reauth=1 HTTP/1.1" 200 10431 "https://sacherconsultancy.com/wp-login.php" "Mozilla/5.0 (Macintosh; Intel Mac OS X 10.15) Gecko/20100101 Firefox/121.0"
62.60.130.252 - - [21/Sep/2026:19:19:19 +0000] "POST /wp-login.php HTTP/1.1" 200 8605 "https://sacherconsultancy.com/wp-login.php" "Mozilla/5.0 (Windows NT 11.0; Win64; x64) AppleWebKit/537.36 (KHTML, like Gecko) Chrome/120.0.6099.130 Safari/537.36"
62.60.130.252 - - [21/Sep/2026:19:19:19 +0000] "GET /wp-admin/index.php HTTP/1.1" 302 5223 "https://sacherconsultancy.com/wp-login.php" "Mozilla/5.0 (Windows NT 11.0; Win64; x64) AppleWebKit/537.36 (KHTML, like Gecko) Chrome/120.0.6099.130 Safari/537.36"
62.60.130.252 - - [21/Sep/2026:19:19:20 +0000] "GET /wp-login.php?redirect_to=https%3A%2F%2Fsacherconsultancy.com%2Fwp-admin%2Findex.php&reauth=1 HTTP/1.1" 200 10431 "https://sacherconsultancy.com/wp-login.php" "Mozilla/5.0 (Windows NT 11.0; Win64; x64) AppleWebKit/537.36 (KHTML, like Gecko) Chrome/120.0.6099.130 Safari/537.36"
62.60.130.252 - - [21/Sep/2026:19:19:21 +0000] "POST /wp-login.php HTTP/1.1" 200 8633 "https://sacherconsultancy.com/wp-login.php" "Mozilla/5.0 (Macintosh; Intel Mac OS X 11_7_2) AppleWebKit/605.1.15 (KHTML, like Gecko) Version/17.0 Safari/605.1.15"
62.60.130.252 - - [21/Sep/2026:19:19:21 +0000] "GET /wp-admin/index.php HTTP/1.1" 302 5223 "https://sacherconsultancy.com/wp-login.php" "Mozilla/5.0 (Macintosh; Intel Mac OS X 11_7_2) AppleWebKit/605.1.15 (KHTML, like Gecko) Version/17.0 Safari/605.1.15"
62.60.130.252 - - [21/Sep/2026:19:19:22 +0000] "GET /wp-login.php?redirect_to=https%3A%2F%2Fsacherconsultancy.com%2Fwp-admin%2Findex.php&reauth=1 HTTP/1.1" 200 10431 "https://sacherconsultancy.com/wp-login.php" "Mozilla/5.0 (Macintosh; Intel Mac OS X 11_7_2) AppleWebKit/605.1.15 (KHTML, like Gecko) Version/17.0 Safari/605.1.15"
62.60.130.252 - - [21/Sep/2026:19:19:23 +0000] "POST /wp-login.php HTTP/1.1" 200 8606 "https://sacherconsultancy.com/wp-login.php" "Mozilla/5.0 (Macintosh; Intel Mac OS X 12_6_2) AppleWebKit/605.1.15 (KHTML, like Gecko) Version/17.0 Safari/605.1.15"
62.60.130.252 - - [21/Sep/2026:19:19:23 +0000] "GET /wp-admin/index.php HTTP/1.1" 302 5223 "https://sacherconsultancy.com/wp-login.php" "Mozilla/5.0 (Macintosh; Intel Mac OS X 12_6_2) AppleWebKit/605.1.15 (KHTML, like Gecko) Version/17.0 Safari/605.1.15"
62.60.130.252 - - [21/Sep/2026:19:19:24 +0000] "GET /wp-login.php?redirect_to=https%3A%2F%2Fsacherconsultancy.com%2Fwp-admin%2Findex.php&reauth=1 HTTP/1.1" 200 10431 "https://sacherconsultancy.com/wp-login.php" "Mozilla/5.0 (Macintosh; Intel Mac OS X 12_6_2) AppleWebKit/605.1.15 (KHTML, like Gecko) Version/17.0 Safari/605.1.15"
62.60.130.252 - - [21/Sep/2026:19:19:25 +0000] "POST /wp-login.php HTTP/1.1" 200 8597 "https://sacherconsultancy.com/wp-login.php" "Mozilla/5.0 (Windows NT 10.0; Win64; x64) AppleWebKit/537.36 (KHTML, like Gecko) Chrome/119.0.0.0 Safari/537.36 Edg/119.0.2151.97"
62.60.130.252 - - [21/Sep/2026:19:19:25 +0000] "GET /wp-admin/index.php HTTP/1.1" 302 5223 "https://sacherconsultancy.com/wp-login.php" "Mozilla/5.0 (Windows NT 10.0; Win64; x64) AppleWebKit/537.36 (KHTML, like Gecko) Chrome/119.0.0.0 Safari/537.36 Edg/119.0.2151.97"
62.60.130.252 - - [21/Sep/2026:19:19:26 +0000] "GET /wp-login.php?redirect_to=https%3A%2F%2Fsacherconsultancy.com%2Fwp-admin%2Findex.php&reauth=1 HTTP/1.1" 200 10431 "https://sacherconsultancy.com/wp-login.php" "Mozilla/5.0 (Windows NT 10.0; Win64; x64) AppleWebKit/537.36 (KHTML, like Gecko) Chrome/119.0.0.0 Safari/537.36 Edg/119.0.2151.97"
62.60.130.252 - - [21/Sep/2026:19:19:27 +0000] "POST /wp-login.php HTTP/1.1" 200 8592 "https://sacherconsultancy.com/wp-login.php" "Mozilla/5.0 (Windows NT 10.0; Win64; x64) Gecko/20100101 Firefox/118.0.2"
62.60.130.252 - - [21/Sep/2026:19:19:28 +0000] "GET /wp-admin/index.php HTTP/1.1" 302 5223 "https://sacherconsultancy.com/wp-login.php" "Mozilla/5.0 (Windows NT 10.0; Win64; x64) Gecko/20100101 Firefox/118.0.2"
62.60.130.252 - - [21/Sep/2026:19:19:28 +0000] "GET /wp-login.php?redirect_to=https%3A%2F%2Fsacherconsultancy.com%2Fwp-admin%2Findex.php&reauth=1 HTTP/1.1" 200 10431 "https://sacherconsultancy.com/wp-login.php" "Mozilla/5.0 (Windows NT 10.0; Win64; x64) Gecko/20100101 Firefox/118.0.2"
62.60.130.252 - - [21/Sep/2026:19:19:29 +0000] "POST /wp-login.php HTTP/1.1" 200 8588 "https://sacherconsultancy.com/wp-login.php" "Mozilla/5.0 (Windows NT 11.0; Win64; x64) AppleWebKit/537.36 (KHTML, like Gecko) Chrome/121.0.6167.85 Safari/537.36"
62.60.130.252 - - [21/Sep/2026:19:19:30 +0000] "GET /wp-admin/index.php HTTP/1.1" 302 5223 "https://sacherconsultancy.com/wp-login.php" "Mozilla/5.0 (Windows NT 11.0; Win64; x64) AppleWebKit/537.36 (KHTML, like Gecko) Chrome/121.0.6167.85 Safari/537.36"
62.60.130.252 - - [21/Sep/2026:19:19:30 +0000] "GET /wp-login.php?redirect_to=https%3A%2F%2Fsacherconsultancy.com%2Fwp-admin%2Findex.php&reauth=1 HTTP/1.1" 200 10431 "https://sacherconsultancy.com/wp-login.php" "Mozilla/5.0 (Windows NT 11.0; Win64; x64) AppleWebKit/537.36 (KHTML, like Gecko) Chrome/121.0.6167.85 Safari/537.36"
62.60.130.252 - - [21/Sep/2026:19:19:32 +0000] "POST /wp-login.php HTTP/1.1" 200 8606 "https://sacherconsultancy.com/wp-login.php" "Mozilla/5.0 (Macintosh; Intel Mac OS X 10.15) Gecko/20100101 Firefox/121.0"
62.60.130.252 - - [21/Sep/2026:19:19:32 +0000] "GET /wp-admin/index.php HTTP/1.1" 302 5223 "https://sacherconsultancy.com/wp-login.php" "Mozilla/5.0 (Macintosh; Intel Mac OS X 10.15) Gecko/20100101 Firefox/121.0"
62.60.130.252 - - [21/Sep/2026:19:19:33 +0000] "GET /wp-login.php?redirect_to=https%3A%2F%2Fsacherconsultancy.com%2Fwp-admin%2Findex.php&reauth=1 HTTP/1.1" 200 10431 "https://sacherconsultancy.com/wp-login.php" "Mozilla/5.0 (Macintosh; Intel Mac OS X 10.15) Gecko/20100101 Firefox/121.0"
62.60.130.252 - - [21/Sep/2026:19:19:34 +0000] "POST /wp-login.php HTTP/1.1" 200 8606 "https://sacherconsultancy.com/wp-login.php" "Mozilla/5.0 (X11; Ubuntu; Linux x86_64; rv:122.0) Gecko/20100101 Firefox/122.0"
62.60.130.252 - - [21/Sep/2026:19:19:34 +0000] "GET /wp-admin/index.php HTTP/1.1" 302 5223 "https://sacherconsultancy.com/wp-login.php" "Mozilla/5.0 (X11; Ubuntu; Linux x86_64; rv:122.0) Gecko/20100101 Firefox/122.0"
