197.63.100.104 - - [22/Sep/2026:14:47:16 +0000] "POST /xmlrpc.php HTTP/1.1" 200 5415 "-" "WordPress.com; https://wordpress.com"
66.249.77.160 - - [22/Sep/2026:14:47:24 +0000] "GET /category/item/flou91cbp6s2v29.shtml HTTP/1.1" 404 121229 "-" "Mozilla/5.0 (Linux; Android 6.0.1; Nexus 5X Build/MMB29P) AppleWebKit/537.36 (KHTML, like Gecko) Chrome/153.0.8010.52 Mobile Safari/537.36 (compatible; Googlebot/2.1; +http://www.google.com/bot.html)"
197.63.100.104 - - [22/Sep/2026:14:47:27 +0000] "POST /xmlrpc.php HTTP/1.1" 200 5415 "-" "Jetpack/13.0; WordPress/6.2; http://site19016755.com"
197.63.100.104 - - [22/Sep/2026:14:47:37 +0000] "POST /xmlrpc.php HTTP/1.1" 200 5415 "-" "WordPress.com; https://wordpress.com"
197.63.100.104 - - [22/Sep/2026:14:47:48 +0000] "POST /xmlrpc.php HTTP/1.1" 200 5415 "-" "Jetpack/12.0; WordPress/6.2; http://site51066831.com"
197.63.100.104 - - [22/Sep/2026:14:47:59 +0000] "POST /xmlrpc.php HTTP/1.1" 200 5415 "-" "WordPress.com; https://wordpress.com"
197.63.100.104 - - [22/Sep/2026:14:48:09 +0000] "POST /xmlrpc.php HTTP/1.1" 200 5415 "-" "Jetpack/12.0; WordPress/6.3; http://site74867393.com"
77.68.25.176 - - [22/Sep/2026:14:48:20 +0000] "POST /wp-cron.php?doing_wp_cron=1790088500.7482941150665283203125 HTTP/1.1" 200 5041 "-" "WordPress/7.1.1; https://sacherconsultancy.com"
197.63.100.104 - - [22/Sep/2026:14:48:20 +0000] "POST /xmlrpc.php HTTP/1.1" 200 5415 "-" "WordPress.com; https://wordpress.com"
197.63.100.104 - - [22/Sep/2026:14:48:30 +0000] "POST /xmlrpc.php HTTP/1.1" 200 5415 "-" "WordPress.com; https://wordpress.com"
197.63.100.104 - - [22/Sep/2026:14:48:41 +0000] "POST /xmlrpc.php HTTP/1.1" 200 5415 "-" "Jetpack by WordPress.com"
197.63.100.104 - - [22/Sep/2026:14:48:52 +0000] "POST /xmlrpc.php HTTP/1.1" 200 5415 "-" "Jetpack/12.5; WordPress/6.4; http://site53984091.com"
197.63.100.104 - - [22/Sep/2026:14:49:02 +0000] "POST /xmlrpc.php HTTP/1.1" 200 5415 "-" "Jetpack by WordPress.com (Jetpack 13.0; WordPress 6.1)"
45.55.73.142 - - [22/Sep/2026:14:49:08 +0000] "GET / HTTP/1.1" 200 25152 "-" "Mozilla/5.0 (X11; Linux x86_64) AppleWebKit/537.36 (KHTML, like Gecko) Chrome/142.0.0.0 Safari/537.36"
77.68.25.176 - - [22/Sep/2026:14:49:13 +0000] "POST /wp-cron.php?doing_wp_cron=1790088553.6093161106109619140625 HTTP/1.1" 200 5041 "-" "WordPress/7.1.1; https://sacherconsultancy.com"
197.63.100.104 - - [22/Sep/2026:14:49:13 +0000] "POST /xmlrpc.php HTTP/1.1" 200 5415 "-" "WordPress.com; https://wordpress.com"
197.63.100.104 - - [22/Sep/2026:14:49:23 +0000] "POST /xmlrpc.php HTTP/1.1" 200 5415 "-" "WordPress.com; https://wordpress.com"
197.63.100.104 - - [22/Sep/2026:14:49:34 +0000] "POST /xmlrpc.php HTTP/1.1" 200 5415 "-" "WordPress.com; https://wordpress.com"
197.63.100.104 - - [22/Sep/2026:14:49:44 +0000] "POST /xmlrpc.php HTTP/1.1" 200 5415 "-" "WordPress.com; https://wordpress.com"
197.63.100.104 - - [22/Sep/2026:14:49:55 +0000] "POST /xmlrpc.php HTTP/1.1" 200 5415 "-" "Jetpack by WordPress.com"
197.63.100.104 - - [22/Sep/2026:14:50:06 +0000] "POST /xmlrpc.php HTTP/1.1" 200 5415 "-" "Jetpack by WordPress.com (Jetpack 12.5; WordPress 6.3)"
77.68.25.176 - - [22/Sep/2026:14:50:17 +0000] "POST /wp-cron.php?doing_wp_cron=1790088617.1056289672851562500000 HTTP/1.1" 200 5041 "-" "WordPress/7.1.1; https://sacherconsultancy.com"
197.63.100.104 - - [22/Sep/2026:14:50:16 +0000] "POST /xmlrpc.php HTTP/1.1" 200 5415 "-" "WordPress.com; https://wordpress.com"
197.63.100.104 - - [22/Sep/2026:14:50:27 +0000] "POST /xmlrpc.php HTTP/1.1" 200 5415 "-" "Jetpack by WordPress.com (Jetpack 12.1; WordPress 6.4)"
197.63.100.104 - - [22/Sep/2026:14:50:37 +0000] "POST /xmlrpc.php HTTP/1.1" 200 5415 "-" "Jetpack by WordPress.com (Jetpack 12.1; WordPress 6.2)"
197.63.100.104 - - [22/Sep/2026:14:50:48 +0000] "POST /xmlrpc.php HTTP/1.1" 200 5415 "-" "Jetpack by WordPress.com (Jetpack 12.5; WordPress 6.2)"
197.63.100.104 - - [22/Sep/2026:14:50:58 +0000] "POST /xmlrpc.php HTTP/1.1" 200 5415 "-" "Jetpack by WordPress.com (Jetpack 12.5; WordPress 6.2)"
197.63.100.104 - - [22/Sep/2026:14:51:09 +0000] "POST /xmlrpc.php HTTP/1.1" 200 5415 "-" "Jetpack/13.0; WordPress/6.1; http://site93522517.com"
87.106.171.101 - - [22/Sep/2026:14:51:10 +0000] "POST /wp-login.php HTTP/1.1" 200 16201 "https://sacherconsultancy.com/wp-login.php" "Mozilla/5.0 (Windows NT 10.0; Win64; x64) AppleWebKit/537.36 (KHTML, like Gecko) Chrome/124.0.0.0 Safari/537.36"
77.68.25.176 - - [22/Sep/2026:14:51:20 +0000] "POST /wp-cron.php?doing_wp_cron=1790088680.4999020099639892578125 HTTP/1.1" 200 5041 "-" "WordPress/7.1.1; https://sacherconsultancy.com"
197.63.100.104 - - [22/Sep/2026:14:51:20 +0000] "POST /xmlrpc.php HTTP/1.1" 200 5415 "-" "Jetpack by WordPress.com (Jetpack 12.1; WordPress 6.4)"
197.63.100.104 - - [22/Sep/2026:14:51:30 +0000] "POST /xmlrpc.php HTTP/1.1" 200 5415 "-" "WordPress.com; https://wordpress.com"
66.249.77.162 - - [22/Sep/2026:14:51:31 +0000] "GET /category/item/e03fogro40rpad8.shtml HTTP/1.1" 404 121411 "-" "Mozilla/5.0 (compatible; Googlebot/2.1; +http://www.google.com/bot.html)"
197.63.100.104 - - [22/Sep/2026:14:51:41 +0000] "POST /xmlrpc.php HTTP/1.1" 200 5415 "-" "Jetpack by WordPress.com"
197.63.100.104 - - [22/Sep/2026:14:51:51 +0000] "POST /xmlrpc.php HTTP/1.1" 200 5415 "-" "WordPress.com; https://wordpress.com"
197.63.100.104 - - [22/Sep/2026:14:52:02 +0000] "POST /xmlrpc.php HTTP/1.1" 200 5415 "-" "Jetpack/13.0; WordPress/6.2; http://site20508848.com"
77.68.25.176 - - [22/Sep/2026:14:52:13 +0000] "POST /wp-cron.php?doing_wp_cron=1790088733.5004189014434814453125 HTTP/1.1" 200 5041 "-" "WordPress/7.1.1; https://sacherconsultancy.com"
197.63.100.104 - - [22/Sep/2026:14:52:12 +0000] "POST /xmlrpc.php HTTP/1.1" 200 5415 "-" "Jetpack by WordPress.com"
197.63.100.104 - - [22/Sep/2026:14:52:23 +0000] "POST /xmlrpc.php HTTP/1.1" 200 5415 "-" "Jetpack by WordPress.com (Jetpack 12.0; WordPress 6.2)"
197.63.100.104 - - [22/Sep/2026:14:52:34 +0000] "POST /xmlrpc.php HTTP/1.1" 200 5415 "-" "WordPress.com; https://wordpress.com"
197.63.100.104 - - [22/Sep/2026:14:52:44 +0000] "POST /xmlrpc.php HTTP/1.1" 200 5415 "-" "Jetpack by WordPress.com (Jetpack 13.0; WordPress 6.4)"
197.63.100.104 - - [22/Sep/2026:14:52:55 +0000] "POST /xmlrpc.php HTTP/1.1" 200 5415 "-" "WordPress.com; https://wordpress.com"
197.63.100.104 - - [22/Sep/2026:14:53:05 +0000] "POST /xmlrpc.php HTTP/1.1" 200 5415 "-" "Jetpack by WordPress.com (Jetpack 13.0; WordPress 6.4)"
77.68.25.176 - - [22/Sep/2026:14:53:16 +0000] "POST /wp-cron.php?doing_wp_cron=1790088796.8483490943908691406250 HTTP/1.1" 200 5041 "-" "WordPress/7.1.1; https://sacherconsultancy.com"
197.63.100.104 - - [22/Sep/2026:14:53:16 +0000] "POST /xmlrpc.php HTTP/1.1" 200 5415 "-" "Jetpack by WordPress.com"
197.63.100.104 - - [22/Sep/2026:14:53:26 +0000] "POST /xmlrpc.php HTTP/1.1" 200 5415 "-" "Jetpack/12.5; WordPress/6.2; http://site34666098.com"
197.63.100.104 - - [22/Sep/2026:14:53:37 +0000] "POST /xmlrpc.php HTTP/1.1" 200 5415 "-" "WordPress.com; https://wordpress.com"
66.249.77.162 - - [22/Sep/2026:14:53:47 +0000] "GET /category/item/ec4r15sihps2t29.shtml HTTP/1.1" 404 121229 "-" "Mozilla/5.0 (compatible; Googlebot/2.1; +http://www.google.com/bot.html)"
197.63.100.104 - - [22/Sep/2026:14:53:48 +0000] "POST /xmlrpc.php HTTP/1.1" 200 5415 "-" "Jetpack/12.1; WordPress/6.2; http://site74414161.com"
197.63.100.104 - - [22/Sep/2026:14:53:58 +0000] "POST /xmlrpc.php HTTP/1.1" 200 5415 "-" "WordPress.com; https://wordpress.com"
197.63.100.104 - - [22/Sep/2026:14:54:09 +0000] "POST /xmlrpc.php HTTP/1.1" 200 5415 "-" "Jetpack by WordPress.com"
77.68.25.176 - - [22/Sep/2026:14:54:20 +0000] "POST /wp-cron.php?doing_wp_cron=1790088860.2299039363861083984375 HTTP/1.1" 200 5041 "-" "WordPress/7.1.1; https://sacherconsultancy.com"
197.63.100.104 - - [22/Sep/2026:14:54:19 +0000] "POST /xmlrpc.php HTTP/1.1" 200 5415 "-" "Jetpack by WordPress.com"
197.63.100.104 - - [22/Sep/2026:14:54:30 +0000] "POST /xmlrpc.php HTTP/1.1" 200 5415 "-" "Jetpack by WordPress.com (Jetpack 12.1; WordPress 6.4)"
197.63.100.104 - - [22/Sep/2026:14:54:40 +0000] "POST /xmlrpc.php HTTP/1.1" 200 5415 "-" "Jetpack by WordPress.com (Jetpack 13.0; WordPress 6.4)"
197.63.100.104 - - [22/Sep/2026:14:54:51 +0000] "POST /xmlrpc.php HTTP/1.1" 200 5415 "-" "Jetpack/12.1; WordPress/6.3; http://site13563842.com"
66.249.77.162 - - [22/Sep/2026:14:54:56 +0000] "GET /category/item/f07i48vbk2zlkxg.shtml HTTP/1.1" 404 121229 "-" "Mozilla/5.0 (Linux; Android 6.0.1; Nexus 5X Build/MMB29P) AppleWebKit/537.36 (KHTML, like Gecko) Chrome/153.0.8010.52 Mobile Safari/537.36 (compatible; Googlebot/2.1; +http://www.google.com/bot.html)"
197.63.100.104 - - [22/Sep/2026:14:55:02 +0000] "POST /xmlrpc.php HTTP/1.1" 200 5415 "-" "Jetpack by WordPress.com"
77.68.25.176 - - [22/Sep/2026:15:00:04 +0000] "POST /wp-cron.php?doing_wp_cron=1790089204.0335559844970703125000 HTTP/1.1" 200 5041 "-" "WordPress/7.1.1; https://sacherconsultancy.com"
87.106.171.101 - - [22/Sep/2026:15:00:03 +0000] "POST /wp-login.php HTTP/1.1" 200 16207 "https://sacherconsultancy.com/wp-login.php" "Mozilla/5.0 (Windows NT 10.0; Win64; x64) AppleWebKit/537.36 (KHTML, like Gecko) Chrome/124.0.0.0 Safari/537.36"
77.68.25.176 - - [22/Sep/2026:15:02:06 +0000] "POST /wp-cron.php?doing_wp_cron=1790089326.4811680316925048828125 HTTP/1.1" 200 5041 "-" "WordPress/7.1.1; https://sacherconsultancy.com"
66.249.77.160 - - [22/Sep/2026:15:02:05 +0000] "GET /category/item/f52xbrqbr2ig54z.shtml HTTP/1.1" 404 121229 "-" "Mozilla/5.0 (compatible; Googlebot/2.1; +http://www.google.com/bot.html)"
77.68.25.176 - - [22/Sep/2026:15:08:08 +0000] "POST /wp-cron.php?doing_wp_cron=1790089688.0836479663848876953125 HTTP/1.1" 200 5041 "-" "WordPress/7.1.1; https://sacherconsultancy.com"
66.249.77.161 - - [22/Sep/2026:15:08:07 +0000] "GET /category/item/fg4t15sbhcwi3ud.shtml HTTP/1.1" 404 121229 "-" "Mozilla/5.0 (compatible; Googlebot/2.1; +http://www.google.com/bot.html)"
194.26.192.164 - - [22/Sep/2026:15:11:06 +0000] "GET /000.php HTTP/1.1" 403 5806 "http://sacherconsultancy.com/000.php" "Go-http-client/2.0"
194.26.192.164 - - [22/Sep/2026:15:11:06 +0000] "GET /wp-content/about.php HTTP/1.1" 403 5806 "http://sacherconsultancy.com/wp-content/about.php" "Go-http-client/2.0"
77.68.25.176 - - [22/Sep/2026:15:11:07 +0000] "POST /wp-cron.php?doing_wp_cron=1790089867.4930129051208496093750 HTTP/1.1" 200 5041 "-" "WordPress/7.1.1; https://sacherconsultancy.com"
194.26.192.164 - - [22/Sep/2026:15:11:06 +0000] "GET /wp-admin/css/admin.php HTTP/1.1" 404 121139 "http://sacherconsultancy.com/wp-admin/css/admin.php" "Go-http-client/2.0"
194.26.192.164 - - [22/Sep/2026:15:11:07 +0000] "GET //wp-admin/css/about.php HTTP/1.1" 403 5806 "http://sacherconsultancy.com//wp-admin/css/about.php" "Go-http-client/2.0"
194.26.192.164 - - [22/Sep/2026:15:11:08 +0000] "GET /wp-content/wp-setting.php HTTP/1.1" 403 5806 "http://sacherconsultancy.com/wp-content/wp-setting.php#admin@admin" "Go-http-client/2.0"
194.26.192.164 - - [22/Sep/2026:15:11:08 +0000] "GET /wp-includes/hp2.php HTTP/1.1" 404 121087 "http://sacherconsultancy.com/wp-includes/hp2.php" "Go-http-client/2.0"
194.26.192.164 - - [22/Sep/2026:15:11:08 +0000] "GET /bless.php HTTP/1.1" 403 5806 "http://sacherconsultancy.com/bless.php#888xyz999" "Go-http-client/2.0"
194.26.192.164 - - [22/Sep/2026:15:11:08 +0000] "GET /wp-content/goods.php HTTP/1.1" 403 5806 "http://sacherconsultancy.com/wp-content/goods.php" "Go-http-client/2.0"
194.26.192.164 - - [22/Sep/2026:15:11:08 +0000] "GET /blurbs.php HTTP/1.1" 403 5806 "http://sacherconsultancy.com/blurbs.php#888xyz999" "Go-http-client/2.0"
194.26.192.164 - - [22/Sep/2026:15:11:08 +0000] "GET /wp-admin/css/goods.php HTTP/1.1" 403 5806 "http://sacherconsultancy.com/wp-admin/css/goods.php" "Go-http-client/2.0"
194.26.192.164 - - [22/Sep/2026:15:11:08 +0000] "GET /abcd.php HTTP/1.1" 403 5806 "http://sacherconsultancy.com/abcd.php" "Go-http-client/2.0"
194.26.192.164 - - [22/Sep/2026:15:11:09 +0000] "GET /wp-admin/css/colors/wp-login.php HTTP/1.1" 404 121233 "http://sacherconsultancy.com/wp-admin/css/colors/wp-login.php" "Go-http-client/2.0"
194.26.192.164 - - [22/Sep/2026:15:11:09 +0000] "GET /dex.php HTTP/1.1" 403 5806 "http://sacherconsultancy.com/dex.php" "Go-http-client/2.0"
194.26.192.164 - - [22/Sep/2026:15:11:09 +0000] "GET /wp-admin/admin-ajax.php HTTP/1.1" 400 5151 "http://sacherconsultancy.com/wp-admin/admin-ajax.php" "Go-http-client/2.0"
194.26.192.164 - - [22/Sep/2026:15:11:10 +0000] "GET /wp-admin/css/index.php HTTP/1.1" 404 4991 "http://sacherconsultancy.com/wp-admin/css/index.php" "Go-http-client/2.0"
194.26.192.164 - - [22/Sep/2026:15:11:10 +0000] "GET /wp-admin/index.php HTTP/1.1" 302 5243 "http://sacherconsultancy.com/wp-admin/index.php" "Go-http-client/2.0"
194.26.192.164 - - [22/Sep/2026:15:11:10 +0000] "GET /wp-login.php?redirect_to=https%3A%2F%2Fsacherconsultancy.com%2Fwp-admin%2Findex.php&reauth=1 HTTP/1.1" 200 10452 "https://sacherconsultancy.com/wp-admin/index.php" "Go-http-client/2.0"
194.26.192.164 - - [22/Sep/2026:15:11:11 +0000] "GET /wp-content/plugins/index.php HTTP/1.1" 403 5806 "http://sacherconsultancy.com/wp-content/plugins/index.php" "Go-http-client/2.0"
194.26.192.164 - - [22/Sep/2026:15:11:11 +0000] "GET /wp-content/index.php HTTP/1.1" 200 4948 "http://sacherconsultancy.com/wp-content/index.php" "Go-http-client/2.0"
77.68.25.176 - - [22/Sep/2026:15:11:12 +0000] "POST /wp-cron.php?doing_wp_cron=1790089872.4193980693817138671875 HTTP/1.1" 200 5041 "-" "WordPress/7.1.1; https://sacherconsultancy.com"
194.26.192.164 - - [22/Sep/2026:15:11:11 +0000] "GET /wp-content/plugins/fix/000.php HTTP/1.1" 404 121197 "http://sacherconsultancy.com/wp-content/plugins/fix/000.php" "Go-http-client/2.0"
194.26.192.164 - - [22/Sep/2026:15:11:12 +0000] "GET /file.php HTTP/1.1" 403 5806 "http://sacherconsultancy.com/file.php" "Go-http-client/2.0"
194.26.192.164 - - [22/Sep/2026:15:11:12 +0000] "GET //wp-content/plugins/fix/up.php HTTP/1.1" 301 5172 "http://sacherconsultancy.com//wp-content/plugins/fix/up.php" "Go-http-client/2.0"
194.26.192.164 - - [22/Sep/2026:15:11:13 +0000] "GET /wp-content/plugins/fix/up.php HTTP/1.1" 404 121188 "https://sacherconsultancy.com//wp-content/plugins/fix/up.php" "Go-http-client/2.0"
194.26.192.164 - - [22/Sep/2026:15:11:13 +0000] "GET /wp-mail.php HTTP/1.1" 403 7790 "http://sacherconsultancy.com/wp-mail.php" "Go-http-client/2.0"
194.26.192.164 - - [22/Sep/2026:15:11:14 +0000] "GET /ioxi-o.php HTTP/1.1" 403 5806 "http://sacherconsultancy.com/ioxi-o.php" "Go-http-client/2.0"
194.26.192.164 - - [22/Sep/2026:15:11:14 +0000] "GET /wp-content/ioxi-o.php HTTP/1.1" 403 5806 "http://sacherconsultancy.com/wp-content/ioxi-o.php" "Go-http-client/2.0"
194.26.192.164 - - [22/Sep/2026:15:11:14 +0000] "GET /style.php HTTP/1.1" 403 5806 "http://sacherconsultancy.com/style.php" "Go-http-client/2.0"
194.26.192.164 - - [22/Sep/2026:15:11:14 +0000] "GET /wp-content/style.php HTTP/1.1" 403 5806 "http://sacherconsultancy.com/wp-content/style.php" "Go-http-client/2.0"
194.26.192.164 - - [22/Sep/2026:15:11:14 +0000] "GET /wp-editor.php HTTP/1.1" 403 5806 "http://sacherconsultancy.com/wp-editor.php#lufix" "Go-http-client/2.0"
194.26.192.164 - - [22/Sep/2026:15:11:14 +0000] "GET /lufix.php HTTP/1.1" 403 5806 "http://sacherconsultancy.com/lufix.php#lufix" "Go-http-client/2.0"
194.26.192.164 - - [22/Sep/2026:15:11:14 +0000] "GET /txets.php HTTP/1.1" 404 120999 "http://sacherconsultancy.com/txets.php" "Go-http-client/2.0"
194.26.192.164 - - [22/Sep/2026:15:11:15 +0000] "GET /wp-content/themes/txets.php HTTP/1.1" 403 5806 "http://sacherconsultancy.com/wp-content/themes/txets.php" "Go-http-client/2.0"
194.26.192.164 - - [22/Sep/2026:15:11:15 +0000] "GET /wp-admin/txets.php HTTP/1.1" 404 121099 "http://sacherconsultancy.com/wp-admin/txets.php" "Go-http-client/2.0"
194.26.192.164 - - [22/Sep/2026:15:11:16 +0000] "GET /wp-includes/txets.php HTTP/1.1" 404 121103 "http://sacherconsultancy.com/wp-includes/txets.php" "Go-http-client/2.0"
194.26.192.164 - - [22/Sep/2026:15:11:17 +0000] "GET /goods.php HTTP/1.1" 403 5806 "http://sacherconsultancy.com/goods.php" "Go-http-client/2.0"
194.26.192.164 - - [22/Sep/2026:15:11:17 +0000] "GET /php8.php HTTP/1.1" 403 5806 "http://sacherconsultancy.com/php8.php#xleet" "Go-http-client/2.0"
77.68.25.176 - - [22/Sep/2026:15:12:24 +0000] "POST /wp-cron.php?doing_wp_cron=1790089944.4786100387573242187500 HTTP/1.1" 200 5041 "-" "WordPress/7.1.1; https://sacherconsultancy.com"
148.113.128.155 - - [22/Sep/2026:15:12:24 +0000] "GET /robots.txt HTTP/1.1" 200 5199 "-" "Mozilla/5.0 (compatible; AhrefsBot/7.0; +http://ahrefs.com/robot/)"
51.89.71.94 - - [22/Sep/2026:15:12:24 +0000] "GET /sitemap.rss HTTP/1.1" 200 5921 "-" "Mozilla/5.0 (compatible; AhrefsBot/7.0; +http://ahrefs.com/robot/)"
77.68.25.176 - - [22/Sep/2026:15:13:46 +0000] "POST /wp-cron.php?doing_wp_cron=1790090026.3592300415039062500000 HTTP/1.1" 200 5041 "-" "WordPress/7.1.1; https://sacherconsultancy.com"
66.249.77.162 - - [22/Sep/2026:15:13:45 +0000] "GET /category/item/eaoh91cqplcapyt.shtml HTTP/1.1" 404 121229 "-" "Mozilla/5.0 (Linux; Android 6.0.1; Nexus 5X Build/MMB29P) AppleWebKit/537.36 (KHTML, like Gecko) Chrome/153.0.8010.52 Mobile Safari/537.36 (compatible; Googlebot/2.1; +http://www.google.com/bot.html)"
77.68.25.176 - - [22/Sep/2026:15:16:31 +0000] "POST /wp-cron.php?doing_wp_cron=1790090191.4605228900909423828125 HTTP/1.1" 200 5041 "-" "WordPress/7.1.1; https://sacherconsultancy.com"
87.106.171.101 - - [22/Sep/2026:15:16:31 +0000] "POST /wp-login.php HTTP/1.1" 200 16225 "https://sacherconsultancy.com/wp-login.php" "Mozilla/5.0 (Windows NT 10.0; Win64; x64) AppleWebKit/537.36 (KHTML, like Gecko) Chrome/124.0.0.0 Safari/537.36"
77.68.25.176 - - [22/Sep/2026:15:25:26 +0000] "POST /wp-cron.php?doing_wp_cron=1790090726.2187490463256835937500 HTTP/1.1" 200 5041 "-" "WordPress/7.1.1; https://sacherconsultancy.com"
87.106.171.101 - - [22/Sep/2026:15:25:25 +0000] "POST /wp-login.php HTTP/1.1" 200 16225 "https://sacherconsultancy.com/wp-login.php" "Mozilla/5.0 (Windows NT 10.0; Win64; x64) AppleWebKit/537.36 (KHTML, like Gecko) Chrome/124.0.0.0 Safari/537.36"
209.141.52.196 - - [22/Sep/2026:15:25:27 +0000] "GET /wp-login.php HTTP/1.1" 200 15722 "-" "Mozilla/5.0 (Macintosh; Intel Mac OS X 10_15_7) AppleWebKit/605.1.15 (KHTML, like Gecko) Version/17.1 Safari/605.1.15"
66.249.77.162 - - [22/Sep/2026:15:25:39 +0000] "GET /category/item/eyz78onro8n91l4.shtml HTTP/1.1" 404 121229 "-" "Mozilla/5.0 (compatible; Googlebot/2.1; +http://www.google.com/bot.html)"
147.5.127.200 - - [22/Sep/2026:15:25:55 +0000] "POST /wp-login.php HTTP/1.1" 200 8579 "https://sacherconsultancy.com/wp-login.php" "Mozilla/5.0 (Windows NT 10.0; Win64; x64) AppleWebKit/537.36 (KHTML, like Gecko) Chrome/124.0.0.0 Safari/537.36"
77.68.25.176 - - [22/Sep/2026:15:27:25 +0000] "POST /wp-cron.php?doing_wp_cron=1790090845.4795920848846435546875 HTTP/1.1" 200 5041 "-" "WordPress/7.1.1; https://sacherconsultancy.com"
209.141.52.196 - - [22/Sep/2026:15:27:24 +0000] "POST /wp-login.php HTTP/1.1" 200 16254 "-" "Mozilla/5.0 (Macintosh; Intel Mac OS X 10_15_7) AppleWebKit/605.1.15 (KHTML, like Gecko) Version/17.1 Safari/605.1.15"
77.68.25.176 - - [22/Sep/2026:15:33:27 +0000] "POST /wp-cron.php?doing_wp_cron=1790091207.4777300357818603515625 HTTP/1.1" 200 5041 "-" "WordPress/7.1.1; https://sacherconsultancy.com"
216.73.217.6 - - [22/Sep/2026:15:33:26 +0000] "GET /robots.txt HTTP/1.1" 200 5199 "-" "Mozilla/5.0 AppleWebKit/537.36 (KHTML, like Gecko; compatible; ClaudeBot/1.0; +claudebot@anthropic.com)"
216.73.217.6 - - [22/Sep/2026:15:33:27 +0000] "GET /sitemap.rss HTTP/1.1" 200 5921 "-" "Mozilla/5.0 AppleWebKit/537.36 (KHTML, like Gecko; compatible; ClaudeBot/1.0; +claudebot@anthropic.com)"
216.73.217.6 - - [22/Sep/2026:15:33:58 +0000] "GET /sitemap.xml HTTP/1.1" 200 5383 "-" "Mozilla/5.0 AppleWebKit/537.36 (KHTML, like Gecko; compatible; ClaudeBot/1.0; +claudebot@anthropic.com)"
77.68.25.176 - - [22/Sep/2026:15:34:31 +0000] "POST /wp-cron.php?doing_wp_cron=1790091271.7965459823608398437500 HTTP/1.1" 200 5041 "-" "WordPress/7.1.1; https://sacherconsultancy.com"
54.144.134.31 - - [22/Sep/2026:15:34:31 +0000] "GET / HTTP/1.1" 200 25152 "-" "Mozilla/5.0 (iPod; U; CPU iPhone OS 2_2_1 like Mac OS X; en-us) AppleWebKit/525.18.1 (KHTML, like Gecko) Version/3.1.1 Mobile/5H11a Safari/525.20"
77.68.25.176 - - [22/Sep/2026:15:37:57 +0000] "POST /wp-cron.php?doing_wp_cron=1790091477.3572089672088623046875 HTTP/1.1" 200 5041 "-" "WordPress/7.1.1; https://sacherconsultancy.com"
209.141.37.250 - - [22/Sep/2026:15:37:56 +0000] "GET /wp-login.php HTTP/1.1" 200 15722 "-" "Mozilla/5.0 (Windows NT 6.1; WOW64; rv:31.0) Gecko/20100101 Firefox/31.0"
209.141.37.250 - - [22/Sep/2026:15:38:03 +0000] "POST /wp-login.php HTTP/1.1" 200 16254 "-" "Mozilla/5.0 (Windows NT 6.1; WOW64; rv:31.0) Gecko/20100101 Firefox/31.0"
77.68.25.176 - - [22/Sep/2026:15:40:34 +0000] "POST /wp-cron.php?doing_wp_cron=1790091634.4228100776672363281250 HTTP/1.1" 200 5041 "-" "WordPress/7.1.1; https://sacherconsultancy.com"
129.146.127.121 - - [22/Sep/2026:15:40:31 +0000] "GET /wp-admin/admin-ajax.php HTTP/1.1" 400 5151 "-" "Mozilla/5.0 (Windows NT 10.0; Win64; x64) AppleWebKit/537.36 (KHTML, like Gecko) Chrome/126.0.0.0 Safari/537.36"
129.146.127.121 - - [22/Sep/2026:15:40:34 +0000] "POST /wp-admin/admin-ajax.php?meta-box-loader=1 HTTP/1.1" 400 5293 "-" "Mozilla/5.0 (Windows NT 10.0; Win64; x64) AppleWebKit/537.36 (KHTML, like Gecko) Chrome/126.0.0.0 Safari/537.36"
77.68.25.176 - - [22/Sep/2026:15:40:33 +0000] "POST /wp-admin/admin-ajax.php?action=as_async_request_queue_runner&nonce=037666c481 HTTP/1.1" 200 5341 "-" "WordPress/7.1.1; https://sacherconsultancy.com"
77.68.25.176 - - [22/Sep/2026:15:48:34 +0000] "POST /wp-cron.php?doing_wp_cron=1790092114.2995150089263916015625 HTTP/1.1" 200 5041 "-" "WordPress/7.1.1; https://sacherconsultancy.com"
66.249.77.161 - - [22/Sep/2026:15:48:33 +0000] "GET /shop/userreview/write.aspx HTTP/1.1" 404 121151 "-" "Mozilla/5.0 (Linux; Android 6.0.1; Nexus 5X Build/MMB29P) AppleWebKit/537.36 (KHTML, like Gecko) Chrome/153.0.8010.52 Mobile Safari/537.36 (compatible; Googlebot/2.1; +http://www.google.com/bot.html)"
77.68.25.176 - - [22/Sep/2026:15:53:53 +0000] "POST /wp-cron.php?doing_wp_cron=1790092433.9077680110931396484375 HTTP/1.1" 200 5041 "-" "WordPress/7.1.1; https://sacherconsultancy.com"
87.106.171.101 - - [22/Sep/2026:15:53:53 +0000] "POST /wp-login.php HTTP/1.1" 200 16207 "https://sacherconsultancy.com/wp-login.php" "Mozilla/5.0 (Windows NT 10.0; Win64; x64) AppleWebKit/537.36 (KHTML, like Gecko) Chrome/124.0.0.0 Safari/537.36"
77.68.25.176 - - [22/Sep/2026:15:54:55 +0000] "POST /wp-cron.php?doing_wp_cron=1790092495.3111538887023925781250 HTTP/1.1" 200 5041 "-" "WordPress/7.1.1; https://sacherconsultancy.com"
45.131.193.194 - - [22/Sep/2026:15:54:54 +0000] "GET /wp-login.php HTTP/1.1" 200 8355 "-" "Mozilla/5.0 (Windows NT 10.0; Win64; rv:143.0) Gecko/20100101 Firefox/143.0"
45.131.193.194 - - [22/Sep/2026:15:54:55 +0000] "GET /?author=1 HTTP/1.1" 301 5047 "-" "Mozilla/5.0 (Windows NT 10.0; Win64; rv:143.0) Gecko/20100101 Firefox/143.0"
45.131.193.194 - - [22/Sep/2026:15:54:56 +0000] "GET /?rest_route=/wp/v2/users HTTP/1.1" 500 8255 "-" "Mozilla/5.0 (Windows NT 10.0; Win64; x64) AppleWebKit/537.36 Chrome/129.0.0.0 Safari/537.36"
45.131.193.194 - - [22/Sep/2026:15:54:58 +0000] "GET /?author=2 HTTP/1.1" 200 24255 "-" "Mozilla/5.0 (Macintosh; Intel Mac OS X 10_15_7) AppleWebKit/605.1.15 Version/17.0 Safari/605.1.15"
45.131.193.194 - - [22/Sep/2026:15:55:00 +0000] "GET /?rest_route=/wp/v2/users HTTP/1.1" 500 8255 "-" "Mozilla/5.0 (Windows NT 10.0; Win64; rv:143.0) Gecko/20100101 Firefox/143.0"
77.68.25.176 - - [22/Sep/2026:15:55:49 +0000] "POST /wp-cron.php?doing_wp_cron=1790092549.6392660140991210937500 HTTP/1.1" 200 5041 "-" "WordPress/7.1.1; https://sacherconsultancy.com"
66.249.77.160 - - [22/Sep/2026:15:55:49 +0000] "GET /category/item/ema97byqnvy8n8f.shtml HTTP/1.1" 404 121229 "-" "Mozilla/5.0 (Linux; Android 6.0.1; Nexus 5X Build/MMB29P) AppleWebKit/537.36 (KHTML, like Gecko) Chrome/153.0.8010.52 Mobile Safari/537.36 (compatible; Googlebot/2.1; +http://www.google.com/bot.html)"
77.68.25.176 - - [22/Sep/2026:16:02:00 +0000] "POST /wp-cron.php?doing_wp_cron=1790092920.3356258869171142578125 HTTP/1.1" 200 5041 "-" "WordPress/7.1.1; https://sacherconsultancy.com"
151.67.51.180 - - [22/Sep/2026:16:01:59 +0000] "GET /wp-login.php HTTP/1.1" 200 8355 "-" "Mozilla/5.0 (Windows NT 10.0; Win64; x64) AppleWebKit/537.36 (KHTML, like Gecko) Chrome/151.0.0.0 Safari/537.36"
151.67.51.180 - - [22/Sep/2026:16:02:01 +0000] "POST /wp-login.php HTTP/1.1" 200 8565 "https://sacherconsultancy.com/wp-login.php" "Mozilla/5.0 (Windows NT 10.0; Win64; x64) AppleWebKit/537.36 (KHTML, like Gecko) Chrome/151.0.0.0 Safari/537.36"
77.68.25.176 - - [22/Sep/2026:16:02:36 +0000] "POST /wp-cron.php?doing_wp_cron=1790092956.0975859165191650390625 HTTP/1.1" 200 5041 "-" "WordPress/7.1.1; https://sacherconsultancy.com"
87.106.171.101 - - [22/Sep/2026:16:02:35 +0000] "POST /wp-login.php HTTP/1.1" 200 16201 "https://sacherconsultancy.com/wp-login.php" "Mozilla/5.0 (Windows NT 10.0; Win64; x64) AppleWebKit/537.36 (KHTML, like Gecko) Chrome/124.0.0.0 Safari/537.36"
77.68.25.176 - - [22/Sep/2026:16:08:54 +0000] "POST /wp-cron.php?doing_wp_cron=1790093334.4741969108581542968750 HTTP/1.1" 200 5041 "-" "WordPress/7.1.1; https://sacherconsultancy.com"
114.119.140.48 - - [22/Sep/2026:16:08:53 +0000] "GET /robots.txt HTTP/1.1" 200 5199 "https://sacherconsultancy.com/robots.txt" "Mozilla/5.0 (compatible;PetalBot;+https://webmaster.petalsearch.com/site/petalbot)"
77.68.25.176 - - [22/Sep/2026:16:11:04 +0000] "POST /wp-cron.php?doing_wp_cron=1790093464.0157449245452880859375 HTTP/1.1" 200 5041 "-" "WordPress/7.1.1; https://sacherconsultancy.com"
87.106.171.101 - - [22/Sep/2026:16:11:03 +0000] "POST /wp-login.php HTTP/1.1" 200 16217 "https://sacherconsultancy.com/wp-login.php" "Mozilla/5.0 (Windows NT 10.0; Win64; x64) AppleWebKit/537.36 (KHTML, like Gecko) Chrome/124.0.0.0 Safari/537.36"
77.68.25.176 - - [22/Sep/2026:16:11:06 +0000] "POST /wp-admin/upgrade.php?step=upgrade_db HTTP/1.1" 403 5806 "-" "WordPress/7.1.1; https://sacherconsultancy.com"
77.68.25.176 - - [22/Sep/2026:16:14:23 +0000] "POST /wp-cron.php?doing_wp_cron=1790093663.8405420780181884765625 HTTP/1.1" 200 5041 "-" "WordPress/7.1.2; https://sacherconsultancy.com"
64.23.249.31 - - [22/Sep/2026:16:14:23 +0000] "GET /wp-login.php HTTP/1.1" 200 8355 "-" "Mozilla/5.0 (Macintosh; Intel Mac OS X 10_15_7) AppleWebKit/537.36 (KHTML, like Gecko) Chrome/146.0.0.0 Safari/537.36"
64.23.249.31 - - [22/Sep/2026:16:14:24 +0000] "POST /wp-login.php HTTP/1.1" 200 8569 "https://sacherconsultancy.com/wp-login.php" "Mozilla/5.0 (Macintosh; Intel Mac OS X 10_15_7) AppleWebKit/537.36 (KHTML, like Gecko) Chrome/146.0.0.0 Safari/537.36"
64.23.249.31 - - [22/Sep/2026:16:14:24 +0000] "POST /xmlrpc.php HTTP/1.1" 200 5242 "-" "Mozilla/5.0 (Macintosh; Intel Mac OS X 10_15_7) AppleWebKit/537.36 (KHTML, like Gecko) Chrome/146.0.0.0 Safari/537.36"
77.68.25.176 - - [22/Sep/2026:16:17:11 +0000] "POST /wp-cron.php?doing_wp_cron=1790093831.9463779926300048828125 HTTP/1.1" 200 5041 "-" "WordPress/7.1.2; https://sacherconsultancy.com"
147.5.127.200 - - [22/Sep/2026:16:17:11 +0000] "POST /wp-login.php HTTP/1.1" 200 8579 "https://sacherconsultancy.com/wp-login.php" "Mozilla/5.0 (Windows NT 10.0; Win64; x64) AppleWebKit/537.36 (KHTML, like Gecko) Chrome/124.0.0.0 Safari/537.36"
77.68.25.176 - - [22/Sep/2026:16:24:35 +0000] "POST /wp-cron.php?doing_wp_cron=1790094275.7049710750579833984375 HTTP/1.1" 200 5041 "-" "WordPress/7.1.2; https://sacherconsultancy.com"
87.106.171.101 - - [22/Sep/2026:16:24:35 +0000] "POST /wp-login.php HTTP/1.1" 200 16197 "https://sacherconsultancy.com/wp-login.php" "Mozilla/5.0 (Windows NT 10.0; Win64; x64) AppleWebKit/537.36 (KHTML, like Gecko) Chrome/124.0.0.0 Safari/537.36"
77.68.25.176 - - [22/Sep/2026:16:25:55 +0000] "POST /wp-cron.php?doing_wp_cron=1790094355.1354420185089111328125 HTTP/1.1" 200 5041 "-" "WordPress/7.1.2; https://sacherconsultancy.com"
157.66.27.55 - - [22/Sep/2026:16:25:54 +0000] "POST /xmlrpc.php HTTP/1.1" 200 5223 "-" "Mozilla/5.0 (Windows NT 10.0) AppleWebKit/537.36 (KHTML, like Gecko) Chrome/141.0.0.0 Safari/537.36 Edg/141.0.0.0"
77.68.25.176 - - [22/Sep/2026:16:29:11 +0000] "POST /wp-cron.php?doing_wp_cron=1790094550.9892590045928955078125 HTTP/1.1" 200 5041 "-" "WordPress/7.1.2; https://sacherconsultancy.com"
136.243.15.226 - - [22/Sep/2026:16:29:10 +0000] "POST /xmlrpc.php HTTP/1.1" 200 5223 "-" "Mozilla/5.0 (Windows NT 10.0; WOW64) AppleWebKit/537.36 (KHTML, like Gecko) Chrome/142.0.0.0 Safari/537.36 Edg/142.0.0.0"
77.68.25.176 - - [22/Sep/2026:16:29:31 +0000] "POST /wp-cron.php?doing_wp_cron=1790094571.9320158958435058593750 HTTP/1.1" 200 5041 "-" "WordPress/7.1.2; https://sacherconsultancy.com"
62.106.66.158 - - [22/Sep/2026:16:29:31 +0000] "GET / HTTP/1.1" 200 25151 "-" "Mozilla/5.0 (SS; Linux x86_64) AppleWebKit/537.36 (KHTML, like Gecko) Chrome/139.0.0.0 Safari/537.36"
77.68.25.176 - - [22/Sep/2026:16:33:15 +0000] "POST /wp-cron.php?doing_wp_cron=1790094795.4333930015563964843750 HTTP/1.1" 200 5041 "-" "WordPress/7.1.2; https://sacherconsultancy.com"
87.106.171.101 - - [22/Sep/2026:16:33:14 +0000] "POST /wp-login.php HTTP/1.1" 200 16217 "https://sacherconsultancy.com/wp-login.php" "Mozilla/5.0 (Windows NT 10.0; Win64; x64) AppleWebKit/537.36 (KHTML, like Gecko) Chrome/124.0.0.0 Safari/537.36"
77.68.25.176 - - [22/Sep/2026:16:37:38 +0000] "POST /wp-cron.php?doing_wp_cron=1790095058.5980510711669921875000 HTTP/1.1" 200 5041 "-" "WordPress/7.1.2; https://sacherconsultancy.com"
66.249.77.160 - - [22/Sep/2026:16:37:38 +0000] "GET /category/item/f42mbrqbrqigj4z.shtml HTTP/1.1" 404 121229 "-" "Mozilla/5.0 (compatible; Googlebot/2.1; +http://www.google.com/bot.html)"
77.68.25.176 - - [22/Sep/2026:16:40:56 +0000] "POST /wp-cron.php?doing_wp_cron=1790095256.0711441040039062500000 HTTP/1.1" 200 5041 "-" "WordPress/7.1.2; https://sacherconsultancy.com"
51.89.74.200 - - [22/Sep/2026:16:40:55 +0000] "GET /sitemap.rss HTTP/1.1" 200 5921 "-" "Mozilla/5.0 (compatible; AhrefsBot/7.0; +http://ahrefs.com/robot/)"
77.68.25.176 - - [22/Sep/2026:16:41:38 +0000] "POST /wp-cron.php?doing_wp_cron=1790095298.7659630775451660156250 HTTP/1.1" 200 5041 "-" "WordPress/7.1.2; https://sacherconsultancy.com"
66.249.77.162 - - [22/Sep/2026:16:41:38 +0000] "GET /category/item/fygpdh4bt78uu6p.shtml HTTP/1.1" 404 121229 "-" "Mozilla/5.0 (Linux; Android 6.0.1; Nexus 5X Build/MMB29P) AppleWebKit/537.36 (KHTML, like Gecko) Chrome/153.0.8010.52 Mobile Safari/537.36 (compatible; Googlebot/2.1; +http://www.google.com/bot.html)"
87.106.171.101 - - [22/Sep/2026:16:41:41 +0000] "POST /wp-login.php HTTP/1.1" 200 16203 "https://sacherconsultancy.com/wp-login.php" "Mozilla/5.0 (Windows NT 10.0; Win64; x64) AppleWebKit/537.36 (KHTML, like Gecko) Chrome/124.0.0.0 Safari/537.36"
77.68.25.176 - - [22/Sep/2026:16:48:09 +0000] "POST /wp-cron.php?doing_wp_cron=1790095689.1180160045623779296875 HTTP/1.1" 200 5041 "-" "WordPress/7.1.2; https://sacherconsultancy.com"
66.249.77.162 - - [22/Sep/2026:16:48:08 +0000] "GET /category/item/fo3jogrb467hsho.shtml HTTP/1.1" 404 121229 "-" "Mozilla/5.0 (Linux; Android 6.0.1; Nexus 5X Build/MMB29P) AppleWebKit/537.36 (KHTML, like Gecko) Chrome/153.0.8010.52 Mobile Safari/537.36 (compatible; Googlebot/2.1; +http://www.google.com/bot.html)"
77.68.25.176 - - [22/Sep/2026:16:50:06 +0000] "POST /wp-cron.php?doing_wp_cron=1790095806.9487490653991699218750 HTTP/1.1" 200 5041 "-" "WordPress/7.1.2; https://sacherconsultancy.com"
87.106.171.101 - - [22/Sep/2026:16:50:06 +0000] "POST /wp-login.php HTTP/1.1" 200 16217 "https://sacherconsultancy.com/wp-login.php" "Mozilla/5.0 (Windows NT 10.0; Win64; x64) AppleWebKit/537.36 (KHTML, like Gecko) Chrome/124.0.0.0 Safari/537.36"
34.101.95.229 - - [22/Sep/2026:16:51:22 +0000] "GET /.env.example HTTP/1.1" 404 13377 "-" "crusader-worker/1.0"
34.101.95.229 - - [22/Sep/2026:16:51:22 +0000] "GET /.env.dev HTTP/1.1" 404 13377 "-" "crusader-worker/1.0"
34.101.95.229 - - [22/Sep/2026:16:51:22 +0000] "GET /crusader-404-probe HTTP/1.1" 404 13377 "-" "crusader-worker/1.0"
34.101.95.229 - - [22/Sep/2026:16:51:22 +0000] "GET /wp-config.php.bak HTTP/1.1" 404 13377 "-" "crusader-worker/1.0"
34.101.95.229 - - [22/Sep/2026:16:51:22 +0000] "GET /.env.backup HTTP/1.1" 404 13377 "-" "crusader-worker/1.0"
34.101.95.229 - - [22/Sep/2026:16:51:22 +0000] "GET /wp-config.php~ HTTP/1.1" 404 13377 "-" "crusader-worker/1.0"
34.101.95.229 - - [22/Sep/2026:16:51:22 +0000] "GET /actuator/configprops HTTP/1.1" 404 13377 "-" "crusader-worker/1.0"
34.101.95.229 - - [22/Sep/2026:16:51:22 +0000] "GET /.env.save HTTP/1.1" 404 13377 "-" "crusader-worker/1.0"
34.101.95.229 - - [22/Sep/2026:16:51:22 +0000] "GET /storage/logs/laravel.log HTTP/1.1" 404 13377 "-" "crusader-worker/1.0"
34.101.95.229 - - [22/Sep/2026:16:51:22 +0000] "GET /.env.production HTTP/1.1" 404 13377 "-" "crusader-worker/1.0"
34.101.95.229 - - [22/Sep/2026:16:51:22 +0000] "GET /.env.local HTTP/1.1" 404 13377 "-" "crusader-worker/1.0"
77.68.25.176 - - [22/Sep/2026:16:51:23 +0000] "POST /wp-cron.php?doing_wp_cron=1790095883.5966920852661132812500 HTTP/1.1" 200 5041 "-" "WordPress/7.1.2; https://sacherconsultancy.com"
34.101.95.229 - - [22/Sep/2026:16:51:22 +0000] "GET /.env HTTP/1.1" 404 13377 "-" "crusader-worker/1.0"
34.101.95.229 - - [22/Sep/2026:16:51:22 +0000] "GET /env HTTP/1.1" 404 13377 "-" "crusader-worker/1.0"
34.101.95.229 - - [22/Sep/2026:16:51:22 +0000] "GET /.env.old HTTP/1.1" 404 13377 "-" "crusader-worker/1.0"
34.101.95.229 - - [22/Sep/2026:16:51:22 +0000] "GET /.env.bak HTTP/1.1" 404 13377 "-" "crusader-worker/1.0"
34.101.95.229 - - [22/Sep/2026:16:51:22 +0000] "GET /actuator/env HTTP/1.1" 404 13377 "-" "crusader-worker/1.0"
34.101.95.229 - - [22/Sep/2026:16:51:22 +0000] "GET /wp-config.php.swp HTTP/1.1" 404 13377 "-" "crusader-worker/1.0"
34.101.95.229 - - [22/Sep/2026:16:51:22 +0000] "GET /.env.prod HTTP/1.1" 404 13377 "-" "crusader-worker/1.0"
34.101.95.229 - - [22/Sep/2026:16:51:22 +0000] "GET /_ignition/health-check HTTP/1.1" 404 13377 "-" "crusader-worker/1.0"
77.68.25.176 - - [22/Sep/2026:16:54:47 +0000] "POST /wp-cron.php?doing_wp_cron=1790096087.1759500503540039062500 HTTP/1.1" 200 5041 "-" "WordPress/7.1.2; https://sacherconsultancy.com"
54.92.216.116 - - [22/Sep/2026:16:54:46 +0000] "GET / HTTP/1.1" 200 25151 "-" "Mozilla/5.0 Firefox/143.0"
54.92.216.116 - - [22/Sep/2026:16:54:47 +0000] "GET /wp-content/plugins/contact-form-7/includes/css/styles.css?ver=5.7.4 HTTP/1.1" 200 5038 "https://sacherconsultancy.com/" "Mozilla/5.0 Firefox/143.0"
54.92.216.116 - - [22/Sep/2026:16:54:47 +0000] "GET /wp-content/themes/earna/css/bootstrap.min.css?ver=7.1.2 HTTP/1.1" 200 5026 "https://sacherconsultancy.com/" "Mozilla/5.0 Firefox/143.0"
54.92.216.116 - - [22/Sep/2026:16:54:47 +0000] "GET /wp-content/themes/earna/css/font-awesome.min.css?ver=7.1.2 HTTP/1.1" 200 5029 "https://sacherconsultancy.com/" "Mozilla/5.0 Firefox/143.0"
54.92.216.116 - - [22/Sep/2026:16:54:47 +0000] "GET /wp-content/themes/earna/css/elegant-icons.css?ver=7.1.2 HTTP/1.1" 200 5026 "https://sacherconsultancy.com/" "Mozilla/5.0 Firefox/143.0"
54.92.216.116 - - [22/Sep/2026:16:54:47 +0000] "GET /wp-content/themes/earna/css/themify-icons.css?ver=7.1.2 HTTP/1.1" 200 5026 "https://sacherconsultancy.com/" "Mozilla/5.0 Firefox/143.0"
54.92.216.116 - - [22/Sep/2026:16:54:47 +0000] "GET /wp-content/themes/earna/css/flaticon-set.css?ver=7.1.2 HTTP/1.1" 200 5025 "https://sacherconsultancy.com/" "Mozilla/5.0 Firefox/143.0"
54.92.216.116 - - [22/Sep/2026:16:54:47 +0000] "GET /wp-content/themes/earna/css/owl.carousel.min.css?ver=7.1.2 HTTP/1.1" 200 5029 "https://sacherconsultancy.com/" "Mozilla/5.0 Firefox/143.0"
54.92.216.116 - - [22/Sep/2026:16:54:47 +0000] "GET /wp-content/themes/earna/css/magnific-popup.css?ver=7.1.2 HTTP/1.1" 200 5027 "https://sacherconsultancy.com/" "Mozilla/5.0 Firefox/143.0"
54.92.216.116 - - [22/Sep/2026:16:54:47 +0000] "GET /wp-content/themes/earna/css/owl.theme.default.min.css?ver=7.1.2 HTTP/1.1" 200 5514 "https://sacherconsultancy.com/" "Mozilla/5.0 Firefox/143.0"
54.92.216.116 - - [22/Sep/2026:16:54:47 +0000] "GET /wp-content/themes/earna/css/animate.css?ver=7.1.2 HTTP/1.1" 200 5020 "https://sacherconsultancy.com/" "Mozilla/5.0 Firefox/143.0"
54.92.216.116 - - [22/Sep/2026:16:54:48 +0000] "GET /wp-content/plugins/elementor/assets/lib/eicons/css/elementor-icons.min.css?ver=5.17.0 HTTP/1.1" 200 5055 "https://sacherconsultancy.com/" "Mozilla/5.0 Firefox/143.0"
54.92.216.116 - - [22/Sep/2026:16:54:48 +0000] "GET /wp-content/uploads/elementor/css/post-9.css?ver=1688569387 HTTP/1.1" 200 5024 "https://sacherconsultancy.com/" "Mozilla/5.0 Firefox/143.0"
54.92.216.116 - - [22/Sep/2026:16:54:48 +0000] "GET /wp-content/themes/earna/css/responsive.css?ver=7.1.2 HTTP/1.1" 200 5023 "https://sacherconsultancy.com/" "Mozilla/5.0 Firefox/143.0"
54.92.216.116 - - [22/Sep/2026:16:54:48 +0000] "GET /wp-content/themes/earna/css/bootsnav.css?ver=7.1.2 HTTP/1.1" 200 5021 "https://sacherconsultancy.com/" "Mozilla/5.0 Firefox/143.0"
54.92.216.116 - - [22/Sep/2026:16:54:48 +0000] "GET /wp-content/themes/earna/css/style.css?ver=7.1.2 HTTP/1.1" 200 5018 "https://sacherconsultancy.com/" "Mozilla/5.0 Firefox/143.0"
54.92.216.116 - - [22/Sep/2026:16:54:48 +0000] "GET /wp-content/plugins/elementor/assets/css/frontend-lite.min.css?ver=3.10.0 HTTP/1.1" 200 5042 "https://sacherconsultancy.com/" "Mozilla/5.0 Firefox/143.0"
54.92.216.116 - - [22/Sep/2026:16:54:48 +0000] "GET /wp-content/themes/earna/css/unit-test.css?ver=7.1.2 HTTP/1.1" 200 5022 "https://sacherconsultancy.com/" "Mozilla/5.0 Firefox/143.0"
54.92.216.116 - - [22/Sep/2026:16:54:48 +0000] "GET /wp-content/uploads/elementor/css/global.css?ver=1688569387 HTTP/1.1" 200 5024 "https://sacherconsultancy.com/" "Mozilla/5.0 Firefox/143.0"
54.92.216.116 - - [22/Sep/2026:16:54:48 +0000] "GET /wp-content/themes/earna/fonts/fa-light-300.woff2 HTTP/1.1" 200 5005 "https://sacherconsultancy.com" "Mozilla/5.0 Firefox/143.0"
54.92.216.116 - - [22/Sep/2026:16:54:48 +0000] "GET /wp-content/themes/earna/fonts/flaticon.woff HTTP/1.1" 200 5037 "https://sacherconsultancy.com" "Mozilla/5.0 Firefox/143.0"
54.92.216.116 - - [22/Sep/2026:16:54:48 +0000] "GET /wp-content/themes/earna/fonts/ElegantIcons.woff HTTP/1.1" 200 5041 "https://sacherconsultancy.com" "Mozilla/5.0 Firefox/143.0"
54.92.216.116 - - [22/Sep/2026:16:54:48 +0000] "GET /wp-content/themes/earna/fonts/fa-brands-400.woff2 HTTP/1.1" 200 5006 "https://sacherconsultancy.com" "Mozilla/5.0 Firefox/143.0"
54.92.216.116 - - [22/Sep/2026:16:54:48 +0000] "GET /wp-content/plugins/elementor/assets/lib/eicons/fonts/eicons.woff2?5.17.0 HTTP/1.1" 200 5022 "https://sacherconsultancy.com" "Mozilla/5.0 Firefox/143.0"
54.92.216.116 - - [22/Sep/2026:16:54:48 +0000] "GET /wp-content/themes/earna/fonts/fa-duotone-900.woff2 HTTP/1.1" 200 5007 "https://sacherconsultancy.com" "Mozilla/5.0 Firefox/143.0"
54.92.216.116 - - [22/Sep/2026:16:54:48 +0000] "GET /wp-content/themes/earna/fonts/themify.woff?-fvbane HTTP/1.1" 200 5036 "https://sacherconsultancy.com" "Mozilla/5.0 Firefox/143.0"
54.92.216.116 - - [22/Sep/2026:16:54:48 +0000] "GET /wp-content/themes/earna/fonts/fa-solid-900.woff2 HTTP/1.1" 200 5005 "https://sacherconsultancy.com" "Mozilla/5.0 Firefox/143.0"
54.92.216.116 - - [22/Sep/2026:16:54:48 +0000] "GET /wp-content/themes/earna/fonts/fa-regular-400.woff2 HTTP/1.1" 200 5007 "https://sacherconsultancy.com" "Mozilla/5.0 Firefox/143.0"
77.68.25.176 - - [22/Sep/2026:16:55:56 +0000] "POST /wp-cron.php?doing_wp_cron=1790096156.2433741092681884765625 HTTP/1.1" 200 5041 "-" "WordPress/7.1.2; https://sacherconsultancy.com"
51.89.59.40 - - [22/Sep/2026:16:55:55 +0000] "GET /about-us/ HTTP/1.1" 200 25498 "-" "Mozilla/5.0 (compatible; AhrefsBot/7.0; +http://ahrefs.com/robot/)"
77.68.25.176 - - [22/Sep/2026:16:56:49 +0000] "POST /wp-cron.php?doing_wp_cron=1790096209.6915988922119140625000 HTTP/1.1" 200 5041 "-" "WordPress/7.1.2; https://sacherconsultancy.com"
100.50.179.0 - - [22/Sep/2026:16:56:49 +0000] "GET /robots.txt HTTP/1.1" 200 5199 "-" "Mozilla/5.0 (Macintosh; Intel Mac OS X 10_10_1) AppleWebKit/600.2.5 (KHTML, like Gecko) Version/8.0.2 Safari/600.2.5 (Gort)"
173.252.82.78 - - [22/Sep/2026:16:57:10 +0000] "GET /robots.txt HTTP/1.1" 206 5244 "-" "facebookexternalhit/1.1 (+http://www.facebook.com/externalhit_uatext.php)"
77.68.25.176 - - [22/Sep/2026:16:59:04 +0000] "POST /wp-cron.php?doing_wp_cron=1790096344.2362160682678222656250 HTTP/1.1" 200 5041 "-" "WordPress/7.1.2; https://sacherconsultancy.com"
66.249.77.162 - - [22/Sep/2026:16:59:03 +0000] "GET /category/item/fs6vrjub79akqkr.shtml HTTP/1.1" 404 121229 "-" "Mozilla/5.0 (Linux; Android 6.0.1; Nexus 5X Build/MMB29P) AppleWebKit/537.36 (KHTML, like Gecko) Chrome/153.0.8010.52 Mobile Safari/537.36 (compatible; Googlebot/2.1; +http://www.google.com/bot.html)"
51.89.72.6 - - [22/Sep/2026:17:00:23 +0000] "GET /wp-content/themes/earna/js/circle-progress.js?ver=7.1.2 HTTP/1.1" 200 5040 "-" "Mozilla/5.0 (compatible; AhrefsBot/7.0; +http://ahrefs.com/robot/)"
51.89.71.95 - - [22/Sep/2026:17:00:24 +0000] "GET /wp-content/themes/earna/css/responsive.css?ver=7.1.2 HTTP/1.1" 200 5023 "-" "Mozilla/5.0 (compatible; AhrefsBot/7.0; +http://ahrefs.com/robot/)"
51.89.74.192 - - [22/Sep/2026:17:00:25 +0000] "GET /wp-content/themes/earna/css/bootsnav.css?ver=7.1.2 HTTP/1.1" 200 5021 "-" "Mozilla/5.0 (compatible; AhrefsBot/7.0; +http://ahrefs.com/robot/)"
51.89.39.53 - - [22/Sep/2026:17:00:26 +0000] "GET /wp-content/themes/earna/js/isotope.pkgd.min.js?ver=7.1.2 HTTP/1.1" 200 5041 "-" "Mozilla/5.0 (compatible; AhrefsBot/7.0; +http://ahrefs.com/robot/)"
51.89.74.206 - - [22/Sep/2026:17:00:26 +0000] "GET /wp-content/themes/earna/js/popper.min.js?ver=7.1.2 HTTP/1.1" 200 5035 "-" "Mozilla/5.0 (compatible; AhrefsBot/7.0; +http://ahrefs.com/robot/)"
51.89.69.111 - - [22/Sep/2026:17:00:27 +0000] "GET /wp-content/themes/earna/css/themify-icons.css?ver=7.1.2 HTTP/1.1" 200 5026 "-" "Mozilla/5.0 (compatible; AhrefsBot/7.0; +http://ahrefs.com/robot/)"
51.89.71.152 - - [22/Sep/2026:17:00:28 +0000] "GET /wp-includes/js/wp-util.min.js?ver=7.1.2 HTTP/1.1" 200 5024 "-" "Mozilla/5.0 (compatible; AhrefsBot/7.0; +http://ahrefs.com/robot/)"
51.89.59.35 - - [22/Sep/2026:17:00:28 +0000] "GET /wp-content/themes/earna/js/owl.carousel.min.js?ver=7.1.2 HTTP/1.1" 200 5041 "-" "Mozilla/5.0 (compatible; AhrefsBot/7.0; +http://ahrefs.com/robot/)"
51.89.83.48 - - [22/Sep/2026:17:00:29 +0000] "GET /wp-content/themes/earna/css/elegant-icons.css?ver=7.1.2 HTTP/1.1" 200 5026 "-" "Mozilla/5.0 (compatible; AhrefsBot/7.0; +http://ahrefs.com/robot/)"
51.89.71.86 - - [22/Sep/2026:17:00:30 +0000] "GET /wp-content/themes/earna/css/bootstrap.min.css?ver=7.1.2 HTTP/1.1" 200 5026 "-" "Mozilla/5.0 (compatible; AhrefsBot/7.0; +http://ahrefs.com/robot/)"
51.89.69.96 - - [22/Sep/2026:17:00:31 +0000] "GET /wp-content/themes/earna/js/wow.min.js?ver=7.1.2 HTTP/1.1" 200 5032 "-" "Mozilla/5.0 (compatible; AhrefsBot/7.0; +http://ahrefs.com/robot/)"
51.89.83.60 - - [22/Sep/2026:17:00:32 +0000] "GET /wp-content/themes/earna/css/flaticon-set.css?ver=7.1.2 HTTP/1.1" 200 5025 "-" "Mozilla/5.0 (compatible; AhrefsBot/7.0; +http://ahrefs.com/robot/)"
51.89.39.60 - - [22/Sep/2026:17:00:32 +0000] "GET /wp-content/themes/earna/css/magnific-popup.css?ver=7.1.2 HTTP/1.1" 200 5027 "-" "Mozilla/5.0 (compatible; AhrefsBot/7.0; +http://ahrefs.com/robot/)"
51.89.39.51 - - [22/Sep/2026:17:00:33 +0000] "GET /wp-content/themes/earna/js/bootstrap.min.js?ver=7.1.2 HTTP/1.1" 200 5038 "-" "Mozilla/5.0 (compatible; AhrefsBot/7.0; +http://ahrefs.com/robot/)"
51.89.39.57 - - [22/Sep/2026:17:00:34 +0000] "GET /wp-content/themes/earna/js/custom-chart.js HTTP/1.1" 200 5037 "-" "Mozilla/5.0 (compatible; AhrefsBot/7.0; +http://ahrefs.com/robot/)"
51.89.72.9 - - [22/Sep/2026:17:00:34 +0000] "GET /wp-content/themes/earna/js/jquery.magnific-popup.min.js?ver=7.1.2 HTTP/1.1" 200 5050 "-" "Mozilla/5.0 (compatible; AhrefsBot/7.0; +http://ahrefs.com/robot/)"
51.89.83.63 - - [22/Sep/2026:17:00:35 +0000] "GET /wp-content/themes/earna/js/jquery.easing.min.js?ver=7.1.2 HTTP/1.1" 200 5042 "-" "Mozilla/5.0 (compatible; AhrefsBot/7.0; +http://ahrefs.com/robot/)"
51.89.59.47 - - [22/Sep/2026:17:00:36 +0000] "GET /wp-content/themes/earna/css/owl.carousel.min.css?ver=7.1.2 HTTP/1.1" 200 5029 "-" "Mozilla/5.0 (compatible; AhrefsBot/7.0; +http://ahrefs.com/robot/)"
51.89.39.50 - - [22/Sep/2026:17:00:36 +0000] "GET /wp-content/themes/earna/js/count-to.js?ver=7.1.2 HTTP/1.1" 200 5033 "-" "Mozilla/5.0 (compatible; AhrefsBot/7.0; +http://ahrefs.com/robot/)"
51.89.72.4 - - [22/Sep/2026:17:00:37 +0000] "GET /wp-content/themes/earna/css/owl.theme.default.min.css?ver=7.1.2 HTTP/1.1" 200 5514 "-" "Mozilla/5.0 (compatible; AhrefsBot/7.0; +http://ahrefs.com/robot/)"
51.89.69.96 - - [22/Sep/2026:17:00:38 +0000] "GET /wp-content/themes/earna/css/animate.css?ver=7.1.2 HTTP/1.1" 200 5020 "-" "Mozilla/5.0 (compatible; AhrefsBot/7.0; +http://ahrefs.com/robot/)"
51.89.38.138 - - [22/Sep/2026:17:00:38 +0000] "GET /wp-content/themes/earna/js/modernizr.custom.13711.js?ver=7.1.2 HTTP/1.1" 200 5047 "-" "Mozilla/5.0 (compatible; AhrefsBot/7.0; +http://ahrefs.com/robot/)"
51.89.83.63 - - [22/Sep/2026:17:00:39 +0000] "GET /wp-content/themes/earna/js/color.js?ver=7.1.2 HTTP/1.1" 200 5030 "-" "Mozilla/5.0 (compatible; AhrefsBot/7.0; +http://ahrefs.com/robot/)"
51.89.69.40 - - [22/Sep/2026:17:00:40 +0000] "GET /wp-content/uploads/elementor/css/post-207.css?ver=1712566387 HTTP/1.1" 200 5146 "-" "Mozilla/5.0 (compatible; AhrefsBot/7.0; +http://ahrefs.com/robot/)"
51.89.72.8 - - [22/Sep/2026:17:00:40 +0000] "GET /wp-content/themes/earna/css/style.css?ver=7.1.2 HTTP/1.1" 200 5018 "-" "Mozilla/5.0 (compatible; AhrefsBot/7.0; +http://ahrefs.com/robot/)"
51.89.83.58 - - [22/Sep/2026:17:00:41 +0000] "GET /wp-content/themes/earna/js/progress-bar.min.js?ver=7.1.2 HTTP/1.1" 200 5347 "-" "Mozilla/5.0 (compatible; AhrefsBot/7.0; +http://ahrefs.com/robot/)"
51.89.69.46 - - [22/Sep/2026:17:00:42 +0000] "GET /wp-content/themes/earna/js/Chart.min.js HTTP/1.1" 200 5034 "-" "Mozilla/5.0 (compatible; AhrefsBot/7.0; +http://ahrefs.com/robot/)"
51.89.72.6 - - [22/Sep/2026:17:00:43 +0000] "GET /wp-content/themes/earna/js/jquery.appear.js?ver=7.1.2 HTTP/1.1" 200 5038 "-" "Mozilla/5.0 (compatible; AhrefsBot/7.0; +http://ahrefs.com/robot/)"
51.89.39.60 - - [22/Sep/2026:17:00:43 +0000] "GET /wp-content/themes/earna/js/bootsnav.js?ver=7.1.2 HTTP/1.1" 200 5033 "-" "Mozilla/5.0 (compatible; AhrefsBot/7.0; +http://ahrefs.com/robot/)"
51.89.69.36 - - [22/Sep/2026:17:00:44 +0000] "GET /wp-content/themes/earna/js/YTPlayer.min.js?ver=7.1.2 HTTP/1.1" 200 5037 "-" "Mozilla/5.0 (compatible; AhrefsBot/7.0; +http://ahrefs.com/robot/)"
51.89.59.37 - - [22/Sep/2026:17:00:45 +0000] "GET /wp-content/themes/earna/js/main.js?ver=7.1.2 HTTP/1.1" 200 5029 "-" "Mozilla/5.0 (compatible; AhrefsBot/7.0; +http://ahrefs.com/robot/)"
51.89.38.133 - - [22/Sep/2026:17:00:46 +0000] "GET /wp-content/themes/earna/css/font-awesome.min.css?ver=7.1.2 HTTP/1.1" 200 5029 "-" "Mozilla/5.0 (compatible; AhrefsBot/7.0; +http://ahrefs.com/robot/)"
51.89.69.99 - - [22/Sep/2026:17:00:47 +0000] "GET /wp-content/themes/earna/css/unit-test.css?ver=7.1.2 HTTP/1.1" 200 5022 "-" "Mozilla/5.0 (compatible; AhrefsBot/7.0; +http://ahrefs.com/robot/)"
77.68.25.176 - - [22/Sep/2026:17:03:20 +0000] "POST /wp-cron.php?doing_wp_cron=1790096600.0547320842742919921875 HTTP/1.1" 200 5041 "-" "WordPress/7.1.2; https://sacherconsultancy.com"
87.106.171.101 - - [22/Sep/2026:17:03:19 +0000] "POST /wp-login.php HTTP/1.1" 200 16203 "https://sacherconsultancy.com/wp-login.php" "Mozilla/5.0 (Windows NT 10.0; Win64; x64) AppleWebKit/537.36 (KHTML, like Gecko) Chrome/124.0.0.0 Safari/537.36"
77.68.25.176 - - [22/Sep/2026:17:08:17 +0000] "POST /wp-cron.php?doing_wp_cron=1790096897.7836570739746093750000 HTTP/1.1" 200 5041 "-" "WordPress/7.1.2; https://sacherconsultancy.com"
147.5.127.200 - - [22/Sep/2026:17:08:17 +0000] "POST /wp-login.php HTTP/1.1" 200 8579 "https://sacherconsultancy.com/wp-login.php" "Mozilla/5.0 (Windows NT 10.0; Win64; x64) AppleWebKit/537.36 (KHTML, like Gecko) Chrome/124.0.0.0 Safari/537.36"
77.68.25.176 - - [22/Sep/2026:17:11:43 +0000] "POST /wp-cron.php?doing_wp_cron=1790097103.6429989337921142578125 HTTP/1.1" 200 5041 "-" "WordPress/7.1.2; https://sacherconsultancy.com"
87.106.171.101 - - [22/Sep/2026:17:11:42 +0000] "POST /wp-login.php HTTP/1.1" 200 16203 "https://sacherconsultancy.com/wp-login.php" "Mozilla/5.0 (Windows NT 10.0; Win64; x64) AppleWebKit/537.36 (KHTML, like Gecko) Chrome/124.0.0.0 Safari/537.36"
77.68.25.176 - - [22/Sep/2026:17:19:29 +0000] "POST /wp-cron.php?doing_wp_cron=1790097569.9539089202880859375000 HTTP/1.1" 200 5041 "-" "WordPress/7.1.2; https://sacherconsultancy.com"
45.131.193.189 - - [22/Sep/2026:17:19:29 +0000] "POST /wp-login.php HTTP/1.1" 200 8565 "-" "Mozilla/5.0 (Windows NT 10.0; Win64; rv:143.0) Gecko/20100101 Firefox/143.0"
77.68.25.176 - - [22/Sep/2026:17:21:44 +0000] "POST /wp-cron.php?doing_wp_cron=1790097704.6796329021453857421875 HTTP/1.1" 200 5041 "-" "WordPress/7.1.2; https://sacherconsultancy.com"
66.249.77.160 - - [22/Sep/2026:17:21:44 +0000] "GET /category/item/fzblk0zb04rpwd8.shtml HTTP/1.1" 404 121229 "-" "Mozilla/5.0 (compatible; Googlebot/2.1; +http://www.google.com/bot.html)"
77.68.25.176 - - [22/Sep/2026:17:24:45 +0000] "POST /wp-cron.php?doing_wp_cron=1790097885.3649311065673828125000 HTTP/1.1" 200 5041 "-" "WordPress/7.1.2; https://sacherconsultancy.com"
