103.111.39.94 - - [22/Sep/2026:07:12:03 +0000] "POST /xmlrpc.php HTTP/1.1" 200 5415 "-" "Jetpack by WordPress.com"
77.68.25.176 - - [22/Sep/2026:07:12:14 +0000] "POST /wp-cron.php?doing_wp_cron=1790061134.7372019290924072265625 HTTP/1.1" 200 5041 "-" "WordPress/7.1.1; https://sacherconsultancy.com"
103.111.39.94 - - [22/Sep/2026:07:12:14 +0000] "POST /xmlrpc.php HTTP/1.1" 200 5415 "-" "WordPress.com; https://wordpress.com"
103.111.39.94 - - [22/Sep/2026:07:12:24 +0000] "POST /xmlrpc.php HTTP/1.1" 200 5415 "-" "Jetpack by WordPress.com (Jetpack 13.0; WordPress 6.2)"
103.111.39.94 - - [22/Sep/2026:07:12:35 +0000] "POST /xmlrpc.php HTTP/1.1" 200 5415 "-" "WordPress.com; https://wordpress.com"
103.111.39.94 - - [22/Sep/2026:07:12:46 +0000] "POST /xmlrpc.php HTTP/1.1" 200 5415 "-" "Jetpack by WordPress.com (Jetpack 12.5; WordPress 6.3)"
103.111.39.94 - - [22/Sep/2026:07:12:56 +0000] "POST /xmlrpc.php HTTP/1.1" 200 5415 "-" "Jetpack by WordPress.com (Jetpack 12.5; WordPress 6.1)"
103.111.39.94 - - [22/Sep/2026:07:13:07 +0000] "POST /xmlrpc.php HTTP/1.1" 200 5415 "-" "Jetpack by WordPress.com (Jetpack 12.0; WordPress 6.2)"
77.68.25.176 - - [22/Sep/2026:07:13:18 +0000] "POST /wp-cron.php?doing_wp_cron=1790061198.3561069965362548828125 HTTP/1.1" 200 5041 "-" "WordPress/7.1.1; https://sacherconsultancy.com"
103.111.39.94 - - [22/Sep/2026:07:13:17 +0000] "POST /xmlrpc.php HTTP/1.1" 200 5415 "-" "Jetpack by WordPress.com (Jetpack 12.0; WordPress 6.1)"
66.249.77.161 - - [22/Sep/2026:07:13:23 +0000] "GET /category/item/f4fs0s3bgojt2t0.shtml HTTP/1.1" 404 121229 "-" "Mozilla/5.0 (compatible; Googlebot/2.1; +http://www.google.com/bot.html)"
103.111.39.94 - - [22/Sep/2026:07:13:28 +0000] "POST /xmlrpc.php HTTP/1.1" 200 5415 "-" "Jetpack by WordPress.com"
197.242.148.69 - - [22/Sep/2026:07:13:36 +0000] "POST /wp-login.php HTTP/1.1" 200 16217 "https://sacherconsultancy.com/wp-login.php" "Mozilla/5.0 (Windows NT 10.0; Win64; x64) AppleWebKit/537.36 (KHTML, like Gecko) Chrome/124.0.0.0 Safari/537.36"
103.111.39.94 - - [22/Sep/2026:07:13:39 +0000] "POST /xmlrpc.php HTTP/1.1" 200 5415 "-" "Jetpack/12.1; WordPress/6.2; http://site34027027.com"
103.111.39.94 - - [22/Sep/2026:07:13:49 +0000] "POST /xmlrpc.php HTTP/1.1" 200 5415 "-" "Jetpack by WordPress.com (Jetpack 13.0; WordPress 6.1)"
103.111.39.94 - - [22/Sep/2026:07:14:00 +0000] "POST /xmlrpc.php HTTP/1.1" 200 5415 "-" "Jetpack by WordPress.com (Jetpack 13.0; WordPress 6.4)"
103.111.39.94 - - [22/Sep/2026:07:14:10 +0000] "POST /xmlrpc.php HTTP/1.1" 200 5415 "-" "Jetpack by WordPress.com"
77.68.25.176 - - [22/Sep/2026:07:14:21 +0000] "POST /wp-cron.php?doing_wp_cron=1790061261.8671159744262695312500 HTTP/1.1" 200 5041 "-" "WordPress/7.1.1; https://sacherconsultancy.com"
103.111.39.94 - - [22/Sep/2026:07:14:21 +0000] "POST /xmlrpc.php HTTP/1.1" 200 5415 "-" "Jetpack/12.5; WordPress/6.2; http://site83557255.com"
103.111.39.94 - - [22/Sep/2026:07:14:32 +0000] "POST /xmlrpc.php HTTP/1.1" 200 5415 "-" "Jetpack by WordPress.com"
103.111.39.94 - - [22/Sep/2026:07:14:42 +0000] "POST /xmlrpc.php HTTP/1.1" 200 5415 "-" "Jetpack by WordPress.com (Jetpack 12.0; WordPress 6.3)"
169.62.7.24 - - [22/Sep/2026:07:14:49 +0000] "POST /wp-login.php HTTP/1.1" 200 16217 "https://sacherconsultancy.com/wp-login.php" "Mozilla/5.0 (Windows NT 10.0; Win64; x64) AppleWebKit/537.36 (KHTML, like Gecko) Chrome/124.0.0.0 Safari/537.36"
103.111.39.94 - - [22/Sep/2026:07:14:53 +0000] "POST /xmlrpc.php HTTP/1.1" 200 5415 "-" "WordPress.com; https://wordpress.com"
103.111.39.94 - - [22/Sep/2026:07:15:03 +0000] "POST /xmlrpc.php HTTP/1.1" 200 5415 "-" "Jetpack by WordPress.com"
77.68.25.176 - - [22/Sep/2026:07:15:14 +0000] "POST /wp-cron.php?doing_wp_cron=1790061314.7782030105590820312500 HTTP/1.1" 200 5041 "-" "WordPress/7.1.1; https://sacherconsultancy.com"
103.111.39.94 - - [22/Sep/2026:07:15:14 +0000] "POST /xmlrpc.php HTTP/1.1" 200 5415 "-" "Jetpack by WordPress.com"
103.111.39.94 - - [22/Sep/2026:07:15:24 +0000] "POST /xmlrpc.php HTTP/1.1" 200 5415 "-" "Jetpack by WordPress.com (Jetpack 12.1; WordPress 6.2)"
103.111.39.94 - - [22/Sep/2026:07:15:35 +0000] "POST /xmlrpc.php HTTP/1.1" 200 5415 "-" "Jetpack/12.0; WordPress/6.1; http://site99655475.com"
103.111.39.94 - - [22/Sep/2026:07:15:46 +0000] "POST /xmlrpc.php HTTP/1.1" 200 5415 "-" "WordPress.com; https://wordpress.com"
103.111.39.94 - - [22/Sep/2026:07:15:56 +0000] "POST /xmlrpc.php HTTP/1.1" 200 5415 "-" "Jetpack/12.0; WordPress/6.2; http://site77059071.com"
103.111.39.94 - - [22/Sep/2026:07:16:07 +0000] "POST /xmlrpc.php HTTP/1.1" 200 5415 "-" "Jetpack by WordPress.com (Jetpack 12.5; WordPress 6.3)"
77.68.25.176 - - [22/Sep/2026:07:16:18 +0000] "POST /wp-cron.php?doing_wp_cron=1790061378.3701350688934326171875 HTTP/1.1" 200 5041 "-" "WordPress/7.1.1; https://sacherconsultancy.com"
103.111.39.94 - - [22/Sep/2026:07:16:17 +0000] "POST /xmlrpc.php HTTP/1.1" 200 5415 "-" "WordPress.com; https://wordpress.com"
103.111.39.94 - - [22/Sep/2026:07:16:28 +0000] "POST /xmlrpc.php HTTP/1.1" 200 5415 "-" "WordPress.com; https://wordpress.com"
103.111.39.94 - - [22/Sep/2026:07:16:39 +0000] "POST /xmlrpc.php HTTP/1.1" 200 5415 "-" "WordPress.com; https://wordpress.com"
103.111.39.94 - - [22/Sep/2026:07:16:49 +0000] "POST /xmlrpc.php HTTP/1.1" 200 5415 "-" "Jetpack by WordPress.com"
103.111.39.94 - - [22/Sep/2026:07:17:00 +0000] "POST /xmlrpc.php HTTP/1.1" 200 5415 "-" "Jetpack by WordPress.com (Jetpack 12.5; WordPress 6.3)"
103.111.39.94 - - [22/Sep/2026:07:17:10 +0000] "POST /xmlrpc.php HTTP/1.1" 200 5415 "-" "WordPress.com; https://wordpress.com"
77.68.25.176 - - [22/Sep/2026:07:17:21 +0000] "POST /wp-cron.php?doing_wp_cron=1790061441.8916020393371582031250 HTTP/1.1" 200 5041 "-" "WordPress/7.1.1; https://sacherconsultancy.com"
103.111.39.94 - - [22/Sep/2026:07:17:21 +0000] "POST /xmlrpc.php HTTP/1.1" 200 5415 "-" "WordPress.com; https://wordpress.com"
103.111.39.94 - - [22/Sep/2026:07:17:32 +0000] "POST /xmlrpc.php HTTP/1.1" 200 5415 "-" "Jetpack/12.1; WordPress/6.2; http://site41162018.com"
103.111.39.94 - - [22/Sep/2026:07:17:42 +0000] "POST /xmlrpc.php HTTP/1.1" 200 5415 "-" "Jetpack by WordPress.com"
103.111.39.94 - - [22/Sep/2026:07:17:53 +0000] "POST /xmlrpc.php HTTP/1.1" 200 5415 "-" "Jetpack/12.0; WordPress/6.1; http://site92072426.com"
103.111.39.94 - - [22/Sep/2026:07:18:03 +0000] "POST /xmlrpc.php HTTP/1.1" 200 5415 "-" "Jetpack by WordPress.com"
77.68.25.176 - - [22/Sep/2026:07:18:14 +0000] "POST /wp-cron.php?doing_wp_cron=1790061494.7650270462036132812500 HTTP/1.1" 200 5041 "-" "WordPress/7.1.1; https://sacherconsultancy.com"
103.111.39.94 - - [22/Sep/2026:07:18:14 +0000] "POST /xmlrpc.php HTTP/1.1" 200 5415 "-" "WordPress.com; https://wordpress.com"
103.111.39.94 - - [22/Sep/2026:07:18:24 +0000] "POST /xmlrpc.php HTTP/1.1" 200 5415 "-" "Jetpack by WordPress.com"
103.111.39.94 - - [22/Sep/2026:07:18:35 +0000] "POST /xmlrpc.php HTTP/1.1" 200 5415 "-" "Jetpack/12.1; WordPress/6.3; http://site77765630.com"
103.111.39.94 - - [22/Sep/2026:07:18:46 +0000] "POST /xmlrpc.php HTTP/1.1" 200 5415 "-" "Jetpack by WordPress.com"
103.111.39.94 - - [22/Sep/2026:07:18:56 +0000] "POST /xmlrpc.php HTTP/1.1" 200 5415 "-" "Jetpack by WordPress.com"
103.111.39.94 - - [22/Sep/2026:07:19:07 +0000] "POST /xmlrpc.php HTTP/1.1" 200 5415 "-" "Jetpack by WordPress.com (Jetpack 12.5; WordPress 6.3)"
77.68.25.176 - - [22/Sep/2026:07:19:18 +0000] "POST /wp-cron.php?doing_wp_cron=1790061558.1353740692138671875000 HTTP/1.1" 200 5041 "-" "WordPress/7.1.1; https://sacherconsultancy.com"
103.111.39.94 - - [22/Sep/2026:07:19:17 +0000] "POST /xmlrpc.php HTTP/1.1" 200 5415 "-" "Jetpack by WordPress.com (Jetpack 12.1; WordPress 6.2)"
87.106.171.101 - - [22/Sep/2026:07:19:19 +0000] "POST /wp-login.php HTTP/1.1" 200 16225 "https://sacherconsultancy.com/wp-login.php" "Mozilla/5.0 (Windows NT 10.0; Win64; x64) AppleWebKit/537.36 (KHTML, like Gecko) Chrome/124.0.0.0 Safari/537.36"
103.111.39.94 - - [22/Sep/2026:07:19:28 +0000] "POST /xmlrpc.php HTTP/1.1" 200 5415 "-" "Jetpack by WordPress.com"
103.111.39.94 - - [22/Sep/2026:07:19:38 +0000] "POST /xmlrpc.php HTTP/1.1" 200 5415 "-" "Jetpack by WordPress.com (Jetpack 12.1; WordPress 6.1)"
103.111.39.94 - - [22/Sep/2026:07:19:49 +0000] "POST /xmlrpc.php HTTP/1.1" 200 5415 "-" "Jetpack/12.5; WordPress/6.1; http://site43784328.com"
103.111.39.94 - - [22/Sep/2026:07:20:00 +0000] "POST /xmlrpc.php HTTP/1.1" 200 5415 "-" "Jetpack by WordPress.com (Jetpack 12.0; WordPress 6.2)"
103.111.39.94 - - [22/Sep/2026:07:20:10 +0000] "POST /xmlrpc.php HTTP/1.1" 200 5415 "-" "WordPress.com; https://wordpress.com"
77.68.25.176 - - [22/Sep/2026:07:20:21 +0000] "POST /wp-cron.php?doing_wp_cron=1790061621.6056969165802001953125 HTTP/1.1" 200 5041 "-" "WordPress/7.1.1; https://sacherconsultancy.com"
103.111.39.94 - - [22/Sep/2026:07:20:21 +0000] "POST /xmlrpc.php HTTP/1.1" 200 5415 "-" "Jetpack/12.5; WordPress/6.3; http://site80244143.com"
103.111.39.94 - - [22/Sep/2026:07:20:31 +0000] "POST /xmlrpc.php HTTP/1.1" 200 5415 "-" "Jetpack/12.1; WordPress/6.2; http://site29386826.com"
103.111.39.94 - - [22/Sep/2026:07:20:42 +0000] "POST /xmlrpc.php HTTP/1.1" 200 5415 "-" "WordPress.com; https://wordpress.com"
164.46.39.108 - - [22/Sep/2026:07:20:51 +0000] "POST /wp-login.php HTTP/1.1" 200 16217 "https://sacherconsultancy.com/wp-login.php" "Mozilla/5.0 (Windows NT 10.0; Win64; x64) AppleWebKit/537.36 (KHTML, like Gecko) Chrome/124.0.0.0 Safari/537.36"
103.111.39.94 - - [22/Sep/2026:07:20:52 +0000] "POST /xmlrpc.php HTTP/1.1" 200 5415 "-" "Jetpack by WordPress.com (Jetpack 13.0; WordPress 6.2)"
103.111.39.94 - - [22/Sep/2026:07:21:03 +0000] "POST /xmlrpc.php HTTP/1.1" 200 5415 "-" "Jetpack/13.0; WordPress/6.2; http://site93722312.com"
77.68.25.176 - - [22/Sep/2026:07:21:14 +0000] "POST /wp-cron.php?doing_wp_cron=1790061674.5074040889739990234375 HTTP/1.1" 200 5041 "-" "WordPress/7.1.1; https://sacherconsultancy.com"
103.111.39.94 - - [22/Sep/2026:07:21:14 +0000] "POST /xmlrpc.php HTTP/1.1" 200 5415 "-" "Jetpack/12.5; WordPress/6.4; http://site54042411.com"
103.111.39.94 - - [22/Sep/2026:07:21:24 +0000] "POST /xmlrpc.php HTTP/1.1" 200 5415 "-" "WordPress.com; https://wordpress.com"
103.111.39.94 - - [22/Sep/2026:07:21:35 +0000] "POST /xmlrpc.php HTTP/1.1" 200 5415 "-" "Jetpack/12.1; WordPress/6.4; http://site59256093.com"
103.111.39.94 - - [22/Sep/2026:07:21:45 +0000] "POST /xmlrpc.php HTTP/1.1" 200 5415 "-" "Jetpack by WordPress.com"
103.111.39.94 - - [22/Sep/2026:07:21:56 +0000] "POST /xmlrpc.php HTTP/1.1" 200 5415 "-" "WordPress.com; https://wordpress.com"
103.111.39.94 - - [22/Sep/2026:07:22:06 +0000] "POST /xmlrpc.php HTTP/1.1" 200 5415 "-" "Jetpack by WordPress.com"
77.68.25.176 - - [22/Sep/2026:07:22:17 +0000] "POST /wp-cron.php?doing_wp_cron=1790061737.9423999786376953125000 HTTP/1.1" 200 5041 "-" "WordPress/7.1.1; https://sacherconsultancy.com"
103.111.39.94 - - [22/Sep/2026:07:22:17 +0000] "POST /xmlrpc.php HTTP/1.1" 200 5415 "-" "Jetpack by WordPress.com (Jetpack 12.0; WordPress 6.3)"
66.249.77.162 - - [22/Sep/2026:07:23:01 +0000] "GET /category/item/faok91cbpds2829.shtml HTTP/1.1" 404 121229 "-" "Mozilla/5.0 (Linux; Android 6.0.1; Nexus 5X Build/MMB29P) AppleWebKit/537.36 (KHTML, like Gecko) Chrome/153.0.8010.52 Mobile Safari/537.36 (compatible; Googlebot/2.1; +http://www.google.com/bot.html)"
77.68.25.176 - - [22/Sep/2026:07:23:29 +0000] "POST /wp-cron.php?doing_wp_cron=1790061809.0488910675048828125000 HTTP/1.1" 200 5041 "-" "WordPress/7.1.1; https://sacherconsultancy.com"
209.141.37.250 - - [22/Sep/2026:07:23:28 +0000] "GET /wp-login.php HTTP/1.1" 200 15722 "-" "Mozilla/5.0 (Windows NT 10.0; Win64; x64) AppleWebKit/537.36 (KHTML, like Gecko) Chrome/144.0.0.0 Safari/537.36"
209.141.37.250 - - [22/Sep/2026:07:23:30 +0000] "POST /wp-login.php HTTP/1.1" 200 16266 "-" "Mozilla/5.0 (Windows NT 10.0; Win64; x64) AppleWebKit/537.36 (KHTML, like Gecko) Chrome/144.0.0.0 Safari/537.36"
77.68.25.176 - - [22/Sep/2026:07:28:30 +0000] "POST /wp-cron.php?doing_wp_cron=1790062110.9352889060974121093750 HTTP/1.1" 200 5041 "-" "WordPress/7.1.1; https://sacherconsultancy.com"
197.242.148.69 - - [22/Sep/2026:07:28:30 +0000] "POST /wp-login.php HTTP/1.1" 200 16225 "https://sacherconsultancy.com/wp-login.php" "Mozilla/5.0 (Windows NT 10.0; Win64; x64) AppleWebKit/537.36 (KHTML, like Gecko) Chrome/124.0.0.0 Safari/537.36"
77.68.25.176 - - [22/Sep/2026:07:30:23 +0000] "POST /wp-cron.php?doing_wp_cron=1790062223.0141220092773437500000 HTTP/1.1" 200 5041 "-" "WordPress/7.1.1; https://sacherconsultancy.com"
43.167.232.38 - - [22/Sep/2026:07:30:22 +0000] "GET / HTTP/1.1" 200 25152 "http://sacherconsultancy.com" "Mozilla/5.0 (iPhone; CPU iPhone OS 13_2_3 like Mac OS X) AppleWebKit/605.1.15 (KHTML, like Gecko) Version/13.0.3 Mobile/15E148 Safari/604.1"
77.68.25.176 - - [22/Sep/2026:07:31:31 +0000] "POST /wp-cron.php?doing_wp_cron=1790062291.3764359951019287109375 HTTP/1.1" 200 5041 "-" "WordPress/7.1.1; https://sacherconsultancy.com"
87.106.171.101 - - [22/Sep/2026:07:31:30 +0000] "POST /wp-login.php HTTP/1.1" 200 16217 "https://sacherconsultancy.com/wp-login.php" "Mozilla/5.0 (Windows NT 10.0; Win64; x64) AppleWebKit/537.36 (KHTML, like Gecko) Chrome/124.0.0.0 Safari/537.36"
77.68.25.176 - - [22/Sep/2026:07:33:27 +0000] "POST /wp-cron.php?doing_wp_cron=1790062407.5548880100250244140625 HTTP/1.1" 200 5041 "-" "WordPress/7.1.1; https://sacherconsultancy.com"
216.73.217.6 - - [22/Sep/2026:07:33:27 +0000] "GET /robots.txt HTTP/1.1" 200 5199 "-" "Mozilla/5.0 AppleWebKit/537.36 (KHTML, like Gecko; compatible; ClaudeBot/1.0; +claudebot@anthropic.com)"
216.73.217.6 - - [22/Sep/2026:07:33:27 +0000] "GET /sitemap.rss HTTP/1.1" 200 5923 "-" "Mozilla/5.0 AppleWebKit/537.36 (KHTML, like Gecko; compatible; ClaudeBot/1.0; +claudebot@anthropic.com)"
95.179.210.203 - - [22/Sep/2026:07:33:53 +0000] "GET /style.php HTTP/1.1" 403 5806 "-" "Mozilla/5.0 (X11; Linux x86_64) AppleWebKit/537.36 (KHTML, like Gecko) Chrome/143.0.0.0 Safari/537.36"
216.73.217.6 - - [22/Sep/2026:07:34:07 +0000] "GET /sitemap.xml HTTP/1.1" 200 5382 "-" "Mozilla/5.0 AppleWebKit/537.36 (KHTML, like Gecko; compatible; ClaudeBot/1.0; +claudebot@anthropic.com)"
77.68.25.176 - - [22/Sep/2026:07:34:54 +0000] "POST /wp-cron.php?doing_wp_cron=1790062494.8433840274810791015625 HTTP/1.1" 200 5041 "-" "WordPress/7.1.1; https://sacherconsultancy.com"
164.46.39.108 - - [22/Sep/2026:07:34:54 +0000] "POST /wp-login.php HTTP/1.1" 200 16225 "https://sacherconsultancy.com/wp-login.php" "Mozilla/5.0 (Windows NT 10.0; Win64; x64) AppleWebKit/537.36 (KHTML, like Gecko) Chrome/124.0.0.0 Safari/537.36"
77.68.25.176 - - [22/Sep/2026:07:39:51 +0000] "POST /wp-cron.php?doing_wp_cron=1790062791.6293048858642578125000 HTTP/1.1" 200 5041 "-" "WordPress/7.1.1; https://sacherconsultancy.com"
169.62.7.24 - - [22/Sep/2026:07:39:51 +0000] "POST /wp-login.php HTTP/1.1" 200 16215 "https://sacherconsultancy.com/wp-login.php" "Mozilla/5.0 (Windows NT 10.0; Win64; x64) AppleWebKit/537.36 (KHTML, like Gecko) Chrome/124.0.0.0 Safari/537.36"
169.62.7.24 - - [22/Sep/2026:07:39:51 +0000] "POST /wp-login.php HTTP/1.1" 200 16215 "https://sacherconsultancy.com/wp-login.php" "Mozilla/5.0 (Windows NT 10.0; Win64; x64) AppleWebKit/537.36 (KHTML, like Gecko) Chrome/124.0.0.0 Safari/537.36"
197.242.148.69 - - [22/Sep/2026:07:39:55 +0000] "POST /wp-login.php HTTP/1.1" 200 16217 "https://sacherconsultancy.com/wp-login.php" "Mozilla/5.0 (Windows NT 10.0; Win64; x64) AppleWebKit/537.36 (KHTML, like Gecko) Chrome/124.0.0.0 Safari/537.36"
77.68.25.176 - - [22/Sep/2026:07:43:16 +0000] "POST /wp-cron.php?doing_wp_cron=1790062996.8711810111999511718750 HTTP/1.1" 200 5041 "-" "WordPress/7.1.1; https://sacherconsultancy.com"
87.106.171.101 - - [22/Sep/2026:07:43:16 +0000] "POST /wp-login.php HTTP/1.1" 200 16201 "https://sacherconsultancy.com/wp-login.php" "Mozilla/5.0 (Windows NT 10.0; Win64; x64) AppleWebKit/537.36 (KHTML, like Gecko) Chrome/124.0.0.0 Safari/537.36"
164.46.39.108 - - [22/Sep/2026:07:43:52 +0000] "POST /wp-login.php HTTP/1.1" 200 16213 "https://sacherconsultancy.com/wp-login.php" "Mozilla/5.0 (Windows NT 10.0; Win64; x64) AppleWebKit/537.36 (KHTML, like Gecko) Chrome/124.0.0.0 Safari/537.36"
77.68.25.176 - - [22/Sep/2026:07:46:49 +0000] "POST /wp-cron.php?doing_wp_cron=1790063209.0998229980468750000000 HTTP/1.1" 200 5041 "-" "WordPress/7.1.1; https://sacherconsultancy.com"
66.249.77.161 - - [22/Sep/2026:07:46:48 +0000] "GET /category/item/fzdiae1bq05ra3m.shtml HTTP/1.1" 404 121229 "-" "Mozilla/5.0 (Linux; Android 6.0.1; Nexus 5X Build/MMB29P) AppleWebKit/537.36 (KHTML, like Gecko) Chrome/153.0.8010.52 Mobile Safari/537.36 (compatible; Googlebot/2.1; +http://www.google.com/bot.html)"
77.68.25.176 - - [22/Sep/2026:07:47:37 +0000] "POST /wp-cron.php?doing_wp_cron=1790063257.9129619598388671875000 HTTP/1.1" 200 5041 "-" "WordPress/7.1.1; https://sacherconsultancy.com"
169.62.7.24 - - [22/Sep/2026:07:47:37 +0000] "POST /wp-login.php HTTP/1.1" 200 16217 "https://sacherconsultancy.com/wp-login.php" "Mozilla/5.0 (Windows NT 10.0; Win64; x64) AppleWebKit/537.36 (KHTML, like Gecko) Chrome/124.0.0.0 Safari/537.36"
77.68.25.176 - - [22/Sep/2026:07:48:43 +0000] "POST /wp-cron.php?doing_wp_cron=1790063323.8143270015716552734375 HTTP/1.1" 200 5041 "-" "WordPress/7.1.1; https://sacherconsultancy.com"
66.249.77.161 - - [22/Sep/2026:07:48:43 +0000] "GET /category/item/e0b2k0zo0kzlixg.shtml HTTP/1.1" 404 121229 "-" "Mozilla/5.0 (compatible; Googlebot/2.1; +http://www.google.com/bot.html)"
77.68.25.176 - - [22/Sep/2026:07:49:46 +0000] "POST /wp-cron.php?doing_wp_cron=1790063386.3286910057067871093750 HTTP/1.1" 200 5041 "-" "WordPress/7.1.1; https://sacherconsultancy.com"
197.242.148.69 - - [22/Sep/2026:07:49:45 +0000] "POST /wp-login.php HTTP/1.1" 200 16217 "https://sacherconsultancy.com/wp-login.php" "Mozilla/5.0 (Windows NT 10.0; Win64; x64) AppleWebKit/537.36 (KHTML, like Gecko) Chrome/124.0.0.0 Safari/537.36"
77.68.25.176 - - [22/Sep/2026:07:50:13 +0000] "POST /wp-cron.php?doing_wp_cron=1790063413.1025290489196777343750 HTTP/1.1" 200 5041 "-" "WordPress/7.1.1; https://sacherconsultancy.com"
212.34.141.234 - - [22/Sep/2026:07:50:12 +0000] "GET / HTTP/1.1" 200 136573 "https://sacherconsultancy.com/" "Mozilla/5.0 (Windows NT 10.0; Win64; x64) AppleWebKit/537.36 (KHTML, like Gecko) Chrome/131.0.0.0 Safari/537.36"
77.68.25.176 - - [22/Sep/2026:07:52:03 +0000] "POST /wp-cron.php?doing_wp_cron=1790063523.7469010353088378906250 HTTP/1.1" 200 5041 "-" "WordPress/7.1.1; https://sacherconsultancy.com"
164.46.39.108 - - [22/Sep/2026:07:52:03 +0000] "POST /wp-login.php HTTP/1.1" 200 16207 "https://sacherconsultancy.com/wp-login.php" "Mozilla/5.0 (Windows NT 10.0; Win64; x64) AppleWebKit/537.36 (KHTML, like Gecko) Chrome/124.0.0.0 Safari/537.36"
77.68.25.176 - - [22/Sep/2026:07:53:14 +0000] "POST /wp-cron.php?doing_wp_cron=1790063594.5601089000701904296875 HTTP/1.1" 200 5041 "-" "WordPress/7.1.1; https://sacherconsultancy.com"
169.62.7.24 - - [22/Sep/2026:07:53:14 +0000] "POST /wp-login.php HTTP/1.1" 200 16219 "https://sacherconsultancy.com/wp-login.php" "Mozilla/5.0 (Windows NT 10.0; Win64; x64) AppleWebKit/537.36 (KHTML, like Gecko) Chrome/124.0.0.0 Safari/537.36"
87.106.171.101 - - [22/Sep/2026:07:54:02 +0000] "POST /wp-login.php HTTP/1.1" 200 16225 "https://sacherconsultancy.com/wp-login.php" "Mozilla/5.0 (Windows NT 10.0; Win64; x64) AppleWebKit/537.36 (KHTML, like Gecko) Chrome/124.0.0.0 Safari/537.36"
77.68.25.176 - - [22/Sep/2026:07:55:12 +0000] "POST /wp-cron.php?doing_wp_cron=1790063712.2897799015045166015625 HTTP/1.1" 200 5041 "-" "WordPress/7.1.1; https://sacherconsultancy.com"
147.5.127.200 - - [22/Sep/2026:07:55:11 +0000] "POST /wp-login.php HTTP/1.1" 200 8594 "https://sacherconsultancy.com/wp-login.php" "Mozilla/5.0 (Windows NT 10.0; Win64; x64) AppleWebKit/537.36 (KHTML, like Gecko) Chrome/124.0.0.0 Safari/537.36"
77.68.25.176 - - [22/Sep/2026:07:58:39 +0000] "POST /wp-cron.php?doing_wp_cron=1790063919.0320239067077636718750 HTTP/1.1" 200 5041 "-" "WordPress/7.1.1; https://sacherconsultancy.com"
169.62.7.24 - - [22/Sep/2026:07:58:38 +0000] "POST /wp-login.php HTTP/1.1" 200 16201 "https://sacherconsultancy.com/wp-login.php" "Mozilla/5.0 (Windows NT 10.0; Win64; x64) AppleWebKit/537.36 (KHTML, like Gecko) Chrome/124.0.0.0 Safari/537.36"
197.242.148.69 - - [22/Sep/2026:07:58:42 +0000] "POST /wp-login.php HTTP/1.1" 200 16225 "https://sacherconsultancy.com/wp-login.php" "Mozilla/5.0 (Windows NT 10.0; Win64; x64) AppleWebKit/537.36 (KHTML, like Gecko) Chrome/124.0.0.0 Safari/537.36"
77.68.25.176 - - [22/Sep/2026:08:00:05 +0000] "POST /wp-cron.php?doing_wp_cron=1790064005.5849919319152832031250 HTTP/1.1" 200 5041 "-" "WordPress/7.1.1; https://sacherconsultancy.com"
164.46.39.108 - - [22/Sep/2026:08:00:05 +0000] "POST /wp-login.php HTTP/1.1" 200 16217 "https://sacherconsultancy.com/wp-login.php" "Mozilla/5.0 (Windows NT 10.0; Win64; x64) AppleWebKit/537.36 (KHTML, like Gecko) Chrome/124.0.0.0 Safari/537.36"
77.68.25.176 - - [22/Sep/2026:08:04:01 +0000] "POST /wp-cron.php?doing_wp_cron=1790064241.3372778892517089843750 HTTP/1.1" 200 5041 "-" "WordPress/7.1.1; https://sacherconsultancy.com"
169.62.7.24 - - [22/Sep/2026:08:04:00 +0000] "POST /wp-login.php HTTP/1.1" 200 16225 "https://sacherconsultancy.com/wp-login.php" "Mozilla/5.0 (Windows NT 10.0; Win64; x64) AppleWebKit/537.36 (KHTML, like Gecko) Chrome/124.0.0.0 Safari/537.36"
77.68.25.176 - - [22/Sep/2026:08:04:27 +0000] "POST /wp-cron.php?doing_wp_cron=1790064267.4748320579528808593750 HTTP/1.1" 200 5041 "-" "WordPress/7.1.1; https://sacherconsultancy.com"
87.106.171.101 - - [22/Sep/2026:08:04:27 +0000] "POST /wp-login.php HTTP/1.1" 200 16225 "https://sacherconsultancy.com/wp-login.php" "Mozilla/5.0 (Windows NT 10.0; Win64; x64) AppleWebKit/537.36 (KHTML, like Gecko) Chrome/124.0.0.0 Safari/537.36"
77.68.25.176 - - [22/Sep/2026:08:07:58 +0000] "POST /wp-cron.php?doing_wp_cron=1790064478.0558950901031494140625 HTTP/1.1" 200 5041 "-" "WordPress/7.1.1; https://sacherconsultancy.com"
164.46.39.108 - - [22/Sep/2026:08:07:57 +0000] "POST /wp-login.php HTTP/1.1" 200 16217 "https://sacherconsultancy.com/wp-login.php" "Mozilla/5.0 (Windows NT 10.0; Win64; x64) AppleWebKit/537.36 (KHTML, like Gecko) Chrome/124.0.0.0 Safari/537.36"
51.89.71.88 - - [22/Sep/2026:08:07:59 +0000] "GET /sitemap.rss HTTP/1.1" 200 5922 "-" "Mozilla/5.0 (compatible; AhrefsBot/7.0; +http://ahrefs.com/robot/)"
77.68.25.176 - - [22/Sep/2026:08:09:15 +0000] "POST /wp-cron.php?doing_wp_cron=1790064555.8897058963775634765625 HTTP/1.1" 200 5041 "-" "WordPress/7.1.1; https://sacherconsultancy.com"
169.62.7.24 - - [22/Sep/2026:08:09:15 +0000] "POST /wp-login.php HTTP/1.1" 200 16203 "https://sacherconsultancy.com/wp-login.php" "Mozilla/5.0 (Windows NT 10.0; Win64; x64) AppleWebKit/537.36 (KHTML, like Gecko) Chrome/124.0.0.0 Safari/537.36"
77.68.25.176 - - [22/Sep/2026:08:14:25 +0000] "POST /wp-cron.php?doing_wp_cron=1790064865.8220350742340087890625 HTTP/1.1" 200 5041 "-" "WordPress/7.1.1; https://sacherconsultancy.com"
169.62.7.24 - - [22/Sep/2026:08:14:25 +0000] "POST /wp-login.php HTTP/1.1" 200 16197 "https://sacherconsultancy.com/wp-login.php" "Mozilla/5.0 (Windows NT 10.0; Win64; x64) AppleWebKit/537.36 (KHTML, like Gecko) Chrome/124.0.0.0 Safari/537.36"
87.106.171.101 - - [22/Sep/2026:08:15:06 +0000] "POST /wp-login.php HTTP/1.1" 200 16225 "https://sacherconsultancy.com/wp-login.php" "Mozilla/5.0 (Windows NT 10.0; Win64; x64) AppleWebKit/537.36 (KHTML, like Gecko) Chrome/124.0.0.0 Safari/537.36"
77.68.25.176 - - [22/Sep/2026:08:15:15 +0000] "POST /wp-cron.php?doing_wp_cron=1790064915.2085421085357666015625 HTTP/1.1" 200 5041 "-" "WordPress/7.1.1; https://sacherconsultancy.com"
197.242.148.69 - - [22/Sep/2026:08:15:14 +0000] "POST /wp-login.php HTTP/1.1" 200 16215 "https://sacherconsultancy.com/wp-login.php" "Mozilla/5.0 (Windows NT 10.0; Win64; x64) AppleWebKit/537.36 (KHTML, like Gecko) Chrome/124.0.0.0 Safari/537.36"
197.242.148.69 - - [22/Sep/2026:08:15:14 +0000] "POST /wp-login.php HTTP/1.1" 200 16215 "https://sacherconsultancy.com/wp-login.php" "Mozilla/5.0 (Windows NT 10.0; Win64; x64) AppleWebKit/537.36 (KHTML, like Gecko) Chrome/124.0.0.0 Safari/537.36"
164.46.39.108 - - [22/Sep/2026:08:15:29 +0000] "POST /wp-login.php HTTP/1.1" 200 16201 "https://sacherconsultancy.com/wp-login.php" "Mozilla/5.0 (Windows NT 10.0; Win64; x64) AppleWebKit/537.36 (KHTML, like Gecko) Chrome/124.0.0.0 Safari/537.36"
77.68.25.176 - - [22/Sep/2026:08:19:36 +0000] "POST /wp-cron.php?doing_wp_cron=1790065176.5436079502105712890625 HTTP/1.1" 200 5041 "-" "WordPress/7.1.1; https://sacherconsultancy.com"
169.62.7.24 - - [22/Sep/2026:08:19:36 +0000] "POST /wp-login.php HTTP/1.1" 200 16203 "https://sacherconsultancy.com/wp-login.php" "Mozilla/5.0 (Windows NT 10.0; Win64; x64) AppleWebKit/537.36 (KHTML, like Gecko) Chrome/124.0.0.0 Safari/537.36"
77.68.25.176 - - [22/Sep/2026:08:22:55 +0000] "POST /wp-cron.php?doing_wp_cron=1790065375.6610949039459228515625 HTTP/1.1" 200 5041 "-" "WordPress/7.1.1; https://sacherconsultancy.com"
164.46.39.108 - - [22/Sep/2026:08:22:55 +0000] "POST /wp-login.php HTTP/1.1" 200 16217 "https://sacherconsultancy.com/wp-login.php" "Mozilla/5.0 (Windows NT 10.0; Win64; x64) AppleWebKit/537.36 (KHTML, like Gecko) Chrome/124.0.0.0 Safari/537.36"
77.68.25.176 - - [22/Sep/2026:08:24:44 +0000] "POST /wp-cron.php?doing_wp_cron=1790065484.1328580379486083984375 HTTP/1.1" 200 5041 "-" "WordPress/7.1.1; https://sacherconsultancy.com"
169.62.7.24 - - [22/Sep/2026:08:24:43 +0000] "POST /wp-login.php HTTP/1.1" 200 16217 "https://sacherconsultancy.com/wp-login.php" "Mozilla/5.0 (Windows NT 10.0; Win64; x64) AppleWebKit/537.36 (KHTML, like Gecko) Chrome/124.0.0.0 Safari/537.36"
77.68.25.176 - - [22/Sep/2026:08:25:18 +0000] "POST /wp-cron.php?doing_wp_cron=1790065518.7822849750518798828125 HTTP/1.1" 200 5041 "-" "WordPress/7.1.1; https://sacherconsultancy.com"
87.106.171.101 - - [22/Sep/2026:08:25:18 +0000] "POST /wp-login.php HTTP/1.1" 200 16219 "https://sacherconsultancy.com/wp-login.php" "Mozilla/5.0 (Windows NT 10.0; Win64; x64) AppleWebKit/537.36 (KHTML, like Gecko) Chrome/124.0.0.0 Safari/537.36"
77.68.25.176 - - [22/Sep/2026:08:26:53 +0000] "POST /wp-cron.php?doing_wp_cron=1790065613.6925840377807617187500 HTTP/1.1" 200 5041 "-" "WordPress/7.1.1; https://sacherconsultancy.com"
66.249.77.160 - - [22/Sep/2026:08:26:53 +0000] "GET /category/item/e23iogri40rpod8.shtml HTTP/1.1" 404 121229 "-" "Mozilla/5.0 (compatible; Googlebot/2.1; +http://www.google.com/bot.html)"
77.68.25.176 - - [22/Sep/2026:08:27:15 +0000] "POST /wp-cron.php?doing_wp_cron=1790065635.7386839389801025390625 HTTP/1.1" 200 5041 "-" "WordPress/7.1.1; https://sacherconsultancy.com"
197.242.148.69 - - [22/Sep/2026:08:27:15 +0000] "POST /wp-login.php HTTP/1.1" 200 16219 "https://sacherconsultancy.com/wp-login.php" "Mozilla/5.0 (Windows NT 10.0; Win64; x64) AppleWebKit/537.36 (KHTML, like Gecko) Chrome/124.0.0.0 Safari/537.36"
77.68.25.176 - - [22/Sep/2026:08:28:56 +0000] "POST /wp-cron.php?doing_wp_cron=1790065736.4044411182403564453125 HTTP/1.1" 200 5041 "-" "WordPress/7.1.1; https://sacherconsultancy.com"
66.249.77.160 - - [22/Sep/2026:08:28:55 +0000] "GET /category/item/f210y2pbe0tfsra.shtml HTTP/1.1" 404 121229 "-" "Mozilla/5.0 (Linux; Android 6.0.1; Nexus 5X Build/MMB29P) AppleWebKit/537.36 (KHTML, like Gecko) Chrome/153.0.8010.52 Mobile Safari/537.36 (compatible; Googlebot/2.1; +http://www.google.com/bot.html)"
77.68.25.176 - - [22/Sep/2026:08:29:53 +0000] "POST /wp-cron.php?doing_wp_cron=1790065793.7363569736480712890625 HTTP/1.1" 200 5041 "-" "WordPress/7.1.1; https://sacherconsultancy.com"
169.62.7.24 - - [22/Sep/2026:08:29:53 +0000] "POST /wp-login.php HTTP/1.1" 200 16217 "https://sacherconsultancy.com/wp-login.php" "Mozilla/5.0 (Windows NT 10.0; Win64; x64) AppleWebKit/537.36 (KHTML, like Gecko) Chrome/124.0.0.0 Safari/537.36"
77.68.25.176 - - [22/Sep/2026:08:30:16 +0000] "POST /wp-cron.php?doing_wp_cron=1790065816.1061949729919433593750 HTTP/1.1" 200 5041 "-" "WordPress/7.1.1; https://sacherconsultancy.com"
164.46.39.108 - - [22/Sep/2026:08:30:15 +0000] "POST /wp-login.php HTTP/1.1" 200 16219 "https://sacherconsultancy.com/wp-login.php" "Mozilla/5.0 (Windows NT 10.0; Win64; x64) AppleWebKit/537.36 (KHTML, like Gecko) Chrome/124.0.0.0 Safari/537.36"
77.68.25.176 - - [22/Sep/2026:08:32:28 +0000] "POST /wp-cron.php?doing_wp_cron=1790065948.3940749168395996093750 HTTP/1.1" 200 5041 "-" "WordPress/7.1.1; https://sacherconsultancy.com"
72.63.209.73 - - [22/Sep/2026:08:32:27 +0000] "GET /robots.txt HTTP/1.1" 200 5199 "http://sacherconsultancy.com/robots.txt" "Mozilla/5.0 (compatible; ExaSearchBot/1.0; +https://crawler.exa.ai/)"
77.68.25.176 - - [22/Sep/2026:08:35:06 +0000] "POST /wp-cron.php?doing_wp_cron=1790066106.4951379299163818359375 HTTP/1.1" 200 5041 "-" "WordPress/7.1.1; https://sacherconsultancy.com"
169.62.7.24 - - [22/Sep/2026:08:35:06 +0000] "POST /wp-login.php HTTP/1.1" 200 16217 "https://sacherconsultancy.com/wp-login.php" "Mozilla/5.0 (Windows NT 10.0; Win64; x64) AppleWebKit/537.36 (KHTML, like Gecko) Chrome/124.0.0.0 Safari/537.36"
77.68.25.176 - - [22/Sep/2026:08:35:18 +0000] "POST /wp-cron.php?doing_wp_cron=1790066118.7760820388793945312500 HTTP/1.1" 200 5041 "-" "WordPress/7.1.1; https://sacherconsultancy.com"
197.242.148.69 - - [22/Sep/2026:08:35:18 +0000] "POST /wp-login.php HTTP/1.1" 200 16225 "https://sacherconsultancy.com/wp-login.php" "Mozilla/5.0 (Windows NT 10.0; Win64; x64) AppleWebKit/537.36 (KHTML, like Gecko) Chrome/124.0.0.0 Safari/537.36"
87.106.171.101 - - [22/Sep/2026:08:35:30 +0000] "POST /wp-login.php HTTP/1.1" 200 16205 "https://sacherconsultancy.com/wp-login.php" "Mozilla/5.0 (Windows NT 10.0; Win64; x64) AppleWebKit/537.36 (KHTML, like Gecko) Chrome/124.0.0.0 Safari/537.36"
46.151.182.40 - - [22/Sep/2026:08:35:42 +0000] "GET / HTTP/1.1" 200 25152 "http://sacherconsultancy.com/" "Mozilla/5.0 (Macintosh; Intel Mac OS X 10_15_7) AppleWebKit/537.36 (KHTML, like Gecko) Chrome/125.0.0.0 Safari/537.36"
77.68.25.176 - - [22/Sep/2026:08:37:50 +0000] "POST /wp-cron.php?doing_wp_cron=1790066270.0867819786071777343750 HTTP/1.1" 200 5041 "-" "WordPress/7.1.1; https://sacherconsultancy.com"
164.46.39.108 - - [22/Sep/2026:08:37:49 +0000] "POST /wp-login.php HTTP/1.1" 200 16225 "https://sacherconsultancy.com/wp-login.php" "Mozilla/5.0 (Windows NT 10.0; Win64; x64) AppleWebKit/537.36 (KHTML, like Gecko) Chrome/124.0.0.0 Safari/537.36"
77.68.25.176 - - [22/Sep/2026:08:40:17 +0000] "POST /wp-cron.php?doing_wp_cron=1790066417.3233981132507324218750 HTTP/1.1" 200 5041 "-" "WordPress/7.1.1; https://sacherconsultancy.com"
169.62.7.24 - - [22/Sep/2026:08:40:16 +0000] "POST /wp-login.php HTTP/1.1" 200 16201 "https://sacherconsultancy.com/wp-login.php" "Mozilla/5.0 (Windows NT 10.0; Win64; x64) AppleWebKit/537.36 (KHTML, like Gecko) Chrome/124.0.0.0 Safari/537.36"
66.249.77.160 - - [22/Sep/2026:08:40:33 +0000] "GET /category/item/efq6zfetfze0kcv.shtml HTTP/1.1" 404 121229 "-" "Mozilla/5.0 (compatible; Googlebot/2.1; +http://www.google.com/bot.html)"
77.68.25.176 - - [22/Sep/2026:08:45:04 +0000] "POST /wp-cron.php?doing_wp_cron=1790066704.1064689159393310546875 HTTP/1.1" 200 5041 "-" "WordPress/7.1.1; https://sacherconsultancy.com"
164.46.39.108 - - [22/Sep/2026:08:45:03 +0000] "POST /wp-login.php HTTP/1.1" 200 16201 "https://sacherconsultancy.com/wp-login.php" "Mozilla/5.0 (Windows NT 10.0; Win64; x64) AppleWebKit/537.36 (KHTML, like Gecko) Chrome/124.0.0.0 Safari/537.36"
77.68.25.176 - - [22/Sep/2026:08:45:14 +0000] "POST /wp-cron.php?doing_wp_cron=1790066714.1389009952545166015625 HTTP/1.1" 200 5041 "-" "WordPress/7.1.1; https://sacherconsultancy.com"
169.62.7.24 - - [22/Sep/2026:08:45:13 +0000] "POST /wp-login.php HTTP/1.1" 200 16217 "https://sacherconsultancy.com/wp-login.php" "Mozilla/5.0 (Windows NT 10.0; Win64; x64) AppleWebKit/537.36 (KHTML, like Gecko) Chrome/124.0.0.0 Safari/537.36"
87.106.171.101 - - [22/Sep/2026:08:45:50 +0000] "POST /wp-login.php HTTP/1.1" 200 16217 "https://sacherconsultancy.com/wp-login.php" "Mozilla/5.0 (Windows NT 10.0; Win64; x64) AppleWebKit/537.36 (KHTML, like Gecko) Chrome/124.0.0.0 Safari/537.36"
77.68.25.176 - - [22/Sep/2026:08:46:23 +0000] "POST /wp-cron.php?doing_wp_cron=1790066783.6898229122161865234375 HTTP/1.1" 200 5041 "-" "WordPress/7.1.1; https://sacherconsultancy.com"
147.5.127.200 - - [22/Sep/2026:08:46:23 +0000] "POST /wp-login.php HTTP/1.1" 200 8576 "https://sacherconsultancy.com/wp-login.php" "Mozilla/5.0 (Windows NT 10.0; Win64; x64) AppleWebKit/537.36 (KHTML, like Gecko) Chrome/124.0.0.0 Safari/537.36"
77.68.25.176 - - [22/Sep/2026:08:50:11 +0000] "POST /wp-cron.php?doing_wp_cron=1790067011.8191969394683837890625 HTTP/1.1" 200 5041 "-" "WordPress/7.1.1; https://sacherconsultancy.com"
169.62.7.24 - - [22/Sep/2026:08:50:11 +0000] "POST /wp-login.php HTTP/1.1" 200 16203 "https://sacherconsultancy.com/wp-login.php" "Mozilla/5.0 (Windows NT 10.0; Win64; x64) AppleWebKit/537.36 (KHTML, like Gecko) Chrome/124.0.0.0 Safari/537.36"
197.242.148.69 - - [22/Sep/2026:08:50:14 +0000] "POST /wp-login.php HTTP/1.1" 200 16225 "https://sacherconsultancy.com/wp-login.php" "Mozilla/5.0 (Windows NT 10.0; Win64; x64) AppleWebKit/537.36 (KHTML, like Gecko) Chrome/124.0.0.0 Safari/537.36"
77.68.25.176 - - [22/Sep/2026:08:52:12 +0000] "POST /wp-cron.php?doing_wp_cron=1790067132.7724730968475341796875 HTTP/1.1" 200 5041 "-" "WordPress/7.1.1; https://sacherconsultancy.com"
164.46.39.108 - - [22/Sep/2026:08:52:12 +0000] "POST /wp-login.php HTTP/1.1" 200 16197 "https://sacherconsultancy.com/wp-login.php" "Mozilla/5.0 (Windows NT 10.0; Win64; x64) AppleWebKit/537.36 (KHTML, like Gecko) Chrome/124.0.0.0 Safari/537.36"
77.68.25.176 - - [22/Sep/2026:08:54:23 +0000] "POST /wp-cron.php?doing_wp_cron=1790067263.1786270141601562500000 HTTP/1.1" 200 5041 "-" "WordPress/7.1.1; https://sacherconsultancy.com"
198.98.59.181 - - [22/Sep/2026:08:54:22 +0000] "GET /wp-login.php HTTP/1.1" 200 15722 "-" "Mozilla/5.0 (X11; Ubuntu; Linux x86_64; rv:30.0) Gecko/20100101 Firefox/30.0"
198.98.59.181 - - [22/Sep/2026:08:54:23 +0000] "POST /wp-login.php HTTP/1.1" 200 16256 "-" "Mozilla/5.0 (X11; Ubuntu; Linux x86_64; rv:30.0) Gecko/20100101 Firefox/30.0"
169.62.7.24 - - [22/Sep/2026:08:55:09 +0000] "POST /wp-login.php HTTP/1.1" 200 16201 "https://sacherconsultancy.com/wp-login.php" "Mozilla/5.0 (Windows NT 10.0; Win64; x64) AppleWebKit/537.36 (KHTML, like Gecko) Chrome/124.0.0.0 Safari/537.36"
77.68.25.176 - - [22/Sep/2026:08:55:48 +0000] "POST /wp-cron.php?doing_wp_cron=1790067348.6344769001007080078125 HTTP/1.1" 200 5041 "-" "WordPress/7.1.1; https://sacherconsultancy.com"
43.173.1.57 - - [22/Sep/2026:08:55:48 +0000] "GET / HTTP/1.1" 301 5031 "http://www.sacherconsultancy.com" "Mozilla/5.0 (iPhone; CPU iPhone OS 13_2_3 like Mac OS X) AppleWebKit/605.1.15 (KHTML, like Gecko) Version/13.0.3 Mobile/15E148 Safari/604.1"
43.173.1.57 - - [22/Sep/2026:08:55:50 +0000] "GET / HTTP/1.1" 200 25152 "https://www.sacherconsultancy.com/" "Mozilla/5.0 (iPhone; CPU iPhone OS 13_2_3 like Mac OS X) AppleWebKit/605.1.15 (KHTML, like Gecko) Version/13.0.3 Mobile/15E148 Safari/604.1"
87.106.171.101 - - [22/Sep/2026:08:56:04 +0000] "POST /wp-login.php HTTP/1.1" 200 16217 "https://sacherconsultancy.com/wp-login.php" "Mozilla/5.0 (Windows NT 10.0; Win64; x64) AppleWebKit/537.36 (KHTML, like Gecko) Chrome/124.0.0.0 Safari/537.36"
77.68.25.176 - - [22/Sep/2026:08:57:52 +0000] "POST /wp-cron.php?doing_wp_cron=1790067472.4579470157623291015625 HTTP/1.1" 200 5041 "-" "WordPress/7.1.1; https://sacherconsultancy.com"
66.249.77.161 - - [22/Sep/2026:08:57:51 +0000] "GET /category/item/fgwz5lkblvcaayt.shtml HTTP/1.1" 404 121229 "-" "Mozilla/5.0 (compatible; Googlebot/2.1; +http://www.google.com/bot.html)"
77.68.25.176 - - [22/Sep/2026:08:58:44 +0000] "POST /wp-cron.php?doing_wp_cron=1790067524.1284210681915283203125 HTTP/1.1" 200 5041 "-" "WordPress/7.1.1; https://sacherconsultancy.com"
197.242.148.69 - - [22/Sep/2026:08:58:43 +0000] "POST /wp-login.php HTTP/1.1" 200 16217 "https://sacherconsultancy.com/wp-login.php" "Mozilla/5.0 (Windows NT 10.0; Win64; x64) AppleWebKit/537.36 (KHTML, like Gecko) Chrome/124.0.0.0 Safari/537.36"
164.46.39.108 - - [22/Sep/2026:08:59:10 +0000] "POST /wp-login.php HTTP/1.1" 200 16203 "https://sacherconsultancy.com/wp-login.php" "Mozilla/5.0 (Windows NT 10.0; Win64; x64) AppleWebKit/537.36 (KHTML, like Gecko) Chrome/124.0.0.0 Safari/537.36"
77.68.25.176 - - [22/Sep/2026:09:00:11 +0000] "POST /wp-cron.php?doing_wp_cron=1790067611.2156360149383544921875 HTTP/1.1" 200 5041 "-" "WordPress/7.1.1; https://sacherconsultancy.com"
169.62.7.24 - - [22/Sep/2026:09:00:10 +0000] "POST /wp-login.php HTTP/1.1" 200 16225 "https://sacherconsultancy.com/wp-login.php" "Mozilla/5.0 (Windows NT 10.0; Win64; x64) AppleWebKit/537.36 (KHTML, like Gecko) Chrome/124.0.0.0 Safari/537.36"
77.68.25.176 - - [22/Sep/2026:09:05:08 +0000] "POST /wp-cron.php?doing_wp_cron=1790067908.8850729465484619140625 HTTP/1.1" 200 5041 "-" "WordPress/7.1.1; https://sacherconsultancy.com"
169.62.7.24 - - [22/Sep/2026:09:05:08 +0000] "POST /wp-login.php HTTP/1.1" 200 16217 "https://sacherconsultancy.com/wp-login.php" "Mozilla/5.0 (Windows NT 10.0; Win64; x64) AppleWebKit/537.36 (KHTML, like Gecko) Chrome/124.0.0.0 Safari/537.36"
77.68.25.176 - - [22/Sep/2026:09:06:06 +0000] "POST /wp-cron.php?doing_wp_cron=1790067966.4187159538269042968750 HTTP/1.1" 200 5041 "-" "WordPress/7.1.1; https://sacherconsultancy.com"
87.106.171.101 - - [22/Sep/2026:09:06:06 +0000] "POST /wp-login.php HTTP/1.1" 200 16203 "https://sacherconsultancy.com/wp-login.php" "Mozilla/5.0 (Windows NT 10.0; Win64; x64) AppleWebKit/537.36 (KHTML, like Gecko) Chrome/124.0.0.0 Safari/537.36"
77.68.25.176 - - [22/Sep/2026:09:06:18 +0000] "POST /wp-cron.php?doing_wp_cron=1790067978.4204719066619873046875 HTTP/1.1" 200 5041 "-" "WordPress/7.1.1; https://sacherconsultancy.com"
164.46.39.108 - - [22/Sep/2026:09:06:18 +0000] "POST /wp-login.php HTTP/1.1" 200 16225 "https://sacherconsultancy.com/wp-login.php" "Mozilla/5.0 (Windows NT 10.0; Win64; x64) AppleWebKit/537.36 (KHTML, like Gecko) Chrome/124.0.0.0 Safari/537.36"
197.242.148.69 - - [22/Sep/2026:09:06:29 +0000] "POST /wp-login.php HTTP/1.1" 200 16225 "https://sacherconsultancy.com/wp-login.php" "Mozilla/5.0 (Windows NT 10.0; Win64; x64) AppleWebKit/537.36 (KHTML, like Gecko) Chrome/124.0.0.0 Safari/537.36"
77.68.25.176 - - [22/Sep/2026:09:13:07 +0000] "POST /wp-cron.php?doing_wp_cron=1790068387.2376780509948730468750 HTTP/1.1" 200 5041 "-" "WordPress/7.1.1; https://sacherconsultancy.com"
169.62.7.24 - - [22/Sep/2026:09:13:06 +0000] "POST /wp-login.php HTTP/1.1" 200 16201 "https://sacherconsultancy.com/wp-login.php" "Mozilla/5.0 (Windows NT 10.0; Win64; x64) AppleWebKit/537.36 (KHTML, like Gecko) Chrome/124.0.0.0 Safari/537.36"
77.68.25.176 - - [22/Sep/2026:09:13:17 +0000] "POST /wp-cron.php?doing_wp_cron=1790068397.5773029327392578125000 HTTP/1.1" 200 5041 "-" "WordPress/7.1.1; https://sacherconsultancy.com"
164.46.39.108 - - [22/Sep/2026:09:13:17 +0000] "POST /wp-login.php HTTP/1.1" 200 16205 "https://sacherconsultancy.com/wp-login.php" "Mozilla/5.0 (Windows NT 10.0; Win64; x64) AppleWebKit/537.36 (KHTML, like Gecko) Chrome/124.0.0.0 Safari/537.36"
77.68.25.176 - - [22/Sep/2026:09:16:16 +0000] "POST /wp-cron.php?doing_wp_cron=1790068576.0947179794311523437500 HTTP/1.1" 200 5041 "-" "WordPress/7.1.1; https://sacherconsultancy.com"
87.106.171.101 - - [22/Sep/2026:09:16:15 +0000] "POST /wp-login.php HTTP/1.1" 200 16225 "https://sacherconsultancy.com/wp-login.php" "Mozilla/5.0 (Windows NT 10.0; Win64; x64) AppleWebKit/537.36 (KHTML, like Gecko) Chrome/124.0.0.0 Safari/537.36"
77.68.25.176 - - [22/Sep/2026:09:17:16 +0000] "POST /wp-cron.php?doing_wp_cron=1790068636.5850389003753662109375 HTTP/1.1" 200 5041 "-" "WordPress/7.1.1; https://sacherconsultancy.com"
185.166.154.198 - - [22/Sep/2026:09:17:16 +0000] "GET / HTTP/1.1" 301 5031 "-" "Mozilla/5.0 (Windows NT 10.0; Win64; x64) AppleWebKit/537.36 (KHTML, like Gecko) Chrome/131.0.0.0 Safari/537.36"
185.166.154.198 - - [22/Sep/2026:09:17:16 +0000] "GET / HTTP/1.1" 200 25152 "-" "Mozilla/5.0 (X11; Linux x86_64) AppleWebKit/537.36 (KHTML, like Gecko) Chrome/131.0.0.0 Safari/537.36"
185.166.154.198 - - [22/Sep/2026:09:17:16 +0000] "GET / HTTP/1.1" 200 25152 "http://sacherconsultancy.com/" "Mozilla/5.0 (Macintosh; Intel Mac OS X 10_15_7) AppleWebKit/537.36 (KHTML, like Gecko) Chrome/131.0.0.0 Safari/537.36"
185.166.154.198 - - [22/Sep/2026:09:17:16 +0000] "GET / HTTP/1.1" 200 25152 "https://www.sacherconsultancy.com/" "Mozilla/5.0 (Windows NT 10.0; Win64; x64) AppleWebKit/537.36 (KHTML, like Gecko) Chrome/131.0.0.0 Safari/537.36"
77.68.25.176 - - [22/Sep/2026:09:18:54 +0000] "POST /wp-cron.php?doing_wp_cron=1790068734.4963369369506835937500 HTTP/1.1" 200 5041 "-" "WordPress/7.1.1; https://sacherconsultancy.com"
139.64.12.37 - - [22/Sep/2026:09:18:53 +0000] "POST /xmlrpc.php HTTP/1.1" 200 5415 "-" "Jetpack by WordPress.com"
139.64.12.37 - - [22/Sep/2026:09:19:03 +0000] "POST /xmlrpc.php HTTP/1.1" 200 5415 "-" "Jetpack by WordPress.com"
77.68.25.176 - - [22/Sep/2026:09:19:14 +0000] "POST /wp-cron.php?doing_wp_cron=1790068754.8651480674743652343750 HTTP/1.1" 200 5041 "-" "WordPress/7.1.1; https://sacherconsultancy.com"
139.64.12.37 - - [22/Sep/2026:09:19:14 +0000] "POST /xmlrpc.php HTTP/1.1" 200 5415 "-" "Jetpack by WordPress.com"
139.64.12.37 - - [22/Sep/2026:09:19:25 +0000] "POST /xmlrpc.php HTTP/1.1" 200 5415 "-" "Jetpack by WordPress.com (Jetpack 12.0; WordPress 6.4)"
139.64.12.37 - - [22/Sep/2026:09:19:35 +0000] "POST /xmlrpc.php HTTP/1.1" 200 5415 "-" "Jetpack/12.5; WordPress/6.1; http://site85028372.com"
139.64.12.37 - - [22/Sep/2026:09:19:46 +0000] "POST /xmlrpc.php HTTP/1.1" 200 5415 "-" "WordPress.com; https://wordpress.com"
139.64.12.37 - - [22/Sep/2026:09:19:57 +0000] "POST /xmlrpc.php HTTP/1.1" 200 5415 "-" "Jetpack by WordPress.com"
139.64.12.37 - - [22/Sep/2026:09:20:08 +0000] "POST /xmlrpc.php HTTP/1.1" 200 5415 "-" "Jetpack by WordPress.com (Jetpack 13.0; WordPress 6.3)"
77.68.25.176 - - [22/Sep/2026:09:20:19 +0000] "POST /wp-cron.php?doing_wp_cron=1790068819.2166190147399902343750 HTTP/1.1" 200 5041 "-" "WordPress/7.1.1; https://sacherconsultancy.com"
139.64.12.37 - - [22/Sep/2026:09:20:18 +0000] "POST /xmlrpc.php HTTP/1.1" 200 5415 "-" "Jetpack by WordPress.com"
164.46.39.108 - - [22/Sep/2026:09:20:22 +0000] "POST /wp-login.php HTTP/1.1" 200 16217 "https://sacherconsultancy.com/wp-login.php" "Mozilla/5.0 (Windows NT 10.0; Win64; x64) AppleWebKit/537.36 (KHTML, like Gecko) Chrome/124.0.0.0 Safari/537.36"
139.64.12.37 - - [22/Sep/2026:09:20:29 +0000] "POST /xmlrpc.php HTTP/1.1" 200 5415 "-" "Jetpack/12.1; WordPress/6.1; http://site98270612.com"
139.64.12.37 - - [22/Sep/2026:09:20:40 +0000] "POST /xmlrpc.php HTTP/1.1" 200 5415 "-" "WordPress.com; https://wordpress.com"
139.64.12.37 - - [22/Sep/2026:09:20:51 +0000] "POST /xmlrpc.php HTTP/1.1" 200 5415 "-" "Jetpack by WordPress.com (Jetpack 12.5; WordPress 6.1)"
169.62.7.24 - - [22/Sep/2026:09:20:58 +0000] "POST /wp-login.php HTTP/1.1" 200 16225 "https://sacherconsultancy.com/wp-login.php" "Mozilla/5.0 (Windows NT 10.0; Win64; x64) AppleWebKit/537.36 (KHTML, like Gecko) Chrome/124.0.0.0 Safari/537.36"
139.64.12.37 - - [22/Sep/2026:09:21:01 +0000] "POST /xmlrpc.php HTTP/1.1" 200 5415 "-" "Jetpack by WordPress.com"
77.68.25.176 - - [22/Sep/2026:09:21:13 +0000] "POST /wp-cron.php?doing_wp_cron=1790068873.0446560382843017578125 HTTP/1.1" 200 5041 "-" "WordPress/7.1.1; https://sacherconsultancy.com"
139.64.12.37 - - [22/Sep/2026:09:21:12 +0000] "POST /xmlrpc.php HTTP/1.1" 200 5415 "-" "Jetpack/12.0; WordPress/6.2; http://site26252177.com"
139.64.12.37 - - [22/Sep/2026:09:21:23 +0000] "POST /xmlrpc.php HTTP/1.1" 200 5415 "-" "Jetpack by WordPress.com (Jetpack 13.0; WordPress 6.1)"
139.64.12.37 - - [22/Sep/2026:09:21:34 +0000] "POST /xmlrpc.php HTTP/1.1" 200 5415 "-" "WordPress.com; https://wordpress.com"
139.64.12.37 - - [22/Sep/2026:09:21:44 +0000] "POST /xmlrpc.php HTTP/1.1" 200 5415 "-" "WordPress.com; https://wordpress.com"
139.64.12.37 - - [22/Sep/2026:09:21:55 +0000] "POST /xmlrpc.php HTTP/1.1" 200 5415 "-" "Jetpack/12.1; WordPress/6.2; http://site33838720.com"
139.64.12.37 - - [22/Sep/2026:09:22:06 +0000] "POST /xmlrpc.php HTTP/1.1" 200 5415 "-" "Jetpack by WordPress.com (Jetpack 12.1; WordPress 6.2)"
77.68.25.176 - - [22/Sep/2026:09:22:17 +0000] "POST /wp-cron.php?doing_wp_cron=1790068937.4113490581512451171875 HTTP/1.1" 200 5041 "-" "WordPress/7.1.1; https://sacherconsultancy.com"
139.64.12.37 - - [22/Sep/2026:09:22:17 +0000] "POST /xmlrpc.php HTTP/1.1" 200 5415 "-" "Jetpack/12.1; WordPress/6.3; http://site56490547.com"
139.64.12.37 - - [22/Sep/2026:09:22:27 +0000] "POST /xmlrpc.php HTTP/1.1" 200 5415 "-" "Jetpack/12.0; WordPress/6.2; http://site84449007.com"
66.249.77.162 - - [22/Sep/2026:09:22:32 +0000] "GET /category/item/el0aldop1xom2a5.shtml HTTP/1.1" 404 121229 "-" "Mozilla/5.0 (compatible; Googlebot/2.1; +http://www.google.com/bot.html)"
139.64.12.37 - - [22/Sep/2026:09:22:38 +0000] "POST /xmlrpc.php HTTP/1.1" 200 5415 "-" "Jetpack by WordPress.com"
77.68.25.176 - - [22/Sep/2026:09:25:48 +0000] "POST /wp-cron.php?doing_wp_cron=1790069148.9357659816741943359375 HTTP/1.1" 200 5041 "-" "WordPress/7.1.1; https://sacherconsultancy.com"
169.62.7.24 - - [22/Sep/2026:09:25:48 +0000] "POST /wp-login.php HTTP/1.1" 200 16213 "https://sacherconsultancy.com/wp-login.php" "Mozilla/5.0 (Windows NT 10.0; Win64; x64) AppleWebKit/537.36 (KHTML, like Gecko) Chrome/124.0.0.0 Safari/537.36"
77.68.25.176 - - [22/Sep/2026:09:26:17 +0000] "POST /wp-cron.php?doing_wp_cron=1790069177.5536570549011230468750 HTTP/1.1" 200 5041 "-" "WordPress/7.1.1; https://sacherconsultancy.com"
87.106.171.101 - - [22/Sep/2026:09:26:17 +0000] "POST /wp-login.php HTTP/1.1" 200 16203 "https://sacherconsultancy.com/wp-login.php" "Mozilla/5.0 (Windows NT 10.0; Win64; x64) AppleWebKit/537.36 (KHTML, like Gecko) Chrome/124.0.0.0 Safari/537.36"
66.249.77.162 - - [22/Sep/2026:09:26:56 +0000] "GET /category/item/fqylvzmbbwqc1o7.shtml HTTP/1.1" 404 121229 "-" "Mozilla/5.0 (compatible; Googlebot/2.1; +http://www.google.com/bot.html)"
77.68.25.176 - - [22/Sep/2026:09:31:28 +0000] "POST /wp-cron.php?doing_wp_cron=1790069488.7151060104370117187500 HTTP/1.1" 200 5041 "-" "WordPress/7.1.1; https://sacherconsultancy.com"
164.46.39.108 - - [22/Sep/2026:09:31:28 +0000] "POST /wp-login.php HTTP/1.1" 200 16217 "https://sacherconsultancy.com/wp-login.php" "Mozilla/5.0 (Windows NT 10.0; Win64; x64) AppleWebKit/537.36 (KHTML, like Gecko) Chrome/124.0.0.0 Safari/537.36"
77.68.25.176 - - [22/Sep/2026:09:32:17 +0000] "POST /wp-cron.php?doing_wp_cron=1790069537.9086849689483642578125 HTTP/1.1" 200 5041 "-" "WordPress/7.1.1; https://sacherconsultancy.com"
66.249.77.162 - - [22/Sep/2026:09:32:17 +0000] "GET /category/item/ftzz8onbobfdb1w.shtml HTTP/1.1" 404 121229 "-" "Mozilla/5.0 (Linux; Android 6.0.1; Nexus 5X Build/MMB29P) AppleWebKit/537.36 (KHTML, like Gecko) Chrome/153.0.8010.52 Mobile Safari/537.36 (compatible; Googlebot/2.1; +http://www.google.com/bot.html)"
77.68.25.176 - - [22/Sep/2026:09:33:32 +0000] "POST /wp-cron.php?doing_wp_cron=1790069612.2114970684051513671875 HTTP/1.1" 200 5041 "-" "WordPress/7.1.1; https://sacherconsultancy.com"
169.62.7.24 - - [22/Sep/2026:09:33:31 +0000] "POST /wp-login.php HTTP/1.1" 200 16225 "https://sacherconsultancy.com/wp-login.php" "Mozilla/5.0 (Windows NT 10.0; Win64; x64) AppleWebKit/537.36 (KHTML, like Gecko) Chrome/124.0.0.0 Safari/537.36"
216.73.217.6 - - [22/Sep/2026:09:33:35 +0000] "GET /robots.txt HTTP/1.1" 200 5199 "-" "Mozilla/5.0 AppleWebKit/537.36 (KHTML, like Gecko; compatible; ClaudeBot/1.0; +claudebot@anthropic.com)"
216.73.217.6 - - [22/Sep/2026:09:33:36 +0000] "GET /sitemap.xml HTTP/1.1" 200 5383 "-" "Mozilla/5.0 AppleWebKit/537.36 (KHTML, like Gecko; compatible; ClaudeBot/1.0; +claudebot@anthropic.com)"
77.68.25.176 - - [22/Sep/2026:09:34:50 +0000] "POST /wp-cron.php?doing_wp_cron=1790069690.1244029998779296875000 HTTP/1.1" 200 5041 "-" "WordPress/7.1.1; https://sacherconsultancy.com"
51.195.215.250 - - [22/Sep/2026:09:34:49 +0000] "GET /robots.txt HTTP/1.1" 200 5199 "-" "Mozilla/5.0 (compatible; AhrefsBot/7.0; +http://ahrefs.com/robot/)"
51.89.38.134 - - [22/Sep/2026:09:34:50 +0000] "GET /sitemap.rss HTTP/1.1" 200 5920 "-" "Mozilla/5.0 (compatible; AhrefsBot/7.0; +http://ahrefs.com/robot/)"
216.73.217.6 - - [22/Sep/2026:09:34:51 +0000] "GET /sitemap.rss HTTP/1.1" 200 5920 "-" "Mozilla/5.0 AppleWebKit/537.36 (KHTML, like Gecko; compatible; ClaudeBot/1.0; +claudebot@anthropic.com)"
77.68.25.176 - - [22/Sep/2026:09:36:14 +0000] "POST /wp-cron.php?doing_wp_cron=1790069774.8253400325775146484375 HTTP/1.1" 200 5041 "-" "WordPress/7.1.1; https://sacherconsultancy.com"
87.106.171.101 - - [22/Sep/2026:09:36:14 +0000] "POST /wp-login.php HTTP/1.1" 200 16217 "https://sacherconsultancy.com/wp-login.php" "Mozilla/5.0 (Windows NT 10.0; Win64; x64) AppleWebKit/537.36 (KHTML, like Gecko) Chrome/124.0.0.0 Safari/537.36"
147.5.127.200 - - [22/Sep/2026:09:36:54 +0000] "POST /wp-login.php HTTP/1.1" 200 8578 "https://sacherconsultancy.com/wp-login.php" "Mozilla/5.0 (Windows NT 10.0; Win64; x64) AppleWebKit/537.36 (KHTML, like Gecko) Chrome/124.0.0.0 Safari/537.36"
77.68.25.176 - - [22/Sep/2026:09:37:13 +0000] "POST /wp-cron.php?doing_wp_cron=1790069833.8562951087951660156250 HTTP/1.1" 200 5041 "-" "WordPress/7.1.1; https://sacherconsultancy.com"
45.41.106.120 - - [22/Sep/2026:09:37:13 +0000] "POST /xmlrpc.php HTTP/1.1" 200 5415 "-" "Jetpack/13.0; WordPress/6.3; http://site37767179.com"
45.41.106.120 - - [22/Sep/2026:09:37:20 +0000] "POST /xmlrpc.php HTTP/1.1" 200 5415 "-" "WordPress.com; https://wordpress.com"
