35.201.184.105 - - [22/Sep/2026:12:02:40 +0000] "GET /account/login HTTP/1.1" 404 121039 "-" "Mozilla/5.0 (Linux; Android 10; K) AppleWebKit/537.36 (KHTML, like Gecko) Chrome/153.0.0.0 Mobile Safari/537.36 EdgA/153.0.0.0"
35.201.184.105 - - [22/Sep/2026:12:02:40 +0000] "GET /signin HTTP/1.1" 404 120975 "-" "Mozilla/5.0 (Linux; Android 10; K) AppleWebKit/537.36 (KHTML, like Gecko) Chrome/153.0.0.0 Mobile Safari/537.36 EdgA/153.0.0.0"
35.201.184.105 - - [22/Sep/2026:12:02:40 +0000] "GET /login HTTP/1.1" 302 5217 "-" "Mozilla/5.0 (Linux; Android 10; K) AppleWebKit/537.36 (KHTML, like Gecko) Chrome/153.0.0.0 Mobile Safari/537.36 EdgA/153.0.0.0"
35.201.184.105 - - [22/Sep/2026:12:02:40 +0000] "GET /sign-in HTTP/1.1" 404 121171 "-" "Mozilla/5.0 (Linux; Android 10; K) AppleWebKit/537.36 (KHTML, like Gecko) Chrome/153.0.0.0 Mobile Safari/537.36 EdgA/153.0.0.0"
35.201.184.105 - - [22/Sep/2026:12:02:40 +0000] "GET /auth HTTP/1.1" 404 120959 "-" "Mozilla/5.0 (Linux; Android 10; K) AppleWebKit/537.36 (KHTML, like Gecko) Chrome/153.0.0.0 Mobile Safari/537.36 EdgA/153.0.0.0"
35.201.184.105 - - [22/Sep/2026:12:02:40 +0000] "GET /serviceAccountKey.json HTTP/1.1" 404 121103 "-" "Mozilla/5.0 (compatible; Hunyuan/1.0; +https://hunyuan.tencent.com/)"
35.201.184.105 - - [22/Sep/2026:12:02:40 +0000] "GET /auth/login HTTP/1.1" 404 121015 "-" "Mozilla/5.0 (Linux; Android 10; K) AppleWebKit/537.36 (KHTML, like Gecko) Chrome/153.0.0.0 Mobile Safari/537.36 EdgA/153.0.0.0"
35.201.184.105 - - [22/Sep/2026:12:02:43 +0000] "GET /dashboard HTTP/1.1" 302 5214 "-" "Mozilla/5.0 (Linux; Android 10; K) AppleWebKit/537.36 (KHTML, like Gecko) Chrome/153.0.0.0 Mobile Safari/537.36 EdgA/153.0.0.0"
35.201.184.105 - - [22/Sep/2026:12:02:42 +0000] "GET /users/login HTTP/1.1" 404 121023 "-" "Mozilla/5.0 (Linux; Android 10; K) AppleWebKit/537.36 (KHTML, like Gecko) Chrome/153.0.0.0 Mobile Safari/537.36 EdgA/153.0.0.0"
35.201.184.105 - - [22/Sep/2026:12:02:42 +0000] "GET /signup HTTP/1.1" 404 120975 "-" "Mozilla/5.0 (Linux; Android 10; K) AppleWebKit/537.36 (KHTML, like Gecko) Chrome/153.0.0.0 Mobile Safari/537.36 EdgA/153.0.0.0"
35.201.184.105 - - [22/Sep/2026:12:02:43 +0000] "GET /wp-login.php HTTP/1.1" 200 8355 "https://sacherconsultancy.com/login" "Mozilla/5.0 (Linux; Android 10; K) AppleWebKit/537.36 (KHTML, like Gecko) Chrome/153.0.0.0 Mobile Safari/537.36 EdgA/153.0.0.0"
35.201.184.105 - - [22/Sep/2026:12:02:42 +0000] "GET /user/login HTTP/1.1" 404 121015 "-" "Mozilla/5.0 (Linux; Android 10; K) AppleWebKit/537.36 (KHTML, like Gecko) Chrome/153.0.0.0 Mobile Safari/537.36 EdgA/153.0.0.0"
35.201.184.105 - - [22/Sep/2026:12:02:43 +0000] "GET /admin HTTP/1.1" 302 5214 "-" "Mozilla/5.0 (Linux; Android 10; K) AppleWebKit/537.36 (KHTML, like Gecko) Chrome/153.0.0.0 Mobile Safari/537.36 EdgA/153.0.0.0"
35.201.184.105 - - [22/Sep/2026:12:02:43 +0000] "GET /admin/login HTTP/1.1" 404 121211 "-" "Mozilla/5.0 (Linux; Android 10; K) AppleWebKit/537.36 (KHTML, like Gecko) Chrome/153.0.0.0 Mobile Safari/537.36 EdgA/153.0.0.0"
35.201.184.105 - - [22/Sep/2026:12:02:42 +0000] "GET /register HTTP/1.1" 404 120991 "-" "Mozilla/5.0 (Linux; Android 10; K) AppleWebKit/537.36 (KHTML, like Gecko) Chrome/153.0.0.0 Mobile Safari/537.36 EdgA/153.0.0.0"
35.201.184.105 - - [22/Sep/2026:12:02:43 +0000] "GET /reset-password HTTP/1.1" 404 121039 "-" "Mozilla/5.0 (Linux; Android 10; K) AppleWebKit/537.36 (KHTML, like Gecko) Chrome/153.0.0.0 Mobile Safari/537.36 EdgA/153.0.0.0"
35.201.184.105 - - [22/Sep/2026:12:02:45 +0000] "GET /wp-admin/js/password-strength-meter.min.js?ver=7.1.1 HTTP/1.1" 200 5037 "-" "Mozilla/5.0 (Linux; Android 10; K) AppleWebKit/537.36 (KHTML, like Gecko) Chrome/153.0.0.0 Mobile Safari/537.36 EdgA/153.0.0.0"
35.201.184.105 - - [22/Sep/2026:12:02:45 +0000] "GET /wp-admin/js/user-profile.min.js?ver=7.1.1 HTTP/1.1" 200 5026 "-" "Mozilla/5.0 (Linux; Android 10; K) AppleWebKit/537.36 (KHTML, like Gecko) Chrome/153.0.0.0 Mobile Safari/537.36 EdgA/153.0.0.0"
35.201.184.105 - - [22/Sep/2026:12:02:43 +0000] "GET /forgot-password HTTP/1.1" 404 121047 "-" "Mozilla/5.0 (Linux; Android 10; K) AppleWebKit/537.36 (KHTML, like Gecko) Chrome/153.0.0.0 Mobile Safari/537.36 EdgA/153.0.0.0"
35.201.184.105 - - [22/Sep/2026:12:02:45 +0000] "GET /wp-includes/js/clipboard.min.js?ver=2.0.11 HTTP/1.1" 200 5026 "-" "Mozilla/5.0 (Linux; Android 10; K) AppleWebKit/537.36 (KHTML, like Gecko) Chrome/153.0.0.0 Mobile Safari/537.36 EdgA/153.0.0.0"
35.201.184.105 - - [22/Sep/2026:12:02:45 +0000] "GET /wp-includes/js/zxcvbn-async.min.js?ver=1.0 HTTP/1.1" 200 5348 "-" "Mozilla/5.0 (Linux; Android 10; K) AppleWebKit/537.36 (KHTML, like Gecko) Chrome/153.0.0.0 Mobile Safari/537.36 EdgA/153.0.0.0"
35.201.184.105 - - [22/Sep/2026:12:02:45 +0000] "GET /wp-includes/js/dist/hooks.min.js?ver=f0f188028580e8dc1255 HTTP/1.1" 200 5027 "-" "Mozilla/5.0 (Linux; Android 10; K) AppleWebKit/537.36 (KHTML, like Gecko) Chrome/153.0.0.0 Mobile Safari/537.36 EdgA/153.0.0.0"
35.201.184.105 - - [22/Sep/2026:12:02:44 +0000] "GET /backoffice HTTP/1.1" 404 121195 "-" "Mozilla/5.0 (Linux; Android 10; K) AppleWebKit/537.36 (KHTML, like Gecko) Chrome/153.0.0.0 Mobile Safari/537.36 EdgA/153.0.0.0"
35.201.184.105 - - [22/Sep/2026:12:02:43 +0000] "GET /console HTTP/1.1" 404 120983 "-" "Mozilla/5.0 (Linux; Android 10; K) AppleWebKit/537.36 (KHTML, like Gecko) Chrome/153.0.0.0 Mobile Safari/537.36 EdgA/153.0.0.0"
35.201.184.105 - - [22/Sep/2026:12:02:46 +0000] "GET /wp-includes/js/dist/i18n.min.js?ver=1dfe7db3940c23ea9216 HTTP/1.1" 200 5026 "-" "Mozilla/5.0 (Linux; Android 10; K) AppleWebKit/537.36 (KHTML, like Gecko) Chrome/153.0.0.0 Mobile Safari/537.36 EdgA/153.0.0.0"
35.201.184.105 - - [22/Sep/2026:12:02:44 +0000] "GET /portal HTTP/1.1" 404 121163 "-" "Mozilla/5.0 (Linux; Android 10; K) AppleWebKit/537.36 (KHTML, like Gecko) Chrome/153.0.0.0 Mobile Safari/537.36 EdgA/153.0.0.0"
35.201.184.105 - - [22/Sep/2026:12:02:44 +0000] "GET /wp-admin/ HTTP/1.1" 302 5234 "https://sacherconsultancy.com/dashboard" "Mozilla/5.0 (Linux; Android 10; K) AppleWebKit/537.36 (KHTML, like Gecko) Chrome/153.0.0.0 Mobile Safari/537.36 EdgA/153.0.0.0"
35.201.184.105 - - [22/Sep/2026:12:02:44 +0000] "GET /panel HTTP/1.1" 404 121155 "-" "Mozilla/5.0 (Linux; Android 10; K) AppleWebKit/537.36 (KHTML, like Gecko) Chrome/153.0.0.0 Mobile Safari/537.36 EdgA/153.0.0.0"
35.201.184.105 - - [22/Sep/2026:12:02:45 +0000] "GET /secure HTTP/1.1" 404 120975 "-" "Mozilla/5.0 (Linux; Android 10; K) AppleWebKit/537.36 (KHTML, like Gecko) Chrome/153.0.0.0 Mobile Safari/537.36 EdgA/153.0.0.0"
35.201.184.105 - - [22/Sep/2026:12:02:45 +0000] "GET /wp-admin/ HTTP/1.1" 302 5214 "https://sacherconsultancy.com/admin" "Mozilla/5.0 (Linux; Android 10; K) AppleWebKit/537.36 (KHTML, like Gecko) Chrome/153.0.0.0 Mobile Safari/537.36 EdgA/153.0.0.0"
35.201.184.105 - - [22/Sep/2026:12:02:44 +0000] "GET /app HTTP/1.1" 404 120951 "-" "Mozilla/5.0 (Linux; Android 10; K) AppleWebKit/537.36 (KHTML, like Gecko) Chrome/153.0.0.0 Mobile Safari/537.36 EdgA/153.0.0.0"
35.201.184.105 - - [22/Sep/2026:12:02:45 +0000] "GET /account HTTP/1.1" 404 120983 "-" "Mozilla/5.0 (Linux; Android 10; K) AppleWebKit/537.36 (KHTML, like Gecko) Chrome/153.0.0.0 Mobile Safari/537.36 EdgA/153.0.0.0"
35.201.184.105 - - [22/Sep/2026:12:02:46 +0000] "GET /wp-includes/js/dist/a11y.min.js?ver=31c6cec5a4ff7aff483d HTTP/1.1" 200 5026 "-" "Mozilla/5.0 (Linux; Android 10; K) AppleWebKit/537.36 (KHTML, like Gecko) Chrome/153.0.0.0 Mobile Safari/537.36 EdgA/153.0.0.0"
35.201.184.105 - - [22/Sep/2026:12:02:46 +0000] "GET /wp-includes/js/dist/dom-ready.min.js?ver=3fe927cab37bf38d6a23 HTTP/1.1" 200 5590 "-" "Mozilla/5.0 (Linux; Android 10; K) AppleWebKit/537.36 (KHTML, like Gecko) Chrome/153.0.0.0 Mobile Safari/537.36 EdgA/153.0.0.0"
35.201.184.105 - - [22/Sep/2026:12:02:46 +0000] "GET /wp-includes/js/wp-tooltip.js?ver=7.1.1 HTTP/1.1" 200 5023 "-" "Mozilla/5.0 (Linux; Android 10; K) AppleWebKit/537.36 (KHTML, like Gecko) Chrome/153.0.0.0 Mobile Safari/537.36 EdgA/153.0.0.0"
35.201.184.105 - - [22/Sep/2026:12:02:46 +0000] "POST /api/v1/validate/code HTTP/1.1" 404 121111 "-" "Mozilla/5.0 AppleWebKit/537.36 (KHTML, like Gecko); compatible; ChatGPT-User/1.0; +https://openai.com/bot"
35.201.184.105 - - [22/Sep/2026:12:02:46 +0000] "GET /wp-login.php?redirect_to=https%3A%2F%2Fsacherconsultancy.com%2Fwp-admin%2F&reauth=1 HTTP/1.1" 200 10428 "https://sacherconsultancy.com/wp-admin/" "Mozilla/5.0 (Linux; Android 10; K) AppleWebKit/537.36 (KHTML, like Gecko) Chrome/153.0.0.0 Mobile Safari/537.36 EdgA/153.0.0.0"
35.201.184.105 - - [22/Sep/2026:12:02:46 +0000] "GET /wp-login.php?redirect_to=https%3A%2F%2Fsacherconsultancy.com%2Fwp-admin%2F&reauth=1 HTTP/1.1" 200 10428 "https://sacherconsultancy.com/wp-admin/" "Mozilla/5.0 (Linux; Android 10; K) AppleWebKit/537.36 (KHTML, like Gecko) Chrome/153.0.0.0 Mobile Safari/537.36 EdgA/153.0.0.0"
35.201.184.105 - - [22/Sep/2026:12:02:47 +0000] "POST /api/fs/exec HTTP/1.1" 404 121031 "-" "Mozilla/5.0 (compatible; MoonshotBot/1.0; +https://kimi.ai/)"
35.201.184.105 - - [22/Sep/2026:12:02:48 +0000] "DELETE /api/inngest HTTP/1.1" 404 121023 "-" "Mozilla/5.0 (compatible; Qwenbot/1.0; +https://qwen.alibaba.com/)"
35.201.184.105 - - [22/Sep/2026:12:02:48 +0000] "DELETE /inngest HTTP/1.1" 404 120983 "-" "Mozilla/5.0 (compatible; Qwenbot/1.0; +https://qwen.alibaba.com/)"
35.201.184.105 - - [22/Sep/2026:12:02:49 +0000] "POST /read-document HTTP/1.1" 404 121031 "-" "CCBot/2.0 (https://commoncrawl.org/faq/)"
35.201.184.105 - - [22/Sep/2026:12:02:50 +0000] "POST /read-document HTTP/1.1" 404 121031 "-" "Mozilla/5.0 (compatible; MistralAI-User/1.0; +https://mistral.ai/)"
35.201.184.105 - - [22/Sep/2026:12:02:51 +0000] "POST /mcp HTTP/1.1" 404 120951 "-" "Mozilla/5.0 (compatible; PanguBot/1.0; +https://www.huaweicloud.com/)"
35.201.184.105 - - [22/Sep/2026:12:02:51 +0000] "POST /api/designer/v1/file-content HTTP/1.1" 404 121175 "-" "Mozilla/5.0 AppleWebKit/537.36 (KHTML, like Gecko; compatible; Claude-User/1.0; +claudebot@anthropic.com)"
35.201.184.105 - - [22/Sep/2026:12:02:52 +0000] "POST /api/designer/v1/file-content HTTP/1.1" 404 121175 "-" "Mozilla/5.0 (compatible; Amazonbot/0.1; +https://developer.amazon.com/support/amazonbot)"
35.201.184.105 - - [22/Sep/2026:12:02:53 +0000] "POST /lib/terminal-xhr.php HTTP/1.1" 404 121095 "-" "Mozilla/5.0 (compatible; YouBot/1.0; +https://you.com/bot)"
35.201.184.105 - - [22/Sep/2026:12:02:54 +0000] "POST /icecoder/lib/terminal-xhr.php HTTP/1.1" 404 121175 "-" "Mozilla/5.0 (compatible; xAI-Grok/1.0; +https://x.ai/)"
35.201.184.105 - - [22/Sep/2026:12:02:55 +0000] "POST /api/templates/preview HTTP/1.1" 404 121111 "-" "Mozilla/5.0 (compatible; MistralAI-User/1.0; +https://mistral.ai/)"
35.201.184.105 - - [22/Sep/2026:12:02:56 +0000] "POST /api/templates/preview HTTP/1.1" 404 121111 "-" "Mozilla/5.0 (compatible; Bravebot/1.0; +https://brave.com/search/)"
35.201.184.105 - - [22/Sep/2026:12:02:58 +0000] "POST /functionRouter HTTP/1.1" 404 121039 "-" "Mozilla/5.0 (compatible; DeepSeekBot/1.0; +https://www.deepseek.com/)"
77.68.25.176 - - [22/Sep/2026:12:06:04 +0000] "POST /wp-cron.php?doing_wp_cron=1790078764.8564910888671875000000 HTTP/1.1" 200 5041 "-" "WordPress/7.1.1; https://sacherconsultancy.com"
169.62.7.24 - - [22/Sep/2026:12:06:04 +0000] "POST /wp-login.php HTTP/1.1" 200 16225 "https://sacherconsultancy.com/wp-login.php" "Mozilla/5.0 (Windows NT 10.0; Win64; x64) AppleWebKit/537.36 (KHTML, like Gecko) Chrome/124.0.0.0 Safari/537.36"
77.68.25.176 - - [22/Sep/2026:12:06:59 +0000] "POST /wp-cron.php?doing_wp_cron=1790078819.9208118915557861328125 HTTP/1.1" 200 5041 "-" "WordPress/7.1.1; https://sacherconsultancy.com"
147.5.127.200 - - [22/Sep/2026:12:06:59 +0000] "POST /wp-login.php HTTP/1.1" 200 8595 "https://sacherconsultancy.com/wp-login.php" "Mozilla/5.0 (Windows NT 10.0; Win64; x64) AppleWebKit/537.36 (KHTML, like Gecko) Chrome/124.0.0.0 Safari/537.36"
77.68.25.176 - - [22/Sep/2026:12:11:30 +0000] "POST /wp-cron.php?doing_wp_cron=1790079090.6389420032501220703125 HTTP/1.1" 200 5041 "-" "WordPress/7.1.1; https://sacherconsultancy.com"
87.106.171.101 - - [22/Sep/2026:12:11:30 +0000] "POST /wp-login.php HTTP/1.1" 200 16217 "https://sacherconsultancy.com/wp-login.php" "Mozilla/5.0 (Windows NT 10.0; Win64; x64) AppleWebKit/537.36 (KHTML, like Gecko) Chrome/124.0.0.0 Safari/537.36"
77.68.25.176 - - [22/Sep/2026:12:12:31 +0000] "POST /wp-cron.php?doing_wp_cron=1790079151.7618401050567626953125 HTTP/1.1" 200 5041 "-" "WordPress/7.1.1; https://sacherconsultancy.com"
198.98.54.225 - - [22/Sep/2026:12:12:31 +0000] "GET /wp-login.php HTTP/1.1" 200 15722 "-" "Mozilla/5.0 (Windows NT 5.1; rv:30.0) Gecko/20100101 Firefox/30.0"
198.98.54.225 - - [22/Sep/2026:12:12:32 +0000] "POST /wp-login.php HTTP/1.1" 200 16256 "-" "Mozilla/5.0 (Windows NT 5.1; rv:30.0) Gecko/20100101 Firefox/30.0"
169.62.7.24 - - [22/Sep/2026:12:12:41 +0000] "POST /wp-login.php HTTP/1.1" 200 16217 "https://sacherconsultancy.com/wp-login.php" "Mozilla/5.0 (Windows NT 10.0; Win64; x64) AppleWebKit/537.36 (KHTML, like Gecko) Chrome/124.0.0.0 Safari/537.36"
77.68.25.176 - - [22/Sep/2026:12:14:01 +0000] "POST /wp-cron.php?doing_wp_cron=1790079241.8169920444488525390625 HTTP/1.1" 200 5041 "-" "WordPress/7.1.1; https://sacherconsultancy.com"
66.249.77.162 - - [22/Sep/2026:12:14:01 +0000] "GET /category/item/els7ptgj5dgq0qx.shtml HTTP/1.1" 404 121229 "-" "Mozilla/5.0 (Linux; Android 6.0.1; Nexus 5X Build/MMB29P) AppleWebKit/537.36 (KHTML, like Gecko) Chrome/153.0.8010.52 Mobile Safari/537.36 (compatible; Googlebot/2.1; +http://www.google.com/bot.html)"
77.68.25.176 - - [22/Sep/2026:12:16:27 +0000] "POST /wp-cron.php?doing_wp_cron=1790079387.5299069881439208984375 HTTP/1.1" 200 5041 "-" "WordPress/7.1.1; https://sacherconsultancy.com"
66.249.77.162 - - [22/Sep/2026:12:16:26 +0000] "GET /category/item/ehsvptgg5dgqtqx.shtml HTTP/1.1" 404 121229 "-" "Mozilla/5.0 (Linux; Android 6.0.1; Nexus 5X Build/MMB29P) AppleWebKit/537.36 (KHTML, like Gecko) Chrome/153.0.8010.52 Mobile Safari/537.36 (compatible; Googlebot/2.1; +http://www.google.com/bot.html)"
169.62.7.24 - - [22/Sep/2026:12:16:50 +0000] "POST /wp-login.php HTTP/1.1" 200 16225 "https://sacherconsultancy.com/wp-login.php" "Mozilla/5.0 (Windows NT 10.0; Win64; x64) AppleWebKit/537.36 (KHTML, like Gecko) Chrome/124.0.0.0 Safari/537.36"
77.68.25.176 - - [22/Sep/2026:12:20:40 +0000] "POST /wp-cron.php?doing_wp_cron=1790079640.6443550586700439453125 HTTP/1.1" 200 5041 "-" "WordPress/7.1.1; https://sacherconsultancy.com"
87.106.171.101 - - [22/Sep/2026:12:20:40 +0000] "POST /wp-login.php HTTP/1.1" 200 16225 "https://sacherconsultancy.com/wp-login.php" "Mozilla/5.0 (Windows NT 10.0; Win64; x64) AppleWebKit/537.36 (KHTML, like Gecko) Chrome/124.0.0.0 Safari/537.36"
169.62.7.24 - - [22/Sep/2026:12:20:59 +0000] "POST /wp-login.php HTTP/1.1" 200 16213 "https://sacherconsultancy.com/wp-login.php" "Mozilla/5.0 (Windows NT 10.0; Win64; x64) AppleWebKit/537.36 (KHTML, like Gecko) Chrome/124.0.0.0 Safari/537.36"
77.68.25.176 - - [22/Sep/2026:12:21:56 +0000] "POST /wp-cron.php?doing_wp_cron=1790079716.2526700496673583984375 HTTP/1.1" 200 5041 "-" "WordPress/7.1.1; https://sacherconsultancy.com"
109.165.213.112 - - [22/Sep/2026:12:21:55 +0000] "GET /wp-login.php HTTP/1.1" 200 8355 "-" "Mozilla/5.0 (X11; Linux x86_64) AppleWebKit/537.36 (KHTML, like Gecko) Chrome/152.0.0.0 Safari/537.36"
109.165.213.112 - - [22/Sep/2026:12:21:56 +0000] "POST /wp-login.php HTTP/1.1" 200 8565 "https://sacherconsultancy.com/wp-login.php" "Mozilla/5.0 (X11; Linux x86_64) AppleWebKit/537.36 (KHTML, like Gecko) Chrome/152.0.0.0 Safari/537.36"
77.68.25.176 - - [22/Sep/2026:12:25:54 +0000] "POST /wp-cron.php?doing_wp_cron=1790079954.7734310626983642578125 HTTP/1.1" 200 5041 "-" "WordPress/7.1.1; https://sacherconsultancy.com"
51.89.74.206 - - [22/Sep/2026:12:25:54 +0000] "GET /sitemap.rss HTTP/1.1" 200 5921 "-" "Mozilla/5.0 (compatible; AhrefsBot/7.0; +http://ahrefs.com/robot/)"
77.68.25.176 - - [22/Sep/2026:12:27:38 +0000] "POST /wp-cron.php?doing_wp_cron=1790080058.3559041023254394531250 HTTP/1.1" 200 5041 "-" "WordPress/7.1.1; https://sacherconsultancy.com"
169.62.7.24 - - [22/Sep/2026:12:27:37 +0000] "POST /wp-login.php HTTP/1.1" 200 16217 "https://sacherconsultancy.com/wp-login.php" "Mozilla/5.0 (Windows NT 10.0; Win64; x64) AppleWebKit/537.36 (KHTML, like Gecko) Chrome/124.0.0.0 Safari/537.36"
77.68.25.176 - - [22/Sep/2026:12:29:59 +0000] "POST /wp-cron.php?doing_wp_cron=1790080199.7888960838317871093750 HTTP/1.1" 200 5041 "-" "WordPress/7.1.1; https://sacherconsultancy.com"
87.106.171.101 - - [22/Sep/2026:12:29:59 +0000] "POST /wp-login.php HTTP/1.1" 200 16201 "https://sacherconsultancy.com/wp-login.php" "Mozilla/5.0 (Windows NT 10.0; Win64; x64) AppleWebKit/537.36 (KHTML, like Gecko) Chrome/124.0.0.0 Safari/537.36"
77.68.25.176 - - [22/Sep/2026:12:31:49 +0000] "POST /wp-cron.php?doing_wp_cron=1790080309.2829270362854003906250 HTTP/1.1" 200 5041 "-" "WordPress/7.1.1; https://sacherconsultancy.com"
169.62.7.24 - - [22/Sep/2026:12:31:48 +0000] "POST /wp-login.php HTTP/1.1" 200 16201 "https://sacherconsultancy.com/wp-login.php" "Mozilla/5.0 (Windows NT 10.0; Win64; x64) AppleWebKit/537.36 (KHTML, like Gecko) Chrome/124.0.0.0 Safari/537.36"
77.68.25.176 - - [22/Sep/2026:12:32:37 +0000] "POST /wp-cron.php?doing_wp_cron=1790080357.6992540359497070312500 HTTP/1.1" 200 5041 "-" "WordPress/7.1.1; https://sacherconsultancy.com"
66.249.77.160 - - [22/Sep/2026:12:32:37 +0000] "GET /category/item/fz7q48vbkizlyxg.shtml HTTP/1.1" 404 121229 "-" "Mozilla/5.0 (Linux; Android 6.0.1; Nexus 5X Build/MMB29P) AppleWebKit/537.36 (KHTML, like Gecko) Chrome/153.0.8010.52 Mobile Safari/537.36 (compatible; Googlebot/2.1; +http://www.google.com/bot.html)"
77.68.25.176 - - [22/Sep/2026:12:35:59 +0000] "POST /wp-cron.php?doing_wp_cron=1790080559.8953421115875244140625 HTTP/1.1" 200 5041 "-" "WordPress/7.1.1; https://sacherconsultancy.com"
169.62.7.24 - - [22/Sep/2026:12:35:59 +0000] "POST /wp-login.php HTTP/1.1" 200 16207 "https://sacherconsultancy.com/wp-login.php" "Mozilla/5.0 (Windows NT 10.0; Win64; x64) AppleWebKit/537.36 (KHTML, like Gecko) Chrome/124.0.0.0 Safari/537.36"
77.68.25.176 - - [22/Sep/2026:12:39:11 +0000] "POST /wp-cron.php?doing_wp_cron=1790080751.5397150516510009765625 HTTP/1.1" 200 5041 "-" "WordPress/7.1.1; https://sacherconsultancy.com"
87.106.171.101 - - [22/Sep/2026:12:39:11 +0000] "POST /wp-login.php HTTP/1.1" 200 16201 "https://sacherconsultancy.com/wp-login.php" "Mozilla/5.0 (Windows NT 10.0; Win64; x64) AppleWebKit/537.36 (KHTML, like Gecko) Chrome/124.0.0.0 Safari/537.36"
77.68.25.176 - - [22/Sep/2026:12:39:52 +0000] "POST /wp-cron.php?doing_wp_cron=1790080792.7609479427337646484375 HTTP/1.1" 200 5041 "-" "WordPress/7.1.1; https://sacherconsultancy.com"
66.249.77.162 - - [22/Sep/2026:12:39:52 +0000] "GET /category/item/e9rcc4fksofd01w.shtml HTTP/1.1" 404 121229 "-" "Mozilla/5.0 (compatible; Googlebot/2.1; +http://www.google.com/bot.html)"
77.68.25.176 - - [22/Sep/2026:12:42:19 +0000] "POST /wp-cron.php?doing_wp_cron=1790080939.4614140987396240234375 HTTP/1.1" 200 5041 "-" "WordPress/7.1.1; https://sacherconsultancy.com"
43.159.128.155 - - [22/Sep/2026:12:42:18 +0000] "GET / HTTP/1.1" 200 25152 "http://sacherconsultancy.com" "Mozilla/5.0 (iPhone; CPU iPhone OS 13_2_3 like Mac OS X) AppleWebKit/605.1.15 (KHTML, like Gecko) Version/13.0.3 Mobile/15E148 Safari/604.1"
77.68.25.176 - - [22/Sep/2026:12:44:23 +0000] "POST /wp-cron.php?doing_wp_cron=1790081063.0375680923461914062500 HTTP/1.1" 200 5041 "-" "WordPress/7.1.1; https://sacherconsultancy.com"
66.249.77.162 - - [22/Sep/2026:12:44:22 +0000] "GET /category/item/f68zhxwbxiom9a5.shtml HTTP/1.1" 404 121229 "-" "Mozilla/5.0 (compatible; Googlebot/2.1; +http://www.google.com/bot.html)"
77.68.25.176 - - [22/Sep/2026:12:48:22 +0000] "POST /wp-cron.php?doing_wp_cron=1790081302.6047949790954589843750 HTTP/1.1" 200 5041 "-" "WordPress/7.1.1; https://sacherconsultancy.com"
87.106.171.101 - - [22/Sep/2026:12:48:22 +0000] "POST /wp-login.php HTTP/1.1" 200 16217 "https://sacherconsultancy.com/wp-login.php" "Mozilla/5.0 (Windows NT 10.0; Win64; x64) AppleWebKit/537.36 (KHTML, like Gecko) Chrome/124.0.0.0 Safari/537.36"
66.249.77.160 - - [22/Sep/2026:12:48:52 +0000] "GET /category/item/flmyjnabz7e0ecv.shtml HTTP/1.1" 404 121229 "-" "Mozilla/5.0 (Linux; Android 6.0.1; Nexus 5X Build/MMB29P) AppleWebKit/537.36 (KHTML, like Gecko) Chrome/153.0.8010.52 Mobile Safari/537.36 (compatible; Googlebot/2.1; +http://www.google.com/bot.html)"
77.68.25.176 - - [22/Sep/2026:12:54:57 +0000] "POST /wp-cron.php?doing_wp_cron=1790081697.5511000156402587890625 HTTP/1.1" 200 5041 "-" "WordPress/7.1.1; https://sacherconsultancy.com"
66.249.77.161 - - [22/Sep/2026:12:54:57 +0000] "GET /category/item/fxb0k0zb08rpod8.shtml HTTP/1.1" 404 121229 "-" "Mozilla/5.0 (Linux; Android 6.0.1; Nexus 5X Build/MMB29P) AppleWebKit/537.36 (KHTML, like Gecko) Chrome/153.0.8010.52 Mobile Safari/537.36 (compatible; Googlebot/2.1; +http://www.google.com/bot.html)"
77.68.25.176 - - [22/Sep/2026:12:57:01 +0000] "POST /wp-cron.php?doing_wp_cron=1790081821.4164929389953613281250 HTTP/1.1" 200 5041 "-" "WordPress/7.1.1; https://sacherconsultancy.com"
147.5.127.200 - - [22/Sep/2026:12:57:00 +0000] "POST /wp-login.php HTTP/1.1" 200 8595 "https://sacherconsultancy.com/wp-login.php" "Mozilla/5.0 (Windows NT 10.0; Win64; x64) AppleWebKit/537.36 (KHTML, like Gecko) Chrome/124.0.0.0 Safari/537.36"
77.68.25.176 - - [22/Sep/2026:12:57:28 +0000] "POST /wp-cron.php?doing_wp_cron=1790081848.9105401039123535156250 HTTP/1.1" 200 5041 "-" "WordPress/7.1.1; https://sacherconsultancy.com"
87.106.171.101 - - [22/Sep/2026:12:57:28 +0000] "POST /wp-login.php HTTP/1.1" 200 16225 "https://sacherconsultancy.com/wp-login.php" "Mozilla/5.0 (Windows NT 10.0; Win64; x64) AppleWebKit/537.36 (KHTML, like Gecko) Chrome/124.0.0.0 Safari/537.36"
66.249.77.162 - - [22/Sep/2026:12:57:33 +0000] "GET /category/item/f31qy2pbehtfbra.shtml HTTP/1.1" 404 121411 "-" "Mozilla/5.0 (Linux; Android 6.0.1; Nexus 5X Build/MMB29P) AppleWebKit/537.36 (KHTML, like Gecko) Chrome/153.0.8010.52 Mobile Safari/537.36 (compatible; Googlebot/2.1; +http://www.google.com/bot.html)"
66.249.77.160 - - [22/Sep/2026:12:57:34 +0000] "GET /category/item/f31qy2pbehtfbra.shtml HTTP/1.1" 404 121229 "-" "Mozilla/5.0 (Linux; Android 6.0.1; Nexus 5X Build/MMB29P) AppleWebKit/537.36 (KHTML, like Gecko) Chrome/153.0.8010.52 Mobile Safari/537.36 (compatible; Googlebot/2.1; +http://www.google.com/bot.html)"
77.68.25.176 - - [22/Sep/2026:12:59:01 +0000] "POST /wp-cron.php?doing_wp_cron=1790081941.1053259372711181640625 HTTP/1.1" 200 5041 "-" "WordPress/7.1.1; https://sacherconsultancy.com"
104.219.251.64 - - [22/Sep/2026:12:59:00 +0000] "GET /wp-login.php HTTP/1.1" 200 8355 "-" "Mozilla/5.0 (Macintosh; Intel Mac OS X 10_15_7) AppleWebKit/537.36 (KHTML, like Gecko) Chrome/149.0.0.0 Safari/537.36"
104.219.251.64 - - [22/Sep/2026:12:59:01 +0000] "POST /wp-login.php HTTP/1.1" 200 8579 "https://sacherconsultancy.com/wp-login.php" "Mozilla/5.0 (Macintosh; Intel Mac OS X 10_15_7) AppleWebKit/537.36 (KHTML, like Gecko) Chrome/149.0.0.0 Safari/537.36"
104.219.251.64 - - [22/Sep/2026:12:59:02 +0000] "POST /xmlrpc.php HTTP/1.1" 200 5242 "-" "Mozilla/5.0 (Macintosh; Intel Mac OS X 10_15_7) AppleWebKit/537.36 (KHTML, like Gecko) Chrome/149.0.0.0 Safari/537.36"
77.68.25.176 - - [22/Sep/2026:13:15:24 +0000] "POST /wp-cron.php?doing_wp_cron=1790082924.0062110424041748046875 HTTP/1.1" 200 5041 "-" "WordPress/7.1.1; https://sacherconsultancy.com"
216.73.217.6 - - [22/Sep/2026:13:15:23 +0000] "GET /robots.txt HTTP/1.1" 200 5199 "-" "Mozilla/5.0 AppleWebKit/537.36 (KHTML, like Gecko; compatible; ClaudeBot/1.0; +claudebot@anthropic.com)"
216.73.217.6 - - [22/Sep/2026:13:15:24 +0000] "GET /sitemap.rss HTTP/1.1" 200 5922 "-" "Mozilla/5.0 AppleWebKit/537.36 (KHTML, like Gecko; compatible; ClaudeBot/1.0; +claudebot@anthropic.com)"
216.73.217.6 - - [22/Sep/2026:13:16:30 +0000] "GET /sitemap.xml HTTP/1.1" 200 5383 "-" "Mozilla/5.0 AppleWebKit/537.36 (KHTML, like Gecko; compatible; ClaudeBot/1.0; +claudebot@anthropic.com)"
77.68.25.176 - - [22/Sep/2026:13:17:43 +0000] "POST /wp-cron.php?doing_wp_cron=1790083063.5394148826599121093750 HTTP/1.1" 200 5041 "-" "WordPress/7.1.1; https://sacherconsultancy.com"
87.106.171.101 - - [22/Sep/2026:13:17:43 +0000] "POST /wp-login.php HTTP/1.1" 200 16203 "https://sacherconsultancy.com/wp-login.php" "Mozilla/5.0 (Windows NT 10.0; Win64; x64) AppleWebKit/537.36 (KHTML, like Gecko) Chrome/124.0.0.0 Safari/537.36"
77.68.25.176 - - [22/Sep/2026:13:27:05 +0000] "POST /wp-cron.php?doing_wp_cron=1790083625.4669361114501953125000 HTTP/1.1" 200 5041 "-" "WordPress/7.1.1; https://sacherconsultancy.com"
87.106.171.101 - - [22/Sep/2026:13:27:05 +0000] "POST /wp-login.php HTTP/1.1" 200 16217 "https://sacherconsultancy.com/wp-login.php" "Mozilla/5.0 (Windows NT 10.0; Win64; x64) AppleWebKit/537.36 (KHTML, like Gecko) Chrome/124.0.0.0 Safari/537.36"
77.68.25.176 - - [22/Sep/2026:13:27:45 +0000] "POST /wp-cron.php?doing_wp_cron=1790083665.1920769214630126953125 HTTP/1.1" 200 5041 "-" "WordPress/7.1.1; https://sacherconsultancy.com"
116.235.203.185 - - [22/Sep/2026:13:27:44 +0000] "GET / HTTP/1.1" 200 25152 "-" "Mozilla/5.0 (Windows NT 10.0; Win64; x64) AppleWebKit/537.36 (KHTML, like Gecko) Chrome/126.0.0.0 Safari/537.36 Edg/126.0.0.0"
77.68.25.176 - - [22/Sep/2026:13:33:03 +0000] "POST /wp-cron.php?doing_wp_cron=1790083983.8423309326171875000000 HTTP/1.1" 200 5041 "-" "WordPress/7.1.1; https://sacherconsultancy.com"
51.89.71.90 - - [22/Sep/2026:13:33:03 +0000] "GET /sitemap.rss HTTP/1.1" 200 5921 "-" "Mozilla/5.0 (compatible; AhrefsBot/7.0; +http://ahrefs.com/robot/)"
77.68.25.176 - - [22/Sep/2026:13:34:01 +0000] "POST /wp-cron.php?doing_wp_cron=1790084041.6188941001892089843750 HTTP/1.1" 200 5041 "-" "WordPress/7.1.1; https://sacherconsultancy.com"
40.77.167.55 - - [22/Sep/2026:13:34:01 +0000] "GET / HTTP/1.1" 200 25152 "-" "Mozilla/5.0 AppleWebKit/537.36 (KHTML, like Gecko; compatible; bingbot/2.0; +http://www.bing.com/bingbot.htm) Chrome/116.0.1938.76 Safari/537.36"
77.68.25.176 - - [22/Sep/2026:13:38:25 +0000] "POST /wp-cron.php?doing_wp_cron=1790084305.0575780868530273437500 HTTP/1.1" 200 5041 "-" "WordPress/7.1.1; https://sacherconsultancy.com"
66.249.77.161 - - [22/Sep/2026:13:38:24 +0000] "GET /category/item/e8hzq65c6q5rk3m.shtml HTTP/1.1" 404 121229 "-" "Mozilla/5.0 (Linux; Android 6.0.1; Nexus 5X Build/MMB29P) AppleWebKit/537.36 (KHTML, like Gecko) Chrome/153.0.8010.52 Mobile Safari/537.36 (compatible; Googlebot/2.1; +http://www.google.com/bot.html)"
77.68.25.176 - - [22/Sep/2026:13:41:38 +0000] "POST /wp-cron.php?doing_wp_cron=1790084498.4458920955657958984375 HTTP/1.1" 200 5041 "-" "WordPress/7.1.1; https://sacherconsultancy.com"
87.106.171.101 - - [22/Sep/2026:13:41:37 +0000] "POST /wp-login.php HTTP/1.1" 200 16225 "https://sacherconsultancy.com/wp-login.php" "Mozilla/5.0 (Windows NT 10.0; Win64; x64) AppleWebKit/537.36 (KHTML, like Gecko) Chrome/124.0.0.0 Safari/537.36"
77.68.25.176 - - [22/Sep/2026:13:43:09 +0000] "POST /wp-cron.php?doing_wp_cron=1790084589.5264940261840820312500 HTTP/1.1" 200 5041 "-" "WordPress/7.1.1; https://sacherconsultancy.com"
66.249.77.160 - - [22/Sep/2026:13:43:09 +0000] "GET /category/item/eoo791cbplcaiyt.shtml HTTP/1.1" 404 121229 "-" "Mozilla/5.0 (compatible; Googlebot/2.1; +http://www.google.com/bot.html)"
77.68.25.176 - - [22/Sep/2026:13:43:33 +0000] "POST /wp-cron.php?doing_wp_cron=1790084613.6624019145965576171875 HTTP/1.1" 200 5041 "-" "WordPress/7.1.1; https://sacherconsultancy.com"
147.5.127.200 - - [22/Sep/2026:13:43:33 +0000] "POST /wp-login.php HTTP/1.1" 200 8595 "https://sacherconsultancy.com/wp-login.php" "Mozilla/5.0 (Windows NT 10.0; Win64; x64) AppleWebKit/537.36 (KHTML, like Gecko) Chrome/124.0.0.0 Safari/537.36"
77.68.25.176 - - [22/Sep/2026:13:48:10 +0000] "POST /wp-cron.php?doing_wp_cron=1790084890.7887830734252929687500 HTTP/1.1" 200 5041 "-" "WordPress/7.1.1; https://sacherconsultancy.com"
66.249.77.160 - - [22/Sep/2026:13:48:10 +0000] "GET /category/item/f9uvf7ibvry8m8f.shtml HTTP/1.1" 404 121229 "-" "Mozilla/5.0 (Linux; Android 6.0.1; Nexus 5X Build/MMB29P) AppleWebKit/537.36 (KHTML, like Gecko) Chrome/153.0.8010.52 Mobile Safari/537.36 (compatible; Googlebot/2.1; +http://www.google.com/bot.html)"
77.68.25.176 - - [22/Sep/2026:13:48:44 +0000] "POST /wp-cron.php?doing_wp_cron=1790084924.8036570549011230468750 HTTP/1.1" 200 5041 "-" "WordPress/7.1.1; https://sacherconsultancy.com"
43.134.94.96 - - [22/Sep/2026:13:48:44 +0000] "GET / HTTP/1.1" 301 5031 "http://www.sacherconsultancy.com" "Mozilla/5.0 (iPhone; CPU iPhone OS 13_2_3 like Mac OS X) AppleWebKit/605.1.15 (KHTML, like Gecko) Version/13.0.3 Mobile/15E148 Safari/604.1"
43.134.94.96 - - [22/Sep/2026:13:48:46 +0000] "GET / HTTP/1.1" 200 25152 "https://www.sacherconsultancy.com/" "Mozilla/5.0 (iPhone; CPU iPhone OS 13_2_3 like Mac OS X) AppleWebKit/605.1.15 (KHTML, like Gecko) Version/13.0.3 Mobile/15E148 Safari/604.1"
77.68.25.176 - - [22/Sep/2026:13:53:56 +0000] "POST /wp-cron.php?doing_wp_cron=1790085236.0552499294281005859375 HTTP/1.1" 200 5041 "-" "WordPress/7.1.1; https://sacherconsultancy.com"
139.64.12.37 - - [22/Sep/2026:13:53:55 +0000] "POST /xmlrpc.php HTTP/1.1" 200 5415 "-" "Jetpack by WordPress.com (Jetpack 12.0; WordPress 6.1)"
139.64.12.37 - - [22/Sep/2026:13:54:05 +0000] "POST /xmlrpc.php HTTP/1.1" 200 5415 "-" "WordPress.com; https://wordpress.com"
77.68.25.176 - - [22/Sep/2026:13:54:16 +0000] "POST /wp-cron.php?doing_wp_cron=1790085256.3552339076995849609375 HTTP/1.1" 200 5041 "-" "WordPress/7.1.1; https://sacherconsultancy.com"
139.64.12.37 - - [22/Sep/2026:13:54:15 +0000] "POST /xmlrpc.php HTTP/1.1" 200 5415 "-" "WordPress.com; https://wordpress.com"
139.64.12.37 - - [22/Sep/2026:13:54:26 +0000] "POST /xmlrpc.php HTTP/1.1" 200 5415 "-" "Jetpack by WordPress.com (Jetpack 12.0; WordPress 6.4)"
139.64.12.37 - - [22/Sep/2026:13:54:37 +0000] "POST /xmlrpc.php HTTP/1.1" 200 5415 "-" "Jetpack by WordPress.com"
139.64.12.37 - - [22/Sep/2026:13:54:47 +0000] "POST /xmlrpc.php HTTP/1.1" 200 5415 "-" "Jetpack by WordPress.com (Jetpack 12.1; WordPress 6.4)"
139.64.12.37 - - [22/Sep/2026:13:54:58 +0000] "POST /xmlrpc.php HTTP/1.1" 200 5415 "-" "Jetpack/13.0; WordPress/6.4; http://site11148964.com"
139.64.12.37 - - [22/Sep/2026:13:55:09 +0000] "POST /xmlrpc.php HTTP/1.1" 200 5415 "-" "WordPress.com; https://wordpress.com"
77.68.25.176 - - [22/Sep/2026:13:55:20 +0000] "POST /wp-cron.php?doing_wp_cron=1790085320.3967649936676025390625 HTTP/1.1" 200 5041 "-" "WordPress/7.1.1; https://sacherconsultancy.com"
139.64.12.37 - - [22/Sep/2026:13:55:20 +0000] "POST /xmlrpc.php HTTP/1.1" 200 5415 "-" "Jetpack/12.5; WordPress/6.4; http://site40996986.com"
139.64.12.37 - - [22/Sep/2026:13:55:30 +0000] "POST /xmlrpc.php HTTP/1.1" 200 5415 "-" "WordPress.com; https://wordpress.com"
139.64.12.37 - - [22/Sep/2026:13:55:48 +0000] "POST /xmlrpc.php HTTP/1.1" 200 5415 "-" "Jetpack/12.1; WordPress/6.2; http://site58259302.com"
139.64.12.37 - - [22/Sep/2026:13:55:59 +0000] "POST /xmlrpc.php HTTP/1.1" 200 5415 "-" "Jetpack/12.1; WordPress/6.3; http://site88582073.com"
139.64.12.37 - - [22/Sep/2026:13:56:10 +0000] "POST /xmlrpc.php HTTP/1.1" 200 5415 "-" "Jetpack by WordPress.com"
77.68.25.176 - - [22/Sep/2026:13:56:12 +0000] "POST /wp-cron.php?doing_wp_cron=1790085372.4557108879089355468750 HTTP/1.1" 200 5041 "-" "WordPress/7.1.1; https://sacherconsultancy.com"
87.106.171.101 - - [22/Sep/2026:13:56:12 +0000] "POST /wp-login.php HTTP/1.1" 200 16207 "https://sacherconsultancy.com/wp-login.php" "Mozilla/5.0 (Windows NT 10.0; Win64; x64) AppleWebKit/537.36 (KHTML, like Gecko) Chrome/124.0.0.0 Safari/537.36"
139.64.12.37 - - [22/Sep/2026:13:56:21 +0000] "POST /xmlrpc.php HTTP/1.1" 200 5415 "-" "Jetpack by WordPress.com (Jetpack 13.0; WordPress 6.1)"
139.64.12.37 - - [22/Sep/2026:13:56:31 +0000] "POST /xmlrpc.php HTTP/1.1" 200 5415 "-" "Jetpack/12.5; WordPress/6.3; http://site89354068.com"
139.64.12.37 - - [22/Sep/2026:13:56:42 +0000] "POST /xmlrpc.php HTTP/1.1" 200 5415 "-" "Jetpack by WordPress.com"
139.64.12.37 - - [22/Sep/2026:13:56:52 +0000] "POST /xmlrpc.php HTTP/1.1" 200 5415 "-" "WordPress.com; https://wordpress.com"
139.64.12.37 - - [22/Sep/2026:13:57:03 +0000] "POST /xmlrpc.php HTTP/1.1" 200 5415 "-" "Jetpack by WordPress.com (Jetpack 13.0; WordPress 6.2)"
77.68.25.176 - - [22/Sep/2026:13:57:14 +0000] "POST /wp-cron.php?doing_wp_cron=1790085434.8814671039581298828125 HTTP/1.1" 200 5041 "-" "WordPress/7.1.1; https://sacherconsultancy.com"
139.64.12.37 - - [22/Sep/2026:13:57:14 +0000] "POST /xmlrpc.php HTTP/1.1" 200 5415 "-" "Jetpack by WordPress.com"
139.64.12.37 - - [22/Sep/2026:13:57:25 +0000] "POST /xmlrpc.php HTTP/1.1" 200 5415 "-" "Jetpack/12.1; WordPress/6.3; http://site22930844.com"
139.64.12.37 - - [22/Sep/2026:13:57:35 +0000] "POST /xmlrpc.php HTTP/1.1" 200 5415 "-" "Jetpack by WordPress.com (Jetpack 12.0; WordPress 6.2)"
66.249.77.162 - - [22/Sep/2026:13:57:37 +0000] "GET /category/item/fmbyk0zb0trpjd8.shtml HTTP/1.1" 404 121229 "-" "Mozilla/5.0 (Linux; Android 6.0.1; Nexus 5X Build/MMB29P) AppleWebKit/537.36 (KHTML, like Gecko) Chrome/153.0.8010.52 Mobile Safari/537.36 (compatible; Googlebot/2.1; +http://www.google.com/bot.html)"
139.64.12.37 - - [22/Sep/2026:13:57:46 +0000] "POST /xmlrpc.php HTTP/1.1" 200 5415 "-" "WordPress.com; https://wordpress.com"
139.64.12.37 - - [22/Sep/2026:13:57:57 +0000] "POST /xmlrpc.php HTTP/1.1" 200 5415 "-" "Jetpack by WordPress.com (Jetpack 12.0; WordPress 6.3)"
139.64.12.37 - - [22/Sep/2026:13:58:19 +0000] "POST /xmlrpc.php HTTP/1.1" 200 5415 "-" "Jetpack by WordPress.com (Jetpack 13.0; WordPress 6.2)"
77.68.25.176 - - [22/Sep/2026:13:58:19 +0000] "POST /wp-cron.php?doing_wp_cron=1790085499.7773499488830566406250 HTTP/1.1" 200 5041 "-" "WordPress/7.1.1; https://sacherconsultancy.com"
139.64.12.37 - - [22/Sep/2026:13:58:07 +0000] "POST /xmlrpc.php HTTP/1.1" 200 5415 "-" "Jetpack by WordPress.com"
139.64.12.37 - - [22/Sep/2026:13:58:29 +0000] "POST /xmlrpc.php HTTP/1.1" 200 5415 "-" "WordPress.com; https://wordpress.com"
139.64.12.37 - - [22/Sep/2026:13:58:40 +0000] "POST /xmlrpc.php HTTP/1.1" 200 5415 "-" "Jetpack by WordPress.com"
139.64.12.37 - - [22/Sep/2026:13:58:51 +0000] "POST /xmlrpc.php HTTP/1.1" 200 5415 "-" "Jetpack by WordPress.com"
139.64.12.37 - - [22/Sep/2026:13:59:01 +0000] "POST /xmlrpc.php HTTP/1.1" 200 5415 "-" "Jetpack by WordPress.com (Jetpack 12.1; WordPress 6.3)"
77.68.25.176 - - [22/Sep/2026:13:59:12 +0000] "POST /wp-cron.php?doing_wp_cron=1790085552.7727270126342773437500 HTTP/1.1" 200 5041 "-" "WordPress/7.1.1; https://sacherconsultancy.com"
139.64.12.37 - - [22/Sep/2026:13:59:12 +0000] "POST /xmlrpc.php HTTP/1.1" 200 5415 "-" "Jetpack by WordPress.com (Jetpack 12.1; WordPress 6.4)"
139.64.12.37 - - [22/Sep/2026:13:59:22 +0000] "POST /xmlrpc.php HTTP/1.1" 200 5415 "-" "WordPress.com; https://wordpress.com"
139.64.12.37 - - [22/Sep/2026:13:59:33 +0000] "POST /xmlrpc.php HTTP/1.1" 200 5415 "-" "Jetpack/12.1; WordPress/6.1; http://site92482156.com"
139.64.12.37 - - [22/Sep/2026:13:59:44 +0000] "POST /xmlrpc.php HTTP/1.1" 200 5415 "-" "Jetpack by WordPress.com"
139.64.12.37 - - [22/Sep/2026:13:59:54 +0000] "POST /xmlrpc.php HTTP/1.1" 200 5415 "-" "Jetpack by WordPress.com (Jetpack 12.1; WordPress 6.2)"
139.64.12.37 - - [22/Sep/2026:14:00:05 +0000] "POST /xmlrpc.php HTTP/1.1" 200 5415 "-" "Jetpack/12.0; WordPress/6.2; http://site18333457.com"
77.68.25.176 - - [22/Sep/2026:14:00:16 +0000] "POST /wp-cron.php?doing_wp_cron=1790085616.7459969520568847656250 HTTP/1.1" 200 5041 "-" "WordPress/7.1.1; https://sacherconsultancy.com"
139.64.12.37 - - [22/Sep/2026:14:00:16 +0000] "POST /xmlrpc.php HTTP/1.1" 200 5415 "-" "WordPress.com; https://wordpress.com"
139.64.12.37 - - [22/Sep/2026:14:00:27 +0000] "POST /xmlrpc.php HTTP/1.1" 200 5415 "-" "Jetpack/12.5; WordPress/6.1; http://site84171841.com"
139.64.12.37 - - [22/Sep/2026:14:00:37 +0000] "POST /xmlrpc.php HTTP/1.1" 200 5415 "-" "Jetpack by WordPress.com (Jetpack 12.5; WordPress 6.4)"
139.64.12.37 - - [22/Sep/2026:14:00:48 +0000] "POST /xmlrpc.php HTTP/1.1" 200 5415 "-" "Jetpack/12.0; WordPress/6.2; http://site53475767.com"
139.64.12.37 - - [22/Sep/2026:14:00:59 +0000] "POST /xmlrpc.php HTTP/1.1" 200 5415 "-" "WordPress.com; https://wordpress.com"
141.255.164.75 - - [22/Sep/2026:14:01:05 +0000] "GET /wp-login.php HTTP/1.1" 200 8355 "-" "Mozilla/5.0 (Windows NT 10.0; Win64; x64; rv:121.0) Gecko/20100101 Firefox/121.0"
141.255.164.75 - - [22/Sep/2026:14:01:06 +0000] "GET /wp-login.php HTTP/1.1" 200 8431 "-" "Mozilla/5.0 (Windows NT 10.0; Win64; x64; rv:121.0) Gecko/20100101 Firefox/121.0"
141.255.164.75 - - [22/Sep/2026:14:01:06 +0000] "POST /wp-login.php HTTP/1.1" 200 8628 "https://sacherconsultancy.com/wp-login.php" "Mozilla/5.0 (Windows NT 10.0; Win64; x64) AppleWebKit/537.36 (KHTML, like Gecko) Chrome/120.0.0.0 Safari/537.36"
141.255.164.75 - - [22/Sep/2026:14:01:07 +0000] "POST /wp-login.php HTTP/1.1" 200 8451 "https://sacherconsultancy.com/wp-login.php" "Mozilla/5.0 (Windows NT 10.0; Win64; x64) AppleWebKit/537.36 (KHTML, like Gecko) Chrome/120.0.0.0 Safari/537.36"
141.255.164.75 - - [22/Sep/2026:14:01:07 +0000] "POST /wp-login.php HTTP/1.1" 200 8451 "https://sacherconsultancy.com/wp-login.php" "Mozilla/5.0 (Windows NT 10.0; Win64; x64) AppleWebKit/537.36 (KHTML, like Gecko) Chrome/120.0.0.0 Safari/537.36"
141.255.164.75 - - [22/Sep/2026:14:01:08 +0000] "GET /wp-login.php HTTP/1.1" 200 8335 "-" "Mozilla/5.0 (Windows NT 10.0; Win64; x64; rv:121.0) Gecko/20100101 Firefox/121.0"
141.255.164.75 - - [22/Sep/2026:14:01:08 +0000] "POST /wp-login.php HTTP/1.1" 200 8589 "https://sacherconsultancy.com/wp-login.php" "Mozilla/5.0 (Windows NT 10.0; Win64; x64) AppleWebKit/537.36 (KHTML, like Gecko) Chrome/120.0.0.0 Safari/537.36"
141.255.164.75 - - [22/Sep/2026:14:01:09 +0000] "POST /wp-login.php HTTP/1.1" 200 8451 "https://sacherconsultancy.com/wp-login.php" "Mozilla/5.0 (Windows NT 10.0; Win64; x64) AppleWebKit/537.36 (KHTML, like Gecko) Chrome/120.0.0.0 Safari/537.36"
141.255.164.75 - - [22/Sep/2026:14:01:09 +0000] "POST /wp-login.php HTTP/1.1" 200 8451 "https://sacherconsultancy.com/wp-login.php" "Mozilla/5.0 (Windows NT 10.0; Win64; x64) AppleWebKit/537.36 (KHTML, like Gecko) Chrome/120.0.0.0 Safari/537.36"
139.64.12.37 - - [22/Sep/2026:14:01:09 +0000] "POST /xmlrpc.php HTTP/1.1" 200 5415 "-" "Jetpack by WordPress.com"
141.255.164.75 - - [22/Sep/2026:14:01:10 +0000] "GET /wp-login.php HTTP/1.1" 200 8335 "-" "Mozilla/5.0 (X11; Linux x86_64) AppleWebKit/537.36 (KHTML, like Gecko) Chrome/120.0.0.0 Safari/537.36"
141.255.164.75 - - [22/Sep/2026:14:01:10 +0000] "POST /wp-login.php HTTP/1.1" 200 8612 "https://sacherconsultancy.com/wp-login.php" "Mozilla/5.0 (Windows NT 10.0; Win64; x64) AppleWebKit/537.36 (KHTML, like Gecko) Chrome/120.0.0.0 Safari/537.36"
141.255.164.75 - - [22/Sep/2026:14:01:11 +0000] "POST /wp-login.php HTTP/1.1" 200 8451 "https://sacherconsultancy.com/wp-login.php" "Mozilla/5.0 (Windows NT 10.0; Win64; x64) AppleWebKit/537.36 (KHTML, like Gecko) Chrome/120.0.0.0 Safari/537.36"
77.68.25.176 - - [22/Sep/2026:14:01:12 +0000] "POST /wp-cron.php?doing_wp_cron=1790085672.1789150238037109375000 HTTP/1.1" 200 5041 "-" "WordPress/7.1.1; https://sacherconsultancy.com"
141.255.164.75 - - [22/Sep/2026:14:01:11 +0000] "POST /wp-login.php HTTP/1.1" 200 8451 "https://sacherconsultancy.com/wp-login.php" "Mozilla/5.0 (Windows NT 10.0; Win64; x64) AppleWebKit/537.36 (KHTML, like Gecko) Chrome/120.0.0.0 Safari/537.36"
141.255.164.75 - - [22/Sep/2026:14:01:12 +0000] "GET /wp-login.php HTTP/1.1" 200 8335 "-" "Mozilla/5.0 (Windows NT 10.0; Win64; x64) AppleWebKit/537.36 (KHTML, like Gecko) Chrome/120.0.0.0 Safari/537.36"
141.255.164.75 - - [22/Sep/2026:14:01:12 +0000] "POST /wp-login.php HTTP/1.1" 200 8612 "https://sacherconsultancy.com/wp-login.php" "Mozilla/5.0 (Windows NT 10.0; Win64; x64) AppleWebKit/537.36 (KHTML, like Gecko) Chrome/120.0.0.0 Safari/537.36"
141.255.164.75 - - [22/Sep/2026:14:01:13 +0000] "POST /wp-login.php HTTP/1.1" 200 8451 "https://sacherconsultancy.com/wp-login.php" "Mozilla/5.0 (Windows NT 10.0; Win64; x64) AppleWebKit/537.36 (KHTML, like Gecko) Chrome/120.0.0.0 Safari/537.36"
141.255.164.75 - - [22/Sep/2026:14:01:13 +0000] "POST /wp-login.php HTTP/1.1" 200 8451 "https://sacherconsultancy.com/wp-login.php" "Mozilla/5.0 (Windows NT 10.0; Win64; x64) AppleWebKit/537.36 (KHTML, like Gecko) Chrome/120.0.0.0 Safari/537.36"
141.255.164.75 - - [22/Sep/2026:14:01:14 +0000] "GET /wp-login.php HTTP/1.1" 200 8335 "-" "Mozilla/5.0 (Macintosh; Intel Mac OS X 10_15_7) AppleWebKit/537.36 (KHTML, like Gecko) Chrome/120.0.0.0 Safari/537.36"
141.255.164.75 - - [22/Sep/2026:14:01:14 +0000] "POST /wp-login.php HTTP/1.1" 200 8597 "https://sacherconsultancy.com/wp-login.php" "Mozilla/5.0 (Windows NT 10.0; Win64; x64; rv:121.0) Gecko/20100101 Firefox/121.0"
141.255.164.75 - - [22/Sep/2026:14:01:14 +0000] "POST /wp-login.php HTTP/1.1" 200 8451 "https://sacherconsultancy.com/wp-login.php" "Mozilla/5.0 (Windows NT 10.0; Win64; x64; rv:121.0) Gecko/20100101 Firefox/121.0"
141.255.164.75 - - [22/Sep/2026:14:01:15 +0000] "POST /wp-login.php HTTP/1.1" 200 8451 "https://sacherconsultancy.com/wp-login.php" "Mozilla/5.0 (Windows NT 10.0; Win64; x64; rv:121.0) Gecko/20100101 Firefox/121.0"
141.255.164.75 - - [22/Sep/2026:14:01:15 +0000] "GET /wp-login.php HTTP/1.1" 200 8335 "-" "Mozilla/5.0 (Windows NT 10.0; Win64; x64) AppleWebKit/537.36 (KHTML, like Gecko) Chrome/120.0.0.0 Safari/537.36"
141.255.164.75 - - [22/Sep/2026:14:01:16 +0000] "POST /wp-login.php HTTP/1.1" 200 8600 "https://sacherconsultancy.com/wp-login.php" "Mozilla/5.0 (Windows NT 10.0; Win64; x64) AppleWebKit/537.36 (KHTML, like Gecko) Chrome/120.0.0.0 Safari/537.36"
141.255.164.75 - - [22/Sep/2026:14:01:16 +0000] "POST /wp-login.php HTTP/1.1" 200 8451 "https://sacherconsultancy.com/wp-login.php" "Mozilla/5.0 (Windows NT 10.0; Win64; x64) AppleWebKit/537.36 (KHTML, like Gecko) Chrome/120.0.0.0 Safari/537.36"
141.255.164.75 - - [22/Sep/2026:14:01:17 +0000] "POST /wp-login.php HTTP/1.1" 200 8451 "https://sacherconsultancy.com/wp-login.php" "Mozilla/5.0 (Windows NT 10.0; Win64; x64) AppleWebKit/537.36 (KHTML, like Gecko) Chrome/120.0.0.0 Safari/537.36"
141.255.164.75 - - [22/Sep/2026:14:01:17 +0000] "GET /wp-login.php HTTP/1.1" 200 8335 "-" "Mozilla/5.0 (Windows NT 10.0; Win64; x64) AppleWebKit/537.36 (KHTML, like Gecko) Chrome/120.0.0.0 Safari/537.36"
141.255.164.75 - - [22/Sep/2026:14:01:18 +0000] "POST /wp-login.php HTTP/1.1" 200 8601 "https://sacherconsultancy.com/wp-login.php" "Mozilla/5.0 (Windows NT 11.0; Win64; x64) AppleWebKit/537.36 (KHTML, like Gecko) Chrome/121.0.0.0 Safari/537.36"
141.255.164.75 - - [22/Sep/2026:14:01:18 +0000] "POST /wp-login.php HTTP/1.1" 200 8451 "https://sacherconsultancy.com/wp-login.php" "Mozilla/5.0 (Windows NT 11.0; Win64; x64) AppleWebKit/537.36 (KHTML, like Gecko) Chrome/121.0.0.0 Safari/537.36"
141.255.164.75 - - [22/Sep/2026:14:01:19 +0000] "POST /wp-login.php HTTP/1.1" 200 8451 "https://sacherconsultancy.com/wp-login.php" "Mozilla/5.0 (Windows NT 11.0; Win64; x64) AppleWebKit/537.36 (KHTML, like Gecko) Chrome/121.0.0.0 Safari/537.36"
141.255.164.75 - - [22/Sep/2026:14:01:19 +0000] "GET /wp-login.php HTTP/1.1" 200 8335 "-" "Mozilla/5.0 (Windows NT 11.0; Win64; x64) AppleWebKit/537.36 (KHTML, like Gecko) Chrome/121.0.0.0 Safari/537.36"
141.255.164.75 - - [22/Sep/2026:14:01:20 +0000] "POST /wp-login.php HTTP/1.1" 200 8596 "https://sacherconsultancy.com/wp-login.php" "Mozilla/5.0 (Macintosh; Intel Mac OS X 10_15_7) AppleWebKit/537.36 (KHTML, like Gecko) Chrome/120.0.0.0 Safari/537.36"
139.64.12.37 - - [22/Sep/2026:14:01:20 +0000] "POST /xmlrpc.php HTTP/1.1" 200 5415 "-" "Jetpack by WordPress.com (Jetpack 12.5; WordPress 6.2)"
141.255.164.75 - - [22/Sep/2026:14:01:20 +0000] "POST /wp-login.php HTTP/1.1" 200 8451 "https://sacherconsultancy.com/wp-login.php" "Mozilla/5.0 (Macintosh; Intel Mac OS X 10_15_7) AppleWebKit/537.36 (KHTML, like Gecko) Chrome/120.0.0.0 Safari/537.36"
141.255.164.75 - - [22/Sep/2026:14:01:21 +0000] "POST /wp-login.php HTTP/1.1" 200 8451 "https://sacherconsultancy.com/wp-login.php" "Mozilla/5.0 (Macintosh; Intel Mac OS X 10_15_7) AppleWebKit/537.36 (KHTML, like Gecko) Chrome/120.0.0.0 Safari/537.36"
141.255.164.75 - - [22/Sep/2026:14:01:21 +0000] "GET /wp-login.php HTTP/1.1" 200 8335 "-" "Mozilla/5.0 (Windows NT 10.0; Win64; x64; rv:121.0) Gecko/20100101 Firefox/121.0"
141.255.164.75 - - [22/Sep/2026:14:01:22 +0000] "POST /wp-login.php HTTP/1.1" 200 8605 "https://sacherconsultancy.com/wp-login.php" "Mozilla/5.0 (Windows NT 10.0; Win64; x64; rv:121.0) Gecko/20100101 Firefox/121.0"
141.255.164.75 - - [22/Sep/2026:14:01:22 +0000] "POST /wp-login.php HTTP/1.1" 200 8451 "https://sacherconsultancy.com/wp-login.php" "Mozilla/5.0 (Windows NT 10.0; Win64; x64; rv:121.0) Gecko/20100101 Firefox/121.0"
141.255.164.75 - - [22/Sep/2026:14:01:23 +0000] "POST /wp-login.php HTTP/1.1" 200 8451 "https://sacherconsultancy.com/wp-login.php" "Mozilla/5.0 (Windows NT 10.0; Win64; x64; rv:121.0) Gecko/20100101 Firefox/121.0"
141.255.164.75 - - [22/Sep/2026:14:01:23 +0000] "GET /wp-login.php HTTP/1.1" 200 8335 "-" "Mozilla/5.0 (X11; Linux x86_64) AppleWebKit/537.36 (KHTML, like Gecko) Chrome/120.0.0.0 Safari/537.36"
141.255.164.75 - - [22/Sep/2026:14:01:23 +0000] "POST /wp-login.php HTTP/1.1" 200 8608 "https://sacherconsultancy.com/wp-login.php" "Mozilla/5.0 (Windows NT 10.0; Win64; x64; rv:121.0) Gecko/20100101 Firefox/121.0"
141.255.164.75 - - [22/Sep/2026:14:01:24 +0000] "POST /wp-login.php HTTP/1.1" 200 8451 "https://sacherconsultancy.com/wp-login.php" "Mozilla/5.0 (Windows NT 10.0; Win64; x64; rv:121.0) Gecko/20100101 Firefox/121.0"
141.255.164.75 - - [22/Sep/2026:14:01:24 +0000] "POST /wp-login.php HTTP/1.1" 200 8451 "https://sacherconsultancy.com/wp-login.php" "Mozilla/5.0 (Windows NT 10.0; Win64; x64; rv:121.0) Gecko/20100101 Firefox/121.0"
141.255.164.75 - - [22/Sep/2026:14:01:25 +0000] "GET /wp-login.php HTTP/1.1" 200 8335 "-" "Mozilla/5.0 (Windows NT 10.0; Win64; x64) AppleWebKit/537.36 (KHTML, like Gecko) Chrome/120.0.0.0 Safari/537.36"
141.255.164.75 - - [22/Sep/2026:14:01:25 +0000] "POST /wp-login.php HTTP/1.1" 200 8588 "https://sacherconsultancy.com/wp-login.php" "Mozilla/5.0 (Windows NT 11.0; Win64; x64) AppleWebKit/537.36 (KHTML, like Gecko) Chrome/121.0.0.0 Safari/537.36"
141.255.164.75 - - [22/Sep/2026:14:01:26 +0000] "POST /wp-login.php HTTP/1.1" 200 8451 "https://sacherconsultancy.com/wp-login.php" "Mozilla/5.0 (Windows NT 11.0; Win64; x64) AppleWebKit/537.36 (KHTML, like Gecko) Chrome/121.0.0.0 Safari/537.36"
141.255.164.75 - - [22/Sep/2026:14:01:26 +0000] "POST /wp-login.php HTTP/1.1" 200 8451 "https://sacherconsultancy.com/wp-login.php" "Mozilla/5.0 (Windows NT 11.0; Win64; x64) AppleWebKit/537.36 (KHTML, like Gecko) Chrome/121.0.0.0 Safari/537.36"
141.255.164.75 - - [22/Sep/2026:14:01:27 +0000] "GET /wp-login.php HTTP/1.1" 200 8335 "-" "Mozilla/5.0 (Windows NT 11.0; Win64; x64) AppleWebKit/537.36 (KHTML, like Gecko) Chrome/121.0.0.0 Safari/537.36"
141.255.164.75 - - [22/Sep/2026:14:01:27 +0000] "POST /wp-login.php HTTP/1.1" 200 8592 "https://sacherconsultancy.com/wp-login.php" "Mozilla/5.0 (Macintosh; Intel Mac OS X 10_15_7) AppleWebKit/537.36 (KHTML, like Gecko) Chrome/120.0.0.0 Safari/537.36"
141.255.164.75 - - [22/Sep/2026:14:01:28 +0000] "POST /wp-login.php HTTP/1.1" 200 8451 "https://sacherconsultancy.com/wp-login.php" "Mozilla/5.0 (Macintosh; Intel Mac OS X 10_15_7) AppleWebKit/537.36 (KHTML, like Gecko) Chrome/120.0.0.0 Safari/537.36"
141.255.164.75 - - [22/Sep/2026:14:01:28 +0000] "POST /wp-login.php HTTP/1.1" 200 8451 "https://sacherconsultancy.com/wp-login.php" "Mozilla/5.0 (Macintosh; Intel Mac OS X 10_15_7) AppleWebKit/537.36 (KHTML, like Gecko) Chrome/120.0.0.0 Safari/537.36"
141.255.164.75 - - [22/Sep/2026:14:01:29 +0000] "GET /wp-login.php HTTP/1.1" 200 8335 "-" "Mozilla/5.0 (Windows NT 11.0; Win64; x64) AppleWebKit/537.36 (KHTML, like Gecko) Chrome/121.0.0.0 Safari/537.36"
141.255.164.75 - - [22/Sep/2026:14:01:29 +0000] "POST /wp-login.php HTTP/1.1" 200 8583 "https://sacherconsultancy.com/wp-login.php" "Mozilla/5.0 (Windows NT 10.0; Win64; x64) AppleWebKit/537.36 (KHTML, like Gecko) Chrome/120.0.0.0 Safari/537.36"
141.255.164.75 - - [22/Sep/2026:14:01:30 +0000] "POST /wp-login.php HTTP/1.1" 200 8451 "https://sacherconsultancy.com/wp-login.php" "Mozilla/5.0 (Windows NT 10.0; Win64; x64) AppleWebKit/537.36 (KHTML, like Gecko) Chrome/120.0.0.0 Safari/537.36"
141.255.164.75 - - [22/Sep/2026:14:01:30 +0000] "POST /wp-login.php HTTP/1.1" 200 8451 "https://sacherconsultancy.com/wp-login.php" "Mozilla/5.0 (Windows NT 10.0; Win64; x64) AppleWebKit/537.36 (KHTML, like Gecko) Chrome/120.0.0.0 Safari/537.36"
139.64.12.37 - - [22/Sep/2026:14:01:30 +0000] "POST /xmlrpc.php HTTP/1.1" 200 5415 "-" "Jetpack/13.0; WordPress/6.3; http://site49240684.com"
141.255.164.75 - - [22/Sep/2026:14:01:31 +0000] "GET /wp-login.php HTTP/1.1" 200 8335 "-" "Mozilla/5.0 (X11; Linux x86_64) AppleWebKit/537.36 (KHTML, like Gecko) Chrome/120.0.0.0 Safari/537.36"
141.255.164.75 - - [22/Sep/2026:14:01:31 +0000] "POST /wp-login.php HTTP/1.1" 200 8611 "https://sacherconsultancy.com/wp-login.php" "Mozilla/5.0 (Windows NT 10.0; Win64; x64; rv:121.0) Gecko/20100101 Firefox/121.0"
141.255.164.75 - - [22/Sep/2026:14:01:32 +0000] "POST /wp-login.php HTTP/1.1" 200 8451 "https://sacherconsultancy.com/wp-login.php" "Mozilla/5.0 (Windows NT 10.0; Win64; x64; rv:121.0) Gecko/20100101 Firefox/121.0"
141.255.164.75 - - [22/Sep/2026:14:01:32 +0000] "POST /wp-login.php HTTP/1.1" 200 8451 "https://sacherconsultancy.com/wp-login.php" "Mozilla/5.0 (Windows NT 10.0; Win64; x64; rv:121.0) Gecko/20100101 Firefox/121.0"
