34.50.88.91 - - [22/Sep/2026:10:08:09 +0000] "GET /cpanel/phpinfo.php HTTP/1.1" 404 121079 "-" "Mozilla/5.0 (Macintosh; Intel Mac OS X 10_15_7) AppleWebKit/537.36 (KHTML, like Gecko) Chrome/131.0.0.0 Safari/537.36"
34.50.88.91 - - [22/Sep/2026:10:08:09 +0000] "GET /hosting/phpinfo.php HTTP/1.1" 404 121087 "-" "Mozilla/5.0 (Macintosh; Intel Mac OS X 10_15_7) AppleWebKit/537.36 (KHTML, like Gecko) Chrome/131.0.0.0 Safari/537.36"
34.50.88.91 - - [22/Sep/2026:10:08:10 +0000] "GET /webmail/phpinfo.php HTTP/1.1" 404 121087 "-" "Mozilla/5.0 (Macintosh; Intel Mac OS X 10_15_7) AppleWebKit/537.36 (KHTML, like Gecko) Chrome/131.0.0.0 Safari/537.36"
77.68.25.176 - - [22/Sep/2026:10:08:12 +0000] "POST /wp-cron.php?doing_wp_cron=1790071692.0952219963073730468750 HTTP/1.1" 200 5041 "-" "WordPress/7.1.1; https://sacherconsultancy.com"
34.50.88.91 - - [22/Sep/2026:10:08:11 +0000] "GET /smtp/phpinfo.php HTTP/1.1" 404 121063 "-" "Mozilla/5.0 (Macintosh; Intel Mac OS X 10_15_7) AppleWebKit/537.36 (KHTML, like Gecko) Chrome/131.0.0.0 Safari/537.36"
34.50.88.91 - - [22/Sep/2026:10:08:12 +0000] "GET /phpinfo.php.bak HTTP/1.1" 404 121047 "-" "Mozilla/5.0 (Macintosh; Intel Mac OS X 10_15_7) AppleWebKit/537.36 (KHTML, like Gecko) Chrome/131.0.0.0 Safari/537.36"
34.50.88.91 - - [22/Sep/2026:10:08:13 +0000] "GET /phpinfo.php.old HTTP/1.1" 404 121047 "-" "Mozilla/5.0 (Macintosh; Intel Mac OS X 10_15_7) AppleWebKit/537.36 (KHTML, like Gecko) Chrome/131.0.0.0 Safari/537.36"
34.50.88.91 - - [22/Sep/2026:10:08:14 +0000] "GET /phpinfo.php~ HTTP/1.1" 404 121211 "-" "Mozilla/5.0 (Macintosh; Intel Mac OS X 10_15_7) AppleWebKit/537.36 (KHTML, like Gecko) Chrome/131.0.0.0 Safari/537.36"
34.50.88.91 - - [22/Sep/2026:10:08:15 +0000] "GET /info.php.bak HTTP/1.1" 404 121023 "-" "Mozilla/5.0 (Macintosh; Intel Mac OS X 10_15_7) AppleWebKit/537.36 (KHTML, like Gecko) Chrome/131.0.0.0 Safari/537.36"
34.50.88.91 - - [22/Sep/2026:10:08:15 +0000] "GET /phpinfo.php.save HTTP/1.1" 404 121055 "-" "Mozilla/5.0 (Macintosh; Intel Mac OS X 10_15_7) AppleWebKit/537.36 (KHTML, like Gecko) Chrome/131.0.0.0 Safari/537.36"
34.50.88.91 - - [22/Sep/2026:10:08:16 +0000] "GET /staging/phpinfo.php HTTP/1.1" 404 121087 "-" "Mozilla/5.0 (Macintosh; Intel Mac OS X 10_15_7) AppleWebKit/537.36 (KHTML, like Gecko) Chrome/131.0.0.0 Safari/537.36"
34.50.88.91 - - [22/Sep/2026:10:08:17 +0000] "GET /beta/phpinfo.php HTTP/1.1" 404 121063 "-" "Mozilla/5.0 (Macintosh; Intel Mac OS X 10_15_7) AppleWebKit/537.36 (KHTML, like Gecko) Chrome/131.0.0.0 Safari/537.36"
34.50.88.91 - - [22/Sep/2026:10:08:18 +0000] "GET /uat/phpinfo.php HTTP/1.1" 404 121055 "-" "Mozilla/5.0 (Macintosh; Intel Mac OS X 10_15_7) AppleWebKit/537.36 (KHTML, like Gecko) Chrome/131.0.0.0 Safari/537.36"
34.50.88.91 - - [22/Sep/2026:10:08:19 +0000] "GET /qa/phpinfo.php HTTP/1.1" 404 121047 "-" "Mozilla/5.0 (Macintosh; Intel Mac OS X 10_15_7) AppleWebKit/537.36 (KHTML, like Gecko) Chrome/131.0.0.0 Safari/537.36"
34.50.88.91 - - [22/Sep/2026:10:08:20 +0000] "GET /preview/phpinfo.php HTTP/1.1" 404 121087 "-" "Mozilla/5.0 (Macintosh; Intel Mac OS X 10_15_7) AppleWebKit/537.36 (KHTML, like Gecko) Chrome/131.0.0.0 Safari/537.36"
34.50.88.91 - - [22/Sep/2026:10:08:20 +0000] "GET /www/phpinfo.php HTTP/1.1" 404 121055 "-" "Mozilla/5.0 (Macintosh; Intel Mac OS X 10_15_7) AppleWebKit/537.36 (KHTML, like Gecko) Chrome/131.0.0.0 Safari/537.36"
34.50.88.91 - - [22/Sep/2026:10:08:21 +0000] "GET /htdocs/phpinfo.php HTTP/1.1" 404 121079 "-" "Mozilla/5.0 (Macintosh; Intel Mac OS X 10_15_7) AppleWebKit/537.36 (KHTML, like Gecko) Chrome/131.0.0.0 Safari/537.36"
34.50.88.91 - - [22/Sep/2026:10:08:22 +0000] "GET /public_html/phpinfo.php HTTP/1.1" 404 121119 "-" "Mozilla/5.0 (Macintosh; Intel Mac OS X 10_15_7) AppleWebKit/537.36 (KHTML, like Gecko) Chrome/131.0.0.0 Safari/537.36"
34.50.88.91 - - [22/Sep/2026:10:08:23 +0000] "GET /site/phpinfo.php HTTP/1.1" 404 121063 "-" "Mozilla/5.0 (Macintosh; Intel Mac OS X 10_15_7) AppleWebKit/537.36 (KHTML, like Gecko) Chrome/131.0.0.0 Safari/537.36"
34.50.88.91 - - [22/Sep/2026:10:08:24 +0000] "GET /docs/phpinfo.php HTTP/1.1" 404 121063 "-" "Mozilla/5.0 (Macintosh; Intel Mac OS X 10_15_7) AppleWebKit/537.36 (KHTML, like Gecko) Chrome/131.0.0.0 Safari/537.36"
34.50.88.91 - - [22/Sep/2026:10:08:25 +0000] "GET /wp-admin/phpinfo.php HTTP/1.1" 403 5806 "-" "Mozilla/5.0 (Macintosh; Intel Mac OS X 10_15_7) AppleWebKit/537.36 (KHTML, like Gecko) Chrome/131.0.0.0 Safari/537.36"
34.50.88.91 - - [22/Sep/2026:10:08:25 +0000] "GET /administrator/phpinfo.php HTTP/1.1" 404 121135 "-" "Mozilla/5.0 (Macintosh; Intel Mac OS X 10_15_7) AppleWebKit/537.36 (KHTML, like Gecko) Chrome/131.0.0.0 Safari/537.36"
34.50.88.91 - - [22/Sep/2026:10:08:26 +0000] "GET /core/phpinfo.php HTTP/1.1" 404 121063 "-" "Mozilla/5.0 (Macintosh; Intel Mac OS X 10_15_7) AppleWebKit/537.36 (KHTML, like Gecko) Chrome/131.0.0.0 Safari/537.36"
34.50.88.91 - - [22/Sep/2026:10:08:26 +0000] "GET /includes/phpinfo.php HTTP/1.1" 404 121095 "-" "Mozilla/5.0 (Macintosh; Intel Mac OS X 10_15_7) AppleWebKit/537.36 (KHTML, like Gecko) Chrome/131.0.0.0 Safari/537.36"
34.50.88.91 - - [22/Sep/2026:10:08:27 +0000] "GET /service-account.json HTTP/1.1" 404 121087 "-" "Mozilla/5.0 (Macintosh; Intel Mac OS X 10_15_7) AppleWebKit/537.36 (KHTML, like Gecko) Chrome/131.0.0.0 Safari/537.36"
34.50.88.91 - - [22/Sep/2026:10:08:28 +0000] "GET /sa.json HTTP/1.1" 404 120983 "-" "Mozilla/5.0 (Macintosh; Intel Mac OS X 10_15_7) AppleWebKit/537.36 (KHTML, like Gecko) Chrome/131.0.0.0 Safari/537.36"
34.50.88.91 - - [22/Sep/2026:10:08:29 +0000] "GET /gcp-key.json HTTP/1.1" 404 121023 "-" "Mozilla/5.0 (Macintosh; Intel Mac OS X 10_15_7) AppleWebKit/537.36 (KHTML, like Gecko) Chrome/131.0.0.0 Safari/537.36"
34.50.88.91 - - [22/Sep/2026:10:08:30 +0000] "GET /gcp-credentials.json HTTP/1.1" 404 121087 "-" "Mozilla/5.0 (Macintosh; Intel Mac OS X 10_15_7) AppleWebKit/537.36 (KHTML, like Gecko) Chrome/131.0.0.0 Safari/537.36"
34.50.88.91 - - [22/Sep/2026:10:08:31 +0000] "GET /gcp-sa.json HTTP/1.1" 404 121015 "-" "Mozilla/5.0 (Macintosh; Intel Mac OS X 10_15_7) AppleWebKit/537.36 (KHTML, like Gecko) Chrome/131.0.0.0 Safari/537.36"
34.50.88.91 - - [22/Sep/2026:10:08:31 +0000] "GET /credentials.json HTTP/1.1" 404 121055 "-" "Mozilla/5.0 (Macintosh; Intel Mac OS X 10_15_7) AppleWebKit/537.36 (KHTML, like Gecko) Chrome/131.0.0.0 Safari/537.36"
34.50.88.91 - - [22/Sep/2026:10:08:32 +0000] "GET /google-credentials.json HTTP/1.1" 404 121111 "-" "Mozilla/5.0 (Macintosh; Intel Mac OS X 10_15_7) AppleWebKit/537.36 (KHTML, like Gecko) Chrome/131.0.0.0 Safari/537.36"
34.50.88.91 - - [22/Sep/2026:10:08:33 +0000] "GET /google-key.json HTTP/1.1" 404 121047 "-" "Mozilla/5.0 (Macintosh; Intel Mac OS X 10_15_7) AppleWebKit/537.36 (KHTML, like Gecko) Chrome/131.0.0.0 Safari/537.36"
34.50.88.91 - - [22/Sep/2026:10:08:34 +0000] "GET /.config/gcloud/application_default_credentials.json HTTP/1.1" 404 121357 "-" "Mozilla/5.0 (Macintosh; Intel Mac OS X 10_15_7) AppleWebKit/537.36 (KHTML, like Gecko) Chrome/131.0.0.0 Safari/537.36"
34.50.88.91 - - [22/Sep/2026:10:08:35 +0000] "GET /application_default_credentials.json HTTP/1.1" 404 121221 "-" "Mozilla/5.0 (Macintosh; Intel Mac OS X 10_15_7) AppleWebKit/537.36 (KHTML, like Gecko) Chrome/131.0.0.0 Safari/537.36"
34.50.88.91 - - [22/Sep/2026:10:08:36 +0000] "GET /key.json HTTP/1.1" 404 120991 "-" "Mozilla/5.0 (Macintosh; Intel Mac OS X 10_15_7) AppleWebKit/537.36 (KHTML, like Gecko) Chrome/131.0.0.0 Safari/537.36"
34.50.88.91 - - [22/Sep/2026:10:08:37 +0000] "GET /keyfile.json HTTP/1.1" 404 121023 "-" "Mozilla/5.0 (Macintosh; Intel Mac OS X 10_15_7) AppleWebKit/537.36 (KHTML, like Gecko) Chrome/131.0.0.0 Safari/537.36"
34.50.88.91 - - [22/Sep/2026:10:08:37 +0000] "GET /firebase-adminsdk.json HTTP/1.1" 404 121103 "-" "Mozilla/5.0 (Macintosh; Intel Mac OS X 10_15_7) AppleWebKit/537.36 (KHTML, like Gecko) Chrome/131.0.0.0 Safari/537.36"
34.50.88.91 - - [22/Sep/2026:10:08:38 +0000] "GET /firebase-key.json HTTP/1.1" 404 121063 "-" "Mozilla/5.0 (Macintosh; Intel Mac OS X 10_15_7) AppleWebKit/537.36 (KHTML, like Gecko) Chrome/131.0.0.0 Safari/537.36"
34.50.88.91 - - [22/Sep/2026:10:08:40 +0000] "GET / HTTP/1.1" 200 25152 "-" "Mozilla/5.0 (X11; Linux x86_64) AppleWebKit/537.36 (KHTML, like Gecko) Chrome/131.0.0.0 Safari/537.36"
77.68.25.176 - - [22/Sep/2026:10:09:16 +0000] "POST /wp-cron.php?doing_wp_cron=1790071756.6407539844512939453125 HTTP/1.1" 200 5041 "-" "WordPress/7.1.1; https://sacherconsultancy.com"
164.46.39.108 - - [22/Sep/2026:10:09:16 +0000] "POST /wp-login.php HTTP/1.1" 200 16203 "https://sacherconsultancy.com/wp-login.php" "Mozilla/5.0 (Windows NT 10.0; Win64; x64) AppleWebKit/537.36 (KHTML, like Gecko) Chrome/124.0.0.0 Safari/537.36"
77.68.25.176 - - [22/Sep/2026:10:12:23 +0000] "POST /wp-cron.php?doing_wp_cron=1790071943.6166329383850097656250 HTTP/1.1" 200 5041 "-" "WordPress/7.1.1; https://sacherconsultancy.com"
169.62.7.24 - - [22/Sep/2026:10:12:23 +0000] "POST /wp-login.php HTTP/1.1" 200 16207 "https://sacherconsultancy.com/wp-login.php" "Mozilla/5.0 (Windows NT 10.0; Win64; x64) AppleWebKit/537.36 (KHTML, like Gecko) Chrome/124.0.0.0 Safari/537.36"
77.68.25.176 - - [22/Sep/2026:10:15:48 +0000] "POST /wp-cron.php?doing_wp_cron=1790072148.7277359962463378906250 HTTP/1.1" 200 5041 "-" "WordPress/7.1.1; https://sacherconsultancy.com"
164.46.39.108 - - [22/Sep/2026:10:15:48 +0000] "POST /wp-login.php HTTP/1.1" 200 16201 "https://sacherconsultancy.com/wp-login.php" "Mozilla/5.0 (Windows NT 10.0; Win64; x64) AppleWebKit/537.36 (KHTML, like Gecko) Chrome/124.0.0.0 Safari/537.36"
209.141.37.195 - - [22/Sep/2026:10:15:51 +0000] "GET /wp-login.php HTTP/1.1" 200 15722 "-" "Mozilla/5.0 (Windows NT 10.0; Win64; x64)"
87.106.171.101 - - [22/Sep/2026:10:16:03 +0000] "POST /wp-login.php HTTP/1.1" 200 16217 "https://sacherconsultancy.com/wp-login.php" "Mozilla/5.0 (Windows NT 10.0; Win64; x64) AppleWebKit/537.36 (KHTML, like Gecko) Chrome/124.0.0.0 Safari/537.36"
77.68.25.176 - - [22/Sep/2026:10:16:55 +0000] "POST /wp-cron.php?doing_wp_cron=1790072215.0887689590454101562500 HTTP/1.1" 200 5041 "-" "WordPress/7.1.1; https://sacherconsultancy.com"
209.141.37.195 - - [22/Sep/2026:10:16:54 +0000] "POST /wp-login.php HTTP/1.1" 200 16312 "-" "Mozilla/5.0 (Windows NT 10.0; Win64; x64)"
169.62.7.24 - - [22/Sep/2026:10:17:00 +0000] "POST /wp-login.php HTTP/1.1" 200 16207 "https://sacherconsultancy.com/wp-login.php" "Mozilla/5.0 (Windows NT 10.0; Win64; x64) AppleWebKit/537.36 (KHTML, like Gecko) Chrome/124.0.0.0 Safari/537.36"
77.68.25.176 - - [22/Sep/2026:10:21:40 +0000] "POST /wp-cron.php?doing_wp_cron=1790072500.9220600128173828125000 HTTP/1.1" 200 5041 "-" "WordPress/7.1.1; https://sacherconsultancy.com"
169.62.7.24 - - [22/Sep/2026:10:21:40 +0000] "POST /wp-login.php HTTP/1.1" 200 16219 "https://sacherconsultancy.com/wp-login.php" "Mozilla/5.0 (Windows NT 10.0; Win64; x64) AppleWebKit/537.36 (KHTML, like Gecko) Chrome/124.0.0.0 Safari/537.36"
77.68.25.176 - - [22/Sep/2026:10:22:42 +0000] "POST /wp-cron.php?doing_wp_cron=1790072562.8963921070098876953125 HTTP/1.1" 200 5041 "-" "WordPress/7.1.1; https://sacherconsultancy.com"
164.46.39.108 - - [22/Sep/2026:10:22:42 +0000] "POST /wp-login.php HTTP/1.1" 200 16219 "https://sacherconsultancy.com/wp-login.php" "Mozilla/5.0 (Windows NT 10.0; Win64; x64) AppleWebKit/537.36 (KHTML, like Gecko) Chrome/124.0.0.0 Safari/537.36"
77.68.25.176 - - [22/Sep/2026:10:24:15 +0000] "POST /wp-cron.php?doing_wp_cron=1790072655.7155690193176269531250 HTTP/1.1" 200 5041 "-" "WordPress/7.1.1; https://sacherconsultancy.com"
77.25.34.33 - - [22/Sep/2026:10:24:15 +0000] "POST /xmlrpc.php HTTP/1.1" 200 5415 "-" "Mozilla/5.0 (Macintosh; Intel Mac OS X 10_15_7; arm64) AppleWebKit/537.36 (KHTML, like Gecko) Opera/77.0.0.0 Safari/537.36"
77.25.34.33 - - [22/Sep/2026:10:25:06 +0000] "GET /wp-json/wp/v2/users HTTP/1.1" 500 8255 "-" "Mozilla/4.0 (compatible; Win32; WinHttp.WinHttpRequest.5)"
77.68.25.176 - - [22/Sep/2026:10:25:30 +0000] "POST /wp-cron.php?doing_wp_cron=1790072730.5801780223846435546875 HTTP/1.1" 200 5041 "-" "WordPress/7.1.1; https://sacherconsultancy.com"
77.25.34.33 - - [22/Sep/2026:10:25:30 +0000] "POST /xmlrpc.php HTTP/1.1" 200 5415 "-" "Mozilla/5.0 (X11; Ubuntu; Linux x86_64; arm64) AppleWebKit/537.36 (KHTML, like Gecko) Safari/12.0.0.0 Safari/537.36"
87.106.171.101 - - [22/Sep/2026:10:25:43 +0000] "POST /wp-login.php HTTP/1.1" 200 16217 "https://sacherconsultancy.com/wp-login.php" "Mozilla/5.0 (Windows NT 10.0; Win64; x64) AppleWebKit/537.36 (KHTML, like Gecko) Chrome/124.0.0.0 Safari/537.36"
77.25.34.33 - - [22/Sep/2026:10:25:54 +0000] "POST /xmlrpc.php HTTP/1.1" 200 5415 "-" "Mozilla/5.0 (Windows NT 6.2; arm64) AppleWebKit/537.36 (KHTML, like Gecko) Opera/62.0.0.0 Safari/537.36"
77.68.25.176 - - [22/Sep/2026:10:26:18 +0000] "POST /wp-cron.php?doing_wp_cron=1790072778.8900790214538574218750 HTTP/1.1" 200 5041 "-" "WordPress/7.1.1; https://sacherconsultancy.com"
77.25.34.33 - - [22/Sep/2026:10:26:18 +0000] "POST /xmlrpc.php HTTP/1.1" 200 5415 "-" "Mozilla/5.0 (Linux; Android 10; x86) AppleWebKit/537.36 (KHTML, like Gecko) Firefox/89.0.0.0 Safari/537.36"
147.5.127.200 - - [22/Sep/2026:10:26:35 +0000] "POST /wp-login.php HTTP/1.1" 200 8578 "https://sacherconsultancy.com/wp-login.php" "Mozilla/5.0 (Windows NT 10.0; Win64; x64) AppleWebKit/537.36 (KHTML, like Gecko) Chrome/124.0.0.0 Safari/537.36"
77.25.34.33 - - [22/Sep/2026:10:26:39 +0000] "POST /xmlrpc.php HTTP/1.1" 200 5415 "-" "Mozilla/5.0 (Linux; Android 10; x64) AppleWebKit/537.36 (KHTML, like Gecko) Chrome/96.0.0.0 Safari/537.36"
77.25.34.33 - - [22/Sep/2026:10:27:06 +0000] "POST /xmlrpc.php HTTP/1.1" 200 5415 "-" "Mozilla/5.0 (Windows NT 6.3; x86) AppleWebKit/537.36 (KHTML, like Gecko) Firefox/77.0.0.0 Safari/537.36"
77.68.25.176 - - [22/Sep/2026:10:27:33 +0000] "POST /wp-cron.php?doing_wp_cron=1790072853.2342469692230224609375 HTTP/1.1" 200 5041 "-" "WordPress/7.1.1; https://sacherconsultancy.com"
77.25.34.33 - - [22/Sep/2026:10:27:32 +0000] "POST /xmlrpc.php HTTP/1.1" 200 5415 "-" "Mozilla/5.0 (Macintosh; Intel Mac OS X 10_15_7; x86) AppleWebKit/537.36 (KHTML, like Gecko) Opera/77.0.0.0 Safari/537.36"
77.25.34.33 - - [22/Sep/2026:10:27:57 +0000] "POST /xmlrpc.php HTTP/1.1" 200 5415 "-" "Mozilla/5.0 (X11; Ubuntu; Linux x86_64; arm64) AppleWebKit/537.36 (KHTML, like Gecko) Edge/86.0.0.0 Safari/537.36"
77.68.25.176 - - [22/Sep/2026:10:28:24 +0000] "POST /wp-cron.php?doing_wp_cron=1790072904.8602700233459472656250 HTTP/1.1" 200 5041 "-" "WordPress/7.1.1; https://sacherconsultancy.com"
77.25.34.33 - - [22/Sep/2026:10:28:24 +0000] "POST /xmlrpc.php HTTP/1.1" 200 5415 "-" "Mozilla/5.0 (Windows NT 10.0; x64) AppleWebKit/537.36 (KHTML, like Gecko) Safari/10.0.0.0 Safari/537.36"
77.25.34.33 - - [22/Sep/2026:10:28:48 +0000] "POST /xmlrpc.php HTTP/1.1" 200 5415 "-" "Mozilla/5.0 (Windows NT 6.3; arm64) AppleWebKit/537.36 (KHTML, like Gecko) Firefox/78.0.0.0 Safari/537.36"
169.62.7.24 - - [22/Sep/2026:10:29:03 +0000] "POST /wp-login.php HTTP/1.1" 200 16225 "https://sacherconsultancy.com/wp-login.php" "Mozilla/5.0 (Windows NT 10.0; Win64; x64) AppleWebKit/537.36 (KHTML, like Gecko) Chrome/124.0.0.0 Safari/537.36"
77.68.25.176 - - [22/Sep/2026:10:29:12 +0000] "POST /wp-cron.php?doing_wp_cron=1790072952.8059520721435546875000 HTTP/1.1" 200 5041 "-" "WordPress/7.1.1; https://sacherconsultancy.com"
77.25.34.33 - - [22/Sep/2026:10:29:12 +0000] "POST /xmlrpc.php HTTP/1.1" 200 5415 "-" "Mozilla/5.0 (Windows NT 6.2; x86) AppleWebKit/537.36 (KHTML, like Gecko) Firefox/78.0.0.0 Safari/537.36"
77.25.34.33 - - [22/Sep/2026:10:29:36 +0000] "POST /xmlrpc.php HTTP/1.1" 200 5415 "-" "Mozilla/5.0 (Windows NT 6.3; arm64) AppleWebKit/537.36 (KHTML, like Gecko) Safari/14.0.0.0 Safari/537.36"
77.25.34.33 - - [22/Sep/2026:10:30:00 +0000] "POST /xmlrpc.php HTTP/1.1" 200 5415 "-" "Mozilla/5.0 (Windows NT 6.2; arm64) AppleWebKit/537.36 (KHTML, like Gecko) Opera/68.0.0.0 Safari/537.36"
77.68.25.176 - - [22/Sep/2026:10:30:31 +0000] "POST /wp-cron.php?doing_wp_cron=1790073030.9779679775238037109375 HTTP/1.1" 200 5041 "-" "WordPress/7.1.1; https://sacherconsultancy.com"
77.25.34.33 - - [22/Sep/2026:10:30:30 +0000] "POST /xmlrpc.php HTTP/1.1" 200 5415 "-" "Mozilla/5.0 (Windows NT 6.3; x64) AppleWebKit/537.36 (KHTML, like Gecko) Opera/68.0.0.0 Safari/537.36"
77.25.34.33 - - [22/Sep/2026:10:31:00 +0000] "POST /xmlrpc.php HTTP/1.1" 200 5415 "-" "Mozilla/5.0 (X11; Ubuntu; Linux x86_64; arm64) AppleWebKit/537.36 (KHTML, like Gecko) Edge/98.0.0.0 Safari/537.36"
77.68.25.176 - - [22/Sep/2026:10:31:28 +0000] "POST /wp-cron.php?doing_wp_cron=1790073088.9244849681854248046875 HTTP/1.1" 200 5041 "-" "WordPress/7.1.1; https://sacherconsultancy.com"
77.25.34.33 - - [22/Sep/2026:10:31:28 +0000] "POST /xmlrpc.php HTTP/1.1" 200 5415 "-" "Mozilla/5.0 (Windows NT 6.3; x64) AppleWebKit/537.36 (KHTML, like Gecko) Firefox/96.0.0.0 Safari/537.36"
77.25.34.33 - - [22/Sep/2026:10:31:50 +0000] "POST /xmlrpc.php HTTP/1.1" 200 5415 "-" "Mozilla/5.0 (Macintosh; Intel Mac OS X 10_15_7; arm64) AppleWebKit/537.36 (KHTML, like Gecko) Opera/73.0.0.0 Safari/537.36"
77.25.34.33 - - [22/Sep/2026:10:32:10 +0000] "POST /xmlrpc.php HTTP/1.1" 200 5415 "-" "Mozilla/5.0 (Windows NT 10.0; x64) AppleWebKit/537.36 (KHTML, like Gecko) Chrome/90.0.0.0 Safari/537.36"
77.68.25.176 - - [22/Sep/2026:10:32:30 +0000] "POST /wp-cron.php?doing_wp_cron=1790073150.5120699405670166015625 HTTP/1.1" 200 5041 "-" "WordPress/7.1.1; https://sacherconsultancy.com"
77.25.34.33 - - [22/Sep/2026:10:32:30 +0000] "POST /xmlrpc.php HTTP/1.1" 200 5415 "-" "Mozilla/5.0 (Windows NT 6.2; arm64) AppleWebKit/537.36 (KHTML, like Gecko) Edge/86.0.0.0 Safari/537.36"
66.249.77.162 - - [22/Sep/2026:10:32:38 +0000] "GET /category/item/frjsgk7bwdbxh9s.shtml HTTP/1.1" 404 121229 "-" "Mozilla/5.0 (compatible; Googlebot/2.1; +http://www.google.com/bot.html)"
77.25.34.33 - - [22/Sep/2026:10:32:51 +0000] "POST /xmlrpc.php HTTP/1.1" 200 5415 "-" "Mozilla/5.0 (Windows NT 10.0; arm64) AppleWebKit/537.36 (KHTML, like Gecko) Firefox/95.0.0.0 Safari/537.36"
77.68.25.176 - - [22/Sep/2026:10:33:12 +0000] "POST /wp-cron.php?doing_wp_cron=1790073192.7115769386291503906250 HTTP/1.1" 200 5041 "-" "WordPress/7.1.1; https://sacherconsultancy.com"
77.25.34.33 - - [22/Sep/2026:10:33:12 +0000] "POST /xmlrpc.php HTTP/1.1" 200 5415 "-" "Mozilla/5.0 (X11; Ubuntu; Linux x86_64; x86) AppleWebKit/537.36 (KHTML, like Gecko) Firefox/85.0.0.0 Safari/537.36"
77.25.34.33 - - [22/Sep/2026:10:33:32 +0000] "POST /xmlrpc.php HTTP/1.1" 200 5415 "-" "Mozilla/5.0 (Windows NT 6.3; x86) AppleWebKit/537.36 (KHTML, like Gecko) Safari/12.0.0.0 Safari/537.36"
169.62.7.24 - - [22/Sep/2026:10:33:33 +0000] "POST /wp-login.php HTTP/1.1" 200 16225 "https://sacherconsultancy.com/wp-login.php" "Mozilla/5.0 (Windows NT 10.0; Win64; x64) AppleWebKit/537.36 (KHTML, like Gecko) Chrome/124.0.0.0 Safari/537.36"
77.25.34.33 - - [22/Sep/2026:10:33:54 +0000] "POST /xmlrpc.php HTTP/1.1" 200 5415 "-" "Mozilla/5.0 (Windows NT 10.0; arm64) AppleWebKit/537.36 (KHTML, like Gecko) Edge/93.0.0.0 Safari/537.36"
77.68.25.176 - - [22/Sep/2026:10:34:16 +0000] "POST /wp-cron.php?doing_wp_cron=1790073255.9806900024414062500000 HTTP/1.1" 200 5041 "-" "WordPress/7.1.1; https://sacherconsultancy.com"
77.25.34.33 - - [22/Sep/2026:10:34:15 +0000] "POST /xmlrpc.php HTTP/1.1" 200 5415 "-" "Mozilla/5.0 (Macintosh; Intel Mac OS X 10_15_7; arm64) AppleWebKit/537.36 (KHTML, like Gecko) Firefox/74.0.0.0 Safari/537.36"
77.25.34.33 - - [22/Sep/2026:10:34:36 +0000] "POST /xmlrpc.php HTTP/1.1" 200 5415 "-" "Mozilla/5.0 (Linux; Android 10; x64) AppleWebKit/537.36 (KHTML, like Gecko) Safari/14.0.0.0 Safari/537.36"
77.25.34.33 - - [22/Sep/2026:10:34:56 +0000] "POST /xmlrpc.php HTTP/1.1" 200 5415 "-" "Mozilla/5.0 (Linux; Android 10; x64) AppleWebKit/537.36 (KHTML, like Gecko) Edge/97.0.0.0 Safari/537.36"
164.46.39.108 - - [22/Sep/2026:10:34:57 +0000] "POST /wp-login.php HTTP/1.1" 200 16215 "https://sacherconsultancy.com/wp-login.php" "Mozilla/5.0 (Windows NT 10.0; Win64; x64) AppleWebKit/537.36 (KHTML, like Gecko) Chrome/124.0.0.0 Safari/537.36"
164.46.39.108 - - [22/Sep/2026:10:34:57 +0000] "POST /wp-login.php HTTP/1.1" 200 16215 "https://sacherconsultancy.com/wp-login.php" "Mozilla/5.0 (Windows NT 10.0; Win64; x64) AppleWebKit/537.36 (KHTML, like Gecko) Chrome/124.0.0.0 Safari/537.36"
77.68.25.176 - - [22/Sep/2026:10:35:13 +0000] "POST /wp-cron.php?doing_wp_cron=1790073313.5593860149383544921875 HTTP/1.1" 200 5041 "-" "WordPress/7.1.1; https://sacherconsultancy.com"
87.106.171.101 - - [22/Sep/2026:10:35:13 +0000] "POST /wp-login.php HTTP/1.1" 200 16219 "https://sacherconsultancy.com/wp-login.php" "Mozilla/5.0 (Windows NT 10.0; Win64; x64) AppleWebKit/537.36 (KHTML, like Gecko) Chrome/124.0.0.0 Safari/537.36"
77.25.34.33 - - [22/Sep/2026:10:35:18 +0000] "POST /xmlrpc.php HTTP/1.1" 200 5415 "-" "Mozilla/5.0 (X11; Ubuntu; Linux x86_64; x86) AppleWebKit/537.36 (KHTML, like Gecko) Edge/91.0.0.0 Safari/537.36"
77.25.34.33 - - [22/Sep/2026:10:35:38 +0000] "POST /xmlrpc.php HTTP/1.1" 200 5415 "-" "Mozilla/5.0 (Windows NT 6.3; x64) AppleWebKit/537.36 (KHTML, like Gecko) Firefox/83.0.0.0 Safari/537.36"
77.25.34.33 - - [22/Sep/2026:10:36:07 +0000] "POST /xmlrpc.php HTTP/1.1" 200 5415 "-" "Mozilla/5.0 (Windows NT 10.0; x64) AppleWebKit/537.36 (KHTML, like Gecko) Edge/81.0.0.0 Safari/537.36"
77.68.25.176 - - [22/Sep/2026:10:36:30 +0000] "POST /wp-cron.php?doing_wp_cron=1790073390.4488399028778076171875 HTTP/1.1" 200 5041 "-" "WordPress/7.1.1; https://sacherconsultancy.com"
77.25.34.33 - - [22/Sep/2026:10:36:30 +0000] "POST /xmlrpc.php HTTP/1.1" 200 5415 "-" "Mozilla/5.0 (Linux; Android 10; x86) AppleWebKit/537.36 (KHTML, like Gecko) Opera/68.0.0.0 Safari/537.36"
77.25.34.33 - - [22/Sep/2026:10:36:52 +0000] "POST /xmlrpc.php HTTP/1.1" 200 5415 "-" "Mozilla/5.0 (Linux; Android 10; x86) AppleWebKit/537.36 (KHTML, like Gecko) Opera/66.0.0.0 Safari/537.36"
77.68.25.176 - - [22/Sep/2026:10:37:14 +0000] "POST /wp-cron.php?doing_wp_cron=1790073434.1381430625915527343750 HTTP/1.1" 200 5041 "-" "WordPress/7.1.1; https://sacherconsultancy.com"
77.25.34.33 - - [22/Sep/2026:10:37:13 +0000] "POST /xmlrpc.php HTTP/1.1" 200 5415 "-" "Mozilla/5.0 (Macintosh; Intel Mac OS X 10_15_7; x64) AppleWebKit/537.36 (KHTML, like Gecko) Chrome/89.0.0.0 Safari/537.36"
77.68.25.176 - - [22/Sep/2026:10:37:34 +0000] "POST /wp-cron.php?doing_wp_cron=1790073454.3255779743194580078125 HTTP/1.1" 200 5041 "-" "WordPress/7.1.1; https://sacherconsultancy.com"
77.25.34.33 - - [22/Sep/2026:10:37:33 +0000] "POST /xmlrpc.php HTTP/1.1" 200 5415 "-" "Mozilla/5.0 (Windows NT 10.0; arm64) AppleWebKit/537.36 (KHTML, like Gecko) Chrome/99.0.0.0 Safari/537.36"
77.68.25.176 - - [22/Sep/2026:10:37:55 +0000] "POST /wp-cron.php?doing_wp_cron=1790073475.5995359420776367187500 HTTP/1.1" 200 5041 "-" "WordPress/7.1.1; https://sacherconsultancy.com"
77.25.34.33 - - [22/Sep/2026:10:37:55 +0000] "POST /xmlrpc.php HTTP/1.1" 200 5415 "-" "Mozilla/5.0 (Windows NT 10.0; x64) AppleWebKit/537.36 (KHTML, like Gecko) Edge/88.0.0.0 Safari/537.36"
169.62.7.24 - - [22/Sep/2026:10:38:07 +0000] "POST /wp-login.php HTTP/1.1" 200 16217 "https://sacherconsultancy.com/wp-login.php" "Mozilla/5.0 (Windows NT 10.0; Win64; x64) AppleWebKit/537.36 (KHTML, like Gecko) Chrome/124.0.0.0 Safari/537.36"
77.68.25.176 - - [22/Sep/2026:10:38:17 +0000] "POST /wp-cron.php?doing_wp_cron=1790073497.8623120784759521484375 HTTP/1.1" 200 5041 "-" "WordPress/7.1.1; https://sacherconsultancy.com"
77.25.34.33 - - [22/Sep/2026:10:38:17 +0000] "POST /xmlrpc.php HTTP/1.1" 200 5415 "-" "Mozilla/5.0 (Windows NT 6.2; arm64) AppleWebKit/537.36 (KHTML, like Gecko) Safari/14.0.0.0 Safari/537.36"
77.25.34.33 - - [22/Sep/2026:10:38:38 +0000] "POST /xmlrpc.php HTTP/1.1" 200 5415 "-" "Mozilla/5.0 (X11; Ubuntu; Linux x86_64; arm64) AppleWebKit/537.36 (KHTML, like Gecko) Opera/80.0.0.0 Safari/537.36"
77.25.34.33 - - [22/Sep/2026:10:38:58 +0000] "POST /xmlrpc.php HTTP/1.1" 200 5415 "-" "Mozilla/5.0 (Linux; Android 10; x64) AppleWebKit/537.36 (KHTML, like Gecko) Chrome/108.0.0.0 Safari/537.36"
77.68.25.176 - - [22/Sep/2026:10:39:21 +0000] "POST /wp-cron.php?doing_wp_cron=1790073561.4955871105194091796875 HTTP/1.1" 200 5041 "-" "WordPress/7.1.1; https://sacherconsultancy.com"
77.25.34.33 - - [22/Sep/2026:10:39:21 +0000] "POST /xmlrpc.php HTTP/1.1" 200 5415 "-" "Mozilla/5.0 (Macintosh; Intel Mac OS X 10_15_7; x86) AppleWebKit/537.36 (KHTML, like Gecko) Firefox/77.0.0.0 Safari/537.36"
77.25.34.33 - - [22/Sep/2026:10:39:42 +0000] "POST /xmlrpc.php HTTP/1.1" 200 5415 "-" "Mozilla/5.0 (Windows NT 6.2; x86) AppleWebKit/537.36 (KHTML, like Gecko) Opera/73.0.0.0 Safari/537.36"
77.25.34.33 - - [22/Sep/2026:10:40:03 +0000] "POST /xmlrpc.php HTTP/1.1" 200 5415 "-" "Mozilla/5.0 (Windows NT 10.0; x86) AppleWebKit/537.36 (KHTML, like Gecko) Edge/93.0.0.0 Safari/537.36"
77.68.25.176 - - [22/Sep/2026:10:40:25 +0000] "POST /wp-cron.php?doing_wp_cron=1790073625.2796399593353271484375 HTTP/1.1" 200 5041 "-" "WordPress/7.1.1; https://sacherconsultancy.com"
77.25.34.33 - - [22/Sep/2026:10:40:24 +0000] "POST /xmlrpc.php HTTP/1.1" 200 5415 "-" "Mozilla/5.0 (X11; Ubuntu; Linux x86_64; arm64) AppleWebKit/537.36 (KHTML, like Gecko) Chrome/87.0.0.0 Safari/537.36"
77.25.34.33 - - [22/Sep/2026:10:40:45 +0000] "POST /xmlrpc.php HTTP/1.1" 200 5415 "-" "Mozilla/5.0 (Windows NT 10.0; x64) AppleWebKit/537.36 (KHTML, like Gecko) Edge/82.0.0.0 Safari/537.36"
77.25.34.33 - - [22/Sep/2026:10:41:07 +0000] "POST /xmlrpc.php HTTP/1.1" 200 5415 "-" "Mozilla/5.0 (X11; Ubuntu; Linux x86_64; x64) AppleWebKit/537.36 (KHTML, like Gecko) Edge/100.0.0.0 Safari/537.36"
77.68.25.176 - - [22/Sep/2026:10:41:29 +0000] "POST /wp-cron.php?doing_wp_cron=1790073689.0862390995025634765625 HTTP/1.1" 200 5041 "-" "WordPress/7.1.1; https://sacherconsultancy.com"
77.25.34.33 - - [22/Sep/2026:10:41:28 +0000] "POST /xmlrpc.php HTTP/1.1" 200 5415 "-" "Mozilla/5.0 (Macintosh; Intel Mac OS X 10_15_7; x86) AppleWebKit/537.36 (KHTML, like Gecko) Opera/67.0.0.0 Safari/537.36"
77.25.34.33 - - [22/Sep/2026:10:41:49 +0000] "POST /xmlrpc.php HTTP/1.1" 200 5415 "-" "Mozilla/5.0 (Linux; Android 10; x64) AppleWebKit/537.36 (KHTML, like Gecko) Safari/14.0.0.0 Safari/537.36"
77.25.34.33 - - [22/Sep/2026:10:42:09 +0000] "POST /xmlrpc.php HTTP/1.1" 200 5415 "-" "Mozilla/5.0 (Windows NT 10.0; x64) AppleWebKit/537.36 (KHTML, like Gecko) Edge/88.0.0.0 Safari/537.36"
77.68.25.176 - - [22/Sep/2026:10:42:26 +0000] "POST /wp-cron.php?doing_wp_cron=1790073746.2888369560241699218750 HTTP/1.1" 200 5041 "-" "WordPress/7.1.1; https://sacherconsultancy.com"
77.25.34.33 - - [22/Sep/2026:10:42:25 +0000] "POST /xmlrpc.php HTTP/1.1" 200 5415 "-" "Mozilla/5.0 (Windows NT 10.0; x86) AppleWebKit/537.36 (KHTML, like Gecko) Safari/12.0.0.0 Safari/537.36"
66.249.77.161 - - [22/Sep/2026:10:42:28 +0000] "GET /category/item/e56arjuv73usygb.shtml HTTP/1.1" 404 121229 "-" "Mozilla/5.0 (Linux; Android 6.0.1; Nexus 5X Build/MMB29P) AppleWebKit/537.36 (KHTML, like Gecko) Chrome/153.0.8010.52 Mobile Safari/537.36 (compatible; Googlebot/2.1; +http://www.google.com/bot.html)"
169.62.7.24 - - [22/Sep/2026:10:42:36 +0000] "POST /wp-login.php HTTP/1.1" 200 16225 "https://sacherconsultancy.com/wp-login.php" "Mozilla/5.0 (Windows NT 10.0; Win64; x64) AppleWebKit/537.36 (KHTML, like Gecko) Chrome/124.0.0.0 Safari/537.36"
77.25.34.33 - - [22/Sep/2026:10:42:40 +0000] "POST /xmlrpc.php HTTP/1.1" 200 5415 "-" "Mozilla/5.0 (Windows NT 10.0; x86) AppleWebKit/537.36 (KHTML, like Gecko) Opera/73.0.0.0 Safari/537.36"
77.25.34.33 - - [22/Sep/2026:10:42:55 +0000] "POST /xmlrpc.php HTTP/1.1" 200 5415 "-" "Mozilla/5.0 (X11; Ubuntu; Linux x86_64; x64) AppleWebKit/537.36 (KHTML, like Gecko) Edge/94.0.0.0 Safari/537.36"
77.68.25.176 - - [22/Sep/2026:10:43:18 +0000] "POST /wp-cron.php?doing_wp_cron=1790073798.4330348968505859375000 HTTP/1.1" 200 5041 "-" "WordPress/7.1.1; https://sacherconsultancy.com"
77.25.34.33 - - [22/Sep/2026:10:43:17 +0000] "POST /xmlrpc.php HTTP/1.1" 200 5415 "-" "Mozilla/5.0 (Windows NT 10.0; x64) AppleWebKit/537.36 (KHTML, like Gecko) Chrome/103.0.0.0 Safari/537.36"
77.25.34.33 - - [22/Sep/2026:10:43:39 +0000] "POST /xmlrpc.php HTTP/1.1" 200 5415 "-" "Mozilla/5.0 (X11; Ubuntu; Linux x86_64; arm64) AppleWebKit/537.36 (KHTML, like Gecko) Chrome/111.0.0.0 Safari/537.36"
77.25.34.33 - - [22/Sep/2026:10:44:00 +0000] "POST /xmlrpc.php HTTP/1.1" 200 5415 "-" "Mozilla/5.0 (Macintosh; Intel Mac OS X 10_15_7; x64) AppleWebKit/537.36 (KHTML, like Gecko) Firefox/92.0.0.0 Safari/537.36"
77.68.25.176 - - [22/Sep/2026:10:44:23 +0000] "POST /wp-cron.php?doing_wp_cron=1790073863.0769639015197753906250 HTTP/1.1" 200 5041 "-" "WordPress/7.1.1; https://sacherconsultancy.com"
77.25.34.33 - - [22/Sep/2026:10:44:22 +0000] "POST /xmlrpc.php HTTP/1.1" 200 5415 "-" "Mozilla/5.0 (Linux; Android 10; x64) AppleWebKit/537.36 (KHTML, like Gecko) Edge/80.0.0.0 Safari/537.36"
77.25.34.33 - - [22/Sep/2026:10:44:41 +0000] "POST /xmlrpc.php HTTP/1.1" 200 5415 "-" "Mozilla/5.0 (Macintosh; Intel Mac OS X 10_15_7; x64) AppleWebKit/537.36 (KHTML, like Gecko) Firefox/91.0.0.0 Safari/537.36"
87.106.171.101 - - [22/Sep/2026:10:44:46 +0000] "POST /wp-login.php HTTP/1.1" 200 16225 "https://sacherconsultancy.com/wp-login.php" "Mozilla/5.0 (Windows NT 10.0; Win64; x64) AppleWebKit/537.36 (KHTML, like Gecko) Chrome/124.0.0.0 Safari/537.36"
77.25.34.33 - - [22/Sep/2026:10:45:01 +0000] "POST /xmlrpc.php HTTP/1.1" 200 5415 "-" "Mozilla/5.0 (Windows NT 6.3; x64) AppleWebKit/537.36 (KHTML, like Gecko) Edge/87.0.0.0 Safari/537.36"
77.68.25.176 - - [22/Sep/2026:10:45:24 +0000] "POST /wp-cron.php?doing_wp_cron=1790073924.1297700405120849609375 HTTP/1.1" 200 5041 "-" "WordPress/7.1.1; https://sacherconsultancy.com"
77.25.34.33 - - [22/Sep/2026:10:45:23 +0000] "POST /xmlrpc.php HTTP/1.1" 200 5415 "-" "Mozilla/5.0 (Windows NT 10.0; x64) AppleWebKit/537.36 (KHTML, like Gecko) Safari/14.0.0.0 Safari/537.36"
77.25.34.33 - - [22/Sep/2026:10:45:43 +0000] "POST /xmlrpc.php HTTP/1.1" 200 5415 "-" "Mozilla/5.0 (Linux; Android 10; x86) AppleWebKit/537.36 (KHTML, like Gecko) Edge/80.0.0.0 Safari/537.36"
77.25.34.33 - - [22/Sep/2026:10:46:03 +0000] "POST /xmlrpc.php HTTP/1.1" 200 5415 "-" "Mozilla/5.0 (Windows NT 6.3; x86) AppleWebKit/537.36 (KHTML, like Gecko) Firefox/100.0.0.0 Safari/537.36"
77.68.25.176 - - [22/Sep/2026:10:46:22 +0000] "POST /wp-cron.php?doing_wp_cron=1790073982.5630919933319091796875 HTTP/1.1" 200 5041 "-" "WordPress/7.1.1; https://sacherconsultancy.com"
77.25.34.33 - - [22/Sep/2026:10:46:22 +0000] "POST /xmlrpc.php HTTP/1.1" 200 5415 "-" "Mozilla/5.0 (Windows NT 6.2; x64) AppleWebKit/537.36 (KHTML, like Gecko) Safari/11.0.0.0 Safari/537.36"
77.25.34.33 - - [22/Sep/2026:10:46:40 +0000] "POST /xmlrpc.php HTTP/1.1" 200 5415 "-" "Mozilla/5.0 (Macintosh; Intel Mac OS X 10_15_7; x64) AppleWebKit/537.36 (KHTML, like Gecko) Firefox/79.0.0.0 Safari/537.36"
77.25.34.33 - - [22/Sep/2026:10:46:59 +0000] "POST /xmlrpc.php HTTP/1.1" 200 5415 "-" "Mozilla/5.0 (Windows NT 6.3; x64) AppleWebKit/537.36 (KHTML, like Gecko) Opera/78.0.0.0 Safari/537.36"
169.62.7.24 - - [22/Sep/2026:10:47:08 +0000] "POST /wp-login.php HTTP/1.1" 200 16225 "https://sacherconsultancy.com/wp-login.php" "Mozilla/5.0 (Windows NT 10.0; Win64; x64) AppleWebKit/537.36 (KHTML, like Gecko) Chrome/124.0.0.0 Safari/537.36"
77.68.25.176 - - [22/Sep/2026:10:47:15 +0000] "POST /wp-cron.php?doing_wp_cron=1790074035.8945429325103759765625 HTTP/1.1" 200 5041 "-" "WordPress/7.1.1; https://sacherconsultancy.com"
106.222.208.203 - - [22/Sep/2026:10:47:15 +0000] "POST /xmlrpc.php HTTP/1.1" 200 5415 "-" "Jetpack by WordPress.com"
77.25.34.33 - - [22/Sep/2026:10:47:18 +0000] "POST /xmlrpc.php HTTP/1.1" 200 5415 "-" "Mozilla/5.0 (Macintosh; Intel Mac OS X 10_15_7; arm64) AppleWebKit/537.36 (KHTML, like Gecko) Opera/73.0.0.0 Safari/537.36"
106.222.208.203 - - [22/Sep/2026:10:47:25 +0000] "POST /xmlrpc.php HTTP/1.1" 200 5415 "-" "Jetpack by WordPress.com"
106.222.208.203 - - [22/Sep/2026:10:47:36 +0000] "POST /xmlrpc.php HTTP/1.1" 200 5415 "-" "WordPress.com; https://wordpress.com"
77.25.34.33 - - [22/Sep/2026:10:47:40 +0000] "POST /xmlrpc.php HTTP/1.1" 200 5415 "-" "Mozilla/5.0 (Linux; Android 10; x64) AppleWebKit/537.36 (KHTML, like Gecko) Opera/67.0.0.0 Safari/537.36"
106.222.208.203 - - [22/Sep/2026:10:47:47 +0000] "POST /xmlrpc.php HTTP/1.1" 200 5415 "-" "Jetpack by WordPress.com (Jetpack 12.1; WordPress 6.2)"
106.222.208.203 - - [22/Sep/2026:10:47:57 +0000] "POST /xmlrpc.php HTTP/1.1" 200 5415 "-" "WordPress.com; https://wordpress.com"
77.25.34.33 - - [22/Sep/2026:10:47:58 +0000] "POST /xmlrpc.php HTTP/1.1" 200 5415 "-" "Mozilla/5.0 (Windows NT 6.3; arm64) AppleWebKit/537.36 (KHTML, like Gecko) Edge/84.0.0.0 Safari/537.36"
106.222.208.203 - - [22/Sep/2026:10:48:08 +0000] "POST /xmlrpc.php HTTP/1.1" 200 5415 "-" "WordPress.com; https://wordpress.com"
77.68.25.176 - - [22/Sep/2026:10:48:17 +0000] "POST /wp-cron.php?doing_wp_cron=1790074097.8678789138793945312500 HTTP/1.1" 200 5041 "-" "WordPress/7.1.1; https://sacherconsultancy.com"
77.25.34.33 - - [22/Sep/2026:10:48:17 +0000] "POST /xmlrpc.php HTTP/1.1" 200 5415 "-" "Mozilla/5.0 (Windows NT 6.2; x64) AppleWebKit/537.36 (KHTML, like Gecko) Edge/89.0.0.0 Safari/537.36"
106.222.208.203 - - [22/Sep/2026:10:48:19 +0000] "POST /xmlrpc.php HTTP/1.1" 200 5415 "-" "Jetpack by WordPress.com"
106.222.208.203 - - [22/Sep/2026:10:48:29 +0000] "POST /xmlrpc.php HTTP/1.1" 200 5415 "-" "WordPress.com; https://wordpress.com"
77.25.34.33 - - [22/Sep/2026:10:48:37 +0000] "POST /xmlrpc.php HTTP/1.1" 200 5415 "-" "Mozilla/5.0 (Macintosh; Intel Mac OS X 10_15_7; arm64) AppleWebKit/537.36 (KHTML, like Gecko) Safari/10.0.0.0 Safari/537.36"
106.222.208.203 - - [22/Sep/2026:10:48:40 +0000] "POST /xmlrpc.php HTTP/1.1" 200 5415 "-" "Jetpack by WordPress.com"
106.222.208.203 - - [22/Sep/2026:10:48:51 +0000] "POST /xmlrpc.php HTTP/1.1" 200 5415 "-" "Jetpack by WordPress.com"
77.25.34.33 - - [22/Sep/2026:10:48:59 +0000] "POST /xmlrpc.php HTTP/1.1" 200 5415 "-" "Mozilla/5.0 (Windows NT 10.0; arm64) AppleWebKit/537.36 (KHTML, like Gecko) Firefox/94.0.0.0 Safari/537.36"
106.222.208.203 - - [22/Sep/2026:10:49:01 +0000] "POST /xmlrpc.php HTTP/1.1" 200 5415 "-" "Jetpack by WordPress.com (Jetpack 13.0; WordPress 6.3)"
77.68.25.176 - - [22/Sep/2026:10:49:13 +0000] "POST /wp-cron.php?doing_wp_cron=1790074153.1932449340820312500000 HTTP/1.1" 200 5041 "-" "WordPress/7.1.1; https://sacherconsultancy.com"
106.222.208.203 - - [22/Sep/2026:10:49:12 +0000] "POST /xmlrpc.php HTTP/1.1" 200 5415 "-" "WordPress.com; https://wordpress.com"
77.25.34.33 - - [22/Sep/2026:10:49:16 +0000] "POST /xmlrpc.php HTTP/1.1" 200 5415 "-" "Mozilla/5.0 (Linux; Android 10; x64) AppleWebKit/537.36 (KHTML, like Gecko) Edge/90.0.0.0 Safari/537.36"
106.222.208.203 - - [22/Sep/2026:10:49:23 +0000] "POST /xmlrpc.php HTTP/1.1" 200 5415 "-" "Jetpack/13.0; WordPress/6.4; http://site19694830.com"
77.25.34.33 - - [22/Sep/2026:10:49:33 +0000] "POST /xmlrpc.php HTTP/1.1" 200 5415 "-" "Mozilla/5.0 (Windows NT 10.0; arm64) AppleWebKit/537.36 (KHTML, like Gecko) Edge/100.0.0.0 Safari/537.36"
106.222.208.203 - - [22/Sep/2026:10:49:34 +0000] "POST /xmlrpc.php HTTP/1.1" 200 5415 "-" "Jetpack by WordPress.com (Jetpack 13.0; WordPress 6.2)"
106.222.208.203 - - [22/Sep/2026:10:49:44 +0000] "POST /xmlrpc.php HTTP/1.1" 200 5415 "-" "Jetpack by WordPress.com"
77.25.34.33 - - [22/Sep/2026:10:49:54 +0000] "POST /xmlrpc.php HTTP/1.1" 200 5415 "-" "Mozilla/5.0 (Windows NT 6.3; arm64) AppleWebKit/537.36 (KHTML, like Gecko) Chrome/111.0.0.0 Safari/537.36"
106.222.208.203 - - [22/Sep/2026:10:49:55 +0000] "POST /xmlrpc.php HTTP/1.1" 200 5415 "-" "WordPress.com; https://wordpress.com"
106.222.208.203 - - [22/Sep/2026:10:50:06 +0000] "POST /xmlrpc.php HTTP/1.1" 200 5415 "-" "Jetpack/13.0; WordPress/6.2; http://site30153801.com"
77.68.25.176 - - [22/Sep/2026:10:50:15 +0000] "POST /wp-cron.php?doing_wp_cron=1790074215.4871110916137695312500 HTTP/1.1" 200 5041 "-" "WordPress/7.1.1; https://sacherconsultancy.com"
77.25.34.33 - - [22/Sep/2026:10:50:15 +0000] "POST /xmlrpc.php HTTP/1.1" 200 5415 "-" "Mozilla/5.0 (Windows NT 6.3; arm64) AppleWebKit/537.36 (KHTML, like Gecko) Firefox/73.0.0.0 Safari/537.36"
106.222.208.203 - - [22/Sep/2026:10:50:17 +0000] "POST /xmlrpc.php HTTP/1.1" 200 5415 "-" "WordPress.com; https://wordpress.com"
106.222.208.203 - - [22/Sep/2026:10:50:27 +0000] "POST /xmlrpc.php HTTP/1.1" 200 5415 "-" "Jetpack by WordPress.com (Jetpack 12.0; WordPress 6.2)"
77.25.34.33 - - [22/Sep/2026:10:50:32 +0000] "POST /xmlrpc.php HTTP/1.1" 200 5415 "-" "Mozilla/5.0 (X11; Ubuntu; Linux x86_64; x64) AppleWebKit/537.36 (KHTML, like Gecko) Edge/93.0.0.0 Safari/537.36"
106.222.208.203 - - [22/Sep/2026:10:50:38 +0000] "POST /xmlrpc.php HTTP/1.1" 200 5415 "-" "Jetpack by WordPress.com (Jetpack 12.1; WordPress 6.4)"
106.222.208.203 - - [22/Sep/2026:10:50:49 +0000] "POST /xmlrpc.php HTTP/1.1" 200 5415 "-" "Jetpack by WordPress.com"
77.25.34.33 - - [22/Sep/2026:10:50:49 +0000] "POST /xmlrpc.php HTTP/1.1" 200 5415 "-" "Mozilla/5.0 (Linux; Android 10; x64) AppleWebKit/537.36 (KHTML, like Gecko) Chrome/80.0.0.0 Safari/537.36"
106.222.208.203 - - [22/Sep/2026:10:50:59 +0000] "POST /xmlrpc.php HTTP/1.1" 200 5415 "-" "Jetpack by WordPress.com"
77.25.34.33 - - [22/Sep/2026:10:51:06 +0000] "POST /xmlrpc.php HTTP/1.1" 200 5415 "-" "Mozilla/5.0 (Macintosh; Intel Mac OS X 10_15_7; x86) AppleWebKit/537.36 (KHTML, like Gecko) Edge/83.0.0.0 Safari/537.36"
106.222.208.203 - - [22/Sep/2026:10:51:10 +0000] "POST /xmlrpc.php HTTP/1.1" 200 5415 "-" "Jetpack by WordPress.com"
77.68.25.176 - - [22/Sep/2026:10:51:21 +0000] "POST /wp-cron.php?doing_wp_cron=1790074281.6366059780120849609375 HTTP/1.1" 200 5041 "-" "WordPress/7.1.1; https://sacherconsultancy.com"
106.222.208.203 - - [22/Sep/2026:10:51:21 +0000] "POST /xmlrpc.php HTTP/1.1" 200 5415 "-" "Jetpack by WordPress.com (Jetpack 12.1; WordPress 6.3)"
77.25.34.33 - - [22/Sep/2026:10:51:22 +0000] "POST /xmlrpc.php HTTP/1.1" 200 5415 "-" "Mozilla/5.0 (X11; Ubuntu; Linux x86_64; x86) AppleWebKit/537.36 (KHTML, like Gecko) Edge/90.0.0.0 Safari/537.36"
106.222.208.203 - - [22/Sep/2026:10:51:31 +0000] "POST /xmlrpc.php HTTP/1.1" 200 5415 "-" "Jetpack by WordPress.com"
77.25.34.33 - - [22/Sep/2026:10:51:39 +0000] "POST /xmlrpc.php HTTP/1.1" 200 5415 "-" "Mozilla/5.0 (Windows NT 6.2; arm64) AppleWebKit/537.36 (KHTML, like Gecko) Edge/90.0.0.0 Safari/537.36"
169.62.7.24 - - [22/Sep/2026:10:51:41 +0000] "POST /wp-login.php HTTP/1.1" 200 16205 "https://sacherconsultancy.com/wp-login.php" "Mozilla/5.0 (Windows NT 10.0; Win64; x64) AppleWebKit/537.36 (KHTML, like Gecko) Chrome/124.0.0.0 Safari/537.36"
106.222.208.203 - - [22/Sep/2026:10:51:42 +0000] "POST /xmlrpc.php HTTP/1.1" 200 5415 "-" "Jetpack by WordPress.com (Jetpack 12.1; WordPress 6.1)"
106.222.208.203 - - [22/Sep/2026:10:51:53 +0000] "POST /xmlrpc.php HTTP/1.1" 200 5415 "-" "Jetpack by WordPress.com"
77.25.34.33 - - [22/Sep/2026:10:51:53 +0000] "POST /xmlrpc.php HTTP/1.1" 200 5415 "-" "Mozilla/5.0 (Linux; Android 10; arm64) AppleWebKit/537.36 (KHTML, like Gecko) Opera/79.0.0.0 Safari/537.36"
106.222.208.203 - - [22/Sep/2026:10:52:04 +0000] "POST /xmlrpc.php HTTP/1.1" 200 5415 "-" "WordPress.com; https://wordpress.com"
77.25.34.33 - - [22/Sep/2026:10:52:07 +0000] "POST /xmlrpc.php HTTP/1.1" 200 5415 "-" "Mozilla/5.0 (Windows NT 6.3; arm64) AppleWebKit/537.36 (KHTML, like Gecko) Firefox/86.0.0.0 Safari/537.36"
77.68.25.176 - - [22/Sep/2026:10:52:15 +0000] "POST /wp-cron.php?doing_wp_cron=1790074335.0411739349365234375000 HTTP/1.1" 200 5041 "-" "WordPress/7.1.1; https://sacherconsultancy.com"
106.222.208.203 - - [22/Sep/2026:10:52:14 +0000] "POST /xmlrpc.php HTTP/1.1" 200 5415 "-" "Jetpack/13.0; WordPress/6.1; http://site41950144.com"
77.25.34.33 - - [22/Sep/2026:10:52:23 +0000] "POST /xmlrpc.php HTTP/1.1" 200 5415 "-" "Mozilla/5.0 (Macintosh; Intel Mac OS X 10_15_7; x64) AppleWebKit/537.36 (KHTML, like Gecko) Firefox/100.0.0.0 Safari/537.36"
106.222.208.203 - - [22/Sep/2026:10:52:25 +0000] "POST /xmlrpc.php HTTP/1.1" 200 5415 "-" "Jetpack by WordPress.com (Jetpack 12.1; WordPress 6.4)"
106.222.208.203 - - [22/Sep/2026:10:52:36 +0000] "POST /xmlrpc.php HTTP/1.1" 200 5415 "-" "WordPress.com; https://wordpress.com"
77.25.34.33 - - [22/Sep/2026:10:52:38 +0000] "POST /xmlrpc.php HTTP/1.1" 200 5415 "-" "Mozilla/5.0 (Macintosh; Intel Mac OS X 10_15_7; x86) AppleWebKit/537.36 (KHTML, like Gecko) Opera/71.0.0.0 Safari/537.36"
106.222.208.203 - - [22/Sep/2026:10:52:46 +0000] "POST /xmlrpc.php HTTP/1.1" 200 5415 "-" "Jetpack by WordPress.com (Jetpack 12.1; WordPress 6.4)"
77.25.34.33 - - [22/Sep/2026:10:52:53 +0000] "POST /xmlrpc.php HTTP/1.1" 200 5415 "-" "Mozilla/5.0 (Linux; Android 10; x86) AppleWebKit/537.36 (KHTML, like Gecko) Firefox/81.0.0.0 Safari/537.36"
106.222.208.203 - - [22/Sep/2026:10:52:57 +0000] "POST /xmlrpc.php HTTP/1.1" 200 5415 "-" "Jetpack/12.0; WordPress/6.2; http://site28644531.com"
77.25.34.33 - - [22/Sep/2026:10:53:08 +0000] "POST /xmlrpc.php HTTP/1.1" 200 5415 "-" "Mozilla/5.0 (Linux; Android 10; x86) AppleWebKit/537.36 (KHTML, like Gecko) Safari/15.0.0.0 Safari/537.36"
106.222.208.203 - - [22/Sep/2026:10:53:08 +0000] "POST /xmlrpc.php HTTP/1.1" 200 5415 "-" "Jetpack/12.1; WordPress/6.3; http://site77323108.com"
77.68.25.176 - - [22/Sep/2026:10:53:19 +0000] "POST /wp-cron.php?doing_wp_cron=1790074399.4553880691528320312500 HTTP/1.1" 200 5041 "-" "WordPress/7.1.1; https://sacherconsultancy.com"
106.222.208.203 - - [22/Sep/2026:10:53:19 +0000] "POST /xmlrpc.php HTTP/1.1" 200 5415 "-" "Jetpack/12.1; WordPress/6.3; http://site61520132.com"
77.25.34.33 - - [22/Sep/2026:10:53:24 +0000] "POST /xmlrpc.php HTTP/1.1" 200 5415 "-" "Mozilla/5.0 (Linux; Android 10; x86) AppleWebKit/537.36 (KHTML, like Gecko) Safari/12.0.0.0 Safari/537.36"
106.222.208.203 - - [22/Sep/2026:10:53:29 +0000] "POST /xmlrpc.php HTTP/1.1" 200 5415 "-" "Jetpack by WordPress.com (Jetpack 12.1; WordPress 6.1)"
77.25.34.33 - - [22/Sep/2026:10:53:38 +0000] "POST /xmlrpc.php HTTP/1.1" 200 5415 "-" "Mozilla/5.0 (X11; Ubuntu; Linux x86_64; x64) AppleWebKit/537.36 (KHTML, like Gecko) Opera/77.0.0.0 Safari/537.36"
106.222.208.203 - - [22/Sep/2026:10:53:40 +0000] "POST /xmlrpc.php HTTP/1.1" 200 5415 "-" "Jetpack/12.1; WordPress/6.1; http://site27597817.com"
87.106.171.101 - - [22/Sep/2026:10:53:46 +0000] "POST /wp-login.php HTTP/1.1" 200 16225 "https://sacherconsultancy.com/wp-login.php" "Mozilla/5.0 (Windows NT 10.0; Win64; x64) AppleWebKit/537.36 (KHTML, like Gecko) Chrome/124.0.0.0 Safari/537.36"
106.222.208.203 - - [22/Sep/2026:10:53:51 +0000] "POST /xmlrpc.php HTTP/1.1" 200 5415 "-" "Jetpack by WordPress.com (Jetpack 12.0; WordPress 6.3)"
77.25.34.33 - - [22/Sep/2026:10:53:55 +0000] "POST /xmlrpc.php HTTP/1.1" 200 5415 "-" "Mozilla/5.0 (Windows NT 6.3; x64) AppleWebKit/537.36 (KHTML, like Gecko) Chrome/94.0.0.0 Safari/537.36"
106.222.208.203 - - [22/Sep/2026:10:54:01 +0000] "POST /xmlrpc.php HTTP/1.1" 200 5415 "-" "Jetpack by WordPress.com"
77.68.25.176 - - [22/Sep/2026:10:54:13 +0000] "POST /wp-cron.php?doing_wp_cron=1790074453.0248930454254150390625 HTTP/1.1" 200 5041 "-" "WordPress/7.1.1; https://sacherconsultancy.com"
106.222.208.203 - - [22/Sep/2026:10:54:12 +0000] "POST /xmlrpc.php HTTP/1.1" 200 5415 "-" "WordPress.com; https://wordpress.com"
77.25.34.33 - - [22/Sep/2026:10:54:15 +0000] "POST /xmlrpc.php HTTP/1.1" 200 5415 "-" "Mozilla/5.0 (Windows NT 10.0; x64) AppleWebKit/537.36 (KHTML, like Gecko) Chrome/100.0.0.0 Safari/537.36"
106.222.208.203 - - [22/Sep/2026:10:54:23 +0000] "POST /xmlrpc.php HTTP/1.1" 200 5415 "-" "Jetpack by WordPress.com (Jetpack 12.1; WordPress 6.4)"
77.25.34.33 - - [22/Sep/2026:10:54:32 +0000] "POST /xmlrpc.php HTTP/1.1" 200 5415 "-" "Mozilla/5.0 (Macintosh; Intel Mac OS X 10_15_7; x64) AppleWebKit/537.36 (KHTML, like Gecko) Chrome/100.0.0.0 Safari/537.36"
106.222.208.203 - - [22/Sep/2026:10:54:34 +0000] "POST /xmlrpc.php HTTP/1.1" 200 5415 "-" "Jetpack/12.0; WordPress/6.2; http://site35828728.com"
106.222.208.203 - - [22/Sep/2026:10:54:44 +0000] "POST /xmlrpc.php HTTP/1.1" 200 5415 "-" "Jetpack/12.1; WordPress/6.4; http://site28588461.com"
77.25.34.33 - - [22/Sep/2026:10:54:48 +0000] "POST /xmlrpc.php HTTP/1.1" 200 5415 "-" "Mozilla/5.0 (Macintosh; Intel Mac OS X 10_15_7; x86) AppleWebKit/537.36 (KHTML, like Gecko) Firefox/89.0.0.0 Safari/537.36"
106.222.208.203 - - [22/Sep/2026:10:54:55 +0000] "POST /xmlrpc.php HTTP/1.1" 200 5415 "-" "Jetpack by WordPress.com"
77.25.34.33 - - [22/Sep/2026:10:55:04 +0000] "POST /xmlrpc.php HTTP/1.1" 200 5415 "-" "Mozilla/5.0 (Windows NT 6.3; arm64) AppleWebKit/537.36 (KHTML, like Gecko) Edge/81.0.0.0 Safari/537.36"
106.222.208.203 - - [22/Sep/2026:10:55:06 +0000] "POST /xmlrpc.php HTTP/1.1" 200 5415 "-" "Jetpack by WordPress.com (Jetpack 12.1; WordPress 6.1)"
77.68.25.176 - - [22/Sep/2026:10:55:15 +0000] "POST /wp-cron.php?doing_wp_cron=1790074515.4114899635314941406250 HTTP/1.1" 200 5041 "-" "WordPress/7.1.1; https://sacherconsultancy.com"
164.46.39.108 - - [22/Sep/2026:10:55:14 +0000] "POST /wp-login.php HTTP/1.1" 200 16217 "https://sacherconsultancy.com/wp-login.php" "Mozilla/5.0 (Windows NT 10.0; Win64; x64) AppleWebKit/537.36 (KHTML, like Gecko) Chrome/124.0.0.0 Safari/537.36"
106.222.208.203 - - [22/Sep/2026:10:55:17 +0000] "POST /xmlrpc.php HTTP/1.1" 200 5415 "-" "Jetpack/12.1; WordPress/6.3; http://site90227427.com"
77.25.34.33 - - [22/Sep/2026:10:55:18 +0000] "POST /xmlrpc.php HTTP/1.1" 200 5415 "-" "Mozilla/5.0 (Windows NT 6.2; x64) AppleWebKit/537.36 (KHTML, like Gecko) Chrome/93.0.0.0 Safari/537.36"
106.222.208.203 - - [22/Sep/2026:10:55:27 +0000] "POST /xmlrpc.php HTTP/1.1" 200 5415 "-" "WordPress.com; https://wordpress.com"
77.25.34.33 - - [22/Sep/2026:10:55:37 +0000] "POST /xmlrpc.php HTTP/1.1" 200 5415 "-" "Mozilla/5.0 (Linux; Android 10; x64) AppleWebKit/537.36 (KHTML, like Gecko) Firefox/88.0.0.0 Safari/537.36"
106.222.208.203 - - [22/Sep/2026:10:55:38 +0000] "POST /xmlrpc.php HTTP/1.1" 200 5415 "-" "Jetpack/12.0; WordPress/6.3; http://site94012590.com"
106.222.208.203 - - [22/Sep/2026:10:55:49 +0000] "POST /xmlrpc.php HTTP/1.1" 200 5415 "-" "Jetpack/12.5; WordPress/6.2; http://site25056875.com"
77.25.34.33 - - [22/Sep/2026:10:55:55 +0000] "POST /xmlrpc.php HTTP/1.1" 200 5415 "-" "Mozilla/5.0 (Linux; Android 10; x64) AppleWebKit/537.36 (KHTML, like Gecko) Chrome/104.0.0.0 Safari/537.36"
106.222.208.203 - - [22/Sep/2026:10:55:59 +0000] "POST /xmlrpc.php HTTP/1.1" 200 5415 "-" "Jetpack/13.0; WordPress/6.1; http://site58257651.com"
169.62.7.24 - - [22/Sep/2026:10:56:09 +0000] "POST /wp-login.php HTTP/1.1" 200 16225 "https://sacherconsultancy.com/wp-login.php" "Mozilla/5.0 (Windows NT 10.0; Win64; x64) AppleWebKit/537.36 (KHTML, like Gecko) Chrome/124.0.0.0 Safari/537.36"
106.222.208.203 - - [22/Sep/2026:10:56:10 +0000] "POST /xmlrpc.php HTTP/1.1" 200 5415 "-" "Jetpack by WordPress.com"
77.68.25.176 - - [22/Sep/2026:10:56:12 +0000] "POST /wp-cron.php?doing_wp_cron=1790074572.0817880630493164062500 HTTP/1.1" 200 5041 "-" "WordPress/7.1.1; https://sacherconsultancy.com"
77.25.34.33 - - [22/Sep/2026:10:56:11 +0000] "POST /xmlrpc.php HTTP/1.1" 200 5415 "-" "Mozilla/5.0 (Windows NT 10.0; arm64) AppleWebKit/537.36 (KHTML, like Gecko) Firefox/87.0.0.0 Safari/537.36"
106.222.208.203 - - [22/Sep/2026:10:56:21 +0000] "POST /xmlrpc.php HTTP/1.1" 200 5415 "-" "Jetpack by WordPress.com"
77.25.34.33 - - [22/Sep/2026:10:56:27 +0000] "POST /xmlrpc.php HTTP/1.1" 200 5415 "-" "Mozilla/5.0 (Windows NT 6.2; x64) AppleWebKit/537.36 (KHTML, like Gecko) Chrome/94.0.0.0 Safari/537.36"
106.222.208.203 - - [22/Sep/2026:10:56:31 +0000] "POST /xmlrpc.php HTTP/1.1" 200 5415 "-" "Jetpack/12.5; WordPress/6.4; http://site88139010.com"
77.25.34.33 - - [22/Sep/2026:10:56:41 +0000] "POST /xmlrpc.php HTTP/1.1" 200 5415 "-" "Mozilla/5.0 (Linux; Android 10; x64) AppleWebKit/537.36 (KHTML, like Gecko) Safari/15.0.0.0 Safari/537.36"
106.222.208.203 - - [22/Sep/2026:10:56:42 +0000] "POST /xmlrpc.php HTTP/1.1" 200 5415 "-" "WordPress.com; https://wordpress.com"
77.25.34.33 - - [22/Sep/2026:10:56:53 +0000] "POST /xmlrpc.php HTTP/1.1" 200 5415 "-" "Mozilla/5.0 (Windows NT 6.2; x64) AppleWebKit/537.36 (KHTML, like Gecko) Opera/76.0.0.0 Safari/537.36"
106.222.208.203 - - [22/Sep/2026:10:56:53 +0000] "POST /xmlrpc.php HTTP/1.1" 200 5415 "-" "WordPress.com; https://wordpress.com"
106.222.208.203 - - [22/Sep/2026:10:57:03 +0000] "POST /xmlrpc.php HTTP/1.1" 200 5415 "-" "Jetpack by WordPress.com (Jetpack 12.5; WordPress 6.1)"
77.25.34.33 - - [22/Sep/2026:10:57:07 +0000] "POST /xmlrpc.php HTTP/1.1" 200 5415 "-" "Mozilla/5.0 (Macintosh; Intel Mac OS X 10_15_7; x64) AppleWebKit/537.36 (KHTML, like Gecko) Firefox/78.0.0.0 Safari/537.36"
77.68.25.176 - - [22/Sep/2026:10:57:15 +0000] "POST /wp-cron.php?doing_wp_cron=1790074634.9958250522613525390625 HTTP/1.1" 200 5041 "-" "WordPress/7.1.1; https://sacherconsultancy.com"
106.222.208.203 - - [22/Sep/2026:10:57:14 +0000] "POST /xmlrpc.php HTTP/1.1" 200 5415 "-" "Jetpack by WordPress.com"
77.25.34.33 - - [22/Sep/2026:10:57:19 +0000] "POST /xmlrpc.php HTTP/1.1" 200 5415 "-" "Mozilla/5.0 (Windows NT 10.0; x86) AppleWebKit/537.36 (KHTML, like Gecko) Safari/10.0.0.0 Safari/537.36"
106.222.208.203 - - [22/Sep/2026:10:57:25 +0000] "POST /xmlrpc.php HTTP/1.1" 200 5415 "-" "Jetpack/12.0; WordPress/6.2; http://site87592703.com"
77.25.34.33 - - [22/Sep/2026:10:57:28 +0000] "POST /xmlrpc.php HTTP/1.1" 200 5415 "-" "Mozilla/5.0 (Windows NT 10.0; arm64) AppleWebKit/537.36 (KHTML, like Gecko) Firefox/86.0.0.0 Safari/537.36"
106.222.208.203 - - [22/Sep/2026:10:57:35 +0000] "POST /xmlrpc.php HTTP/1.1" 200 5415 "-" "WordPress.com; https://wordpress.com"
