77.25.34.33 - - [22/Sep/2026:10:57:36 +0000] "POST /xmlrpc.php HTTP/1.1" 200 5415 "-" "Mozilla/5.0 (Windows NT 6.2; arm64) AppleWebKit/537.36 (KHTML, like Gecko) Opera/73.0.0.0 Safari/537.36"
77.25.34.33 - - [22/Sep/2026:10:57:44 +0000] "POST /xmlrpc.php HTTP/1.1" 200 5415 "-" "Mozilla/5.0 (Linux; Android 10; x86) AppleWebKit/537.36 (KHTML, like Gecko) Firefox/78.0.0.0 Safari/537.36"
106.222.208.203 - - [22/Sep/2026:10:57:46 +0000] "POST /xmlrpc.php HTTP/1.1" 200 5415 "-" "Jetpack by WordPress.com"
77.25.34.33 - - [22/Sep/2026:10:57:54 +0000] "POST /xmlrpc.php HTTP/1.1" 200 5415 "-" "Mozilla/5.0 (Windows NT 6.2; x86) AppleWebKit/537.36 (KHTML, like Gecko) Chrome/104.0.0.0 Safari/537.36"
106.222.208.203 - - [22/Sep/2026:10:57:57 +0000] "POST /xmlrpc.php HTTP/1.1" 200 5415 "-" "Jetpack by WordPress.com"
77.25.34.33 - - [22/Sep/2026:10:58:04 +0000] "POST /xmlrpc.php HTTP/1.1" 200 5415 "-" "Mozilla/5.0 (Windows NT 10.0; x64) AppleWebKit/537.36 (KHTML, like Gecko) Edge/80.0.0.0 Safari/537.36"
106.222.208.203 - - [22/Sep/2026:10:58:07 +0000] "POST /xmlrpc.php HTTP/1.1" 200 5415 "-" "WordPress.com; https://wordpress.com"
77.68.25.176 - - [22/Sep/2026:10:58:19 +0000] "POST /wp-cron.php?doing_wp_cron=1790074699.0116391181945800781250 HTTP/1.1" 200 5041 "-" "WordPress/7.1.1; https://sacherconsultancy.com"
106.222.208.203 - - [22/Sep/2026:10:58:18 +0000] "POST /xmlrpc.php HTTP/1.1" 200 5415 "-" "Jetpack by WordPress.com"
77.25.34.33 - - [22/Sep/2026:10:58:19 +0000] "POST /xmlrpc.php HTTP/1.1" 200 5415 "-" "Mozilla/5.0 (Windows NT 6.2; arm64) AppleWebKit/537.36 (KHTML, like Gecko) Edge/83.0.0.0 Safari/537.36"
106.222.208.203 - - [22/Sep/2026:10:58:29 +0000] "POST /xmlrpc.php HTTP/1.1" 200 5415 "-" "Jetpack by WordPress.com (Jetpack 13.0; WordPress 6.3)"
77.25.34.33 - - [22/Sep/2026:10:58:33 +0000] "POST /xmlrpc.php HTTP/1.1" 200 5415 "-" "Mozilla/5.0 (Linux; Android 10; x64) AppleWebKit/537.36 (KHTML, like Gecko) Edge/99.0.0.0 Safari/537.36"
106.222.208.203 - - [22/Sep/2026:10:58:40 +0000] "POST /xmlrpc.php HTTP/1.1" 200 5415 "-" "Jetpack/12.5; WordPress/6.3; http://site85545667.com"
77.25.34.33 - - [22/Sep/2026:10:58:48 +0000] "POST /xmlrpc.php HTTP/1.1" 200 5415 "-" "Mozilla/5.0 (Windows NT 6.3; arm64) AppleWebKit/537.36 (KHTML, like Gecko) Safari/10.0.0.0 Safari/537.36"
106.222.208.203 - - [22/Sep/2026:10:58:50 +0000] "POST /xmlrpc.php HTTP/1.1" 200 5415 "-" "Jetpack/12.5; WordPress/6.2; http://site43405215.com"
77.25.34.33 - - [22/Sep/2026:10:59:00 +0000] "POST /xmlrpc.php HTTP/1.1" 200 5415 "-" "Mozilla/5.0 (Windows NT 6.2; x86) AppleWebKit/537.36 (KHTML, like Gecko) Firefox/75.0.0.0 Safari/537.36"
106.222.208.203 - - [22/Sep/2026:10:59:01 +0000] "POST /xmlrpc.php HTTP/1.1" 200 5415 "-" "Jetpack/12.0; WordPress/6.3; http://site11559662.com"
77.68.25.176 - - [22/Sep/2026:10:59:12 +0000] "POST /wp-cron.php?doing_wp_cron=1790074752.6282830238342285156250 HTTP/1.1" 200 5041 "-" "WordPress/7.1.1; https://sacherconsultancy.com"
106.222.208.203 - - [22/Sep/2026:10:59:12 +0000] "POST /xmlrpc.php HTTP/1.1" 200 5415 "-" "Jetpack/13.0; WordPress/6.4; http://site40368237.com"
77.25.34.33 - - [22/Sep/2026:10:59:16 +0000] "POST /xmlrpc.php HTTP/1.1" 200 5415 "-" "Mozilla/5.0 (Windows NT 6.2; x86) AppleWebKit/537.36 (KHTML, like Gecko) Chrome/99.0.0.0 Safari/537.36"
106.222.208.203 - - [22/Sep/2026:10:59:22 +0000] "POST /xmlrpc.php HTTP/1.1" 200 5415 "-" "Jetpack/12.1; WordPress/6.1; http://site22773528.com"
77.25.34.33 - - [22/Sep/2026:10:59:28 +0000] "POST /xmlrpc.php HTTP/1.1" 200 5415 "-" "Mozilla/5.0 (Windows NT 6.3; x86) AppleWebKit/537.36 (KHTML, like Gecko) Edge/94.0.0.0 Safari/537.36"
106.222.208.203 - - [22/Sep/2026:10:59:33 +0000] "POST /xmlrpc.php HTTP/1.1" 200 5415 "-" "Jetpack/12.5; WordPress/6.2; http://site13455710.com"
77.25.34.33 - - [22/Sep/2026:10:59:40 +0000] "POST /xmlrpc.php HTTP/1.1" 200 5415 "-" "Mozilla/5.0 (Linux; Android 10; x64) AppleWebKit/537.36 (KHTML, like Gecko) Safari/11.0.0.0 Safari/537.36"
106.222.208.203 - - [22/Sep/2026:10:59:44 +0000] "POST /xmlrpc.php HTTP/1.1" 200 5415 "-" "Jetpack by WordPress.com"
77.25.34.33 - - [22/Sep/2026:10:59:53 +0000] "POST /xmlrpc.php HTTP/1.1" 200 5415 "-" "Mozilla/5.0 (Windows NT 10.0; x64) AppleWebKit/537.36 (KHTML, like Gecko) Chrome/108.0.0.0 Safari/537.36"
106.222.208.203 - - [22/Sep/2026:10:59:55 +0000] "POST /xmlrpc.php HTTP/1.1" 200 5415 "-" "Jetpack/12.1; WordPress/6.2; http://site53169511.com"
106.222.208.203 - - [22/Sep/2026:11:00:05 +0000] "POST /xmlrpc.php HTTP/1.1" 200 5415 "-" "Jetpack by WordPress.com (Jetpack 12.0; WordPress 6.2)"
77.25.34.33 - - [22/Sep/2026:11:00:06 +0000] "POST /xmlrpc.php HTTP/1.1" 200 5415 "-" "Mozilla/5.0 (Windows NT 6.2; arm64) AppleWebKit/537.36 (KHTML, like Gecko) Firefox/99.0.0.0 Safari/537.36"
77.68.25.176 - - [22/Sep/2026:11:00:16 +0000] "POST /wp-cron.php?doing_wp_cron=1790074816.7561759948730468750000 HTTP/1.1" 200 5041 "-" "WordPress/7.1.1; https://sacherconsultancy.com"
106.222.208.203 - - [22/Sep/2026:11:00:16 +0000] "POST /xmlrpc.php HTTP/1.1" 200 5415 "-" "Jetpack by WordPress.com (Jetpack 13.0; WordPress 6.3)"
77.25.34.33 - - [22/Sep/2026:11:00:20 +0000] "POST /xmlrpc.php HTTP/1.1" 200 5415 "-" "Mozilla/5.0 (Windows NT 10.0; x64) AppleWebKit/537.36 (KHTML, like Gecko) Opera/75.0.0.0 Safari/537.36"
106.222.208.203 - - [22/Sep/2026:11:00:27 +0000] "POST /xmlrpc.php HTTP/1.1" 200 5415 "-" "WordPress.com; https://wordpress.com"
77.25.34.33 - - [22/Sep/2026:11:00:35 +0000] "POST /xmlrpc.php HTTP/1.1" 200 5415 "-" "Mozilla/5.0 (Linux; Android 10; x86) AppleWebKit/537.36 (KHTML, like Gecko) Safari/12.0.0.0 Safari/537.36"
106.222.208.203 - - [22/Sep/2026:11:00:38 +0000] "POST /xmlrpc.php HTTP/1.1" 200 5415 "-" "Jetpack/12.1; WordPress/6.4; http://site60142131.com"
169.62.7.24 - - [22/Sep/2026:11:00:39 +0000] "POST /wp-login.php HTTP/1.1" 200 16203 "https://sacherconsultancy.com/wp-login.php" "Mozilla/5.0 (Windows NT 10.0; Win64; x64) AppleWebKit/537.36 (KHTML, like Gecko) Chrome/124.0.0.0 Safari/537.36"
106.222.208.203 - - [22/Sep/2026:11:00:48 +0000] "POST /xmlrpc.php HTTP/1.1" 200 5415 "-" "Jetpack by WordPress.com (Jetpack 12.1; WordPress 6.3)"
77.25.34.33 - - [22/Sep/2026:11:00:49 +0000] "POST /xmlrpc.php HTTP/1.1" 200 5415 "-" "Mozilla/5.0 (Macintosh; Intel Mac OS X 10_15_7; x64) AppleWebKit/537.36 (KHTML, like Gecko) Chrome/89.0.0.0 Safari/537.36"
106.222.208.203 - - [22/Sep/2026:11:00:59 +0000] "POST /xmlrpc.php HTTP/1.1" 200 5415 "-" "Jetpack by WordPress.com"
77.25.34.33 - - [22/Sep/2026:11:01:03 +0000] "POST /xmlrpc.php HTTP/1.1" 200 5415 "-" "Mozilla/5.0 (X11; Ubuntu; Linux x86_64; x86) AppleWebKit/537.36 (KHTML, like Gecko) Opera/69.0.0.0 Safari/537.36"
106.222.208.203 - - [22/Sep/2026:11:01:10 +0000] "POST /xmlrpc.php HTTP/1.1" 200 5415 "-" "WordPress.com; https://wordpress.com"
77.68.25.176 - - [22/Sep/2026:11:01:19 +0000] "POST /wp-cron.php?doing_wp_cron=1790074879.2198810577392578125000 HTTP/1.1" 200 5041 "-" "WordPress/7.1.1; https://sacherconsultancy.com"
77.25.34.33 - - [22/Sep/2026:11:01:18 +0000] "POST /xmlrpc.php HTTP/1.1" 200 5415 "-" "Mozilla/5.0 (Windows NT 6.2; x86) AppleWebKit/537.36 (KHTML, like Gecko) Edge/87.0.0.0 Safari/537.36"
106.222.208.203 - - [22/Sep/2026:11:01:21 +0000] "POST /xmlrpc.php HTTP/1.1" 200 5415 "-" "Jetpack by WordPress.com (Jetpack 12.0; WordPress 6.2)"
106.222.208.203 - - [22/Sep/2026:11:01:31 +0000] "POST /xmlrpc.php HTTP/1.1" 200 5415 "-" "WordPress.com; https://wordpress.com"
77.25.34.33 - - [22/Sep/2026:11:01:33 +0000] "POST /xmlrpc.php HTTP/1.1" 200 5415 "-" "Mozilla/5.0 (Windows NT 6.2; x86) AppleWebKit/537.36 (KHTML, like Gecko) Edge/81.0.0.0 Safari/537.36"
106.222.208.203 - - [22/Sep/2026:11:01:42 +0000] "POST /xmlrpc.php HTTP/1.1" 200 5415 "-" "Jetpack by WordPress.com (Jetpack 13.0; WordPress 6.1)"
77.25.34.33 - - [22/Sep/2026:11:01:49 +0000] "POST /xmlrpc.php HTTP/1.1" 200 5415 "-" "Mozilla/5.0 (Linux; Android 10; x86) AppleWebKit/537.36 (KHTML, like Gecko) Firefox/76.0.0.0 Safari/537.36"
106.222.208.203 - - [22/Sep/2026:11:01:53 +0000] "POST /xmlrpc.php HTTP/1.1" 200 5415 "-" "Jetpack by WordPress.com (Jetpack 13.0; WordPress 6.3)"
164.46.39.108 - - [22/Sep/2026:11:01:57 +0000] "POST /wp-login.php HTTP/1.1" 200 16225 "https://sacherconsultancy.com/wp-login.php" "Mozilla/5.0 (Windows NT 10.0; Win64; x64) AppleWebKit/537.36 (KHTML, like Gecko) Chrome/124.0.0.0 Safari/537.36"
77.25.34.33 - - [22/Sep/2026:11:02:02 +0000] "POST /xmlrpc.php HTTP/1.1" 200 5415 "-" "Mozilla/5.0 (Macintosh; Intel Mac OS X 10_15_7; arm64) AppleWebKit/537.36 (KHTML, like Gecko) Safari/12.0.0.0 Safari/537.36"
106.222.208.203 - - [22/Sep/2026:11:02:03 +0000] "POST /xmlrpc.php HTTP/1.1" 200 5415 "-" "Jetpack/12.1; WordPress/6.4; http://site81574172.com"
77.68.25.176 - - [22/Sep/2026:11:02:15 +0000] "POST /wp-cron.php?doing_wp_cron=1790074935.0002379417419433593750 HTTP/1.1" 200 5041 "-" "WordPress/7.1.1; https://sacherconsultancy.com"
106.222.208.203 - - [22/Sep/2026:11:02:14 +0000] "POST /xmlrpc.php HTTP/1.1" 200 5415 "-" "Jetpack by WordPress.com (Jetpack 12.5; WordPress 6.4)"
77.25.34.33 - - [22/Sep/2026:11:02:15 +0000] "POST /xmlrpc.php HTTP/1.1" 200 5415 "-" "Mozilla/5.0 (Windows NT 6.3; x64) AppleWebKit/537.36 (KHTML, like Gecko) Opera/63.0.0.0 Safari/537.36"
106.222.208.203 - - [22/Sep/2026:11:02:25 +0000] "POST /xmlrpc.php HTTP/1.1" 200 5415 "-" "Jetpack by WordPress.com"
77.25.34.33 - - [22/Sep/2026:11:02:33 +0000] "POST /xmlrpc.php HTTP/1.1" 200 5415 "-" "Mozilla/5.0 (Linux; Android 10; x64) AppleWebKit/537.36 (KHTML, like Gecko) Opera/66.0.0.0 Safari/537.36"
106.222.208.203 - - [22/Sep/2026:11:02:35 +0000] "POST /xmlrpc.php HTTP/1.1" 200 5415 "-" "WordPress.com; https://wordpress.com"
106.222.208.203 - - [22/Sep/2026:11:02:46 +0000] "POST /xmlrpc.php HTTP/1.1" 200 5415 "-" "WordPress.com; https://wordpress.com"
77.25.34.33 - - [22/Sep/2026:11:02:48 +0000] "POST /xmlrpc.php HTTP/1.1" 200 5415 "-" "Mozilla/5.0 (Windows NT 10.0; arm64) AppleWebKit/537.36 (KHTML, like Gecko) Opera/80.0.0.0 Safari/537.36"
106.222.208.203 - - [22/Sep/2026:11:02:57 +0000] "POST /xmlrpc.php HTTP/1.1" 200 5415 "-" "WordPress.com; https://wordpress.com"
77.25.34.33 - - [22/Sep/2026:11:03:01 +0000] "POST /xmlrpc.php HTTP/1.1" 200 5415 "-" "Mozilla/5.0 (Windows NT 10.0; x64) AppleWebKit/537.36 (KHTML, like Gecko) Chrome/94.0.0.0 Safari/537.36"
106.222.208.203 - - [22/Sep/2026:11:03:08 +0000] "POST /xmlrpc.php HTTP/1.1" 200 5415 "-" "WordPress.com; https://wordpress.com"
77.68.25.176 - - [22/Sep/2026:11:03:16 +0000] "POST /wp-cron.php?doing_wp_cron=1790074996.3072888851165771484375 HTTP/1.1" 200 5041 "-" "WordPress/7.1.1; https://sacherconsultancy.com"
77.25.34.33 - - [22/Sep/2026:11:03:15 +0000] "POST /xmlrpc.php HTTP/1.1" 200 5415 "-" "Mozilla/5.0 (Windows NT 6.2; x64) AppleWebKit/537.36 (KHTML, like Gecko) Edge/80.0.0.0 Safari/537.36"
106.222.208.203 - - [22/Sep/2026:11:03:18 +0000] "POST /xmlrpc.php HTTP/1.1" 200 5415 "-" "Jetpack by WordPress.com"
106.222.208.203 - - [22/Sep/2026:11:03:29 +0000] "POST /xmlrpc.php HTTP/1.1" 200 5415 "-" "Jetpack/12.1; WordPress/6.3; http://site59856596.com"
77.25.34.33 - - [22/Sep/2026:11:03:30 +0000] "POST /xmlrpc.php HTTP/1.1" 200 5415 "-" "Mozilla/5.0 (X11; Ubuntu; Linux x86_64; arm64) AppleWebKit/537.36 (KHTML, like Gecko) Safari/11.0.0.0 Safari/537.36"
106.222.208.203 - - [22/Sep/2026:11:03:40 +0000] "POST /xmlrpc.php HTTP/1.1" 200 5415 "-" "Jetpack by WordPress.com (Jetpack 13.0; WordPress 6.4)"
77.25.34.33 - - [22/Sep/2026:11:03:44 +0000] "POST /xmlrpc.php HTTP/1.1" 200 5415 "-" "Mozilla/5.0 (Linux; Android 10; x64) AppleWebKit/537.36 (KHTML, like Gecko) Opera/77.0.0.0 Safari/537.36"
106.222.208.203 - - [22/Sep/2026:11:03:50 +0000] "POST /xmlrpc.php HTTP/1.1" 200 5415 "-" "Jetpack by WordPress.com (Jetpack 13.0; WordPress 6.3)"
87.106.171.101 - - [22/Sep/2026:11:03:51 +0000] "POST /wp-login.php HTTP/1.1" 200 16225 "https://sacherconsultancy.com/wp-login.php" "Mozilla/5.0 (Windows NT 10.0; Win64; x64) AppleWebKit/537.36 (KHTML, like Gecko) Chrome/124.0.0.0 Safari/537.36"
77.25.34.33 - - [22/Sep/2026:11:03:57 +0000] "POST /xmlrpc.php HTTP/1.1" 200 5415 "-" "Mozilla/5.0 (Windows NT 6.2; x64) AppleWebKit/537.36 (KHTML, like Gecko) Edge/90.0.0.0 Safari/537.36"
106.222.208.203 - - [22/Sep/2026:11:04:01 +0000] "POST /xmlrpc.php HTTP/1.1" 200 5415 "-" "WordPress.com; https://wordpress.com"
77.68.25.176 - - [22/Sep/2026:11:04:12 +0000] "POST /wp-cron.php?doing_wp_cron=1790075052.7278859615325927734375 HTTP/1.1" 200 5041 "-" "WordPress/7.1.1; https://sacherconsultancy.com"
106.222.208.203 - - [22/Sep/2026:11:04:12 +0000] "POST /xmlrpc.php HTTP/1.1" 200 5415 "-" "Jetpack/12.0; WordPress/6.2; http://site26030506.com"
77.25.34.33 - - [22/Sep/2026:11:04:12 +0000] "POST /xmlrpc.php HTTP/1.1" 200 5415 "-" "Mozilla/5.0 (X11; Ubuntu; Linux x86_64; x86) AppleWebKit/537.36 (KHTML, like Gecko) Safari/13.0.0.0 Safari/537.36"
106.222.208.203 - - [22/Sep/2026:11:04:22 +0000] "POST /xmlrpc.php HTTP/1.1" 200 5415 "-" "Jetpack by WordPress.com"
106.222.208.203 - - [22/Sep/2026:11:04:34 +0000] "POST /xmlrpc.php HTTP/1.1" 200 5415 "-" "WordPress.com; https://wordpress.com"
106.222.208.203 - - [22/Sep/2026:11:04:46 +0000] "POST /xmlrpc.php HTTP/1.1" 200 5415 "-" "Jetpack by WordPress.com"
106.222.208.203 - - [22/Sep/2026:11:04:55 +0000] "POST /xmlrpc.php HTTP/1.1" 200 5415 "-" "Jetpack by WordPress.com (Jetpack 13.0; WordPress 6.3)"
106.222.208.203 - - [22/Sep/2026:11:05:05 +0000] "POST /xmlrpc.php HTTP/1.1" 200 5415 "-" "WordPress.com; https://wordpress.com"
169.62.7.24 - - [22/Sep/2026:11:05:06 +0000] "POST /wp-login.php HTTP/1.1" 200 16203 "https://sacherconsultancy.com/wp-login.php" "Mozilla/5.0 (Windows NT 10.0; Win64; x64) AppleWebKit/537.36 (KHTML, like Gecko) Chrome/124.0.0.0 Safari/537.36"
77.68.25.176 - - [22/Sep/2026:11:05:16 +0000] "POST /wp-cron.php?doing_wp_cron=1790075116.8772881031036376953125 HTTP/1.1" 200 5041 "-" "WordPress/7.1.1; https://sacherconsultancy.com"
106.222.208.203 - - [22/Sep/2026:11:05:16 +0000] "POST /xmlrpc.php HTTP/1.1" 200 5415 "-" "Jetpack by WordPress.com (Jetpack 12.5; WordPress 6.4)"
106.222.208.203 - - [22/Sep/2026:11:05:27 +0000] "POST /xmlrpc.php HTTP/1.1" 200 5415 "-" "Jetpack/12.5; WordPress/6.4; http://site87741986.com"
106.222.208.203 - - [22/Sep/2026:11:05:37 +0000] "POST /xmlrpc.php HTTP/1.1" 200 5415 "-" "Jetpack by WordPress.com"
106.222.208.203 - - [22/Sep/2026:11:05:48 +0000] "POST /xmlrpc.php HTTP/1.1" 200 5415 "-" "Jetpack by WordPress.com (Jetpack 12.0; WordPress 6.4)"
106.222.208.203 - - [22/Sep/2026:11:05:59 +0000] "POST /xmlrpc.php HTTP/1.1" 200 5415 "-" "WordPress.com; https://wordpress.com"
106.222.208.203 - - [22/Sep/2026:11:06:09 +0000] "POST /xmlrpc.php HTTP/1.1" 200 5415 "-" "Jetpack/12.5; WordPress/6.2; http://site65469108.com"
77.68.25.176 - - [22/Sep/2026:11:06:21 +0000] "POST /wp-cron.php?doing_wp_cron=1790075181.1096029281616210937500 HTTP/1.1" 200 5041 "-" "WordPress/7.1.1; https://sacherconsultancy.com"
106.222.208.203 - - [22/Sep/2026:11:06:20 +0000] "POST /xmlrpc.php HTTP/1.1" 200 5415 "-" "Jetpack by WordPress.com (Jetpack 12.0; WordPress 6.3)"
106.222.208.203 - - [22/Sep/2026:11:06:31 +0000] "POST /xmlrpc.php HTTP/1.1" 200 5415 "-" "Jetpack by WordPress.com (Jetpack 12.5; WordPress 6.2)"
106.222.208.203 - - [22/Sep/2026:11:06:41 +0000] "POST /xmlrpc.php HTTP/1.1" 200 5415 "-" "WordPress.com; https://wordpress.com"
106.222.208.203 - - [22/Sep/2026:11:06:52 +0000] "POST /xmlrpc.php HTTP/1.1" 200 5415 "-" "Jetpack/12.1; WordPress/6.3; http://site19114506.com"
106.222.208.203 - - [22/Sep/2026:11:07:03 +0000] "POST /xmlrpc.php HTTP/1.1" 200 5415 "-" "Jetpack by WordPress.com"
77.68.25.176 - - [22/Sep/2026:11:07:14 +0000] "POST /wp-cron.php?doing_wp_cron=1790075234.2246170043945312500000 HTTP/1.1" 200 5041 "-" "WordPress/7.1.1; https://sacherconsultancy.com"
106.222.208.203 - - [22/Sep/2026:11:07:13 +0000] "POST /xmlrpc.php HTTP/1.1" 200 5415 "-" "Jetpack by WordPress.com"
106.222.208.203 - - [22/Sep/2026:11:07:24 +0000] "POST /xmlrpc.php HTTP/1.1" 200 5415 "-" "Jetpack by WordPress.com (Jetpack 12.5; WordPress 6.2)"
106.222.208.203 - - [22/Sep/2026:11:07:35 +0000] "POST /xmlrpc.php HTTP/1.1" 200 5415 "-" "WordPress.com; https://wordpress.com"
106.222.208.203 - - [22/Sep/2026:11:07:45 +0000] "POST /xmlrpc.php HTTP/1.1" 200 5415 "-" "WordPress.com; https://wordpress.com"
106.222.208.203 - - [22/Sep/2026:11:07:56 +0000] "POST /xmlrpc.php HTTP/1.1" 200 5415 "-" "Jetpack/13.0; WordPress/6.3; http://site81749756.com"
106.222.208.203 - - [22/Sep/2026:11:08:07 +0000] "POST /xmlrpc.php HTTP/1.1" 200 5415 "-" "Jetpack/12.1; WordPress/6.3; http://site78858523.com"
77.68.25.176 - - [22/Sep/2026:11:08:18 +0000] "POST /wp-cron.php?doing_wp_cron=1790075298.2386319637298583984375 HTTP/1.1" 200 5041 "-" "WordPress/7.1.1; https://sacherconsultancy.com"
106.222.208.203 - - [22/Sep/2026:11:08:17 +0000] "POST /xmlrpc.php HTTP/1.1" 200 5415 "-" "WordPress.com; https://wordpress.com"
106.222.208.203 - - [22/Sep/2026:11:08:28 +0000] "POST /xmlrpc.php HTTP/1.1" 200 5415 "-" "Jetpack/13.0; WordPress/6.4; http://site48766661.com"
106.222.208.203 - - [22/Sep/2026:11:08:39 +0000] "POST /xmlrpc.php HTTP/1.1" 200 5415 "-" "Jetpack by WordPress.com (Jetpack 12.5; WordPress 6.3)"
106.222.208.203 - - [22/Sep/2026:11:08:50 +0000] "POST /xmlrpc.php HTTP/1.1" 200 5415 "-" "Jetpack by WordPress.com"
106.222.208.203 - - [22/Sep/2026:11:09:00 +0000] "POST /xmlrpc.php HTTP/1.1" 200 5415 "-" "Jetpack/13.0; WordPress/6.4; http://site26223615.com"
106.222.208.203 - - [22/Sep/2026:11:09:11 +0000] "POST /xmlrpc.php HTTP/1.1" 200 5415 "-" "Jetpack by WordPress.com"
77.68.25.176 - - [22/Sep/2026:11:09:22 +0000] "POST /wp-cron.php?doing_wp_cron=1790075362.6667499542236328125000 HTTP/1.1" 200 5041 "-" "WordPress/7.1.1; https://sacherconsultancy.com"
106.222.208.203 - - [22/Sep/2026:11:09:22 +0000] "POST /xmlrpc.php HTTP/1.1" 200 5415 "-" "Jetpack/13.0; WordPress/6.4; http://site52672251.com"
169.62.7.24 - - [22/Sep/2026:11:09:30 +0000] "POST /wp-login.php HTTP/1.1" 200 16225 "https://sacherconsultancy.com/wp-login.php" "Mozilla/5.0 (Windows NT 10.0; Win64; x64) AppleWebKit/537.36 (KHTML, like Gecko) Chrome/124.0.0.0 Safari/537.36"
106.222.208.203 - - [22/Sep/2026:11:09:32 +0000] "POST /xmlrpc.php HTTP/1.1" 200 5415 "-" "Jetpack/12.5; WordPress/6.4; http://site68691471.com"
66.249.77.162 - - [22/Sep/2026:11:09:41 +0000] "GET /category/item/e32qbrqgrbqc7o7.shtml HTTP/1.1" 404 121229 "-" "Mozilla/5.0 (Linux; Android 6.0.1; Nexus 5X Build/MMB29P) AppleWebKit/537.36 (KHTML, like Gecko) Chrome/153.0.8010.52 Mobile Safari/537.36 (compatible; Googlebot/2.1; +http://www.google.com/bot.html)"
106.222.208.203 - - [22/Sep/2026:11:09:43 +0000] "POST /xmlrpc.php HTTP/1.1" 200 5415 "-" "Jetpack by WordPress.com (Jetpack 13.0; WordPress 6.2)"
106.222.208.203 - - [22/Sep/2026:11:09:54 +0000] "POST /xmlrpc.php HTTP/1.1" 200 5415 "-" "Jetpack by WordPress.com (Jetpack 12.5; WordPress 6.3)"
106.222.208.203 - - [22/Sep/2026:11:10:04 +0000] "POST /xmlrpc.php HTTP/1.1" 200 5415 "-" "Jetpack by WordPress.com"
77.68.25.176 - - [22/Sep/2026:11:10:15 +0000] "POST /wp-cron.php?doing_wp_cron=1790075415.7921240329742431640625 HTTP/1.1" 200 5041 "-" "WordPress/7.1.1; https://sacherconsultancy.com"
106.222.208.203 - - [22/Sep/2026:11:10:15 +0000] "POST /xmlrpc.php HTTP/1.1" 200 5415 "-" "Jetpack by WordPress.com"
51.89.39.55 - - [22/Sep/2026:11:10:19 +0000] "GET /sitemap.rss HTTP/1.1" 200 5920 "-" "Mozilla/5.0 (compatible; AhrefsBot/7.0; +http://ahrefs.com/robot/)"
106.222.208.203 - - [22/Sep/2026:11:10:26 +0000] "POST /xmlrpc.php HTTP/1.1" 200 5415 "-" "WordPress.com; https://wordpress.com"
106.222.208.203 - - [22/Sep/2026:11:10:36 +0000] "POST /xmlrpc.php HTTP/1.1" 200 5415 "-" "WordPress.com; https://wordpress.com"
106.222.208.203 - - [22/Sep/2026:11:10:47 +0000] "POST /xmlrpc.php HTTP/1.1" 200 5415 "-" "Jetpack by WordPress.com"
106.222.208.203 - - [22/Sep/2026:11:10:58 +0000] "POST /xmlrpc.php HTTP/1.1" 200 5415 "-" "Jetpack by WordPress.com"
106.222.208.203 - - [22/Sep/2026:11:11:08 +0000] "POST /xmlrpc.php HTTP/1.1" 200 5415 "-" "WordPress.com; https://wordpress.com"
77.68.25.176 - - [22/Sep/2026:11:11:20 +0000] "POST /wp-cron.php?doing_wp_cron=1790075480.0219929218292236328125 HTTP/1.1" 200 5041 "-" "WordPress/7.1.1; https://sacherconsultancy.com"
106.222.208.203 - - [22/Sep/2026:11:11:19 +0000] "POST /xmlrpc.php HTTP/1.1" 200 5415 "-" "Jetpack/12.1; WordPress/6.2; http://site92993329.com"
106.222.208.203 - - [22/Sep/2026:11:11:30 +0000] "POST /xmlrpc.php HTTP/1.1" 200 5415 "-" "WordPress.com; https://wordpress.com"
106.222.208.203 - - [22/Sep/2026:11:11:40 +0000] "POST /xmlrpc.php HTTP/1.1" 200 5415 "-" "WordPress.com; https://wordpress.com"
106.222.208.203 - - [22/Sep/2026:11:11:51 +0000] "POST /xmlrpc.php HTTP/1.1" 200 5415 "-" "WordPress.com; https://wordpress.com"
106.222.208.203 - - [22/Sep/2026:11:12:02 +0000] "POST /xmlrpc.php HTTP/1.1" 200 5415 "-" "Jetpack/13.0; WordPress/6.2; http://site76939144.com"
77.68.25.176 - - [22/Sep/2026:11:12:13 +0000] "POST /wp-cron.php?doing_wp_cron=1790075533.5038559436798095703125 HTTP/1.1" 200 5041 "-" "WordPress/7.1.1; https://sacherconsultancy.com"
106.222.208.203 - - [22/Sep/2026:11:12:13 +0000] "POST /xmlrpc.php HTTP/1.1" 200 5415 "-" "Jetpack by WordPress.com"
106.222.208.203 - - [22/Sep/2026:11:12:23 +0000] "POST /xmlrpc.php HTTP/1.1" 200 5415 "-" "Jetpack/12.5; WordPress/6.4; http://site73228843.com"
106.222.208.203 - - [22/Sep/2026:11:12:34 +0000] "POST /xmlrpc.php HTTP/1.1" 200 5415 "-" "Jetpack by WordPress.com"
106.222.208.203 - - [22/Sep/2026:11:12:45 +0000] "POST /xmlrpc.php HTTP/1.1" 200 5415 "-" "WordPress.com; https://wordpress.com"
106.222.208.203 - - [22/Sep/2026:11:12:56 +0000] "POST /xmlrpc.php HTTP/1.1" 200 5415 "-" "Jetpack/13.0; WordPress/6.2; http://site46485313.com"
106.222.208.203 - - [22/Sep/2026:11:13:06 +0000] "POST /xmlrpc.php HTTP/1.1" 200 5415 "-" "Jetpack/12.5; WordPress/6.1; http://site79537520.com"
77.68.25.176 - - [22/Sep/2026:11:13:17 +0000] "POST /wp-cron.php?doing_wp_cron=1790075597.9031169414520263671875 HTTP/1.1" 200 5041 "-" "WordPress/7.1.1; https://sacherconsultancy.com"
106.222.208.203 - - [22/Sep/2026:11:13:17 +0000] "POST /xmlrpc.php HTTP/1.1" 200 5415 "-" "Jetpack/12.1; WordPress/6.4; http://site70058802.com"
87.106.171.101 - - [22/Sep/2026:11:13:20 +0000] "POST /wp-login.php HTTP/1.1" 200 16217 "https://sacherconsultancy.com/wp-login.php" "Mozilla/5.0 (Windows NT 10.0; Win64; x64) AppleWebKit/537.36 (KHTML, like Gecko) Chrome/124.0.0.0 Safari/537.36"
106.222.208.203 - - [22/Sep/2026:11:13:28 +0000] "POST /xmlrpc.php HTTP/1.1" 200 5415 "-" "Jetpack/12.0; WordPress/6.3; http://site41769168.com"
106.222.208.203 - - [22/Sep/2026:11:13:38 +0000] "POST /xmlrpc.php HTTP/1.1" 200 5415 "-" "Jetpack/12.5; WordPress/6.3; http://site30425278.com"
106.222.208.203 - - [22/Sep/2026:11:13:50 +0000] "POST /xmlrpc.php HTTP/1.1" 200 5415 "-" "Jetpack by WordPress.com (Jetpack 12.0; WordPress 6.3)"
74.7.228.58 - - [22/Sep/2026:11:15:21 +0000] "GET /robots.txt HTTP/1.1" 200 5199 "-" "Mozilla/5.0 (Macintosh; Intel Mac OS X 10_15_7) AppleWebKit/537.36 (KHTML, like Gecko) Chrome/131.0.0.0 Safari/537.36; compatible; OAI-SearchBot/1.4; robots.txt; +https://openai.com/searchbot"
77.68.25.176 - - [22/Sep/2026:11:15:21 +0000] "POST /wp-cron.php?doing_wp_cron=1790075721.8597209453582763671875 HTTP/1.1" 200 5041 "-" "WordPress/7.1.1; https://sacherconsultancy.com"
74.7.227.168 - - [22/Sep/2026:11:15:21 +0000] "GET /sitemap.rss HTTP/1.1" 200 5921 "-" "Mozilla/5.0 AppleWebKit/537.36 (KHTML, like Gecko; compatible; GPTBot/1.4; +https://openai.com/gptbot)"
77.68.25.176 - - [22/Sep/2026:11:16:22 +0000] "POST /wp-cron.php?doing_wp_cron=1790075782.3631150722503662109375 HTTP/1.1" 200 5041 "-" "WordPress/7.1.1; https://sacherconsultancy.com"
74.7.227.168 - - [22/Sep/2026:11:16:21 +0000] "GET /sitemap.xml HTTP/1.1" 200 5383 "-" "Mozilla/5.0 AppleWebKit/537.36 (KHTML, like Gecko; compatible; GPTBot/1.4; +https://openai.com/gptbot)"
147.5.127.200 - - [22/Sep/2026:11:16:57 +0000] "POST /wp-login.php HTTP/1.1" 200 8602 "https://sacherconsultancy.com/wp-login.php" "Mozilla/5.0 (Windows NT 10.0; Win64; x64) AppleWebKit/537.36 (KHTML, like Gecko) Chrome/124.0.0.0 Safari/537.36"
77.68.25.176 - - [22/Sep/2026:11:21:23 +0000] "POST /wp-cron.php?doing_wp_cron=1790076083.0564200878143310546875 HTTP/1.1" 200 5041 "-" "WordPress/7.1.1; https://sacherconsultancy.com"
66.249.77.162 - - [22/Sep/2026:11:21:22 +0000] "GET /category/item/f7rlc4fbs0v5k5c.shtml HTTP/1.1" 404 121229 "-" "Mozilla/5.0 (Linux; Android 6.0.1; Nexus 5X Build/MMB29P) AppleWebKit/537.36 (KHTML, like Gecko) Chrome/153.0.8010.52 Mobile Safari/537.36 (compatible; Googlebot/2.1; +http://www.google.com/bot.html)"
169.62.7.24 - - [22/Sep/2026:11:21:29 +0000] "POST /wp-login.php HTTP/1.1" 200 16225 "https://sacherconsultancy.com/wp-login.php" "Mozilla/5.0 (Windows NT 10.0; Win64; x64) AppleWebKit/537.36 (KHTML, like Gecko) Chrome/124.0.0.0 Safari/537.36"
77.68.25.176 - - [22/Sep/2026:11:22:37 +0000] "POST /wp-cron.php?doing_wp_cron=1790076157.5970349311828613281250 HTTP/1.1" 200 5041 "-" "WordPress/7.1.1; https://sacherconsultancy.com"
5.78.68.168 - - [22/Sep/2026:11:22:37 +0000] "POST /xmlrpc.php HTTP/1.1" 200 5223 "-" "Mozilla/5.0 (Windows NT 10.0) AppleWebKit/537.36 (KHTML, like Gecko) Chrome/141.0.0.0 Safari/537.36 Edg/141.0.0.0"
87.106.171.101 - - [22/Sep/2026:11:22:54 +0000] "POST /wp-login.php HTTP/1.1" 200 16225 "https://sacherconsultancy.com/wp-login.php" "Mozilla/5.0 (Windows NT 10.0; Win64; x64) AppleWebKit/537.36 (KHTML, like Gecko) Chrome/124.0.0.0 Safari/537.36"
77.68.25.176 - - [22/Sep/2026:11:25:54 +0000] "POST /wp-cron.php?doing_wp_cron=1790076354.0399250984191894531250 HTTP/1.1" 200 5041 "-" "WordPress/7.1.1; https://sacherconsultancy.com"
169.62.7.24 - - [22/Sep/2026:11:25:53 +0000] "POST /wp-login.php HTTP/1.1" 200 16217 "https://sacherconsultancy.com/wp-login.php" "Mozilla/5.0 (Windows NT 10.0; Win64; x64) AppleWebKit/537.36 (KHTML, like Gecko) Chrome/124.0.0.0 Safari/537.36"
77.68.25.176 - - [22/Sep/2026:11:27:04 +0000] "POST /wp-cron.php?doing_wp_cron=1790076424.9020779132843017578125 HTTP/1.1" 200 5041 "-" "WordPress/7.1.1; https://sacherconsultancy.com"
77.75.79.95 - - [22/Sep/2026:11:27:04 +0000] "GET /page-sitemap.xml HTTP/1.1" 200 6013 "-" "Mozilla/5.0 (compatible; SeznamBot/4.0; +https://o-seznam.cz/napoveda/vyhledavani/en/seznambot-crawler/)"
77.68.25.176 - - [22/Sep/2026:11:30:13 +0000] "POST /wp-cron.php?doing_wp_cron=1790076613.8723950386047363281250 HTTP/1.1" 200 5041 "-" "WordPress/7.1.1; https://sacherconsultancy.com"
169.62.7.24 - - [22/Sep/2026:11:30:13 +0000] "POST /wp-login.php HTTP/1.1" 200 16217 "https://sacherconsultancy.com/wp-login.php" "Mozilla/5.0 (Windows NT 10.0; Win64; x64) AppleWebKit/537.36 (KHTML, like Gecko) Chrome/124.0.0.0 Safari/537.36"
143.110.253.230 - - [22/Sep/2026:11:31:03 +0000] "POST /wp-json/batch/v1 HTTP/1.1" 207 5315 "-" "Mozilla/5.0 (Windows NT 10.0; Win64; x64) AppleWebKit/537.36 (KHTML, like Gecko) Chrome/131.0.0.0 Safari/537.36"
143.110.253.230 - - [22/Sep/2026:11:31:04 +0000] "POST /wp-json/batch/v1 HTTP/1.1" 207 5778 "-" "Mozilla/5.0 (Windows NT 10.0; Win64; x64) AppleWebKit/537.36 (KHTML, like Gecko) Chrome/131.0.0.0 Safari/537.36"
143.110.253.230 - - [22/Sep/2026:11:31:05 +0000] "POST /wp-json/batch/v1 HTTP/1.1" 207 5778 "-" "Mozilla/5.0 (Windows NT 10.0; Win64; x64) AppleWebKit/537.36 (KHTML, like Gecko) Chrome/131.0.0.0 Safari/537.36"
143.110.253.230 - - [22/Sep/2026:11:31:06 +0000] "POST /wp-json/batch/v1 HTTP/1.1" 207 5778 "-" "Mozilla/5.0 (Windows NT 10.0; Win64; x64) AppleWebKit/537.36 (KHTML, like Gecko) Chrome/131.0.0.0 Safari/537.36"
143.110.253.230 - - [22/Sep/2026:11:31:08 +0000] "POST /wp-json/batch/v1 HTTP/1.1" 207 5778 "-" "Mozilla/5.0 (Windows NT 10.0; Win64; x64) AppleWebKit/537.36 (KHTML, like Gecko) Chrome/131.0.0.0 Safari/537.36"
143.110.253.230 - - [22/Sep/2026:11:31:08 +0000] "POST /wp-json/batch/v1 HTTP/1.1" 207 5778 "-" "Mozilla/5.0 (Windows NT 10.0; Win64; x64) AppleWebKit/537.36 (KHTML, like Gecko) Chrome/131.0.0.0 Safari/537.36"
143.110.253.230 - - [22/Sep/2026:11:31:09 +0000] "POST /wp-json/batch/v1 HTTP/1.1" 207 5778 "-" "Mozilla/5.0 (Windows NT 10.0; Win64; x64) AppleWebKit/537.36 (KHTML, like Gecko) Chrome/131.0.0.0 Safari/537.36"
77.68.25.176 - - [22/Sep/2026:11:34:36 +0000] "POST /wp-cron.php?doing_wp_cron=1790076876.1990349292755126953125 HTTP/1.1" 200 5041 "-" "WordPress/7.1.1; https://sacherconsultancy.com"
169.62.7.24 - - [22/Sep/2026:11:34:35 +0000] "POST /wp-login.php HTTP/1.1" 200 16197 "https://sacherconsultancy.com/wp-login.php" "Mozilla/5.0 (Windows NT 10.0; Win64; x64) AppleWebKit/537.36 (KHTML, like Gecko) Chrome/124.0.0.0 Safari/537.36"
77.68.25.176 - - [22/Sep/2026:11:36:33 +0000] "POST /wp-cron.php?doing_wp_cron=1790076993.1240499019622802734375 HTTP/1.1" 200 5041 "-" "WordPress/7.1.1; https://sacherconsultancy.com"
216.73.217.6 - - [22/Sep/2026:11:36:32 +0000] "GET /robots.txt HTTP/1.1" 200 5199 "-" "Mozilla/5.0 AppleWebKit/537.36 (KHTML, like Gecko; compatible; ClaudeBot/1.0; +claudebot@anthropic.com)"
216.73.217.6 - - [22/Sep/2026:11:36:33 +0000] "GET /sitemap.xml HTTP/1.1" 200 5383 "-" "Mozilla/5.0 AppleWebKit/537.36 (KHTML, like Gecko; compatible; ClaudeBot/1.0; +claudebot@anthropic.com)"
77.68.25.176 - - [22/Sep/2026:11:37:28 +0000] "POST /wp-cron.php?doing_wp_cron=1790077048.5320019721984863281250 HTTP/1.1" 200 5041 "-" "WordPress/7.1.1; https://sacherconsultancy.com"
66.249.77.160 - - [22/Sep/2026:11:37:27 +0000] "GET /category/item/ewib3v6sjf64dsn.shtml HTTP/1.1" 404 121229 "-" "Mozilla/5.0 (compatible; Googlebot/2.1; +http://www.google.com/bot.html)"
87.106.171.101 - - [22/Sep/2026:11:38:03 +0000] "POST /wp-login.php HTTP/1.1" 200 16217 "https://sacherconsultancy.com/wp-login.php" "Mozilla/5.0 (Windows NT 10.0; Win64; x64) AppleWebKit/537.36 (KHTML, like Gecko) Chrome/124.0.0.0 Safari/537.36"
77.68.25.176 - - [22/Sep/2026:11:38:43 +0000] "POST /wp-cron.php?doing_wp_cron=1790077123.4082949161529541015625 HTTP/1.1" 200 5041 "-" "WordPress/7.1.1; https://sacherconsultancy.com"
216.73.217.6 - - [22/Sep/2026:11:38:42 +0000] "GET /sitemap.rss HTTP/1.1" 200 5920 "-" "Mozilla/5.0 AppleWebKit/537.36 (KHTML, like Gecko; compatible; ClaudeBot/1.0; +claudebot@anthropic.com)"
77.68.25.176 - - [22/Sep/2026:11:41:25 +0000] "POST /wp-cron.php?doing_wp_cron=1790077285.8822579383850097656250 HTTP/1.1" 200 5041 "-" "WordPress/7.1.1; https://sacherconsultancy.com"
169.62.7.24 - - [22/Sep/2026:11:41:25 +0000] "POST /wp-login.php HTTP/1.1" 200 16217 "https://sacherconsultancy.com/wp-login.php" "Mozilla/5.0 (Windows NT 10.0; Win64; x64) AppleWebKit/537.36 (KHTML, like Gecko) Chrome/124.0.0.0 Safari/537.36"
77.68.25.176 - - [22/Sep/2026:11:48:18 +0000] "POST /wp-cron.php?doing_wp_cron=1790077698.1828620433807373046875 HTTP/1.1" 200 5041 "-" "WordPress/7.1.1; https://sacherconsultancy.com"
169.62.7.24 - - [22/Sep/2026:11:48:17 +0000] "POST /wp-login.php HTTP/1.1" 200 16203 "https://sacherconsultancy.com/wp-login.php" "Mozilla/5.0 (Windows NT 10.0; Win64; x64) AppleWebKit/537.36 (KHTML, like Gecko) Chrome/124.0.0.0 Safari/537.36"
45.227.253.15 - - [22/Sep/2026:11:48:39 +0000] "GET /index.php/jk HTTP/1.1" 301 5145 "-" "Mozilla/5.0 (Windows NT 6.2; WOW64) AppleWebKit/535.24 (KHTML, like Gecko) Chrome/80.0.1055.1 Safari/535.24"
45.227.253.15 - - [22/Sep/2026:11:48:40 +0000] "GET /jk HTTP/1.1" 404 120943 "https://sacherconsultancy.com/index.php/jk" "Mozilla/5.0 (Windows NT 6.2; WOW64) AppleWebKit/535.24 (KHTML, like Gecko) Chrome/80.0.1055.1 Safari/535.24"
77.68.25.176 - - [22/Sep/2026:11:52:40 +0000] "POST /wp-cron.php?doing_wp_cron=1790077960.1948959827423095703125 HTTP/1.1" 200 5041 "-" "WordPress/7.1.1; https://sacherconsultancy.com"
169.62.7.24 - - [22/Sep/2026:11:52:39 +0000] "POST /wp-login.php HTTP/1.1" 200 16225 "https://sacherconsultancy.com/wp-login.php" "Mozilla/5.0 (Windows NT 10.0; Win64; x64) AppleWebKit/537.36 (KHTML, like Gecko) Chrome/124.0.0.0 Safari/537.36"
87.106.171.101 - - [22/Sep/2026:11:53:02 +0000] "POST /wp-login.php HTTP/1.1" 200 16197 "https://sacherconsultancy.com/wp-login.php" "Mozilla/5.0 (Windows NT 10.0; Win64; x64) AppleWebKit/537.36 (KHTML, like Gecko) Chrome/124.0.0.0 Safari/537.36"
77.68.25.176 - - [22/Sep/2026:12:01:54 +0000] "POST /wp-cron.php?doing_wp_cron=1790078514.4226210117340087890625 HTTP/1.1" 200 5041 "-" "WordPress/7.1.1; https://sacherconsultancy.com"
169.62.7.24 - - [22/Sep/2026:12:01:53 +0000] "POST /wp-login.php HTTP/1.1" 200 16225 "https://sacherconsultancy.com/wp-login.php" "Mozilla/5.0 (Windows NT 10.0; Win64; x64) AppleWebKit/537.36 (KHTML, like Gecko) Chrome/124.0.0.0 Safari/537.36"
77.68.25.176 - - [22/Sep/2026:12:02:22 +0000] "POST /wp-cron.php?doing_wp_cron=1790078542.9450271129608154296875 HTTP/1.1" 200 5041 "-" "WordPress/7.1.1; https://sacherconsultancy.com"
87.106.171.101 - - [22/Sep/2026:12:02:22 +0000] "POST /wp-login.php HTTP/1.1" 200 16213 "https://sacherconsultancy.com/wp-login.php" "Mozilla/5.0 (Windows NT 10.0; Win64; x64) AppleWebKit/537.36 (KHTML, like Gecko) Chrome/124.0.0.0 Safari/537.36"
35.201.184.105 - - [22/Sep/2026:12:02:29 +0000] "GET / HTTP/1.1" 200 25152 "-" "Mozilla/5.0 (Linux; Android 10; K) AppleWebKit/537.36 (KHTML, like Gecko) Chrome/153.0.0.0 Mobile Safari/537.36 EdgA/153.0.0.0"
35.201.184.105 - - [22/Sep/2026:12:02:31 +0000] "GET /wp-content/plugins/contact-form-7/includes/swv/js/index.js?ver=5.7.4 HTTP/1.1" 200 5053 "-" "Mozilla/5.0 (Linux; Android 10; K) AppleWebKit/537.36 (KHTML, like Gecko) Chrome/153.0.0.0 Mobile Safari/537.36 EdgA/153.0.0.0"
35.201.184.105 - - [22/Sep/2026:12:02:31 +0000] "GET /wp-includes/js/jquery/jquery-migrate.min.js?ver=3.4.1 HTTP/1.1" 200 5038 "-" "Mozilla/5.0 (Linux; Android 10; K) AppleWebKit/537.36 (KHTML, like Gecko) Chrome/153.0.0.0 Mobile Safari/537.36 EdgA/153.0.0.0"
35.201.184.105 - - [22/Sep/2026:12:02:31 +0000] "GET /wp-content/plugins/wpforms-lite/assets/js/integrations/elementor/frontend.min.js?ver=1.8.2.2 HTTP/1.1" 200 5478 "-" "Mozilla/5.0 (Linux; Android 10; K) AppleWebKit/537.36 (KHTML, like Gecko) Chrome/153.0.0.0 Mobile Safari/537.36 EdgA/153.0.0.0"
35.201.184.105 - - [22/Sep/2026:12:02:31 +0000] "GET /wp-includes/js/jquery/jquery.min.js?ver=3.7.1 HTTP/1.1" 200 5030 "-" "Mozilla/5.0 (Linux; Android 10; K) AppleWebKit/537.36 (KHTML, like Gecko) Chrome/153.0.0.0 Mobile Safari/537.36 EdgA/153.0.0.0"
35.201.184.105 - - [22/Sep/2026:12:02:30 +0000] "GET /build/manifest.json HTTP/1.1" 404 121087 "-" "Mozilla/5.0 (Linux; Android 10; K) AppleWebKit/537.36 (KHTML, like Gecko) Chrome/153.0.0.0 Mobile Safari/537.36 EdgA/153.0.0.0"
35.201.184.105 - - [22/Sep/2026:12:02:31 +0000] "GET /wp-content/plugins/contact-form-7/includes/js/index.js?ver=5.7.4 HTTP/1.1" 200 5049 "-" "Mozilla/5.0 (Linux; Android 10; K) AppleWebKit/537.36 (KHTML, like Gecko) Chrome/153.0.0.0 Mobile Safari/537.36 EdgA/153.0.0.0"
35.201.184.105 - - [22/Sep/2026:12:02:30 +0000] "GET /z9x8c7v6b5-debug-trigger-sacherconsultancy.com HTTP/1.1" 404 121483 "-" "Mozilla/5.0 (compatible; Bytespider; spider-feedback@bytedance.com) AppleWebKit/537.36"
35.201.184.105 - - [22/Sep/2026:12:02:30 +0000] "GET /.vite/manifest.json HTTP/1.1" 404 121087 "-" "Mozilla/5.0 (Linux; Android 10; K) AppleWebKit/537.36 (KHTML, like Gecko) Chrome/153.0.0.0 Mobile Safari/537.36 EdgA/153.0.0.0"
35.201.184.105 - - [22/Sep/2026:12:02:30 +0000] "POST / HTTP/1.1" 200 25152 "-" "Mozilla/5.0 AppleWebKit/537.36 (KHTML, like Gecko; compatible; Perplexity-User/1.0; +https://perplexity.ai/perplexitybot)"
35.201.184.105 - - [22/Sep/2026:12:02:30 +0000] "GET /vyleapq7jvzkul41ri1a HTTP/1.1" 404 121087 "-" "Mozilla/5.0 (compatible; KimiBot/1.0; +https://kimi.ai/)"
35.201.184.105 - - [22/Sep/2026:12:02:30 +0000] "GET /qxs05u9zy0llbyavs0js HTTP/1.1" 404 121087 "-" "Mozilla/5.0 (compatible; YouBot/1.0; +https://you.com/bot)"
35.201.184.105 - - [22/Sep/2026:12:02:30 +0000] "GET /dist/.vite/manifest.json HTTP/1.1" 404 121135 "-" "Mozilla/5.0 (Linux; Android 10; K) AppleWebKit/537.36 (KHTML, like Gecko) Chrome/153.0.0.0 Mobile Safari/537.36 EdgA/153.0.0.0"
35.201.184.105 - - [22/Sep/2026:12:02:32 +0000] "GET /wp-content/themes/earna/js/bootstrap.min.js?ver=7.1.1 HTTP/1.1" 200 5038 "-" "Mozilla/5.0 (Linux; Android 10; K) AppleWebKit/537.36 (KHTML, like Gecko) Chrome/153.0.0.0 Mobile Safari/537.36 EdgA/153.0.0.0"
35.201.184.105 - - [22/Sep/2026:12:02:32 +0000] "GET /wp-content/themes/earna/js/popper.min.js?ver=7.1.1 HTTP/1.1" 200 5035 "-" "Mozilla/5.0 (Linux; Android 10; K) AppleWebKit/537.36 (KHTML, like Gecko) Chrome/153.0.0.0 Mobile Safari/537.36 EdgA/153.0.0.0"
35.201.184.105 - - [22/Sep/2026:12:02:30 +0000] "GET /dist/manifest.json HTTP/1.1" 404 121079 "-" "Mozilla/5.0 (Linux; Android 10; K) AppleWebKit/537.36 (KHTML, like Gecko) Chrome/153.0.0.0 Mobile Safari/537.36 EdgA/153.0.0.0"
35.201.184.105 - - [22/Sep/2026:12:02:32 +0000] "GET /wp-content/themes/earna/js/jquery.appear.js?ver=7.1.1 HTTP/1.1" 200 5038 "-" "Mozilla/5.0 (Linux; Android 10; K) AppleWebKit/537.36 (KHTML, like Gecko) Chrome/153.0.0.0 Mobile Safari/537.36 EdgA/153.0.0.0"
35.201.184.105 - - [22/Sep/2026:12:02:32 +0000] "GET /wp-content/themes/earna/js/jquery.easing.min.js?ver=7.1.1 HTTP/1.1" 200 5042 "-" "Mozilla/5.0 (Linux; Android 10; K) AppleWebKit/537.36 (KHTML, like Gecko) Chrome/153.0.0.0 Mobile Safari/537.36 EdgA/153.0.0.0"
35.201.184.105 - - [22/Sep/2026:12:02:32 +0000] "GET /wp-content/themes/earna/js/owl.carousel.min.js?ver=7.1.1 HTTP/1.1" 200 5041 "-" "Mozilla/5.0 (Linux; Android 10; K) AppleWebKit/537.36 (KHTML, like Gecko) Chrome/153.0.0.0 Mobile Safari/537.36 EdgA/153.0.0.0"
35.201.184.105 - - [22/Sep/2026:12:02:32 +0000] "GET /wp-content/themes/earna/js/modernizr.custom.13711.js?ver=7.1.1 HTTP/1.1" 200 5047 "-" "Mozilla/5.0 (Linux; Android 10; K) AppleWebKit/537.36 (KHTML, like Gecko) Chrome/153.0.0.0 Mobile Safari/537.36 EdgA/153.0.0.0"
35.201.184.105 - - [22/Sep/2026:12:02:32 +0000] "GET /wp-content/themes/earna/js/jquery.magnific-popup.min.js?ver=7.1.1 HTTP/1.1" 200 5050 "-" "Mozilla/5.0 (Linux; Android 10; K) AppleWebKit/537.36 (KHTML, like Gecko) Chrome/153.0.0.0 Mobile Safari/537.36 EdgA/153.0.0.0"
35.201.184.105 - - [22/Sep/2026:12:02:32 +0000] "GET /wp-content/themes/earna/js/wow.min.js?ver=7.1.1 HTTP/1.1" 200 5032 "-" "Mozilla/5.0 (Linux; Android 10; K) AppleWebKit/537.36 (KHTML, like Gecko) Chrome/153.0.0.0 Mobile Safari/537.36 EdgA/153.0.0.0"
35.201.184.105 - - [22/Sep/2026:12:02:32 +0000] "GET /wp-content/themes/earna/js/isotope.pkgd.min.js?ver=7.1.1 HTTP/1.1" 200 5041 "-" "Mozilla/5.0 (Linux; Android 10; K) AppleWebKit/537.36 (KHTML, like Gecko) Chrome/153.0.0.0 Mobile Safari/537.36 EdgA/153.0.0.0"
35.201.184.105 - - [22/Sep/2026:12:02:32 +0000] "GET /wp-content/themes/earna/js/progress-bar.min.js?ver=7.1.1 HTTP/1.1" 200 5347 "-" "Mozilla/5.0 (Linux; Android 10; K) AppleWebKit/537.36 (KHTML, like Gecko) Chrome/153.0.0.0 Mobile Safari/537.36 EdgA/153.0.0.0"
35.201.184.105 - - [22/Sep/2026:12:02:33 +0000] "GET /wp-content/themes/earna/js/YTPlayer.min.js?ver=7.1.1 HTTP/1.1" 200 5037 "-" "Mozilla/5.0 (Linux; Android 10; K) AppleWebKit/537.36 (KHTML, like Gecko) Chrome/153.0.0.0 Mobile Safari/537.36 EdgA/153.0.0.0"
35.201.184.105 - - [22/Sep/2026:12:02:33 +0000] "GET /wp-includes/js/imagesloaded.min.js?ver=5.0.0 HTTP/1.1" 200 5029 "-" "Mozilla/5.0 (Linux; Android 10; K) AppleWebKit/537.36 (KHTML, like Gecko) Chrome/153.0.0.0 Mobile Safari/537.36 EdgA/153.0.0.0"
35.201.184.105 - - [22/Sep/2026:12:02:33 +0000] "GET /wp-content/themes/earna/js/count-to.js?ver=7.1.1 HTTP/1.1" 200 5033 "-" "Mozilla/5.0 (Linux; Android 10; K) AppleWebKit/537.36 (KHTML, like Gecko) Chrome/153.0.0.0 Mobile Safari/537.36 EdgA/153.0.0.0"
35.201.184.105 - - [22/Sep/2026:12:02:33 +0000] "GET /wp-content/themes/earna/js/color.js?ver=7.1.1 HTTP/1.1" 200 5030 "-" "Mozilla/5.0 (Linux; Android 10; K) AppleWebKit/537.36 (KHTML, like Gecko) Chrome/153.0.0.0 Mobile Safari/537.36 EdgA/153.0.0.0"
35.201.184.105 - - [22/Sep/2026:12:02:33 +0000] "GET /wp-content/themes/earna/js/bootsnav.js?ver=7.1.1 HTTP/1.1" 200 5033 "-" "Mozilla/5.0 (Linux; Android 10; K) AppleWebKit/537.36 (KHTML, like Gecko) Chrome/153.0.0.0 Mobile Safari/537.36 EdgA/153.0.0.0"
35.201.184.105 - - [22/Sep/2026:12:02:33 +0000] "GET /wp-includes/js/jquery/ui/core.min.js?ver=1.14.2 HTTP/1.1" 200 5031 "-" "Mozilla/5.0 (Linux; Android 10; K) AppleWebKit/537.36 (KHTML, like Gecko) Chrome/153.0.0.0 Mobile Safari/537.36 EdgA/153.0.0.0"
35.201.184.105 - - [22/Sep/2026:12:02:33 +0000] "GET /wp-content/plugins/elementor/assets/js/webpack.runtime.min.js?ver=3.10.0 HTTP/1.1" 200 5056 "-" "Mozilla/5.0 (Linux; Android 10; K) AppleWebKit/537.36 (KHTML, like Gecko) Chrome/153.0.0.0 Mobile Safari/537.36 EdgA/153.0.0.0"
35.201.184.105 - - [22/Sep/2026:12:02:33 +0000] "GET /wp-content/plugins/elementor/assets/js/frontend-modules.min.js?ver=3.10.0 HTTP/1.1" 200 5057 "-" "Mozilla/5.0 (Linux; Android 10; K) AppleWebKit/537.36 (KHTML, like Gecko) Chrome/153.0.0.0 Mobile Safari/537.36 EdgA/153.0.0.0"
35.201.184.105 - - [22/Sep/2026:12:02:33 +0000] "GET /wp-content/plugins/elementor/assets/js/frontend.min.js?ver=3.10.0 HTTP/1.1" 200 5049 "-" "Mozilla/5.0 (Linux; Android 10; K) AppleWebKit/537.36 (KHTML, like Gecko) Chrome/153.0.0.0 Mobile Safari/537.36 EdgA/153.0.0.0"
35.201.184.105 - - [22/Sep/2026:12:02:33 +0000] "GET /wp-content/plugins/elementor/assets/lib/waypoints/waypoints.min.js?ver=4.0.2 HTTP/1.1" 200 5061 "-" "Mozilla/5.0 (Linux; Android 10; K) AppleWebKit/537.36 (KHTML, like Gecko) Chrome/153.0.0.0 Mobile Safari/537.36 EdgA/153.0.0.0"
35.201.184.105 - - [22/Sep/2026:12:02:32 +0000] "POST /graphql HTTP/1.1" 404 120983 "https://sacherconsultancy.com" "Mozilla/5.0 (Linux; Android 10; K) AppleWebKit/537.36 (KHTML, like Gecko) Chrome/153.0.0.0 Mobile Safari/537.36 EdgA/153.0.0.0"
35.201.184.105 - - [22/Sep/2026:12:02:33 +0000] "GET /wp-content/themes/earna/js/main.js?ver=7.1.1 HTTP/1.1" 200 5029 "-" "Mozilla/5.0 (Linux; Android 10; K) AppleWebKit/537.36 (KHTML, like Gecko) Chrome/153.0.0.0 Mobile Safari/537.36 EdgA/153.0.0.0"
35.201.184.105 - - [22/Sep/2026:12:02:33 +0000] "GET /wp-content/themes/earna/js/circle-progress.js?ver=7.1.1 HTTP/1.1" 200 5040 "-" "Mozilla/5.0 (Linux; Android 10; K) AppleWebKit/537.36 (KHTML, like Gecko) Chrome/153.0.0.0 Mobile Safari/537.36 EdgA/153.0.0.0"
35.201.184.105 - - [22/Sep/2026:12:02:33 +0000] "GET /wp-includes/js/underscore.min.js?ver=1.13.8 HTTP/1.1" 200 5027 "-" "Mozilla/5.0 (Linux; Android 10; K) AppleWebKit/537.36 (KHTML, like Gecko) Chrome/153.0.0.0 Mobile Safari/537.36 EdgA/153.0.0.0"
35.201.184.105 - - [22/Sep/2026:12:02:33 +0000] "GET /wp-includes/js/wp-util.min.js?ver=7.1.1 HTTP/1.1" 200 5024 "-" "Mozilla/5.0 (Linux; Android 10; K) AppleWebKit/537.36 (KHTML, like Gecko) Chrome/153.0.0.0 Mobile Safari/537.36 EdgA/153.0.0.0"
35.201.184.105 - - [22/Sep/2026:12:02:33 +0000] "GET /wp-json HTTP/1.1" 200 244844 "-" "Mozilla/5.0 (compatible; MoonshotBot/1.0; +https://kimi.ai/)"
35.201.184.105 - - [22/Sep/2026:12:02:33 +0000] "POST /api/graphql HTTP/1.1" 404 121211 "https://sacherconsultancy.com" "Mozilla/5.0 (Linux; Android 10; K) AppleWebKit/537.36 (KHTML, like Gecko) Chrome/153.0.0.0 Mobile Safari/537.36 EdgA/153.0.0.0"
35.201.184.105 - - [22/Sep/2026:12:02:33 +0000] "GET /.env.prod HTTP/1.1" 404 120999 "-" "Mozilla/5.0 (compatible; Baiduspider/2.0; +http://www.baidu.com/search/spider.html)"
35.201.184.105 - - [22/Sep/2026:12:02:33 +0000] "GET /.env.save HTTP/1.1" 404 121187 "-" "Mozilla/5.0 (compatible; Baiduspider/2.0; +http://www.baidu.com/search/spider.html)"
35.201.184.105 - - [22/Sep/2026:12:02:33 +0000] "GET /rclone.conf HTTP/1.1" 404 121015 "-" "Mozilla/5.0 (compatible; DeepSeekBot/1.0; +https://www.deepseek.com/)"
35.201.184.105 - - [22/Sep/2026:12:02:33 +0000] "GET /api/.env HTTP/1.1" 404 120999 "-" "Mozilla/5.0 (compatible; Baiduspider/2.0; +http://www.baidu.com/search/spider.html)"
35.201.184.105 - - [22/Sep/2026:12:02:33 +0000] "GET /.env.old HTTP/1.1" 404 120991 "-" "CCBot/2.0 (https://commoncrawl.org/faq/)"
35.201.184.105 - - [22/Sep/2026:12:02:34 +0000] "GET /about-us/ HTTP/1.1" 200 25500 "-" "Mozilla/5.0 (Linux; Android 10; K) AppleWebKit/537.36 (KHTML, like Gecko) Chrome/153.0.0.0 Mobile Safari/537.36 EdgA/153.0.0.0"
35.201.184.105 - - [22/Sep/2026:12:02:35 +0000] "POST /v1/graphql HTTP/1.1" 404 121203 "https://sacherconsultancy.com" "Mozilla/5.0 (Linux; Android 10; K) AppleWebKit/537.36 (KHTML, like Gecko) Chrome/153.0.0.0 Mobile Safari/537.36 EdgA/153.0.0.0"
35.201.184.105 - - [22/Sep/2026:12:02:35 +0000] "GET /admin/.env HTTP/1.1" 404 121015 "-" "Mozilla/5.0 (Macintosh; Intel Mac OS X 10_15_7) AppleWebKit/605.1.15 (KHTML, like Gecko) Version/17.0 Safari/605.1.15 (Applebot/0.1)"
35.201.184.105 - - [22/Sep/2026:12:02:35 +0000] "GET /backend/.env HTTP/1.1" 404 121031 "-" "Mozilla/5.0 (compatible; YiBot/1.0; +https://01.ai/)"
35.201.184.105 - - [22/Sep/2026:12:02:35 +0000] "GET /server/.env HTTP/1.1" 404 121023 "-" "Mozilla/5.0 AppleWebKit/537.36 (KHTML, like Gecko; compatible; Perplexity-User/1.0; +https://perplexity.ai/perplexitybot)"
35.201.184.105 - - [22/Sep/2026:12:02:36 +0000] "GET /src/.env HTTP/1.1" 404 120999 "-" "Mozilla/5.0 AppleWebKit/537.36 (KHTML, like Gecko; compatible; PerplexityBot/1.0; +https://perplexity.ai/perplexitybot)"
35.201.184.105 - - [22/Sep/2026:12:02:36 +0000] "GET /app/.env HTTP/1.1" 404 121187 "-" "Mozilla/5.0 AppleWebKit/537.36 (KHTML, like Gecko; compatible; Claude-SearchBot/1.0; +claudebot@anthropic.com)"
35.201.184.105 - - [22/Sep/2026:12:02:36 +0000] "GET /config/.env HTTP/1.1" 404 121211 "-" "Mozilla/5.0 (compatible; PanguBot/1.0; +https://www.huaweicloud.com/)"
35.201.184.105 - - [22/Sep/2026:12:02:36 +0000] "GET /public/.env HTTP/1.1" 404 121211 "-" "Mozilla/5.0 (compatible; DeepSeekBot/1.0; +https://www.deepseek.com/)"
35.201.184.105 - - [22/Sep/2026:12:02:36 +0000] "GET /services/ HTTP/1.1" 200 25608 "-" "Mozilla/5.0 (Linux; Android 10; K) AppleWebKit/537.36 (KHTML, like Gecko) Chrome/153.0.0.0 Mobile Safari/537.36 EdgA/153.0.0.0"
35.201.184.105 - - [22/Sep/2026:12:02:37 +0000] "GET /web/.env HTTP/1.1" 404 121187 "-" "Mozilla/5.0 (compatible; Bytespider; spider-feedback@bytedance.com) AppleWebKit/537.36"
35.201.184.105 - - [22/Sep/2026:12:02:37 +0000] "GET /frontend/.env HTTP/1.1" 404 121227 "-" "Mozilla/5.0 (compatible; Qwenbot/1.0; +https://qwen.alibaba.com/)"
35.201.184.105 - - [22/Sep/2026:12:02:37 +0000] "GET /.next/.env HTTP/1.1" 404 121015 "-" "CCBot/2.0 (https://commoncrawl.org/faq/)"
35.201.184.105 - - [22/Sep/2026:12:02:37 +0000] "GET /docker/.env HTTP/1.1" 404 121023 "-" "Mozilla/5.0 (compatible; Baiduspider/2.0; +http://www.baidu.com/search/spider.html)"
35.201.184.105 - - [22/Sep/2026:12:02:37 +0000] "GET /dist/.env HTTP/1.1" 404 121195 "-" "Mozilla/5.0 (compatible; Hunyuan/1.0; +https://hunyuan.tencent.com/)"
35.201.184.105 - - [22/Sep/2026:12:02:37 +0000] "GET /build/.env HTTP/1.1" 404 121015 "-" "Mozilla/5.0 (compatible; GrokBot/1.0; +https://x.ai/)"
35.201.184.105 - - [22/Sep/2026:12:02:37 +0000] "GET /projects/ HTTP/1.1" 200 25588 "-" "Mozilla/5.0 (Linux; Android 10; K) AppleWebKit/537.36 (KHTML, like Gecko) Chrome/153.0.0.0 Mobile Safari/537.36 EdgA/153.0.0.0"
35.201.184.105 - - [22/Sep/2026:12:02:38 +0000] "GET /core/.env HTTP/1.1" 404 121195 "-" "Mozilla/5.0 (compatible; xAI-Grok/1.0; +https://x.ai/)"
35.201.184.105 - - [22/Sep/2026:12:02:38 +0000] "GET /.aws/credentials HTTP/1.1" 404 121063 "-" "Mozilla/5.0 (Macintosh; Intel Mac OS X 10_15_7) AppleWebKit/605.1.15 (KHTML, like Gecko) Version/17.0 Safari/605.1.15 (Applebot/0.1)"
35.201.184.105 - - [22/Sep/2026:12:02:38 +0000] "GET /.git/HEAD HTTP/1.1" 404 121007 "-" "Mozilla/5.0 (compatible; Googlebot/2.1; +http://www.google.com/bot.html)"
35.201.184.105 - - [22/Sep/2026:12:02:38 +0000] "GET /.aws/config HTTP/1.1" 404 121211 "-" "CCBot/2.0 (https://commoncrawl.org/faq/)"
35.201.184.105 - - [22/Sep/2026:12:02:39 +0000] "GET /wp-content/themes/earna/js/Chart.min.js HTTP/1.1" 200 5034 "-" "Mozilla/5.0 (Linux; Android 10; K) AppleWebKit/537.36 (KHTML, like Gecko) Chrome/153.0.0.0 Mobile Safari/537.36 EdgA/153.0.0.0"
35.201.184.105 - - [22/Sep/2026:12:02:39 +0000] "GET /wp-content/themes/earna/js/custom-chart.js HTTP/1.1" 200 5037 "-" "Mozilla/5.0 (Linux; Android 10; K) AppleWebKit/537.36 (KHTML, like Gecko) Chrome/153.0.0.0 Mobile Safari/537.36 EdgA/153.0.0.0"
35.201.184.105 - - [22/Sep/2026:12:02:38 +0000] "GET /.git-credentials HTTP/1.1" 404 121055 "-" "Mozilla/5.0 (compatible; KimiBot/1.0; +https://kimi.ai/)"
35.201.184.105 - - [22/Sep/2026:12:02:38 +0000] "GET /.git/config HTTP/1.1" 404 121211 "-" "Mozilla/5.0 (compatible; YouBot/1.0; +https://you.com/bot)"
35.201.184.105 - - [22/Sep/2026:12:02:39 +0000] "GET /secrets.json HTTP/1.1" 404 121023 "-" "Mozilla/5.0 (compatible; YouBot/1.0; +https://you.com/bot)"
35.201.184.105 - - [22/Sep/2026:12:02:40 +0000] "GET /key.json HTTP/1.1" 404 120991 "-" "Mozilla/5.0 (compatible; Qwenbot/1.0; +https://qwen.alibaba.com/)"
35.201.184.105 - - [22/Sep/2026:12:02:40 +0000] "GET /service-account.json HTTP/1.1" 404 121087 "-" "Mozilla/5.0 (compatible; Googlebot/2.1; +http://www.google.com/bot.html)"
35.201.184.105 - - [22/Sep/2026:12:02:40 +0000] "GET /secrets.env HTTP/1.1" 404 121015 "-" "Mozilla/5.0 AppleWebKit/537.36 (KHTML, like Gecko; compatible; Claude-SearchBot/1.0; +claudebot@anthropic.com)"
35.201.184.105 - - [22/Sep/2026:12:02:40 +0000] "GET /secrets.yml HTTP/1.1" 404 121015 "-" "Mozilla/5.0 AppleWebKit/537.36 (KHTML, like Gecko; compatible; Perplexity-User/1.0; +https://perplexity.ai/perplexitybot)"
35.201.184.105 - - [22/Sep/2026:12:02:40 +0000] "GET /credentials.json HTTP/1.1" 404 121055 "-" "Mozilla/5.0 AppleWebKit/537.36 (KHTML, like Gecko); compatible; ChatGPT-User/1.0; +https://openai.com/bot"
