| Server IP : 77.68.25.176 / Your IP : 216.73.216.147 Web Server : Apache System : Linux plesk 4.15.0-159-generic #167-Ubuntu SMP Tue Sep 21 08:55:05 UTC 2021 x86_64 User : dwp ( 10001) PHP Version : 7.4.33 Disable Function : opcache_get_status MySQL : OFF | cURL : ON | WGET : OFF | Perl : OFF | Python : OFF | Sudo : OFF | Pkexec : OFF Directory : /var/www/vhosts/dazzlingwebplanet.co.uk/logs/sacherconsultancy.com/ |
Upload File : |
82.137.244.176 - - [22/Sep/2026:06:38:57 +0000] "POST /xmlrpc.php HTTP/1.1" 200 5415 "-" "Mozilla/5.0 (Linux; Android 10; x86) AppleWebKit/537.36 (KHTML, like Gecko) Chrome/104.0.0.0 Safari/537.36"
77.68.25.176 - - [22/Sep/2026:06:39:12 +0000] "POST /wp-cron.php?doing_wp_cron=1790059152.4632780551910400390625 HTTP/1.1" 200 5041 "-" "WordPress/7.1.1; https://sacherconsultancy.com"
82.137.244.176 - - [22/Sep/2026:06:39:11 +0000] "POST /xmlrpc.php HTTP/1.1" 200 5415 "-" "Mozilla/5.0 (Windows NT 6.2; arm64) AppleWebKit/537.36 (KHTML, like Gecko) Safari/11.0.0.0 Safari/537.36"
82.137.244.176 - - [22/Sep/2026:06:39:25 +0000] "POST /xmlrpc.php HTTP/1.1" 200 5415 "-" "Mozilla/5.0 (Windows NT 10.0; x86) AppleWebKit/537.36 (KHTML, like Gecko) Firefox/83.0.0.0 Safari/537.36"
82.137.244.176 - - [22/Sep/2026:06:39:39 +0000] "POST /xmlrpc.php HTTP/1.1" 200 5415 "-" "Mozilla/5.0 (X11; Ubuntu; Linux x86_64; x64) AppleWebKit/537.36 (KHTML, like Gecko) Firefox/78.0.0.0 Safari/537.36"
82.137.244.176 - - [22/Sep/2026:06:39:51 +0000] "POST /xmlrpc.php HTTP/1.1" 200 5415 "-" "Mozilla/5.0 (Windows NT 6.2; x86) AppleWebKit/537.36 (KHTML, like Gecko) Firefox/84.0.0.0 Safari/537.36"
82.137.244.176 - - [22/Sep/2026:06:40:06 +0000] "POST /xmlrpc.php HTTP/1.1" 200 5415 "-" "Mozilla/5.0 (X11; Ubuntu; Linux x86_64; x86) AppleWebKit/537.36 (KHTML, like Gecko) Edge/96.0.0.0 Safari/537.36"
77.68.25.176 - - [22/Sep/2026:06:40:20 +0000] "POST /wp-cron.php?doing_wp_cron=1790059220.5650589466094970703125 HTTP/1.1" 200 5041 "-" "WordPress/7.1.1; https://sacherconsultancy.com"
82.137.244.176 - - [22/Sep/2026:06:40:20 +0000] "POST /xmlrpc.php HTTP/1.1" 200 5415 "-" "Mozilla/5.0 (X11; Ubuntu; Linux x86_64; x86) AppleWebKit/537.36 (KHTML, like Gecko) Chrome/90.0.0.0 Safari/537.36"
74.50.123.76 - - [22/Sep/2026:06:40:22 +0000] "POST /wp-login.php HTTP/1.1" 200 16217 "https://sacherconsultancy.com/wp-login.php" "Mozilla/5.0 (Windows NT 10.0; Win64; x64) AppleWebKit/537.36 (KHTML, like Gecko) Chrome/124.0.0.0 Safari/537.36"
82.137.244.176 - - [22/Sep/2026:06:40:33 +0000] "POST /xmlrpc.php HTTP/1.1" 200 5415 "-" "Mozilla/5.0 (Macintosh; Intel Mac OS X 10_15_7; x86) AppleWebKit/537.36 (KHTML, like Gecko) Firefox/99.0.0.0 Safari/537.36"
82.137.244.176 - - [22/Sep/2026:06:40:47 +0000] "POST /xmlrpc.php HTTP/1.1" 200 5415 "-" "Mozilla/5.0 (Linux; Android 10; arm64) AppleWebKit/537.36 (KHTML, like Gecko) Firefox/100.0.0.0 Safari/537.36"
82.137.244.176 - - [22/Sep/2026:06:41:00 +0000] "POST /xmlrpc.php HTTP/1.1" 200 5415 "-" "Mozilla/5.0 (Linux; Android 10; x86) AppleWebKit/537.36 (KHTML, like Gecko) Firefox/88.0.0.0 Safari/537.36"
77.68.25.176 - - [22/Sep/2026:06:41:14 +0000] "POST /wp-cron.php?doing_wp_cron=1790059274.1564218997955322265625 HTTP/1.1" 200 5041 "-" "WordPress/7.1.1; https://sacherconsultancy.com"
82.137.244.176 - - [22/Sep/2026:06:41:13 +0000] "POST /xmlrpc.php HTTP/1.1" 200 5415 "-" "Mozilla/5.0 (Windows NT 6.2; arm64) AppleWebKit/537.36 (KHTML, like Gecko) Edge/83.0.0.0 Safari/537.36"
82.137.244.176 - - [22/Sep/2026:06:41:26 +0000] "POST /xmlrpc.php HTTP/1.1" 200 5415 "-" "Mozilla/5.0 (X11; Ubuntu; Linux x86_64; x64) AppleWebKit/537.36 (KHTML, like Gecko) Opera/80.0.0.0 Safari/537.36"
82.137.244.176 - - [22/Sep/2026:06:41:40 +0000] "POST /xmlrpc.php HTTP/1.1" 200 5415 "-" "Mozilla/5.0 (Macintosh; Intel Mac OS X 10_15_7; arm64) AppleWebKit/537.36 (KHTML, like Gecko) Chrome/107.0.0.0 Safari/537.36"
82.137.244.176 - - [22/Sep/2026:06:41:53 +0000] "POST /xmlrpc.php HTTP/1.1" 200 5415 "-" "Mozilla/5.0 (Linux; Android 10; x86) AppleWebKit/537.36 (KHTML, like Gecko) Chrome/86.0.0.0 Safari/537.36"
82.137.244.176 - - [22/Sep/2026:06:42:07 +0000] "POST /xmlrpc.php HTTP/1.1" 200 5415 "-" "Mozilla/5.0 (Windows NT 10.0; arm64) AppleWebKit/537.36 (KHTML, like Gecko) Edge/100.0.0.0 Safari/537.36"
77.68.25.176 - - [22/Sep/2026:06:42:13 +0000] "POST /wp-cron.php?doing_wp_cron=1790059333.3542780876159667968750 HTTP/1.1" 200 5041 "-" "WordPress/7.1.1; https://sacherconsultancy.com"
90.162.116.66 - - [22/Sep/2026:06:42:12 +0000] "POST /wp-login.php HTTP/1.1" 200 16225 "https://sacherconsultancy.com/wp-login.php" "Mozilla/5.0 (Windows NT 10.0; Win64; x64) AppleWebKit/537.36 (KHTML, like Gecko) Chrome/124.0.0.0 Safari/537.36"
82.137.244.176 - - [22/Sep/2026:06:42:20 +0000] "POST /xmlrpc.php HTTP/1.1" 200 5415 "-" "Mozilla/5.0 (Windows NT 6.2; x86) AppleWebKit/537.36 (KHTML, like Gecko) Chrome/93.0.0.0 Safari/537.36"
82.137.244.176 - - [22/Sep/2026:06:42:33 +0000] "POST /xmlrpc.php HTTP/1.1" 200 5415 "-" "Mozilla/5.0 (Windows NT 6.2; x64) AppleWebKit/537.36 (KHTML, like Gecko) Edge/99.0.0.0 Safari/537.36"
82.137.244.176 - - [22/Sep/2026:06:42:46 +0000] "POST /xmlrpc.php HTTP/1.1" 200 5415 "-" "Mozilla/5.0 (Macintosh; Intel Mac OS X 10_15_7; x86) AppleWebKit/537.36 (KHTML, like Gecko) Safari/15.0.0.0 Safari/537.36"
82.137.244.176 - - [22/Sep/2026:06:43:00 +0000] "POST /xmlrpc.php HTTP/1.1" 200 5415 "-" "Mozilla/5.0 (Windows NT 6.3; x64) AppleWebKit/537.36 (KHTML, like Gecko) Firefox/89.0.0.0 Safari/537.36"
77.68.25.176 - - [22/Sep/2026:06:43:13 +0000] "POST /wp-cron.php?doing_wp_cron=1790059393.8424100875854492187500 HTTP/1.1" 200 5041 "-" "WordPress/7.1.1; https://sacherconsultancy.com"
82.137.244.176 - - [22/Sep/2026:06:43:13 +0000] "POST /xmlrpc.php HTTP/1.1" 200 5415 "-" "Mozilla/5.0 (Windows NT 10.0; x64) AppleWebKit/537.36 (KHTML, like Gecko) Firefox/95.0.0.0 Safari/537.36"
82.137.244.176 - - [22/Sep/2026:06:43:25 +0000] "POST /xmlrpc.php HTTP/1.1" 200 5415 "-" "Mozilla/5.0 (Macintosh; Intel Mac OS X 10_15_7; x64) AppleWebKit/537.36 (KHTML, like Gecko) Safari/12.0.0.0 Safari/537.36"
82.137.244.176 - - [22/Sep/2026:06:43:38 +0000] "POST /xmlrpc.php HTTP/1.1" 200 5415 "-" "Mozilla/5.0 (X11; Ubuntu; Linux x86_64; arm64) AppleWebKit/537.36 (KHTML, like Gecko) Firefox/75.0.0.0 Safari/537.36"
82.137.244.176 - - [22/Sep/2026:06:43:52 +0000] "POST /xmlrpc.php HTTP/1.1" 200 5415 "-" "Mozilla/5.0 (Windows NT 6.2; arm64) AppleWebKit/537.36 (KHTML, like Gecko) Safari/14.0.0.0 Safari/537.36"
82.137.244.176 - - [22/Sep/2026:06:44:05 +0000] "POST /xmlrpc.php HTTP/1.1" 200 5415 "-" "Mozilla/5.0 (Linux; Android 10; arm64) AppleWebKit/537.36 (KHTML, like Gecko) Chrome/103.0.0.0 Safari/537.36"
77.68.25.176 - - [22/Sep/2026:06:44:20 +0000] "POST /wp-cron.php?doing_wp_cron=1790059460.9146649837493896484375 HTTP/1.1" 200 5041 "-" "WordPress/7.1.1; https://sacherconsultancy.com"
82.137.244.176 - - [22/Sep/2026:06:44:20 +0000] "POST /xmlrpc.php HTTP/1.1" 200 5415 "-" "Mozilla/5.0 (X11; Ubuntu; Linux x86_64; x64) AppleWebKit/537.36 (KHTML, like Gecko) Firefox/86.0.0.0 Safari/537.36"
82.137.244.176 - - [22/Sep/2026:06:44:34 +0000] "POST /xmlrpc.php HTTP/1.1" 200 5415 "-" "Mozilla/5.0 (Windows NT 10.0; x86) AppleWebKit/537.36 (KHTML, like Gecko) Firefox/96.0.0.0 Safari/537.36"
82.137.244.176 - - [22/Sep/2026:06:44:48 +0000] "POST /xmlrpc.php HTTP/1.1" 200 5415 "-" "Mozilla/5.0 (Windows NT 6.3; arm64) AppleWebKit/537.36 (KHTML, like Gecko) Opera/75.0.0.0 Safari/537.36"
82.137.244.176 - - [22/Sep/2026:06:45:01 +0000] "POST /xmlrpc.php HTTP/1.1" 200 5415 "-" "Mozilla/5.0 (X11; Ubuntu; Linux x86_64; x64) AppleWebKit/537.36 (KHTML, like Gecko) Edge/93.0.0.0 Safari/537.36"
77.68.25.176 - - [22/Sep/2026:06:45:15 +0000] "POST /wp-cron.php?doing_wp_cron=1790059515.5843050479888916015625 HTTP/1.1" 200 5041 "-" "WordPress/7.1.1; https://sacherconsultancy.com"
82.137.244.176 - - [22/Sep/2026:06:45:15 +0000] "POST /xmlrpc.php HTTP/1.1" 200 5415 "-" "Mozilla/5.0 (X11; Ubuntu; Linux x86_64; x86) AppleWebKit/537.36 (KHTML, like Gecko) Chrome/102.0.0.0 Safari/537.36"
82.137.244.176 - - [22/Sep/2026:06:45:28 +0000] "POST /xmlrpc.php HTTP/1.1" 200 5415 "-" "Mozilla/5.0 (Macintosh; Intel Mac OS X 10_15_7; x86) AppleWebKit/537.36 (KHTML, like Gecko) Edge/89.0.0.0 Safari/537.36"
82.137.244.176 - - [22/Sep/2026:06:45:42 +0000] "POST /xmlrpc.php HTTP/1.1" 200 5415 "-" "Mozilla/5.0 (Windows NT 6.3; x64) AppleWebKit/537.36 (KHTML, like Gecko) Safari/13.0.0.0 Safari/537.36"
82.137.244.176 - - [22/Sep/2026:06:45:56 +0000] "POST /xmlrpc.php HTTP/1.1" 200 5415 "-" "Mozilla/5.0 (Windows NT 6.3; x86) AppleWebKit/537.36 (KHTML, like Gecko) Opera/63.0.0.0 Safari/537.36"
82.137.244.176 - - [22/Sep/2026:06:46:09 +0000] "POST /xmlrpc.php HTTP/1.1" 200 5415 "-" "Mozilla/5.0 (Windows NT 6.3; arm64) AppleWebKit/537.36 (KHTML, like Gecko) Opera/61.0.0.0 Safari/537.36"
77.68.25.176 - - [22/Sep/2026:06:46:22 +0000] "POST /wp-cron.php?doing_wp_cron=1790059582.1296401023864746093750 HTTP/1.1" 200 5041 "-" "WordPress/7.1.1; https://sacherconsultancy.com"
82.137.244.176 - - [22/Sep/2026:06:46:21 +0000] "POST /xmlrpc.php HTTP/1.1" 200 5415 "-" "Mozilla/5.0 (Windows NT 10.0; x64) AppleWebKit/537.36 (KHTML, like Gecko) Opera/76.0.0.0 Safari/537.36"
82.137.244.176 - - [22/Sep/2026:06:46:34 +0000] "POST /xmlrpc.php HTTP/1.1" 200 5415 "-" "Mozilla/5.0 (X11; Ubuntu; Linux x86_64; x86) AppleWebKit/537.36 (KHTML, like Gecko) Safari/11.0.0.0 Safari/537.36"
82.137.244.176 - - [22/Sep/2026:06:46:47 +0000] "POST /xmlrpc.php HTTP/1.1" 200 5415 "-" "Mozilla/5.0 (Windows NT 6.3; arm64) AppleWebKit/537.36 (KHTML, like Gecko) Edge/97.0.0.0 Safari/537.36"
82.137.244.176 - - [22/Sep/2026:06:47:00 +0000] "POST /xmlrpc.php HTTP/1.1" 200 5415 "-" "Mozilla/5.0 (Windows NT 10.0; x86) AppleWebKit/537.36 (KHTML, like Gecko) Safari/13.0.0.0 Safari/537.36"
77.68.25.176 - - [22/Sep/2026:06:47:15 +0000] "POST /wp-cron.php?doing_wp_cron=1790059635.3851060867309570312500 HTTP/1.1" 200 5041 "-" "WordPress/7.1.1; https://sacherconsultancy.com"
82.137.244.176 - - [22/Sep/2026:06:47:14 +0000] "POST /xmlrpc.php HTTP/1.1" 200 5415 "-" "Mozilla/5.0 (Windows NT 10.0; x86) AppleWebKit/537.36 (KHTML, like Gecko) Safari/10.0.0.0 Safari/537.36"
82.137.244.176 - - [22/Sep/2026:06:47:27 +0000] "POST /xmlrpc.php HTTP/1.1" 200 5415 "-" "Mozilla/5.0 (Macintosh; Intel Mac OS X 10_15_7; arm64) AppleWebKit/537.36 (KHTML, like Gecko) Chrome/92.0.0.0 Safari/537.36"
82.137.244.176 - - [22/Sep/2026:06:47:40 +0000] "POST /xmlrpc.php HTTP/1.1" 200 5415 "-" "Mozilla/5.0 (Macintosh; Intel Mac OS X 10_15_7; x64) AppleWebKit/537.36 (KHTML, like Gecko) Safari/10.0.0.0 Safari/537.36"
82.137.244.176 - - [22/Sep/2026:06:47:53 +0000] "POST /xmlrpc.php HTTP/1.1" 200 5415 "-" "Mozilla/5.0 (Windows NT 10.0; x64) AppleWebKit/537.36 (KHTML, like Gecko) Chrome/108.0.0.0 Safari/537.36"
82.137.244.176 - - [22/Sep/2026:06:48:06 +0000] "POST /xmlrpc.php HTTP/1.1" 200 5415 "-" "Mozilla/5.0 (Windows NT 6.3; x64) AppleWebKit/537.36 (KHTML, like Gecko) Firefox/89.0.0.0 Safari/537.36"
77.68.25.176 - - [22/Sep/2026:06:48:22 +0000] "POST /wp-cron.php?doing_wp_cron=1790059702.8851540088653564453125 HTTP/1.1" 200 5041 "-" "WordPress/7.1.1; https://sacherconsultancy.com"
82.137.244.176 - - [22/Sep/2026:06:48:22 +0000] "POST /xmlrpc.php HTTP/1.1" 200 5415 "-" "Mozilla/5.0 (Macintosh; Intel Mac OS X 10_15_7; arm64) AppleWebKit/537.36 (KHTML, like Gecko) Firefox/71.0.0.0 Safari/537.36"
82.137.244.176 - - [22/Sep/2026:06:48:34 +0000] "POST /xmlrpc.php HTTP/1.1" 200 5415 "-" "Mozilla/5.0 (Macintosh; Intel Mac OS X 10_15_7; arm64) AppleWebKit/537.36 (KHTML, like Gecko) Chrome/97.0.0.0 Safari/537.36"
82.137.244.176 - - [22/Sep/2026:06:48:48 +0000] "POST /xmlrpc.php HTTP/1.1" 200 5415 "-" "Mozilla/5.0 (Windows NT 6.3; x86) AppleWebKit/537.36 (KHTML, like Gecko) Chrome/83.0.0.0 Safari/537.36"
82.137.244.176 - - [22/Sep/2026:06:49:01 +0000] "POST /xmlrpc.php HTTP/1.1" 200 5415 "-" "Mozilla/5.0 (Linux; Android 10; x86) AppleWebKit/537.36 (KHTML, like Gecko) Chrome/112.0.0.0 Safari/537.36"
77.68.25.176 - - [22/Sep/2026:06:49:15 +0000] "POST /wp-cron.php?doing_wp_cron=1790059755.5680420398712158203125 HTTP/1.1" 200 5041 "-" "WordPress/7.1.1; https://sacherconsultancy.com"
82.137.244.176 - - [22/Sep/2026:06:49:15 +0000] "POST /xmlrpc.php HTTP/1.1" 200 5415 "-" "Mozilla/5.0 (Windows NT 10.0; arm64) AppleWebKit/537.36 (KHTML, like Gecko) Chrome/102.0.0.0 Safari/537.36"
82.137.244.176 - - [22/Sep/2026:06:49:28 +0000] "POST /xmlrpc.php HTTP/1.1" 200 5415 "-" "Mozilla/5.0 (X11; Ubuntu; Linux x86_64; x64) AppleWebKit/537.36 (KHTML, like Gecko) Edge/87.0.0.0 Safari/537.36"
82.137.244.176 - - [22/Sep/2026:06:49:40 +0000] "POST /xmlrpc.php HTTP/1.1" 200 5415 "-" "Mozilla/5.0 (Windows NT 10.0; x64) AppleWebKit/537.36 (KHTML, like Gecko) Firefox/70.0.0.0 Safari/537.36"
82.137.244.176 - - [22/Sep/2026:06:49:54 +0000] "POST /xmlrpc.php HTTP/1.1" 200 5415 "-" "Mozilla/5.0 (Macintosh; Intel Mac OS X 10_15_7; x64) AppleWebKit/537.36 (KHTML, like Gecko) Edge/98.0.0.0 Safari/537.36"
82.137.244.176 - - [22/Sep/2026:06:50:07 +0000] "POST /xmlrpc.php HTTP/1.1" 200 5415 "-" "Mozilla/5.0 (X11; Ubuntu; Linux x86_64; x64) AppleWebKit/537.36 (KHTML, like Gecko) Firefox/72.0.0.0 Safari/537.36"
77.68.25.176 - - [22/Sep/2026:06:50:21 +0000] "POST /wp-cron.php?doing_wp_cron=1790059821.4194369316101074218750 HTTP/1.1" 200 5041 "-" "WordPress/7.1.1; https://sacherconsultancy.com"
82.137.244.176 - - [22/Sep/2026:06:50:20 +0000] "POST /xmlrpc.php HTTP/1.1" 200 5415 "-" "Mozilla/5.0 (Windows NT 6.3; x64) AppleWebKit/537.36 (KHTML, like Gecko) Opera/79.0.0.0 Safari/537.36"
82.137.244.176 - - [22/Sep/2026:06:50:32 +0000] "POST /xmlrpc.php HTTP/1.1" 200 5415 "-" "Mozilla/5.0 (Macintosh; Intel Mac OS X 10_15_7; arm64) AppleWebKit/537.36 (KHTML, like Gecko) Edge/80.0.0.0 Safari/537.36"
82.137.244.176 - - [22/Sep/2026:06:50:46 +0000] "POST /xmlrpc.php HTTP/1.1" 200 5415 "-" "Mozilla/5.0 (Linux; Android 10; x64) AppleWebKit/537.36 (KHTML, like Gecko) Opera/74.0.0.0 Safari/537.36"
82.137.244.176 - - [22/Sep/2026:06:50:59 +0000] "POST /xmlrpc.php HTTP/1.1" 200 5415 "-" "Mozilla/5.0 (Macintosh; Intel Mac OS X 10_15_7; arm64) AppleWebKit/537.36 (KHTML, like Gecko) Safari/10.0.0.0 Safari/537.36"
77.68.25.176 - - [22/Sep/2026:06:51:14 +0000] "POST /wp-cron.php?doing_wp_cron=1790059874.7466099262237548828125 HTTP/1.1" 200 5041 "-" "WordPress/7.1.1; https://sacherconsultancy.com"
82.137.244.176 - - [22/Sep/2026:06:51:14 +0000] "POST /xmlrpc.php HTTP/1.1" 200 5415 "-" "Mozilla/5.0 (Macintosh; Intel Mac OS X 10_15_7; x64) AppleWebKit/537.36 (KHTML, like Gecko) Safari/14.0.0.0 Safari/537.36"
82.137.244.176 - - [22/Sep/2026:06:51:27 +0000] "POST /xmlrpc.php HTTP/1.1" 200 5415 "-" "Mozilla/5.0 (Windows NT 6.3; x86) AppleWebKit/537.36 (KHTML, like Gecko) Opera/74.0.0.0 Safari/537.36"
82.137.244.176 - - [22/Sep/2026:06:51:40 +0000] "POST /xmlrpc.php HTTP/1.1" 200 5415 "-" "Mozilla/5.0 (Windows NT 6.3; x86) AppleWebKit/537.36 (KHTML, like Gecko) Edge/83.0.0.0 Safari/537.36"
82.137.244.176 - - [22/Sep/2026:06:51:52 +0000] "POST /xmlrpc.php HTTP/1.1" 200 5415 "-" "Mozilla/5.0 (Windows NT 10.0; x64) AppleWebKit/537.36 (KHTML, like Gecko) Opera/71.0.0.0 Safari/537.36"
189.104.107.16 - - [22/Sep/2026:06:52:17 +0000] "GET /wp-content/uploads/2024/04/Untitled_design_3-transformed.png HTTP/1.1" 200 5042 "-" "Mozilla/5.0 (compatible; crawler)"
82.137.244.176 - - [22/Sep/2026:06:52:19 +0000] "POST /xmlrpc.php HTTP/1.1" 200 5415 "-" "Mozilla/5.0 (Windows NT 10.0; x86) AppleWebKit/537.36 (KHTML, like Gecko) Firefox/100.0.0.0 Safari/537.36"
77.68.25.176 - - [22/Sep/2026:06:52:19 +0000] "POST /wp-cron.php?doing_wp_cron=1790059939.6036820411682128906250 HTTP/1.1" 200 5041 "-" "WordPress/7.1.1; https://sacherconsultancy.com"
82.137.244.176 - - [22/Sep/2026:06:52:04 +0000] "POST /xmlrpc.php HTTP/1.1" 200 5415 "-" "Mozilla/5.0 (Macintosh; Intel Mac OS X 10_15_7; x64) AppleWebKit/537.36 (KHTML, like Gecko) Firefox/96.0.0.0 Safari/537.36"
77.68.25.176 - - [22/Sep/2026:06:56:10 +0000] "POST /wp-cron.php?doing_wp_cron=1790060170.8744649887084960937500 HTTP/1.1" 200 5041 "-" "WordPress/7.1.1; https://sacherconsultancy.com"
103.111.39.94 - - [22/Sep/2026:06:56:10 +0000] "POST /xmlrpc.php HTTP/1.1" 200 5415 "-" "Jetpack by WordPress.com"
77.68.25.176 - - [22/Sep/2026:06:56:20 +0000] "POST /wp-cron.php?doing_wp_cron=1790060180.6115589141845703125000 HTTP/1.1" 200 5041 "-" "WordPress/7.1.1; https://sacherconsultancy.com"
103.111.39.94 - - [22/Sep/2026:06:56:20 +0000] "POST /xmlrpc.php HTTP/1.1" 200 5415 "-" "WordPress.com; https://wordpress.com"
103.111.39.94 - - [22/Sep/2026:06:56:30 +0000] "POST /xmlrpc.php HTTP/1.1" 200 5415 "-" "Jetpack by WordPress.com (Jetpack 12.5; WordPress 6.4)"
103.111.39.94 - - [22/Sep/2026:06:56:41 +0000] "POST /xmlrpc.php HTTP/1.1" 200 5415 "-" "Jetpack by WordPress.com (Jetpack 12.1; WordPress 6.4)"
103.111.39.94 - - [22/Sep/2026:06:56:52 +0000] "POST /xmlrpc.php HTTP/1.1" 200 5415 "-" "Jetpack by WordPress.com (Jetpack 12.1; WordPress 6.1)"
103.111.39.94 - - [22/Sep/2026:06:57:03 +0000] "POST /xmlrpc.php HTTP/1.1" 200 5415 "-" "Jetpack/13.0; WordPress/6.2; http://site97601268.com"
77.68.25.176 - - [22/Sep/2026:06:57:14 +0000] "POST /wp-cron.php?doing_wp_cron=1790060234.1775510311126708984375 HTTP/1.1" 200 5041 "-" "WordPress/7.1.1; https://sacherconsultancy.com"
103.111.39.94 - - [22/Sep/2026:06:57:13 +0000] "POST /xmlrpc.php HTTP/1.1" 200 5415 "-" "Jetpack by WordPress.com"
103.111.39.94 - - [22/Sep/2026:06:57:24 +0000] "POST /xmlrpc.php HTTP/1.1" 200 5415 "-" "Jetpack by WordPress.com (Jetpack 12.1; WordPress 6.3)"
103.111.39.94 - - [22/Sep/2026:06:57:35 +0000] "POST /xmlrpc.php HTTP/1.1" 200 5415 "-" "Jetpack/12.5; WordPress/6.2; http://site94054008.com"
103.111.39.94 - - [22/Sep/2026:06:57:45 +0000] "POST /xmlrpc.php HTTP/1.1" 200 5415 "-" "Jetpack by WordPress.com (Jetpack 13.0; WordPress 6.4)"
103.111.39.94 - - [22/Sep/2026:06:57:56 +0000] "POST /xmlrpc.php HTTP/1.1" 200 5415 "-" "WordPress.com; https://wordpress.com"
66.249.77.162 - - [22/Sep/2026:06:58:02 +0000] "GET /category/item/eiwd5lkql5k65i1.shtml HTTP/1.1" 404 121229 "-" "Mozilla/5.0 (Linux; Android 6.0.1; Nexus 5X Build/MMB29P) AppleWebKit/537.36 (KHTML, like Gecko) Chrome/153.0.8010.52 Mobile Safari/537.36 (compatible; Googlebot/2.1; +http://www.google.com/bot.html)"
103.111.39.94 - - [22/Sep/2026:06:58:07 +0000] "POST /xmlrpc.php HTTP/1.1" 200 5415 "-" "Jetpack by WordPress.com"
77.68.25.176 - - [22/Sep/2026:06:58:17 +0000] "POST /wp-cron.php?doing_wp_cron=1790060297.9633679389953613281250 HTTP/1.1" 200 5041 "-" "WordPress/7.1.1; https://sacherconsultancy.com"
103.111.39.94 - - [22/Sep/2026:06:58:17 +0000] "POST /xmlrpc.php HTTP/1.1" 200 5415 "-" "Jetpack by WordPress.com"
103.111.39.94 - - [22/Sep/2026:06:58:28 +0000] "POST /xmlrpc.php HTTP/1.1" 200 5415 "-" "Jetpack by WordPress.com (Jetpack 13.0; WordPress 6.2)"
103.111.39.94 - - [22/Sep/2026:06:58:38 +0000] "POST /xmlrpc.php HTTP/1.1" 200 5415 "-" "Jetpack by WordPress.com (Jetpack 12.1; WordPress 6.2)"
103.111.39.94 - - [22/Sep/2026:06:58:49 +0000] "POST /xmlrpc.php HTTP/1.1" 200 5415 "-" "Jetpack by WordPress.com"
103.111.39.94 - - [22/Sep/2026:06:59:00 +0000] "POST /xmlrpc.php HTTP/1.1" 200 5415 "-" "Jetpack by WordPress.com (Jetpack 12.5; WordPress 6.2)"
103.111.39.94 - - [22/Sep/2026:06:59:10 +0000] "POST /xmlrpc.php HTTP/1.1" 200 5415 "-" "WordPress.com; https://wordpress.com"
77.68.25.176 - - [22/Sep/2026:06:59:21 +0000] "POST /wp-cron.php?doing_wp_cron=1790060361.8943219184875488281250 HTTP/1.1" 200 5041 "-" "WordPress/7.1.1; https://sacherconsultancy.com"
103.111.39.94 - - [22/Sep/2026:06:59:21 +0000] "POST /xmlrpc.php HTTP/1.1" 200 5415 "-" "Jetpack by WordPress.com (Jetpack 12.5; WordPress 6.1)"
103.111.39.94 - - [22/Sep/2026:06:59:32 +0000] "POST /xmlrpc.php HTTP/1.1" 200 5415 "-" "WordPress.com; https://wordpress.com"
103.111.39.94 - - [22/Sep/2026:06:59:42 +0000] "POST /xmlrpc.php HTTP/1.1" 200 5415 "-" "Jetpack by WordPress.com (Jetpack 13.0; WordPress 6.2)"
103.111.39.94 - - [22/Sep/2026:06:59:53 +0000] "POST /xmlrpc.php HTTP/1.1" 200 5415 "-" "WordPress.com; https://wordpress.com"
103.111.39.94 - - [22/Sep/2026:07:00:03 +0000] "POST /xmlrpc.php HTTP/1.1" 200 5415 "-" "Jetpack/12.0; WordPress/6.4; http://site67120015.com"
77.68.25.176 - - [22/Sep/2026:07:00:14 +0000] "POST /wp-cron.php?doing_wp_cron=1790060414.8146679401397705078125 HTTP/1.1" 200 5041 "-" "WordPress/7.1.1; https://sacherconsultancy.com"
103.111.39.94 - - [22/Sep/2026:07:00:14 +0000] "POST /xmlrpc.php HTTP/1.1" 200 5415 "-" "Jetpack/12.1; WordPress/6.2; http://site33998879.com"
103.111.39.94 - - [22/Sep/2026:07:00:24 +0000] "POST /xmlrpc.php HTTP/1.1" 200 5415 "-" "Jetpack by WordPress.com"
103.111.39.94 - - [22/Sep/2026:07:00:35 +0000] "POST /xmlrpc.php HTTP/1.1" 200 5415 "-" "WordPress.com; https://wordpress.com"
103.111.39.94 - - [22/Sep/2026:07:00:46 +0000] "POST /xmlrpc.php HTTP/1.1" 200 5415 "-" "Jetpack by WordPress.com (Jetpack 12.1; WordPress 6.3)"
103.111.39.94 - - [22/Sep/2026:07:00:56 +0000] "POST /xmlrpc.php HTTP/1.1" 200 5415 "-" "Jetpack by WordPress.com"
103.111.39.94 - - [22/Sep/2026:07:01:07 +0000] "POST /xmlrpc.php HTTP/1.1" 200 5415 "-" "Jetpack by WordPress.com (Jetpack 13.0; WordPress 6.1)"
77.68.25.176 - - [22/Sep/2026:07:01:18 +0000] "POST /wp-cron.php?doing_wp_cron=1790060478.2753241062164306640625 HTTP/1.1" 200 5041 "-" "WordPress/7.1.1; https://sacherconsultancy.com"
103.111.39.94 - - [22/Sep/2026:07:01:17 +0000] "POST /xmlrpc.php HTTP/1.1" 200 5415 "-" "WordPress.com; https://wordpress.com"
103.111.39.94 - - [22/Sep/2026:07:01:28 +0000] "POST /xmlrpc.php HTTP/1.1" 200 5415 "-" "Jetpack by WordPress.com (Jetpack 12.1; WordPress 6.3)"
103.111.39.94 - - [22/Sep/2026:07:01:39 +0000] "POST /xmlrpc.php HTTP/1.1" 200 5415 "-" "Jetpack by WordPress.com (Jetpack 12.0; WordPress 6.4)"
103.111.39.94 - - [22/Sep/2026:07:01:49 +0000] "POST /xmlrpc.php HTTP/1.1" 200 5415 "-" "Jetpack by WordPress.com (Jetpack 12.5; WordPress 6.3)"
51.89.83.60 - - [22/Sep/2026:07:01:56 +0000] "GET /sitemap.rss HTTP/1.1" 200 5922 "-" "Mozilla/5.0 (compatible; AhrefsBot/7.0; +http://ahrefs.com/robot/)"
103.111.39.94 - - [22/Sep/2026:07:02:00 +0000] "POST /xmlrpc.php HTTP/1.1" 200 5415 "-" "WordPress.com; https://wordpress.com"
103.111.39.94 - - [22/Sep/2026:07:02:10 +0000] "POST /xmlrpc.php HTTP/1.1" 200 5415 "-" "Jetpack/12.1; WordPress/6.2; http://site92503214.com"
77.68.25.176 - - [22/Sep/2026:07:02:21 +0000] "POST /wp-cron.php?doing_wp_cron=1790060541.8970050811767578125000 HTTP/1.1" 200 5041 "-" "WordPress/7.1.1; https://sacherconsultancy.com"
103.111.39.94 - - [22/Sep/2026:07:02:21 +0000] "POST /xmlrpc.php HTTP/1.1" 200 5415 "-" "Jetpack by WordPress.com (Jetpack 12.0; WordPress 6.1)"
103.111.39.94 - - [22/Sep/2026:07:02:32 +0000] "POST /xmlrpc.php HTTP/1.1" 200 5415 "-" "Jetpack by WordPress.com"
87.106.171.101 - - [22/Sep/2026:07:02:41 +0000] "POST /wp-login.php HTTP/1.1" 200 16225 "https://sacherconsultancy.com/wp-login.php" "Mozilla/5.0 (Windows NT 10.0; Win64; x64) AppleWebKit/537.36 (KHTML, like Gecko) Chrome/124.0.0.0 Safari/537.36"
103.111.39.94 - - [22/Sep/2026:07:02:42 +0000] "POST /xmlrpc.php HTTP/1.1" 200 5415 "-" "WordPress.com; https://wordpress.com"
103.111.39.94 - - [22/Sep/2026:07:02:53 +0000] "POST /xmlrpc.php HTTP/1.1" 200 5415 "-" "WordPress.com; https://wordpress.com"
103.111.39.94 - - [22/Sep/2026:07:03:04 +0000] "POST /xmlrpc.php HTTP/1.1" 200 5415 "-" "Jetpack by WordPress.com (Jetpack 12.1; WordPress 6.3)"
77.68.25.176 - - [22/Sep/2026:07:03:15 +0000] "POST /wp-cron.php?doing_wp_cron=1790060595.1021339893341064453125 HTTP/1.1" 200 5041 "-" "WordPress/7.1.1; https://sacherconsultancy.com"
103.111.39.94 - - [22/Sep/2026:07:03:14 +0000] "POST /xmlrpc.php HTTP/1.1" 200 5415 "-" "Jetpack by WordPress.com"
103.111.39.94 - - [22/Sep/2026:07:03:25 +0000] "POST /xmlrpc.php HTTP/1.1" 200 5415 "-" "WordPress.com; https://wordpress.com"
103.111.39.94 - - [22/Sep/2026:07:03:35 +0000] "POST /xmlrpc.php HTTP/1.1" 200 5415 "-" "WordPress.com; https://wordpress.com"
103.111.39.94 - - [22/Sep/2026:07:03:46 +0000] "POST /xmlrpc.php HTTP/1.1" 200 5415 "-" "Jetpack/13.0; WordPress/6.3; http://site82571005.com"
147.5.127.200 - - [22/Sep/2026:07:03:56 +0000] "POST /wp-login.php HTTP/1.1" 200 8586 "https://sacherconsultancy.com/wp-login.php" "Mozilla/5.0 (Windows NT 10.0; Win64; x64) AppleWebKit/537.36 (KHTML, like Gecko) Chrome/124.0.0.0 Safari/537.36"
103.111.39.94 - - [22/Sep/2026:07:03:57 +0000] "POST /xmlrpc.php HTTP/1.1" 200 5415 "-" "Jetpack by WordPress.com"
103.111.39.94 - - [22/Sep/2026:07:04:07 +0000] "POST /xmlrpc.php HTTP/1.1" 200 5415 "-" "Jetpack/12.0; WordPress/6.3; http://site32813377.com"
77.68.25.176 - - [22/Sep/2026:07:04:18 +0000] "POST /wp-cron.php?doing_wp_cron=1790060658.7347440719604492187500 HTTP/1.1" 200 5041 "-" "WordPress/7.1.1; https://sacherconsultancy.com"
103.111.39.94 - - [22/Sep/2026:07:04:18 +0000] "POST /xmlrpc.php HTTP/1.1" 200 5415 "-" "Jetpack/12.5; WordPress/6.3; http://site41008859.com"
122.14.224.88 - - [22/Sep/2026:07:04:20 +0000] "GET / HTTP/1.1" 200 25152 "-" "Mozilla/5.0 (Linux; Android 5.0) AppleWebKit/537.36 (KHTML, like Gecko) Mobile Safari/537.36 (compatible; Bytespider; https://zhanzhang.toutiao.com/)"
122.14.224.88 - - [22/Sep/2026:07:04:22 +0000] "GET /wp-content/plugins/contact-form-7/includes/css/styles.css?ver=5.7.4 HTTP/1.1" 200 5038 "https://sacherconsultancy.com/" "Mozilla/5.0 (Linux; Android 5.0) AppleWebKit/537.36 (KHTML, like Gecko) Mobile Safari/537.36 (compatible; Bytespider; https://zhanzhang.toutiao.com/)"
122.14.224.88 - - [22/Sep/2026:07:04:22 +0000] "GET /wp-content/themes/earna/css/font-awesome.min.css?ver=7.1.1 HTTP/1.1" 200 5029 "https://sacherconsultancy.com/" "Mozilla/5.0 (Linux; Android 5.0) AppleWebKit/537.36 (KHTML, like Gecko) Mobile Safari/537.36 (compatible; Bytespider; https://zhanzhang.toutiao.com/)"
122.14.224.88 - - [22/Sep/2026:07:04:22 +0000] "GET /wp-content/themes/earna/css/bootstrap.min.css?ver=7.1.1 HTTP/1.1" 200 5026 "https://sacherconsultancy.com/" "Mozilla/5.0 (Linux; Android 5.0) AppleWebKit/537.36 (KHTML, like Gecko) Mobile Safari/537.36 (compatible; Bytespider; https://zhanzhang.toutiao.com/)"
122.14.224.88 - - [22/Sep/2026:07:04:22 +0000] "GET /wp-content/themes/earna/css/elegant-icons.css?ver=7.1.1 HTTP/1.1" 200 5026 "https://sacherconsultancy.com/" "Mozilla/5.0 (Linux; Android 5.0) AppleWebKit/537.36 (KHTML, like Gecko) Mobile Safari/537.36 (compatible; Bytespider; https://zhanzhang.toutiao.com/)"
122.14.224.88 - - [22/Sep/2026:07:04:22 +0000] "GET /wp-content/themes/earna/css/themify-icons.css?ver=7.1.1 HTTP/1.1" 200 5026 "https://sacherconsultancy.com/" "Mozilla/5.0 (Linux; Android 5.0) AppleWebKit/537.36 (KHTML, like Gecko) Mobile Safari/537.36 (compatible; Bytespider; https://zhanzhang.toutiao.com/)"
122.14.224.88 - - [22/Sep/2026:07:04:22 +0000] "GET /wp-content/themes/earna/css/flaticon-set.css?ver=7.1.1 HTTP/1.1" 200 5025 "https://sacherconsultancy.com/" "Mozilla/5.0 (Linux; Android 5.0) AppleWebKit/537.36 (KHTML, like Gecko) Mobile Safari/537.36 (compatible; Bytespider; https://zhanzhang.toutiao.com/)"
122.14.224.88 - - [22/Sep/2026:07:04:22 +0000] "GET /wp-content/themes/earna/css/magnific-popup.css?ver=7.1.1 HTTP/1.1" 200 5027 "https://sacherconsultancy.com/" "Mozilla/5.0 (Linux; Android 5.0) AppleWebKit/537.36 (KHTML, like Gecko) Mobile Safari/537.36 (compatible; Bytespider; https://zhanzhang.toutiao.com/)"
122.14.224.88 - - [22/Sep/2026:07:04:22 +0000] "GET /wp-content/themes/earna/css/owl.theme.default.min.css?ver=7.1.1 HTTP/1.1" 200 5514 "https://sacherconsultancy.com/" "Mozilla/5.0 (Linux; Android 5.0) AppleWebKit/537.36 (KHTML, like Gecko) Mobile Safari/537.36 (compatible; Bytespider; https://zhanzhang.toutiao.com/)"
122.14.224.88 - - [22/Sep/2026:07:04:22 +0000] "GET /wp-content/themes/earna/css/owl.carousel.min.css?ver=7.1.1 HTTP/1.1" 200 5029 "https://sacherconsultancy.com/" "Mozilla/5.0 (Linux; Android 5.0) AppleWebKit/537.36 (KHTML, like Gecko) Mobile Safari/537.36 (compatible; Bytespider; https://zhanzhang.toutiao.com/)"
122.14.224.88 - - [22/Sep/2026:07:04:22 +0000] "GET /wp-content/themes/earna/css/bootsnav.css?ver=7.1.1 HTTP/1.1" 200 5021 "https://sacherconsultancy.com/" "Mozilla/5.0 (Linux; Android 5.0) AppleWebKit/537.36 (KHTML, like Gecko) Mobile Safari/537.36 (compatible; Bytespider; https://zhanzhang.toutiao.com/)"
122.14.224.88 - - [22/Sep/2026:07:04:22 +0000] "GET /wp-content/themes/earna/css/animate.css?ver=7.1.1 HTTP/1.1" 200 5020 "https://sacherconsultancy.com/" "Mozilla/5.0 (Linux; Android 5.0) AppleWebKit/537.36 (KHTML, like Gecko) Mobile Safari/537.36 (compatible; Bytespider; https://zhanzhang.toutiao.com/)"
122.14.224.88 - - [22/Sep/2026:07:04:22 +0000] "GET /wp-content/themes/earna/css/unit-test.css?ver=7.1.1 HTTP/1.1" 200 5022 "https://sacherconsultancy.com/" "Mozilla/5.0 (Linux; Android 5.0) AppleWebKit/537.36 (KHTML, like Gecko) Mobile Safari/537.36 (compatible; Bytespider; https://zhanzhang.toutiao.com/)"
122.14.224.88 - - [22/Sep/2026:07:04:22 +0000] "GET /wp-content/themes/earna/css/style.css?ver=7.1.1 HTTP/1.1" 200 5018 "https://sacherconsultancy.com/" "Mozilla/5.0 (Linux; Android 5.0) AppleWebKit/537.36 (KHTML, like Gecko) Mobile Safari/537.36 (compatible; Bytespider; https://zhanzhang.toutiao.com/)"
122.14.224.88 - - [22/Sep/2026:07:04:22 +0000] "GET /wp-content/themes/earna/css/responsive.css?ver=7.1.1 HTTP/1.1" 200 5023 "https://sacherconsultancy.com/" "Mozilla/5.0 (Linux; Android 5.0) AppleWebKit/537.36 (KHTML, like Gecko) Mobile Safari/537.36 (compatible; Bytespider; https://zhanzhang.toutiao.com/)"
122.14.224.88 - - [22/Sep/2026:07:04:22 +0000] "GET /wp-content/plugins/elementor/assets/css/frontend-lite.min.css?ver=3.10.0 HTTP/1.1" 200 5042 "https://sacherconsultancy.com/" "Mozilla/5.0 (Linux; Android 5.0) AppleWebKit/537.36 (KHTML, like Gecko) Mobile Safari/537.36 (compatible; Bytespider; https://zhanzhang.toutiao.com/)"
122.14.224.88 - - [22/Sep/2026:07:04:22 +0000] "GET /wp-includes/js/jquery/jquery-migrate.min.js?ver=3.4.1 HTTP/1.1" 200 5038 "https://sacherconsultancy.com/" "Mozilla/5.0 (Linux; Android 5.0) AppleWebKit/537.36 (KHTML, like Gecko) Mobile Safari/537.36 (compatible; Bytespider; https://zhanzhang.toutiao.com/)"
122.14.224.88 - - [22/Sep/2026:07:04:22 +0000] "GET /wp-content/uploads/2024/04/Untitled_design_3-transformed.png HTTP/1.1" 200 5042 "https://sacherconsultancy.com/" "Mozilla/5.0 (Linux; Android 5.0) AppleWebKit/537.36 (KHTML, like Gecko) Mobile Safari/537.36 (compatible; Bytespider; https://zhanzhang.toutiao.com/)"
122.14.224.88 - - [22/Sep/2026:07:04:22 +0000] "GET /wp-content/uploads/elementor/css/post-9.css?ver=1688569387 HTTP/1.1" 200 5024 "https://sacherconsultancy.com/" "Mozilla/5.0 (Linux; Android 5.0) AppleWebKit/537.36 (KHTML, like Gecko) Mobile Safari/537.36 (compatible; Bytespider; https://zhanzhang.toutiao.com/)"
122.14.224.88 - - [22/Sep/2026:07:04:22 +0000] "GET /wp-content/plugins/elementor/assets/lib/eicons/css/elementor-icons.min.css?ver=5.17.0 HTTP/1.1" 200 5055 "https://sacherconsultancy.com/" "Mozilla/5.0 (Linux; Android 5.0) AppleWebKit/537.36 (KHTML, like Gecko) Mobile Safari/537.36 (compatible; Bytespider; https://zhanzhang.toutiao.com/)"
122.14.224.88 - - [22/Sep/2026:07:04:22 +0000] "GET /wp-content/uploads/elementor/css/global.css?ver=1688569387 HTTP/1.1" 200 5024 "https://sacherconsultancy.com/" "Mozilla/5.0 (Linux; Android 5.0) AppleWebKit/537.36 (KHTML, like Gecko) Mobile Safari/537.36 (compatible; Bytespider; https://zhanzhang.toutiao.com/)"
122.14.224.88 - - [22/Sep/2026:07:04:22 +0000] "GET /wp-includes/js/jquery/jquery.min.js?ver=3.7.1 HTTP/1.1" 200 5030 "https://sacherconsultancy.com/" "Mozilla/5.0 (Linux; Android 5.0) AppleWebKit/537.36 (KHTML, like Gecko) Mobile Safari/537.36 (compatible; Bytespider; https://zhanzhang.toutiao.com/)"
122.14.224.88 - - [22/Sep/2026:07:04:22 +0000] "GET /wp-content/uploads/2023/02/2.png HTTP/1.1" 200 5014 "https://sacherconsultancy.com/" "Mozilla/5.0 (Linux; Android 5.0) AppleWebKit/537.36 (KHTML, like Gecko) Mobile Safari/537.36 (compatible; Bytespider; https://zhanzhang.toutiao.com/)"
122.14.224.88 - - [22/Sep/2026:07:04:29 +0000] "GET /wp-content/uploads/2023/02/3.png HTTP/1.1" 200 5014 "https://sacherconsultancy.com/" "Mozilla/5.0 (Linux; Android 5.0) AppleWebKit/537.36 (KHTML, like Gecko) Mobile Safari/537.36 (compatible; Bytespider; https://zhanzhang.toutiao.com/)"
122.14.224.88 - - [22/Sep/2026:07:04:29 +0000] "GET /wp-content/uploads/2023/07/High-Resolution-scaled.jpg HTTP/1.1" 200 5036 "https://sacherconsultancy.com/" "Mozilla/5.0 (Linux; Android 5.0) AppleWebKit/537.36 (KHTML, like Gecko) Mobile Safari/537.36 (compatible; Bytespider; https://zhanzhang.toutiao.com/)"
122.14.224.88 - - [22/Sep/2026:07:04:29 +0000] "GET /wp-content/plugins/contact-form-7/includes/js/index.js?ver=5.7.4 HTTP/1.1" 200 5049 "https://sacherconsultancy.com/" "Mozilla/5.0 (Linux; Android 5.0) AppleWebKit/537.36 (KHTML, like Gecko) Mobile Safari/537.36 (compatible; Bytespider; https://zhanzhang.toutiao.com/)"
122.14.224.88 - - [22/Sep/2026:07:04:29 +0000] "GET /wp-content/themes/earna/js/popper.min.js?ver=7.1.1 HTTP/1.1" 200 5035 "https://sacherconsultancy.com/" "Mozilla/5.0 (Linux; Android 5.0) AppleWebKit/537.36 (KHTML, like Gecko) Mobile Safari/537.36 (compatible; Bytespider; https://zhanzhang.toutiao.com/)"
122.14.224.88 - - [22/Sep/2026:07:04:29 +0000] "GET /wp-content/plugins/contact-form-7/includes/swv/js/index.js?ver=5.7.4 HTTP/1.1" 200 5053 "https://sacherconsultancy.com/" "Mozilla/5.0 (Linux; Android 5.0) AppleWebKit/537.36 (KHTML, like Gecko) Mobile Safari/537.36 (compatible; Bytespider; https://zhanzhang.toutiao.com/)"
122.14.224.88 - - [22/Sep/2026:07:04:29 +0000] "GET /wp-content/themes/earna/js/bootstrap.min.js?ver=7.1.1 HTTP/1.1" 200 5038 "https://sacherconsultancy.com/" "Mozilla/5.0 (Linux; Android 5.0) AppleWebKit/537.36 (KHTML, like Gecko) Mobile Safari/537.36 (compatible; Bytespider; https://zhanzhang.toutiao.com/)"
122.14.224.88 - - [22/Sep/2026:07:04:29 +0000] "GET /wp-content/themes/earna/js/jquery.appear.js?ver=7.1.1 HTTP/1.1" 200 5038 "https://sacherconsultancy.com/" "Mozilla/5.0 (Linux; Android 5.0) AppleWebKit/537.36 (KHTML, like Gecko) Mobile Safari/537.36 (compatible; Bytespider; https://zhanzhang.toutiao.com/)"
122.14.224.88 - - [22/Sep/2026:07:04:29 +0000] "GET /wp-content/themes/earna/js/jquery.magnific-popup.min.js?ver=7.1.1 HTTP/1.1" 200 5050 "https://sacherconsultancy.com/" "Mozilla/5.0 (Linux; Android 5.0) AppleWebKit/537.36 (KHTML, like Gecko) Mobile Safari/537.36 (compatible; Bytespider; https://zhanzhang.toutiao.com/)"
122.14.224.88 - - [22/Sep/2026:07:04:29 +0000] "GET /wp-content/themes/earna/js/jquery.easing.min.js?ver=7.1.1 HTTP/1.1" 200 5042 "https://sacherconsultancy.com/" "Mozilla/5.0 (Linux; Android 5.0) AppleWebKit/537.36 (KHTML, like Gecko) Mobile Safari/537.36 (compatible; Bytespider; https://zhanzhang.toutiao.com/)"
122.14.224.88 - - [22/Sep/2026:07:04:29 +0000] "GET /wp-content/themes/earna/js/owl.carousel.min.js?ver=7.1.1 HTTP/1.1" 200 5041 "https://sacherconsultancy.com/" "Mozilla/5.0 (Linux; Android 5.0) AppleWebKit/537.36 (KHTML, like Gecko) Mobile Safari/537.36 (compatible; Bytespider; https://zhanzhang.toutiao.com/)"
122.14.224.88 - - [22/Sep/2026:07:04:29 +0000] "GET /wp-content/themes/earna/js/modernizr.custom.13711.js?ver=7.1.1 HTTP/1.1" 200 5047 "https://sacherconsultancy.com/" "Mozilla/5.0 (Linux; Android 5.0) AppleWebKit/537.36 (KHTML, like Gecko) Mobile Safari/537.36 (compatible; Bytespider; https://zhanzhang.toutiao.com/)"
122.14.224.88 - - [22/Sep/2026:07:04:29 +0000] "GET /wp-content/themes/earna/js/wow.min.js?ver=7.1.1 HTTP/1.1" 200 5032 "https://sacherconsultancy.com/" "Mozilla/5.0 (Linux; Android 5.0) AppleWebKit/537.36 (KHTML, like Gecko) Mobile Safari/537.36 (compatible; Bytespider; https://zhanzhang.toutiao.com/)"
122.14.224.88 - - [22/Sep/2026:07:04:29 +0000] "GET /wp-content/themes/earna/js/progress-bar.min.js?ver=7.1.1 HTTP/1.1" 200 5347 "https://sacherconsultancy.com/" "Mozilla/5.0 (Linux; Android 5.0) AppleWebKit/537.36 (KHTML, like Gecko) Mobile Safari/537.36 (compatible; Bytespider; https://zhanzhang.toutiao.com/)"
103.111.39.94 - - [22/Sep/2026:07:04:28 +0000] "POST /xmlrpc.php HTTP/1.1" 200 5415 "-" "WordPress.com; https://wordpress.com"
122.14.224.88 - - [22/Sep/2026:07:04:29 +0000] "GET /wp-includes/js/imagesloaded.min.js?ver=5.0.0 HTTP/1.1" 200 5029 "https://sacherconsultancy.com/" "Mozilla/5.0 (Linux; Android 5.0) AppleWebKit/537.36 (KHTML, like Gecko) Mobile Safari/537.36 (compatible; Bytespider; https://zhanzhang.toutiao.com/)"
122.14.224.88 - - [22/Sep/2026:07:04:29 +0000] "GET /wp-content/themes/earna/js/isotope.pkgd.min.js?ver=7.1.1 HTTP/1.1" 200 5041 "https://sacherconsultancy.com/" "Mozilla/5.0 (Linux; Android 5.0) AppleWebKit/537.36 (KHTML, like Gecko) Mobile Safari/537.36 (compatible; Bytespider; https://zhanzhang.toutiao.com/)"
122.14.224.88 - - [22/Sep/2026:07:04:29 +0000] "GET /wp-content/themes/earna/js/YTPlayer.min.js?ver=7.1.1 HTTP/1.1" 200 5037 "https://sacherconsultancy.com/" "Mozilla/5.0 (Linux; Android 5.0) AppleWebKit/537.36 (KHTML, like Gecko) Mobile Safari/537.36 (compatible; Bytespider; https://zhanzhang.toutiao.com/)"
122.14.224.88 - - [22/Sep/2026:07:04:29 +0000] "GET /wp-content/themes/earna/js/count-to.js?ver=7.1.1 HTTP/1.1" 200 5033 "https://sacherconsultancy.com/" "Mozilla/5.0 (Linux; Android 5.0) AppleWebKit/537.36 (KHTML, like Gecko) Mobile Safari/537.36 (compatible; Bytespider; https://zhanzhang.toutiao.com/)"
122.14.224.88 - - [22/Sep/2026:07:04:29 +0000] "GET /wp-content/themes/earna/js/circle-progress.js?ver=7.1.1 HTTP/1.1" 200 5040 "https://sacherconsultancy.com/" "Mozilla/5.0 (Linux; Android 5.0) AppleWebKit/537.36 (KHTML, like Gecko) Mobile Safari/537.36 (compatible; Bytespider; https://zhanzhang.toutiao.com/)"
122.14.224.88 - - [22/Sep/2026:07:04:29 +0000] "GET /wp-content/themes/earna/js/bootsnav.js?ver=7.1.1 HTTP/1.1" 200 5033 "https://sacherconsultancy.com/" "Mozilla/5.0 (Linux; Android 5.0) AppleWebKit/537.36 (KHTML, like Gecko) Mobile Safari/537.36 (compatible; Bytespider; https://zhanzhang.toutiao.com/)"
122.14.224.88 - - [22/Sep/2026:07:04:29 +0000] "GET /wp-content/themes/earna/js/color.js?ver=7.1.1 HTTP/1.1" 200 5030 "https://sacherconsultancy.com/" "Mozilla/5.0 (Linux; Android 5.0) AppleWebKit/537.36 (KHTML, like Gecko) Mobile Safari/537.36 (compatible; Bytespider; https://zhanzhang.toutiao.com/)"
122.14.224.88 - - [22/Sep/2026:07:04:29 +0000] "GET /wp-content/themes/earna/js/main.js?ver=7.1.1 HTTP/1.1" 200 5029 "https://sacherconsultancy.com/" "Mozilla/5.0 (Linux; Android 5.0) AppleWebKit/537.36 (KHTML, like Gecko) Mobile Safari/537.36 (compatible; Bytespider; https://zhanzhang.toutiao.com/)"
122.14.224.88 - - [22/Sep/2026:07:04:29 +0000] "GET /wp-content/plugins/elementor/assets/js/frontend-modules.min.js?ver=3.10.0 HTTP/1.1" 200 5057 "https://sacherconsultancy.com/" "Mozilla/5.0 (Linux; Android 5.0) AppleWebKit/537.36 (KHTML, like Gecko) Mobile Safari/537.36 (compatible; Bytespider; https://zhanzhang.toutiao.com/)"
122.14.224.88 - - [22/Sep/2026:07:04:29 +0000] "GET /wp-content/plugins/elementor/assets/js/webpack.runtime.min.js?ver=3.10.0 HTTP/1.1" 200 5056 "https://sacherconsultancy.com/" "Mozilla/5.0 (Linux; Android 5.0) AppleWebKit/537.36 (KHTML, like Gecko) Mobile Safari/537.36 (compatible; Bytespider; https://zhanzhang.toutiao.com/)"
122.14.224.88 - - [22/Sep/2026:07:04:29 +0000] "GET /wp-content/plugins/elementor/assets/lib/waypoints/waypoints.min.js?ver=4.0.2 HTTP/1.1" 200 5061 "https://sacherconsultancy.com/" "Mozilla/5.0 (Linux; Android 5.0) AppleWebKit/537.36 (KHTML, like Gecko) Mobile Safari/537.36 (compatible; Bytespider; https://zhanzhang.toutiao.com/)"
122.14.224.88 - - [22/Sep/2026:07:04:29 +0000] "GET /wp-includes/js/jquery/ui/core.min.js?ver=1.14.2 HTTP/1.1" 200 5031 "https://sacherconsultancy.com/" "Mozilla/5.0 (Linux; Android 5.0) AppleWebKit/537.36 (KHTML, like Gecko) Mobile Safari/537.36 (compatible; Bytespider; https://zhanzhang.toutiao.com/)"
122.14.224.88 - - [22/Sep/2026:07:04:29 +0000] "GET /wp-includes/js/underscore.min.js?ver=1.13.8 HTTP/1.1" 200 5027 "https://sacherconsultancy.com/" "Mozilla/5.0 (Linux; Android 5.0) AppleWebKit/537.36 (KHTML, like Gecko) Mobile Safari/537.36 (compatible; Bytespider; https://zhanzhang.toutiao.com/)"
122.14.224.88 - - [22/Sep/2026:07:04:29 +0000] "GET /wp-content/plugins/elementor/assets/js/frontend.min.js?ver=3.10.0 HTTP/1.1" 200 5049 "https://sacherconsultancy.com/" "Mozilla/5.0 (Linux; Android 5.0) AppleWebKit/537.36 (KHTML, like Gecko) Mobile Safari/537.36 (compatible; Bytespider; https://zhanzhang.toutiao.com/)"
122.14.224.88 - - [22/Sep/2026:07:04:29 +0000] "GET /wp-includes/js/wp-util.min.js?ver=7.1.1 HTTP/1.1" 200 5024 "https://sacherconsultancy.com/" "Mozilla/5.0 (Linux; Android 5.0) AppleWebKit/537.36 (KHTML, like Gecko) Mobile Safari/537.36 (compatible; Bytespider; https://zhanzhang.toutiao.com/)"
122.14.224.88 - - [22/Sep/2026:07:04:29 +0000] "GET /wp-content/plugins/wpforms-lite/assets/js/integrations/elementor/frontend.min.js?ver=1.8.2.2 HTTP/1.1" 200 5478 "https://sacherconsultancy.com/" "Mozilla/5.0 (Linux; Android 5.0) AppleWebKit/537.36 (KHTML, like Gecko) Mobile Safari/537.36 (compatible; Bytespider; https://zhanzhang.toutiao.com/)"
122.14.224.88 - - [22/Sep/2026:07:04:29 +0000] "GET /wp-content/uploads/2024/03/RGB-Home-Images-6.png HTTP/1.1" 200 5030 "https://sacherconsultancy.com/" "Mozilla/5.0 (Linux; Android 5.0) AppleWebKit/537.36 (KHTML, like Gecko) Mobile Safari/537.36 (compatible; Bytespider; https://zhanzhang.toutiao.com/)"
66.249.77.160 - - [22/Sep/2026:07:04:38 +0000] "GET /category/item/f92xbrqbr2ig94z.shtml HTTP/1.1" 404 121229 "-" "Mozilla/5.0 (Linux; Android 6.0.1; Nexus 5X Build/MMB29P) AppleWebKit/537.36 (KHTML, like Gecko) Chrome/153.0.8010.52 Mobile Safari/537.36 (compatible; Googlebot/2.1; +http://www.google.com/bot.html)"
103.111.39.94 - - [22/Sep/2026:07:04:41 +0000] "POST /xmlrpc.php HTTP/1.1" 200 5415 "-" "Jetpack/12.5; WordPress/6.2; http://site36109323.com"
62.60.130.142 - - [22/Sep/2026:07:04:45 +0000] "GET //images/images/cache.php HTTP/1.1" 301 5166 "www.google.com" "Mozlila/5.0 (Linux; Android 7.0; SM-G892A Bulid/NRD90M; wv) AppleWebKit/537.36 (KHTML, like Gecko) Version/4.0 Chrome/60.0.3112.107 Moblie Safari/537.36"
62.60.130.142 - - [22/Sep/2026:07:04:45 +0000] "GET /images/images/cache.php HTTP/1.1" 404 121127 "www.google.com" "Mozlila/5.0 (Linux; Android 7.0; SM-G892A Bulid/NRD90M; wv) AppleWebKit/537.36 (KHTML, like Gecko) Version/4.0 Chrome/60.0.3112.107 Moblie Safari/537.36"
103.111.39.94 - - [22/Sep/2026:07:04:50 +0000] "POST /xmlrpc.php HTTP/1.1" 200 5415 "-" "Jetpack/12.0; WordPress/6.1; http://site99344375.com"
103.111.39.94 - - [22/Sep/2026:07:05:00 +0000] "POST /xmlrpc.php HTTP/1.1" 200 5415 "-" "WordPress.com; https://wordpress.com"
103.111.39.94 - - [22/Sep/2026:07:05:11 +0000] "POST /xmlrpc.php HTTP/1.1" 200 5415 "-" "Jetpack by WordPress.com (Jetpack 13.0; WordPress 6.2)"
77.68.25.176 - - [22/Sep/2026:07:05:22 +0000] "POST /wp-cron.php?doing_wp_cron=1790060722.2993710041046142578125 HTTP/1.1" 200 5041 "-" "WordPress/7.1.1; https://sacherconsultancy.com"
103.111.39.94 - - [22/Sep/2026:07:05:21 +0000] "POST /xmlrpc.php HTTP/1.1" 200 5415 "-" "WordPress.com; https://wordpress.com"
103.111.39.94 - - [22/Sep/2026:07:05:32 +0000] "POST /xmlrpc.php HTTP/1.1" 200 5415 "-" "Jetpack/13.0; WordPress/6.2; http://site98123008.com"
103.111.39.94 - - [22/Sep/2026:07:05:43 +0000] "POST /xmlrpc.php HTTP/1.1" 200 5415 "-" "Jetpack by WordPress.com (Jetpack 12.0; WordPress 6.2)"
103.111.39.94 - - [22/Sep/2026:07:05:53 +0000] "POST /xmlrpc.php HTTP/1.1" 200 5415 "-" "Jetpack by WordPress.com"
103.111.39.94 - - [22/Sep/2026:07:06:04 +0000] "POST /xmlrpc.php HTTP/1.1" 200 5415 "-" "Jetpack/12.0; WordPress/6.3; http://site57727116.com"
77.68.25.176 - - [22/Sep/2026:07:06:15 +0000] "POST /wp-cron.php?doing_wp_cron=1790060775.1194999217987060546875 HTTP/1.1" 200 5041 "-" "WordPress/7.1.1; https://sacherconsultancy.com"
103.111.39.94 - - [22/Sep/2026:07:06:14 +0000] "POST /xmlrpc.php HTTP/1.1" 200 5415 "-" "Jetpack by WordPress.com"
103.111.39.94 - - [22/Sep/2026:07:06:25 +0000] "POST /xmlrpc.php HTTP/1.1" 200 5415 "-" "Jetpack by WordPress.com (Jetpack 12.1; WordPress 6.1)"
103.111.39.94 - - [22/Sep/2026:07:06:35 +0000] "POST /xmlrpc.php HTTP/1.1" 200 5415 "-" "Jetpack/13.0; WordPress/6.4; http://site34948370.com"
103.111.39.94 - - [22/Sep/2026:07:06:46 +0000] "POST /xmlrpc.php HTTP/1.1" 200 5415 "-" "Jetpack by WordPress.com"
103.111.39.94 - - [22/Sep/2026:07:06:56 +0000] "POST /xmlrpc.php HTTP/1.1" 200 5415 "-" "Jetpack/13.0; WordPress/6.3; http://site11236923.com"
103.111.39.94 - - [22/Sep/2026:07:07:07 +0000] "POST /xmlrpc.php HTTP/1.1" 200 5415 "-" "WordPress.com; https://wordpress.com"
77.68.25.176 - - [22/Sep/2026:07:07:18 +0000] "POST /wp-cron.php?doing_wp_cron=1790060838.5503609180450439453125 HTTP/1.1" 200 5041 "-" "WordPress/7.1.1; https://sacherconsultancy.com"
103.111.39.94 - - [22/Sep/2026:07:07:18 +0000] "POST /xmlrpc.php HTTP/1.1" 200 5415 "-" "WordPress.com; https://wordpress.com"
103.111.39.94 - - [22/Sep/2026:07:07:28 +0000] "POST /xmlrpc.php HTTP/1.1" 200 5415 "-" "Jetpack by WordPress.com"
103.111.39.94 - - [22/Sep/2026:07:07:39 +0000] "POST /xmlrpc.php HTTP/1.1" 200 5415 "-" "WordPress.com; https://wordpress.com"
103.111.39.94 - - [22/Sep/2026:07:07:49 +0000] "POST /xmlrpc.php HTTP/1.1" 200 5415 "-" "WordPress.com; https://wordpress.com"
103.111.39.94 - - [22/Sep/2026:07:08:00 +0000] "POST /xmlrpc.php HTTP/1.1" 200 5415 "-" "Jetpack by WordPress.com"
103.111.39.94 - - [22/Sep/2026:07:08:11 +0000] "POST /xmlrpc.php HTTP/1.1" 200 5415 "-" "WordPress.com; https://wordpress.com"
77.68.25.176 - - [22/Sep/2026:07:08:22 +0000] "POST /wp-cron.php?doing_wp_cron=1790060902.1114399433135986328125 HTTP/1.1" 200 5041 "-" "WordPress/7.1.1; https://sacherconsultancy.com"
103.111.39.94 - - [22/Sep/2026:07:08:21 +0000] "POST /xmlrpc.php HTTP/1.1" 200 5415 "-" "Jetpack by WordPress.com"
103.111.39.94 - - [22/Sep/2026:07:08:32 +0000] "POST /xmlrpc.php HTTP/1.1" 200 5415 "-" "WordPress.com; https://wordpress.com"
66.249.77.161 - - [22/Sep/2026:07:08:38 +0000] "GET /category/item/fgsyptgb5dk6oi1.shtml HTTP/1.1" 404 121229 "-" "Mozilla/5.0 (compatible; Googlebot/2.1; +http://www.google.com/bot.html)"
103.111.39.94 - - [22/Sep/2026:07:08:42 +0000] "POST /xmlrpc.php HTTP/1.1" 200 5415 "-" "Jetpack by WordPress.com"
103.111.39.94 - - [22/Sep/2026:07:08:53 +0000] "POST /xmlrpc.php HTTP/1.1" 200 5415 "-" "Jetpack by WordPress.com"
103.111.39.94 - - [22/Sep/2026:07:09:03 +0000] "POST /xmlrpc.php HTTP/1.1" 200 5415 "-" "Jetpack/13.0; WordPress/6.3; http://site83100285.com"
77.68.25.176 - - [22/Sep/2026:07:09:14 +0000] "POST /wp-cron.php?doing_wp_cron=1790060954.9432539939880371093750 HTTP/1.1" 200 5041 "-" "WordPress/7.1.1; https://sacherconsultancy.com"
103.111.39.94 - - [22/Sep/2026:07:09:14 +0000] "POST /xmlrpc.php HTTP/1.1" 200 5415 "-" "Jetpack/12.0; WordPress/6.4; http://site75324048.com"
103.111.39.94 - - [22/Sep/2026:07:09:25 +0000] "POST /xmlrpc.php HTTP/1.1" 200 5415 "-" "Jetpack by WordPress.com"
103.111.39.94 - - [22/Sep/2026:07:09:35 +0000] "POST /xmlrpc.php HTTP/1.1" 200 5415 "-" "Jetpack by WordPress.com (Jetpack 12.5; WordPress 6.4)"
103.111.39.94 - - [22/Sep/2026:07:09:46 +0000] "POST /xmlrpc.php HTTP/1.1" 200 5415 "-" "WordPress.com; https://wordpress.com"
45.227.253.15 - - [22/Sep/2026:07:09:51 +0000] "GET /index.php/jk HTTP/1.1" 301 5145 "-" "Mozilla/5.0 (Macintosh; Intel Mac OS X 10.15; rv:103.0) Gecko/20100101 Firefox/103.0"
45.227.253.15 - - [22/Sep/2026:07:09:52 +0000] "GET /jk HTTP/1.1" 404 120943 "https://sacherconsultancy.com/index.php/jk" "Mozilla/5.0 (Macintosh; Intel Mac OS X 10.15; rv:103.0) Gecko/20100101 Firefox/103.0"
103.111.39.94 - - [22/Sep/2026:07:09:56 +0000] "POST /xmlrpc.php HTTP/1.1" 200 5415 "-" "WordPress.com; https://wordpress.com"
103.111.39.94 - - [22/Sep/2026:07:10:07 +0000] "POST /xmlrpc.php HTTP/1.1" 200 5415 "-" "WordPress.com; https://wordpress.com"
77.68.25.176 - - [22/Sep/2026:07:10:18 +0000] "POST /wp-cron.php?doing_wp_cron=1790061018.4245738983154296875000 HTTP/1.1" 200 5041 "-" "WordPress/7.1.1; https://sacherconsultancy.com"
103.111.39.94 - - [22/Sep/2026:07:10:18 +0000] "POST /xmlrpc.php HTTP/1.1" 200 5415 "-" "Jetpack by WordPress.com"
103.111.39.94 - - [22/Sep/2026:07:10:28 +0000] "POST /xmlrpc.php HTTP/1.1" 200 5415 "-" "Jetpack by WordPress.com (Jetpack 12.0; WordPress 6.1)"
103.111.39.94 - - [22/Sep/2026:07:10:39 +0000] "POST /xmlrpc.php HTTP/1.1" 200 5415 "-" "Jetpack by WordPress.com (Jetpack 12.0; WordPress 6.1)"
103.111.39.94 - - [22/Sep/2026:07:10:49 +0000] "POST /xmlrpc.php HTTP/1.1" 200 5415 "-" "Jetpack/12.5; WordPress/6.3; http://site81844623.com"
103.111.39.94 - - [22/Sep/2026:07:11:00 +0000] "POST /xmlrpc.php HTTP/1.1" 200 5415 "-" "Jetpack by WordPress.com"
103.111.39.94 - - [22/Sep/2026:07:11:10 +0000] "POST /xmlrpc.php HTTP/1.1" 200 5415 "-" "Jetpack by WordPress.com"
77.68.25.176 - - [22/Sep/2026:07:11:21 +0000] "POST /wp-cron.php?doing_wp_cron=1790061081.7920019626617431640625 HTTP/1.1" 200 5041 "-" "WordPress/7.1.1; https://sacherconsultancy.com"
103.111.39.94 - - [22/Sep/2026:07:11:21 +0000] "POST /xmlrpc.php HTTP/1.1" 200 5415 "-" "Jetpack by WordPress.com (Jetpack 12.5; WordPress 6.1)"
103.111.39.94 - - [22/Sep/2026:07:11:32 +0000] "POST /xmlrpc.php HTTP/1.1" 200 5415 "-" "Jetpack/12.1; WordPress/6.2; http://site85528061.com"
103.111.39.94 - - [22/Sep/2026:07:11:42 +0000] "POST /xmlrpc.php HTTP/1.1" 200 5415 "-" "Jetpack by WordPress.com"
103.111.39.94 - - [22/Sep/2026:07:11:53 +0000] "POST /xmlrpc.php HTTP/1.1" 200 5415 "-" "WordPress.com; https://wordpress.com"
