77.68.25.176 - - [22/Sep/2026:09:37:31 +0000] "POST /wp-cron.php?doing_wp_cron=1790069851.3091919422149658203125 HTTP/1.1" 200 5041 "-" "WordPress/7.1.1; https://sacherconsultancy.com"
45.41.106.120 - - [22/Sep/2026:09:37:30 +0000] "POST /xmlrpc.php HTTP/1.1" 200 5415 "-" "WordPress.com; https://wordpress.com"
66.249.77.161 - - [22/Sep/2026:09:37:32 +0000] "GET /category/item/fjymvzmbbfqcuo7.shtml HTTP/1.1" 404 121229 "-" "Mozilla/5.0 (Linux; Android 6.0.1; Nexus 5X Build/MMB29P) AppleWebKit/537.36 (KHTML, like Gecko) Chrome/153.0.8010.52 Mobile Safari/537.36 (compatible; Googlebot/2.1; +http://www.google.com/bot.html)"
45.41.106.120 - - [22/Sep/2026:09:37:41 +0000] "POST /xmlrpc.php HTTP/1.1" 200 5415 "-" "Jetpack by WordPress.com"
45.41.106.120 - - [22/Sep/2026:09:37:52 +0000] "POST /xmlrpc.php HTTP/1.1" 200 5415 "-" "Jetpack by WordPress.com (Jetpack 12.0; WordPress 6.4)"
45.41.106.120 - - [22/Sep/2026:09:38:03 +0000] "POST /xmlrpc.php HTTP/1.1" 200 5415 "-" "Jetpack/12.5; WordPress/6.1; http://site85674394.com"
77.68.25.176 - - [22/Sep/2026:09:38:14 +0000] "POST /wp-cron.php?doing_wp_cron=1790069894.2123799324035644531250 HTTP/1.1" 200 5041 "-" "WordPress/7.1.1; https://sacherconsultancy.com"
45.41.106.120 - - [22/Sep/2026:09:38:13 +0000] "POST /xmlrpc.php HTTP/1.1" 200 5415 "-" "Jetpack by WordPress.com"
164.46.39.108 - - [22/Sep/2026:09:38:17 +0000] "POST /wp-login.php HTTP/1.1" 200 16225 "https://sacherconsultancy.com/wp-login.php" "Mozilla/5.0 (Windows NT 10.0; Win64; x64) AppleWebKit/537.36 (KHTML, like Gecko) Chrome/124.0.0.0 Safari/537.36"
169.62.7.24 - - [22/Sep/2026:09:38:18 +0000] "POST /wp-login.php HTTP/1.1" 200 16217 "https://sacherconsultancy.com/wp-login.php" "Mozilla/5.0 (Windows NT 10.0; Win64; x64) AppleWebKit/537.36 (KHTML, like Gecko) Chrome/124.0.0.0 Safari/537.36"
45.41.106.120 - - [22/Sep/2026:09:38:24 +0000] "POST /xmlrpc.php HTTP/1.1" 200 5415 "-" "Jetpack by WordPress.com (Jetpack 12.0; WordPress 6.4)"
45.41.106.120 - - [22/Sep/2026:09:38:35 +0000] "POST /xmlrpc.php HTTP/1.1" 200 5415 "-" "Jetpack by WordPress.com (Jetpack 12.1; WordPress 6.2)"
45.41.106.120 - - [22/Sep/2026:09:38:45 +0000] "POST /xmlrpc.php HTTP/1.1" 200 5415 "-" "WordPress.com; https://wordpress.com"
45.41.106.120 - - [22/Sep/2026:09:38:56 +0000] "POST /xmlrpc.php HTTP/1.1" 200 5415 "-" "Jetpack by WordPress.com (Jetpack 12.1; WordPress 6.1)"
50.199.59.142 - - [22/Sep/2026:09:39:04 +0000] "POST /xmlrpc.php HTTP/1.1" 200 5415 "-" "WordPress.com; https://wordpress.com"
45.41.106.120 - - [22/Sep/2026:09:39:07 +0000] "POST /xmlrpc.php HTTP/1.1" 200 5415 "-" "Jetpack/13.0; WordPress/6.3; http://site74185660.com"
77.68.25.176 - - [22/Sep/2026:09:39:14 +0000] "POST /wp-cron.php?doing_wp_cron=1790069954.9367959499359130859375 HTTP/1.1" 200 5041 "-" "WordPress/7.1.1; https://sacherconsultancy.com"
50.199.59.142 - - [22/Sep/2026:09:39:14 +0000] "POST /xmlrpc.php HTTP/1.1" 200 5415 "-" "WordPress.com; https://wordpress.com"
45.41.106.120 - - [22/Sep/2026:09:39:18 +0000] "POST /xmlrpc.php HTTP/1.1" 200 5415 "-" "WordPress.com; https://wordpress.com"
50.199.59.142 - - [22/Sep/2026:09:39:25 +0000] "POST /xmlrpc.php HTTP/1.1" 200 5415 "-" "Jetpack/13.0; WordPress/6.4; http://site66957223.com"
45.41.106.120 - - [22/Sep/2026:09:39:28 +0000] "POST /xmlrpc.php HTTP/1.1" 200 5415 "-" "Jetpack by WordPress.com (Jetpack 12.5; WordPress 6.2)"
50.199.59.142 - - [22/Sep/2026:09:39:35 +0000] "POST /xmlrpc.php HTTP/1.1" 200 5415 "-" "Jetpack by WordPress.com (Jetpack 13.0; WordPress 6.3)"
45.41.106.120 - - [22/Sep/2026:09:39:39 +0000] "POST /xmlrpc.php HTTP/1.1" 200 5415 "-" "Jetpack/12.1; WordPress/6.2; http://site20675496.com"
50.199.59.142 - - [22/Sep/2026:09:39:46 +0000] "POST /xmlrpc.php HTTP/1.1" 200 5415 "-" "WordPress.com; https://wordpress.com"
45.41.106.120 - - [22/Sep/2026:09:39:50 +0000] "POST /xmlrpc.php HTTP/1.1" 200 5415 "-" "WordPress.com; https://wordpress.com"
50.199.59.142 - - [22/Sep/2026:09:39:56 +0000] "POST /xmlrpc.php HTTP/1.1" 200 5415 "-" "Jetpack/13.0; WordPress/6.2; http://site60894556.com"
45.41.106.120 - - [22/Sep/2026:09:40:01 +0000] "POST /xmlrpc.php HTTP/1.1" 200 5415 "-" "Jetpack by WordPress.com (Jetpack 12.5; WordPress 6.3)"
50.199.59.142 - - [22/Sep/2026:09:40:07 +0000] "POST /xmlrpc.php HTTP/1.1" 200 5415 "-" "Jetpack by WordPress.com"
77.68.25.176 - - [22/Sep/2026:09:40:12 +0000] "POST /wp-cron.php?doing_wp_cron=1790070012.2629001140594482421875 HTTP/1.1" 200 5041 "-" "WordPress/7.1.1; https://sacherconsultancy.com"
45.41.106.120 - - [22/Sep/2026:09:40:11 +0000] "POST /xmlrpc.php HTTP/1.1" 200 5415 "-" "Jetpack by WordPress.com (Jetpack 12.5; WordPress 6.4)"
50.199.59.142 - - [22/Sep/2026:09:40:18 +0000] "POST /xmlrpc.php HTTP/1.1" 200 5415 "-" "Jetpack by WordPress.com (Jetpack 13.0; WordPress 6.1)"
45.41.106.120 - - [22/Sep/2026:09:40:22 +0000] "POST /xmlrpc.php HTTP/1.1" 200 5415 "-" "Jetpack by WordPress.com (Jetpack 12.0; WordPress 6.1)"
50.199.59.142 - - [22/Sep/2026:09:40:28 +0000] "POST /xmlrpc.php HTTP/1.1" 200 5415 "-" "Jetpack/12.5; WordPress/6.4; http://site57839859.com"
45.41.106.120 - - [22/Sep/2026:09:40:33 +0000] "POST /xmlrpc.php HTTP/1.1" 200 5415 "-" "WordPress.com; https://wordpress.com"
50.199.59.142 - - [22/Sep/2026:09:40:39 +0000] "POST /xmlrpc.php HTTP/1.1" 200 5415 "-" "Jetpack by WordPress.com (Jetpack 13.0; WordPress 6.1)"
45.41.106.120 - - [22/Sep/2026:09:40:44 +0000] "POST /xmlrpc.php HTTP/1.1" 200 5415 "-" "Jetpack by WordPress.com"
50.199.59.142 - - [22/Sep/2026:09:40:49 +0000] "POST /xmlrpc.php HTTP/1.1" 200 5415 "-" "Jetpack by WordPress.com"
45.41.106.120 - - [22/Sep/2026:09:40:55 +0000] "POST /xmlrpc.php HTTP/1.1" 200 5415 "-" "Jetpack by WordPress.com"
50.199.59.142 - - [22/Sep/2026:09:41:00 +0000] "POST /xmlrpc.php HTTP/1.1" 200 5415 "-" "Jetpack by WordPress.com"
45.41.106.120 - - [22/Sep/2026:09:41:05 +0000] "POST /xmlrpc.php HTTP/1.1" 200 5415 "-" "WordPress.com; https://wordpress.com"
50.199.59.142 - - [22/Sep/2026:09:41:11 +0000] "POST /xmlrpc.php HTTP/1.1" 200 5415 "-" "Jetpack/12.5; WordPress/6.1; http://site67007647.com"
77.68.25.176 - - [22/Sep/2026:09:41:17 +0000] "POST /wp-cron.php?doing_wp_cron=1790070077.3091990947723388671875 HTTP/1.1" 200 5041 "-" "WordPress/7.1.1; https://sacherconsultancy.com"
45.41.106.120 - - [22/Sep/2026:09:41:16 +0000] "POST /xmlrpc.php HTTP/1.1" 200 5415 "-" "Jetpack/13.0; WordPress/6.1; http://site68657118.com"
50.199.59.142 - - [22/Sep/2026:09:41:21 +0000] "POST /xmlrpc.php HTTP/1.1" 200 5415 "-" "Jetpack by WordPress.com"
45.41.106.120 - - [22/Sep/2026:09:41:27 +0000] "POST /xmlrpc.php HTTP/1.1" 200 5415 "-" "Jetpack/12.5; WordPress/6.2; http://site52244524.com"
50.199.59.142 - - [22/Sep/2026:09:41:32 +0000] "POST /xmlrpc.php HTTP/1.1" 200 5415 "-" "Jetpack by WordPress.com"
45.41.106.120 - - [22/Sep/2026:09:41:38 +0000] "POST /xmlrpc.php HTTP/1.1" 200 5415 "-" "Jetpack by WordPress.com"
50.199.59.142 - - [22/Sep/2026:09:41:42 +0000] "POST /xmlrpc.php HTTP/1.1" 200 5415 "-" "WordPress.com; https://wordpress.com"
45.41.106.120 - - [22/Sep/2026:09:41:49 +0000] "POST /xmlrpc.php HTTP/1.1" 200 5415 "-" "Jetpack by WordPress.com (Jetpack 13.0; WordPress 6.4)"
50.199.59.142 - - [22/Sep/2026:09:41:53 +0000] "POST /xmlrpc.php HTTP/1.1" 200 5415 "-" "Jetpack by WordPress.com"
45.41.106.120 - - [22/Sep/2026:09:41:59 +0000] "POST /xmlrpc.php HTTP/1.1" 200 5415 "-" "WordPress.com; https://wordpress.com"
50.199.59.142 - - [22/Sep/2026:09:42:04 +0000] "POST /xmlrpc.php HTTP/1.1" 200 5415 "-" "Jetpack by WordPress.com (Jetpack 12.0; WordPress 6.4)"
45.41.106.120 - - [22/Sep/2026:09:42:10 +0000] "POST /xmlrpc.php HTTP/1.1" 200 5415 "-" "Jetpack/12.1; WordPress/6.3; http://site91194268.com"
77.68.25.176 - - [22/Sep/2026:09:42:15 +0000] "POST /wp-cron.php?doing_wp_cron=1790070135.1309690475463867187500 HTTP/1.1" 200 5041 "-" "WordPress/7.1.1; https://sacherconsultancy.com"
50.199.59.142 - - [22/Sep/2026:09:42:14 +0000] "POST /xmlrpc.php HTTP/1.1" 200 5415 "-" "Jetpack by WordPress.com"
45.41.106.120 - - [22/Sep/2026:09:42:21 +0000] "POST /xmlrpc.php HTTP/1.1" 200 5415 "-" "Jetpack/12.1; WordPress/6.2; http://site60997447.com"
50.199.59.142 - - [22/Sep/2026:09:42:25 +0000] "POST /xmlrpc.php HTTP/1.1" 200 5415 "-" "Jetpack/12.1; WordPress/6.2; http://site66425056.com"
45.41.106.120 - - [22/Sep/2026:09:42:31 +0000] "POST /xmlrpc.php HTTP/1.1" 200 5415 "-" "WordPress.com; https://wordpress.com"
50.199.59.142 - - [22/Sep/2026:09:42:35 +0000] "POST /xmlrpc.php HTTP/1.1" 200 5415 "-" "WordPress.com; https://wordpress.com"
45.41.106.120 - - [22/Sep/2026:09:42:42 +0000] "POST /xmlrpc.php HTTP/1.1" 200 5415 "-" "WordPress.com; https://wordpress.com"
50.199.59.142 - - [22/Sep/2026:09:42:46 +0000] "POST /xmlrpc.php HTTP/1.1" 200 5415 "-" "Jetpack by WordPress.com (Jetpack 13.0; WordPress 6.1)"
45.41.106.120 - - [22/Sep/2026:09:42:53 +0000] "POST /xmlrpc.php HTTP/1.1" 200 5415 "-" "Jetpack by WordPress.com"
50.199.59.142 - - [22/Sep/2026:09:42:56 +0000] "POST /xmlrpc.php HTTP/1.1" 200 5415 "-" "WordPress.com; https://wordpress.com"
45.41.106.120 - - [22/Sep/2026:09:43:04 +0000] "POST /xmlrpc.php HTTP/1.1" 200 5415 "-" "Jetpack/12.1; WordPress/6.1; http://site55177912.com"
169.62.7.24 - - [22/Sep/2026:09:43:04 +0000] "POST /wp-login.php HTTP/1.1" 200 16225 "https://sacherconsultancy.com/wp-login.php" "Mozilla/5.0 (Windows NT 10.0; Win64; x64) AppleWebKit/537.36 (KHTML, like Gecko) Chrome/124.0.0.0 Safari/537.36"
50.199.59.142 - - [22/Sep/2026:09:43:07 +0000] "POST /xmlrpc.php HTTP/1.1" 200 5415 "-" "Jetpack/12.1; WordPress/6.4; http://site57208699.com"
77.68.25.176 - - [22/Sep/2026:09:43:15 +0000] "POST /wp-cron.php?doing_wp_cron=1790070195.2276730537414550781250 HTTP/1.1" 200 5041 "-" "WordPress/7.1.1; https://sacherconsultancy.com"
45.41.106.120 - - [22/Sep/2026:09:43:14 +0000] "POST /xmlrpc.php HTTP/1.1" 200 5415 "-" "WordPress.com; https://wordpress.com"
50.199.59.142 - - [22/Sep/2026:09:43:18 +0000] "POST /xmlrpc.php HTTP/1.1" 200 5415 "-" "Jetpack/12.5; WordPress/6.4; http://site23321941.com"
45.41.106.120 - - [22/Sep/2026:09:43:25 +0000] "POST /xmlrpc.php HTTP/1.1" 200 5415 "-" "Jetpack/12.1; WordPress/6.4; http://site25708637.com"
50.199.59.142 - - [22/Sep/2026:09:43:28 +0000] "POST /xmlrpc.php HTTP/1.1" 200 5415 "-" "WordPress.com; https://wordpress.com"
45.41.106.120 - - [22/Sep/2026:09:43:36 +0000] "POST /xmlrpc.php HTTP/1.1" 200 5415 "-" "Jetpack/12.0; WordPress/6.2; http://site46163895.com"
50.199.59.142 - - [22/Sep/2026:09:43:39 +0000] "POST /xmlrpc.php HTTP/1.1" 200 5415 "-" "Jetpack by WordPress.com (Jetpack 13.0; WordPress 6.4)"
45.41.106.120 - - [22/Sep/2026:09:43:47 +0000] "POST /xmlrpc.php HTTP/1.1" 200 5415 "-" "WordPress.com; https://wordpress.com"
50.199.59.142 - - [22/Sep/2026:09:43:49 +0000] "POST /xmlrpc.php HTTP/1.1" 200 5415 "-" "Jetpack by WordPress.com"
45.41.106.120 - - [22/Sep/2026:09:43:57 +0000] "POST /xmlrpc.php HTTP/1.1" 200 5415 "-" "Jetpack by WordPress.com (Jetpack 13.0; WordPress 6.3)"
50.199.59.142 - - [22/Sep/2026:09:44:00 +0000] "POST /xmlrpc.php HTTP/1.1" 200 5415 "-" "Jetpack by WordPress.com (Jetpack 12.1; WordPress 6.2)"
45.41.106.120 - - [22/Sep/2026:09:44:08 +0000] "POST /xmlrpc.php HTTP/1.1" 200 5415 "-" "Jetpack by WordPress.com"
50.199.59.142 - - [22/Sep/2026:09:44:11 +0000] "POST /xmlrpc.php HTTP/1.1" 200 5415 "-" "Jetpack by WordPress.com (Jetpack 13.0; WordPress 6.1)"
77.68.25.176 - - [22/Sep/2026:09:44:19 +0000] "POST /wp-cron.php?doing_wp_cron=1790070259.5708580017089843750000 HTTP/1.1" 200 5041 "-" "WordPress/7.1.1; https://sacherconsultancy.com"
45.41.106.120 - - [22/Sep/2026:09:44:19 +0000] "POST /xmlrpc.php HTTP/1.1" 200 5415 "-" "Jetpack by WordPress.com (Jetpack 12.0; WordPress 6.3)"
50.199.59.142 - - [22/Sep/2026:09:44:21 +0000] "POST /xmlrpc.php HTTP/1.1" 200 5415 "-" "Jetpack by WordPress.com"
45.41.106.120 - - [22/Sep/2026:09:44:29 +0000] "POST /xmlrpc.php HTTP/1.1" 200 5415 "-" "Jetpack/12.0; WordPress/6.4; http://site45233683.com"
50.199.59.142 - - [22/Sep/2026:09:44:32 +0000] "POST /xmlrpc.php HTTP/1.1" 200 5415 "-" "Jetpack by WordPress.com"
45.41.106.120 - - [22/Sep/2026:09:44:40 +0000] "POST /xmlrpc.php HTTP/1.1" 200 5415 "-" "Jetpack by WordPress.com (Jetpack 12.5; WordPress 6.2)"
50.199.59.142 - - [22/Sep/2026:09:44:42 +0000] "POST /xmlrpc.php HTTP/1.1" 200 5415 "-" "Jetpack by WordPress.com"
45.41.106.120 - - [22/Sep/2026:09:44:51 +0000] "POST /xmlrpc.php HTTP/1.1" 200 5415 "-" "WordPress.com; https://wordpress.com"
50.199.59.142 - - [22/Sep/2026:09:44:53 +0000] "POST /xmlrpc.php HTTP/1.1" 200 5415 "-" "Jetpack by WordPress.com (Jetpack 12.1; WordPress 6.3)"
164.46.39.108 - - [22/Sep/2026:09:45:00 +0000] "POST /wp-login.php HTTP/1.1" 200 16225 "https://sacherconsultancy.com/wp-login.php" "Mozilla/5.0 (Windows NT 10.0; Win64; x64) AppleWebKit/537.36 (KHTML, like Gecko) Chrome/124.0.0.0 Safari/537.36"
45.41.106.120 - - [22/Sep/2026:09:45:02 +0000] "POST /xmlrpc.php HTTP/1.1" 200 5415 "-" "WordPress.com; https://wordpress.com"
50.199.59.142 - - [22/Sep/2026:09:45:03 +0000] "POST /xmlrpc.php HTTP/1.1" 200 5415 "-" "Jetpack by WordPress.com"
77.68.25.176 - - [22/Sep/2026:09:45:13 +0000] "POST /wp-cron.php?doing_wp_cron=1790070313.2304360866546630859375 HTTP/1.1" 200 5041 "-" "WordPress/7.1.1; https://sacherconsultancy.com"
45.41.106.120 - - [22/Sep/2026:09:45:12 +0000] "POST /xmlrpc.php HTTP/1.1" 200 5415 "-" "Jetpack by WordPress.com (Jetpack 13.0; WordPress 6.1)"
50.199.59.142 - - [22/Sep/2026:09:45:14 +0000] "POST /xmlrpc.php HTTP/1.1" 200 5415 "-" "WordPress.com; https://wordpress.com"
45.41.106.120 - - [22/Sep/2026:09:45:23 +0000] "POST /xmlrpc.php HTTP/1.1" 200 5415 "-" "Jetpack/13.0; WordPress/6.3; http://site88420685.com"
50.199.59.142 - - [22/Sep/2026:09:45:25 +0000] "POST /xmlrpc.php HTTP/1.1" 200 5415 "-" "Jetpack by WordPress.com (Jetpack 12.1; WordPress 6.3)"
45.41.106.120 - - [22/Sep/2026:09:45:34 +0000] "POST /xmlrpc.php HTTP/1.1" 200 5415 "-" "Jetpack by WordPress.com"
50.199.59.142 - - [22/Sep/2026:09:45:35 +0000] "POST /xmlrpc.php HTTP/1.1" 200 5415 "-" "Jetpack by WordPress.com (Jetpack 13.0; WordPress 6.3)"
45.41.106.120 - - [22/Sep/2026:09:45:45 +0000] "POST /xmlrpc.php HTTP/1.1" 200 5415 "-" "Jetpack/12.5; WordPress/6.2; http://site34043069.com"
50.199.59.142 - - [22/Sep/2026:09:45:46 +0000] "POST /xmlrpc.php HTTP/1.1" 200 5415 "-" "Jetpack/12.0; WordPress/6.1; http://site77199333.com"
45.41.106.120 - - [22/Sep/2026:09:45:56 +0000] "POST /xmlrpc.php HTTP/1.1" 200 5415 "-" "Jetpack by WordPress.com (Jetpack 12.0; WordPress 6.4)"
50.199.59.142 - - [22/Sep/2026:09:45:56 +0000] "POST /xmlrpc.php HTTP/1.1" 200 5415 "-" "Jetpack by WordPress.com"
45.41.106.120 - - [22/Sep/2026:09:46:06 +0000] "POST /xmlrpc.php HTTP/1.1" 200 5415 "-" "WordPress.com; https://wordpress.com"
50.199.59.142 - - [22/Sep/2026:09:46:07 +0000] "POST /xmlrpc.php HTTP/1.1" 200 5415 "-" "Jetpack by WordPress.com"
77.68.25.176 - - [22/Sep/2026:09:46:15 +0000] "POST /wp-cron.php?doing_wp_cron=1790070375.0862479209899902343750 HTTP/1.1" 200 5041 "-" "WordPress/7.1.1; https://sacherconsultancy.com"
87.106.171.101 - - [22/Sep/2026:09:46:14 +0000] "POST /wp-login.php HTTP/1.1" 200 16225 "https://sacherconsultancy.com/wp-login.php" "Mozilla/5.0 (Windows NT 10.0; Win64; x64) AppleWebKit/537.36 (KHTML, like Gecko) Chrome/124.0.0.0 Safari/537.36"
45.41.106.120 - - [22/Sep/2026:09:46:17 +0000] "POST /xmlrpc.php HTTP/1.1" 200 5415 "-" "Jetpack by WordPress.com"
50.199.59.142 - - [22/Sep/2026:09:46:18 +0000] "POST /xmlrpc.php HTTP/1.1" 200 5415 "-" "Jetpack by WordPress.com"
45.41.106.120 - - [22/Sep/2026:09:46:28 +0000] "POST /xmlrpc.php HTTP/1.1" 200 5415 "-" "Jetpack by WordPress.com"
50.199.59.142 - - [22/Sep/2026:09:46:28 +0000] "POST /xmlrpc.php HTTP/1.1" 200 5415 "-" "Jetpack by WordPress.com (Jetpack 13.0; WordPress 6.1)"
45.41.106.120 - - [22/Sep/2026:09:46:39 +0000] "POST /xmlrpc.php HTTP/1.1" 200 5415 "-" "Jetpack by WordPress.com (Jetpack 12.5; WordPress 6.3)"
50.199.59.142 - - [22/Sep/2026:09:46:39 +0000] "POST /xmlrpc.php HTTP/1.1" 200 5415 "-" "Jetpack by WordPress.com"
50.199.59.142 - - [22/Sep/2026:09:46:49 +0000] "POST /xmlrpc.php HTTP/1.1" 200 5415 "-" "WordPress.com; https://wordpress.com"
45.41.106.120 - - [22/Sep/2026:09:46:50 +0000] "POST /xmlrpc.php HTTP/1.1" 200 5415 "-" "Jetpack/12.1; WordPress/6.4; http://site30632252.com"
50.199.59.142 - - [22/Sep/2026:09:47:00 +0000] "POST /xmlrpc.php HTTP/1.1" 200 5415 "-" "WordPress.com; https://wordpress.com"
45.41.106.120 - - [22/Sep/2026:09:47:00 +0000] "POST /xmlrpc.php HTTP/1.1" 200 5415 "-" "Jetpack/12.0; WordPress/6.1; http://site95865818.com"
50.199.59.142 - - [22/Sep/2026:09:47:11 +0000] "POST /xmlrpc.php HTTP/1.1" 200 5415 "-" "Jetpack/12.5; WordPress/6.3; http://site16457638.com"
45.41.106.120 - - [22/Sep/2026:09:47:11 +0000] "POST /xmlrpc.php HTTP/1.1" 200 5415 "-" "WordPress.com; https://wordpress.com"
77.68.25.176 - - [22/Sep/2026:09:47:22 +0000] "POST /wp-cron.php?doing_wp_cron=1790070442.0097830295562744140625 HTTP/1.1" 200 5041 "-" "WordPress/7.1.1; https://sacherconsultancy.com"
50.199.59.142 - - [22/Sep/2026:09:47:21 +0000] "POST /xmlrpc.php HTTP/1.1" 200 5415 "-" "WordPress.com; https://wordpress.com"
45.41.106.120 - - [22/Sep/2026:09:47:22 +0000] "POST /xmlrpc.php HTTP/1.1" 200 5415 "-" "Jetpack by WordPress.com (Jetpack 12.5; WordPress 6.4)"
50.199.59.142 - - [22/Sep/2026:09:47:32 +0000] "POST /xmlrpc.php HTTP/1.1" 200 5415 "-" "Jetpack by WordPress.com (Jetpack 12.1; WordPress 6.4)"
45.41.106.120 - - [22/Sep/2026:09:47:33 +0000] "POST /xmlrpc.php HTTP/1.1" 200 5415 "-" "WordPress.com; https://wordpress.com"
50.199.59.142 - - [22/Sep/2026:09:47:42 +0000] "POST /xmlrpc.php HTTP/1.1" 200 5415 "-" "WordPress.com; https://wordpress.com"
45.41.106.120 - - [22/Sep/2026:09:47:43 +0000] "POST /xmlrpc.php HTTP/1.1" 200 5415 "-" "WordPress.com; https://wordpress.com"
50.199.59.142 - - [22/Sep/2026:09:47:53 +0000] "POST /xmlrpc.php HTTP/1.1" 200 5415 "-" "WordPress.com; https://wordpress.com"
169.62.7.24 - - [22/Sep/2026:09:47:55 +0000] "POST /wp-login.php HTTP/1.1" 200 16201 "https://sacherconsultancy.com/wp-login.php" "Mozilla/5.0 (Windows NT 10.0; Win64; x64) AppleWebKit/537.36 (KHTML, like Gecko) Chrome/124.0.0.0 Safari/537.36"
45.41.106.120 - - [22/Sep/2026:09:47:56 +0000] "POST /xmlrpc.php HTTP/1.1" 200 5415 "-" "Jetpack by WordPress.com (Jetpack 12.1; WordPress 6.2)"
50.199.59.142 - - [22/Sep/2026:09:48:03 +0000] "POST /xmlrpc.php HTTP/1.1" 200 5415 "-" "Jetpack/12.5; WordPress/6.1; http://site77473275.com"
45.41.106.120 - - [22/Sep/2026:09:48:07 +0000] "POST /xmlrpc.php HTTP/1.1" 200 5415 "-" "Jetpack by WordPress.com"
77.68.25.176 - - [22/Sep/2026:09:48:14 +0000] "POST /wp-cron.php?doing_wp_cron=1790070494.8953490257263183593750 HTTP/1.1" 200 5041 "-" "WordPress/7.1.1; https://sacherconsultancy.com"
50.199.59.142 - - [22/Sep/2026:09:48:14 +0000] "POST /xmlrpc.php HTTP/1.1" 200 5415 "-" "WordPress.com; https://wordpress.com"
45.41.106.120 - - [22/Sep/2026:09:48:18 +0000] "POST /xmlrpc.php HTTP/1.1" 200 5415 "-" "Jetpack by WordPress.com (Jetpack 12.0; WordPress 6.3)"
50.199.59.142 - - [22/Sep/2026:09:48:25 +0000] "POST /xmlrpc.php HTTP/1.1" 200 5415 "-" "Jetpack by WordPress.com (Jetpack 12.1; WordPress 6.1)"
45.41.106.120 - - [22/Sep/2026:09:48:29 +0000] "POST /xmlrpc.php HTTP/1.1" 200 5415 "-" "Jetpack by WordPress.com (Jetpack 12.1; WordPress 6.1)"
50.199.59.142 - - [22/Sep/2026:09:48:35 +0000] "POST /xmlrpc.php HTTP/1.1" 200 5415 "-" "Jetpack by WordPress.com"
45.41.106.120 - - [22/Sep/2026:09:48:40 +0000] "POST /xmlrpc.php HTTP/1.1" 200 5415 "-" "Jetpack/12.5; WordPress/6.3; http://site25617123.com"
50.199.59.142 - - [22/Sep/2026:09:48:46 +0000] "POST /xmlrpc.php HTTP/1.1" 200 5415 "-" "WordPress.com; https://wordpress.com"
45.41.106.120 - - [22/Sep/2026:09:48:51 +0000] "POST /xmlrpc.php HTTP/1.1" 200 5415 "-" "Jetpack/12.5; WordPress/6.4; http://site79713441.com"
50.199.59.142 - - [22/Sep/2026:09:48:56 +0000] "POST /xmlrpc.php HTTP/1.1" 200 5415 "-" "Jetpack/12.5; WordPress/6.1; http://site23499304.com"
45.41.106.120 - - [22/Sep/2026:09:49:01 +0000] "POST /xmlrpc.php HTTP/1.1" 200 5415 "-" "Jetpack by WordPress.com"
50.199.59.142 - - [22/Sep/2026:09:49:07 +0000] "POST /xmlrpc.php HTTP/1.1" 200 5415 "-" "Jetpack by WordPress.com"
77.68.25.176 - - [22/Sep/2026:09:49:12 +0000] "POST /wp-cron.php?doing_wp_cron=1790070552.8051331043243408203125 HTTP/1.1" 200 5041 "-" "WordPress/7.1.1; https://sacherconsultancy.com"
45.41.106.120 - - [22/Sep/2026:09:49:12 +0000] "POST /xmlrpc.php HTTP/1.1" 200 5415 "-" "Jetpack by WordPress.com (Jetpack 13.0; WordPress 6.4)"
50.199.59.142 - - [22/Sep/2026:09:49:18 +0000] "POST /xmlrpc.php HTTP/1.1" 200 5415 "-" "Jetpack by WordPress.com (Jetpack 12.0; WordPress 6.3)"
45.41.106.120 - - [22/Sep/2026:09:49:23 +0000] "POST /xmlrpc.php HTTP/1.1" 200 5415 "-" "Jetpack/12.1; WordPress/6.3; http://site37091599.com"
50.199.59.142 - - [22/Sep/2026:09:49:28 +0000] "POST /xmlrpc.php HTTP/1.1" 200 5415 "-" "Jetpack by WordPress.com (Jetpack 12.5; WordPress 6.4)"
45.41.106.120 - - [22/Sep/2026:09:49:34 +0000] "POST /xmlrpc.php HTTP/1.1" 200 5415 "-" "WordPress.com; https://wordpress.com"
50.199.59.142 - - [22/Sep/2026:09:49:39 +0000] "POST /xmlrpc.php HTTP/1.1" 200 5415 "-" "WordPress.com; https://wordpress.com"
45.41.106.120 - - [22/Sep/2026:09:49:44 +0000] "POST /xmlrpc.php HTTP/1.1" 200 5415 "-" "Jetpack/12.0; WordPress/6.3; http://site91789560.com"
50.199.59.142 - - [22/Sep/2026:09:49:49 +0000] "POST /xmlrpc.php HTTP/1.1" 200 5415 "-" "Jetpack/12.0; WordPress/6.1; http://site17725108.com"
45.41.106.120 - - [22/Sep/2026:09:49:55 +0000] "POST /xmlrpc.php HTTP/1.1" 200 5415 "-" "Jetpack/12.1; WordPress/6.2; http://site43928329.com"
50.199.59.142 - - [22/Sep/2026:09:50:00 +0000] "POST /xmlrpc.php HTTP/1.1" 200 5415 "-" "WordPress.com; https://wordpress.com"
45.41.106.120 - - [22/Sep/2026:09:50:06 +0000] "POST /xmlrpc.php HTTP/1.1" 200 5415 "-" "Jetpack by WordPress.com (Jetpack 12.5; WordPress 6.2)"
50.199.59.142 - - [22/Sep/2026:09:50:11 +0000] "POST /xmlrpc.php HTTP/1.1" 200 5415 "-" "Jetpack/12.0; WordPress/6.3; http://site17896366.com"
77.68.25.176 - - [22/Sep/2026:09:50:17 +0000] "POST /wp-cron.php?doing_wp_cron=1790070617.4766728878021240234375 HTTP/1.1" 200 5041 "-" "WordPress/7.1.1; https://sacherconsultancy.com"
45.41.106.120 - - [22/Sep/2026:09:50:17 +0000] "POST /xmlrpc.php HTTP/1.1" 200 5415 "-" "WordPress.com; https://wordpress.com"
50.199.59.142 - - [22/Sep/2026:09:50:21 +0000] "POST /xmlrpc.php HTTP/1.1" 200 5415 "-" "WordPress.com; https://wordpress.com"
45.41.106.120 - - [22/Sep/2026:09:50:27 +0000] "POST /xmlrpc.php HTTP/1.1" 200 5415 "-" "Jetpack by WordPress.com (Jetpack 12.1; WordPress 6.2)"
50.199.59.142 - - [22/Sep/2026:09:50:32 +0000] "POST /xmlrpc.php HTTP/1.1" 200 5415 "-" "WordPress.com; https://wordpress.com"
45.41.106.120 - - [22/Sep/2026:09:50:38 +0000] "POST /xmlrpc.php HTTP/1.1" 200 5415 "-" "Jetpack by WordPress.com (Jetpack 12.0; WordPress 6.1)"
50.199.59.142 - - [22/Sep/2026:09:50:42 +0000] "POST /xmlrpc.php HTTP/1.1" 200 5415 "-" "WordPress.com; https://wordpress.com"
45.41.106.120 - - [22/Sep/2026:09:50:49 +0000] "POST /xmlrpc.php HTTP/1.1" 200 5415 "-" "Jetpack by WordPress.com (Jetpack 12.5; WordPress 6.1)"
50.199.59.142 - - [22/Sep/2026:09:50:53 +0000] "POST /xmlrpc.php HTTP/1.1" 200 5415 "-" "Jetpack by WordPress.com"
45.41.106.120 - - [22/Sep/2026:09:51:00 +0000] "POST /xmlrpc.php HTTP/1.1" 200 5415 "-" "WordPress.com; https://wordpress.com"
50.199.59.142 - - [22/Sep/2026:09:51:04 +0000] "POST /xmlrpc.php HTTP/1.1" 200 5415 "-" "Jetpack by WordPress.com"
45.41.106.120 - - [22/Sep/2026:09:51:11 +0000] "POST /xmlrpc.php HTTP/1.1" 200 5415 "-" "Jetpack by WordPress.com (Jetpack 13.0; WordPress 6.2)"
77.68.25.176 - - [22/Sep/2026:09:51:15 +0000] "POST /wp-cron.php?doing_wp_cron=1790070675.0794429779052734375000 HTTP/1.1" 200 5041 "-" "WordPress/7.1.1; https://sacherconsultancy.com"
50.199.59.142 - - [22/Sep/2026:09:51:14 +0000] "POST /xmlrpc.php HTTP/1.1" 200 5415 "-" "WordPress.com; https://wordpress.com"
45.41.106.120 - - [22/Sep/2026:09:51:22 +0000] "POST /xmlrpc.php HTTP/1.1" 200 5415 "-" "Jetpack by WordPress.com"
50.199.59.142 - - [22/Sep/2026:09:51:25 +0000] "POST /xmlrpc.php HTTP/1.1" 200 5415 "-" "Jetpack by WordPress.com (Jetpack 12.0; WordPress 6.2)"
45.41.106.120 - - [22/Sep/2026:09:51:33 +0000] "POST /xmlrpc.php HTTP/1.1" 200 5415 "-" "Jetpack by WordPress.com (Jetpack 12.0; WordPress 6.4)"
50.199.59.142 - - [22/Sep/2026:09:51:35 +0000] "POST /xmlrpc.php HTTP/1.1" 200 5415 "-" "Jetpack by WordPress.com"
45.41.106.120 - - [22/Sep/2026:09:51:44 +0000] "POST /xmlrpc.php HTTP/1.1" 200 5415 "-" "Jetpack by WordPress.com (Jetpack 12.5; WordPress 6.2)"
50.199.59.142 - - [22/Sep/2026:09:51:46 +0000] "POST /xmlrpc.php HTTP/1.1" 200 5415 "-" "WordPress.com; https://wordpress.com"
45.41.106.120 - - [22/Sep/2026:09:51:54 +0000] "POST /xmlrpc.php HTTP/1.1" 200 5415 "-" "Jetpack/12.1; WordPress/6.4; http://site77603335.com"
50.199.59.142 - - [22/Sep/2026:09:51:57 +0000] "POST /xmlrpc.php HTTP/1.1" 200 5415 "-" "Jetpack by WordPress.com"
45.41.106.120 - - [22/Sep/2026:09:52:05 +0000] "POST /xmlrpc.php HTTP/1.1" 200 5415 "-" "Jetpack by WordPress.com (Jetpack 13.0; WordPress 6.1)"
50.199.59.142 - - [22/Sep/2026:09:52:07 +0000] "POST /xmlrpc.php HTTP/1.1" 200 5415 "-" "WordPress.com; https://wordpress.com"
77.68.25.176 - - [22/Sep/2026:09:52:16 +0000] "POST /wp-cron.php?doing_wp_cron=1790070736.7044999599456787109375 HTTP/1.1" 200 5041 "-" "WordPress/7.1.1; https://sacherconsultancy.com"
45.41.106.120 - - [22/Sep/2026:09:52:16 +0000] "POST /xmlrpc.php HTTP/1.1" 200 5415 "-" "WordPress.com; https://wordpress.com"
50.199.59.142 - - [22/Sep/2026:09:52:18 +0000] "POST /xmlrpc.php HTTP/1.1" 200 5415 "-" "Jetpack by WordPress.com"
45.41.106.120 - - [22/Sep/2026:09:52:27 +0000] "POST /xmlrpc.php HTTP/1.1" 200 5415 "-" "Jetpack by WordPress.com (Jetpack 12.0; WordPress 6.3)"
50.199.59.142 - - [22/Sep/2026:09:52:28 +0000] "POST /xmlrpc.php HTTP/1.1" 200 5415 "-" "Jetpack by WordPress.com"
45.41.106.120 - - [22/Sep/2026:09:52:37 +0000] "POST /xmlrpc.php HTTP/1.1" 200 5415 "-" "Jetpack by WordPress.com (Jetpack 13.0; WordPress 6.1)"
50.199.59.142 - - [22/Sep/2026:09:52:39 +0000] "POST /xmlrpc.php HTTP/1.1" 200 5415 "-" "Jetpack/13.0; WordPress/6.2; http://site74283879.com"
45.41.106.120 - - [22/Sep/2026:09:52:48 +0000] "POST /xmlrpc.php HTTP/1.1" 200 5415 "-" "Jetpack by WordPress.com"
50.199.59.142 - - [22/Sep/2026:09:52:49 +0000] "POST /xmlrpc.php HTTP/1.1" 200 5415 "-" "Jetpack by WordPress.com (Jetpack 13.0; WordPress 6.4)"
45.41.106.120 - - [22/Sep/2026:09:52:59 +0000] "POST /xmlrpc.php HTTP/1.1" 200 5415 "-" "Jetpack/13.0; WordPress/6.2; http://site88174240.com"
50.199.59.142 - - [22/Sep/2026:09:53:00 +0000] "POST /xmlrpc.php HTTP/1.1" 200 5415 "-" "WordPress.com; https://wordpress.com"
45.41.106.120 - - [22/Sep/2026:09:53:10 +0000] "POST /xmlrpc.php HTTP/1.1" 200 5415 "-" "WordPress.com; https://wordpress.com"
50.199.59.142 - - [22/Sep/2026:09:53:11 +0000] "POST /xmlrpc.php HTTP/1.1" 200 5415 "-" "WordPress.com; https://wordpress.com"
77.68.25.176 - - [22/Sep/2026:09:53:21 +0000] "POST /wp-cron.php?doing_wp_cron=1790070801.4894089698791503906250 HTTP/1.1" 200 5041 "-" "WordPress/7.1.1; https://sacherconsultancy.com"
45.41.106.120 - - [22/Sep/2026:09:53:21 +0000] "POST /xmlrpc.php HTTP/1.1" 200 5415 "-" "Jetpack by WordPress.com"
50.199.59.142 - - [22/Sep/2026:09:53:21 +0000] "POST /xmlrpc.php HTTP/1.1" 200 5415 "-" "Jetpack by WordPress.com (Jetpack 12.0; WordPress 6.4)"
45.41.106.120 - - [22/Sep/2026:09:53:31 +0000] "POST /xmlrpc.php HTTP/1.1" 200 5415 "-" "Jetpack by WordPress.com"
50.199.59.142 - - [22/Sep/2026:09:53:32 +0000] "POST /xmlrpc.php HTTP/1.1" 200 5415 "-" "Jetpack by WordPress.com"
66.249.77.160 - - [22/Sep/2026:09:53:33 +0000] "GET /category/item/fukrt98b9r0y6mh.shtml HTTP/1.1" 404 121229 "-" "Mozilla/5.0 (Linux; Android 6.0.1; Nexus 5X Build/MMB29P) AppleWebKit/537.36 (KHTML, like Gecko) Chrome/153.0.8010.52 Mobile Safari/537.36 (compatible; Googlebot/2.1; +http://www.google.com/bot.html)"
45.41.106.120 - - [22/Sep/2026:09:53:42 +0000] "POST /xmlrpc.php HTTP/1.1" 200 5415 "-" "Jetpack by WordPress.com (Jetpack 13.0; WordPress 6.3)"
50.199.59.142 - - [22/Sep/2026:09:53:42 +0000] "POST /xmlrpc.php HTTP/1.1" 200 5415 "-" "Jetpack by WordPress.com (Jetpack 13.0; WordPress 6.4)"
45.41.106.120 - - [22/Sep/2026:09:53:53 +0000] "POST /xmlrpc.php HTTP/1.1" 200 5415 "-" "Jetpack by WordPress.com"
50.199.59.142 - - [22/Sep/2026:09:53:53 +0000] "POST /xmlrpc.php HTTP/1.1" 200 5415 "-" "WordPress.com; https://wordpress.com"
45.41.106.120 - - [22/Sep/2026:09:54:03 +0000] "POST /xmlrpc.php HTTP/1.1" 200 5415 "-" "WordPress.com; https://wordpress.com"
50.199.59.142 - - [22/Sep/2026:09:54:03 +0000] "POST /xmlrpc.php HTTP/1.1" 200 5415 "-" "Jetpack by WordPress.com"
77.68.25.176 - - [22/Sep/2026:09:54:14 +0000] "POST /wp-cron.php?doing_wp_cron=1790070854.6284890174865722656250 HTTP/1.1" 200 5041 "-" "WordPress/7.1.1; https://sacherconsultancy.com"
45.41.106.120 - - [22/Sep/2026:09:54:14 +0000] "POST /xmlrpc.php HTTP/1.1" 200 5415 "-" "Jetpack by WordPress.com"
50.199.59.142 - - [22/Sep/2026:09:54:14 +0000] "POST /xmlrpc.php HTTP/1.1" 200 5415 "-" "Jetpack/12.5; WordPress/6.2; http://site38091294.com"
45.41.106.120 - - [22/Sep/2026:09:54:24 +0000] "POST /xmlrpc.php HTTP/1.1" 200 5415 "-" "Jetpack/12.1; WordPress/6.2; http://site16994883.com"
50.199.59.142 - - [22/Sep/2026:09:54:25 +0000] "POST /xmlrpc.php HTTP/1.1" 200 5415 "-" "WordPress.com; https://wordpress.com"
45.41.106.120 - - [22/Sep/2026:09:54:35 +0000] "POST /xmlrpc.php HTTP/1.1" 200 5415 "-" "WordPress.com; https://wordpress.com"
50.199.59.142 - - [22/Sep/2026:09:54:35 +0000] "POST /xmlrpc.php HTTP/1.1" 200 5415 "-" "Jetpack by WordPress.com"
45.41.106.120 - - [22/Sep/2026:09:54:46 +0000] "POST /xmlrpc.php HTTP/1.1" 200 5415 "-" "WordPress.com; https://wordpress.com"
50.199.59.142 - - [22/Sep/2026:09:54:46 +0000] "POST /xmlrpc.php HTTP/1.1" 200 5415 "-" "WordPress.com; https://wordpress.com"
50.199.59.142 - - [22/Sep/2026:09:54:56 +0000] "POST /xmlrpc.php HTTP/1.1" 200 5415 "-" "Jetpack/12.1; WordPress/6.1; http://site33563006.com"
45.41.106.120 - - [22/Sep/2026:09:54:57 +0000] "POST /xmlrpc.php HTTP/1.1" 200 5415 "-" "Jetpack by WordPress.com (Jetpack 12.1; WordPress 6.2)"
50.199.59.142 - - [22/Sep/2026:09:55:07 +0000] "POST /xmlrpc.php HTTP/1.1" 200 5415 "-" "Jetpack by WordPress.com"
45.41.106.120 - - [22/Sep/2026:09:55:07 +0000] "POST /xmlrpc.php HTTP/1.1" 200 5415 "-" "WordPress.com; https://wordpress.com"
77.68.25.176 - - [22/Sep/2026:09:55:18 +0000] "POST /wp-cron.php?doing_wp_cron=1790070918.5217649936676025390625 HTTP/1.1" 200 5041 "-" "WordPress/7.1.1; https://sacherconsultancy.com"
50.199.59.142 - - [22/Sep/2026:09:55:18 +0000] "POST /xmlrpc.php HTTP/1.1" 200 5415 "-" "Jetpack by WordPress.com"
45.41.106.120 - - [22/Sep/2026:09:55:18 +0000] "POST /xmlrpc.php HTTP/1.1" 200 5415 "-" "Jetpack by WordPress.com"
50.199.59.142 - - [22/Sep/2026:09:55:28 +0000] "POST /xmlrpc.php HTTP/1.1" 200 5415 "-" "Jetpack by WordPress.com"
45.41.106.120 - - [22/Sep/2026:09:55:29 +0000] "POST /xmlrpc.php HTTP/1.1" 200 5415 "-" "WordPress.com; https://wordpress.com"
169.62.7.24 - - [22/Sep/2026:09:55:30 +0000] "POST /wp-login.php HTTP/1.1" 200 16217 "https://sacherconsultancy.com/wp-login.php" "Mozilla/5.0 (Windows NT 10.0; Win64; x64) AppleWebKit/537.36 (KHTML, like Gecko) Chrome/124.0.0.0 Safari/537.36"
50.199.59.142 - - [22/Sep/2026:09:55:39 +0000] "POST /xmlrpc.php HTTP/1.1" 200 5415 "-" "Jetpack/12.0; WordPress/6.1; http://site70599408.com"
45.41.106.120 - - [22/Sep/2026:09:55:40 +0000] "POST /xmlrpc.php HTTP/1.1" 200 5415 "-" "Jetpack by WordPress.com (Jetpack 13.0; WordPress 6.3)"
50.199.59.142 - - [22/Sep/2026:09:55:49 +0000] "POST /xmlrpc.php HTTP/1.1" 200 5415 "-" "Jetpack by WordPress.com (Jetpack 12.0; WordPress 6.2)"
45.41.106.120 - - [22/Sep/2026:09:55:50 +0000] "POST /xmlrpc.php HTTP/1.1" 200 5415 "-" "Jetpack/12.0; WordPress/6.2; http://site96773133.com"
164.46.39.108 - - [22/Sep/2026:09:55:54 +0000] "POST /wp-login.php HTTP/1.1" 200 16225 "https://sacherconsultancy.com/wp-login.php" "Mozilla/5.0 (Windows NT 10.0; Win64; x64) AppleWebKit/537.36 (KHTML, like Gecko) Chrome/124.0.0.0 Safari/537.36"
50.199.59.142 - - [22/Sep/2026:09:56:00 +0000] "POST /xmlrpc.php HTTP/1.1" 200 5415 "-" "WordPress.com; https://wordpress.com"
45.41.106.120 - - [22/Sep/2026:09:56:01 +0000] "POST /xmlrpc.php HTTP/1.1" 200 5415 "-" "Jetpack/12.1; WordPress/6.4; http://site64237125.com"
50.199.59.142 - - [22/Sep/2026:09:56:11 +0000] "POST /xmlrpc.php HTTP/1.1" 200 5415 "-" "WordPress.com; https://wordpress.com"
77.68.25.176 - - [22/Sep/2026:09:56:12 +0000] "POST /wp-cron.php?doing_wp_cron=1790070972.5746109485626220703125 HTTP/1.1" 200 5041 "-" "WordPress/7.1.1; https://sacherconsultancy.com"
45.41.106.120 - - [22/Sep/2026:09:56:12 +0000] "POST /xmlrpc.php HTTP/1.1" 200 5415 "-" "WordPress.com; https://wordpress.com"
87.106.171.101 - - [22/Sep/2026:09:56:19 +0000] "POST /wp-login.php HTTP/1.1" 200 16217 "https://sacherconsultancy.com/wp-login.php" "Mozilla/5.0 (Windows NT 10.0; Win64; x64) AppleWebKit/537.36 (KHTML, like Gecko) Chrome/124.0.0.0 Safari/537.36"
50.199.59.142 - - [22/Sep/2026:09:56:21 +0000] "POST /xmlrpc.php HTTP/1.1" 200 5415 "-" "WordPress.com; https://wordpress.com"
45.41.106.120 - - [22/Sep/2026:09:56:22 +0000] "POST /xmlrpc.php HTTP/1.1" 200 5415 "-" "Jetpack by WordPress.com"
50.199.59.142 - - [22/Sep/2026:09:56:32 +0000] "POST /xmlrpc.php HTTP/1.1" 200 5415 "-" "Jetpack by WordPress.com (Jetpack 12.0; WordPress 6.4)"
45.41.106.120 - - [22/Sep/2026:09:56:33 +0000] "POST /xmlrpc.php HTTP/1.1" 200 5415 "-" "Jetpack by WordPress.com (Jetpack 12.1; WordPress 6.3)"
50.199.59.142 - - [22/Sep/2026:09:56:42 +0000] "POST /xmlrpc.php HTTP/1.1" 200 5415 "-" "Jetpack by WordPress.com (Jetpack 12.0; WordPress 6.1)"
45.41.106.120 - - [22/Sep/2026:09:56:44 +0000] "POST /xmlrpc.php HTTP/1.1" 200 5415 "-" "WordPress.com; https://wordpress.com"
50.199.59.142 - - [22/Sep/2026:09:56:53 +0000] "POST /xmlrpc.php HTTP/1.1" 200 5415 "-" "Jetpack/13.0; WordPress/6.2; http://site48071163.com"
45.41.106.120 - - [22/Sep/2026:09:56:54 +0000] "POST /xmlrpc.php HTTP/1.1" 200 5415 "-" "WordPress.com; https://wordpress.com"
50.199.59.142 - - [22/Sep/2026:09:57:03 +0000] "POST /xmlrpc.php HTTP/1.1" 200 5415 "-" "Jetpack by WordPress.com (Jetpack 13.0; WordPress 6.4)"
45.41.106.120 - - [22/Sep/2026:09:57:05 +0000] "POST /xmlrpc.php HTTP/1.1" 200 5415 "-" "Jetpack/12.0; WordPress/6.1; http://site69349813.com"
77.68.25.176 - - [22/Sep/2026:09:57:14 +0000] "POST /wp-cron.php?doing_wp_cron=1790071034.7895689010620117187500 HTTP/1.1" 200 5041 "-" "WordPress/7.1.1; https://sacherconsultancy.com"
50.199.59.142 - - [22/Sep/2026:09:57:14 +0000] "POST /xmlrpc.php HTTP/1.1" 200 5415 "-" "Jetpack by WordPress.com"
45.41.106.120 - - [22/Sep/2026:09:57:16 +0000] "POST /xmlrpc.php HTTP/1.1" 200 5415 "-" "Jetpack by WordPress.com (Jetpack 12.5; WordPress 6.3)"
50.199.59.142 - - [22/Sep/2026:09:57:24 +0000] "POST /xmlrpc.php HTTP/1.1" 200 5415 "-" "WordPress.com; https://wordpress.com"
45.41.106.120 - - [22/Sep/2026:09:57:26 +0000] "POST /xmlrpc.php HTTP/1.1" 200 5415 "-" "Jetpack by WordPress.com (Jetpack 12.1; WordPress 6.4)"
50.199.59.142 - - [22/Sep/2026:09:57:35 +0000] "POST /xmlrpc.php HTTP/1.1" 200 5415 "-" "Jetpack/12.5; WordPress/6.4; http://site10952022.com"
45.41.106.120 - - [22/Sep/2026:09:57:37 +0000] "POST /xmlrpc.php HTTP/1.1" 200 5415 "-" "Jetpack by WordPress.com (Jetpack 12.5; WordPress 6.4)"
50.199.59.142 - - [22/Sep/2026:09:57:46 +0000] "POST /xmlrpc.php HTTP/1.1" 200 5415 "-" "Jetpack/12.1; WordPress/6.4; http://site28740261.com"
45.41.106.120 - - [22/Sep/2026:09:57:47 +0000] "POST /xmlrpc.php HTTP/1.1" 200 5415 "-" "Jetpack by WordPress.com (Jetpack 12.1; WordPress 6.1)"
50.199.59.142 - - [22/Sep/2026:09:57:56 +0000] "POST /xmlrpc.php HTTP/1.1" 200 5415 "-" "Jetpack/12.1; WordPress/6.3; http://site19415182.com"
45.41.106.120 - - [22/Sep/2026:09:57:58 +0000] "POST /xmlrpc.php HTTP/1.1" 200 5415 "-" "Jetpack by WordPress.com (Jetpack 12.0; WordPress 6.2)"
50.199.59.142 - - [22/Sep/2026:09:58:07 +0000] "POST /xmlrpc.php HTTP/1.1" 200 5415 "-" "Jetpack by WordPress.com (Jetpack 12.0; WordPress 6.1)"
45.41.106.120 - - [22/Sep/2026:09:58:09 +0000] "POST /xmlrpc.php HTTP/1.1" 200 5415 "-" "Jetpack/13.0; WordPress/6.3; http://site44695984.com"
77.68.25.176 - - [22/Sep/2026:09:58:18 +0000] "POST /wp-cron.php?doing_wp_cron=1790071098.1641359329223632812500 HTTP/1.1" 200 5041 "-" "WordPress/7.1.1; https://sacherconsultancy.com"
50.199.59.142 - - [22/Sep/2026:09:58:17 +0000] "POST /xmlrpc.php HTTP/1.1" 200 5415 "-" "Jetpack by WordPress.com"
45.41.106.120 - - [22/Sep/2026:09:58:19 +0000] "POST /xmlrpc.php HTTP/1.1" 200 5415 "-" "Jetpack/12.0; WordPress/6.4; http://site53651138.com"
50.199.59.142 - - [22/Sep/2026:09:58:28 +0000] "POST /xmlrpc.php HTTP/1.1" 200 5415 "-" "Jetpack/12.1; WordPress/6.4; http://site83235033.com"
45.41.106.120 - - [22/Sep/2026:09:58:30 +0000] "POST /xmlrpc.php HTTP/1.1" 200 5415 "-" "Jetpack/12.1; WordPress/6.3; http://site14247827.com"
50.199.59.142 - - [22/Sep/2026:09:58:38 +0000] "POST /xmlrpc.php HTTP/1.1" 200 5415 "-" "WordPress.com; https://wordpress.com"
45.41.106.120 - - [22/Sep/2026:09:58:40 +0000] "POST /xmlrpc.php HTTP/1.1" 200 5415 "-" "WordPress.com; https://wordpress.com"
50.199.59.142 - - [22/Sep/2026:09:58:49 +0000] "POST /xmlrpc.php HTTP/1.1" 200 5415 "-" "Jetpack by WordPress.com"
45.41.106.120 - - [22/Sep/2026:09:58:51 +0000] "POST /xmlrpc.php HTTP/1.1" 200 5415 "-" "Jetpack by WordPress.com (Jetpack 13.0; WordPress 6.3)"
50.199.59.142 - - [22/Sep/2026:09:59:00 +0000] "POST /xmlrpc.php HTTP/1.1" 200 5415 "-" "WordPress.com; https://wordpress.com"
45.41.106.120 - - [22/Sep/2026:09:59:02 +0000] "POST /xmlrpc.php HTTP/1.1" 200 5415 "-" "Jetpack/12.1; WordPress/6.4; http://site81024213.com"
50.199.59.142 - - [22/Sep/2026:09:59:10 +0000] "POST /xmlrpc.php HTTP/1.1" 200 5415 "-" "WordPress.com; https://wordpress.com"
77.68.25.176 - - [22/Sep/2026:09:59:13 +0000] "POST /wp-cron.php?doing_wp_cron=1790071153.0766589641571044921875 HTTP/1.1" 200 5041 "-" "WordPress/7.1.1; https://sacherconsultancy.com"
45.41.106.120 - - [22/Sep/2026:09:59:12 +0000] "POST /xmlrpc.php HTTP/1.1" 200 5415 "-" "Jetpack by WordPress.com"
50.199.59.142 - - [22/Sep/2026:09:59:21 +0000] "POST /xmlrpc.php HTTP/1.1" 200 5415 "-" "WordPress.com; https://wordpress.com"
45.41.106.120 - - [22/Sep/2026:09:59:23 +0000] "POST /xmlrpc.php HTTP/1.1" 200 5415 "-" "Jetpack by WordPress.com (Jetpack 12.1; WordPress 6.2)"
50.199.59.142 - - [22/Sep/2026:09:59:31 +0000] "POST /xmlrpc.php HTTP/1.1" 200 5415 "-" "WordPress.com; https://wordpress.com"
45.41.106.120 - - [22/Sep/2026:09:59:33 +0000] "POST /xmlrpc.php HTTP/1.1" 200 5415 "-" "WordPress.com; https://wordpress.com"
50.199.59.142 - - [22/Sep/2026:09:59:42 +0000] "POST /xmlrpc.php HTTP/1.1" 200 5415 "-" "Jetpack by WordPress.com (Jetpack 12.5; WordPress 6.1)"
45.41.106.120 - - [22/Sep/2026:09:59:44 +0000] "POST /xmlrpc.php HTTP/1.1" 200 5415 "-" "Jetpack/12.1; WordPress/6.4; http://site34575214.com"
50.199.59.142 - - [22/Sep/2026:09:59:53 +0000] "POST /xmlrpc.php HTTP/1.1" 200 5415 "-" "Jetpack/12.0; WordPress/6.1; http://site79165773.com"
45.41.106.120 - - [22/Sep/2026:09:59:55 +0000] "POST /xmlrpc.php HTTP/1.1" 200 5415 "-" "Jetpack by WordPress.com (Jetpack 13.0; WordPress 6.2)"
50.199.59.142 - - [22/Sep/2026:10:00:03 +0000] "POST /xmlrpc.php HTTP/1.1" 200 5415 "-" "Jetpack by WordPress.com"
45.41.106.120 - - [22/Sep/2026:10:00:05 +0000] "POST /xmlrpc.php HTTP/1.1" 200 5415 "-" "Jetpack/12.1; WordPress/6.4; http://site62751461.com"
77.68.25.176 - - [22/Sep/2026:10:00:14 +0000] "POST /wp-cron.php?doing_wp_cron=1790071214.7722239494323730468750 HTTP/1.1" 200 5041 "-" "WordPress/7.1.1; https://sacherconsultancy.com"
50.199.59.142 - - [22/Sep/2026:10:00:14 +0000] "POST /xmlrpc.php HTTP/1.1" 200 5415 "-" "Jetpack/13.0; WordPress/6.4; http://site68641719.com"
45.41.106.120 - - [22/Sep/2026:10:00:16 +0000] "POST /xmlrpc.php HTTP/1.1" 200 5415 "-" "Jetpack/12.1; WordPress/6.4; http://site54850176.com"
169.62.7.24 - - [22/Sep/2026:10:00:17 +0000] "POST /wp-login.php HTTP/1.1" 200 16225 "https://sacherconsultancy.com/wp-login.php" "Mozilla/5.0 (Windows NT 10.0; Win64; x64) AppleWebKit/537.36 (KHTML, like Gecko) Chrome/124.0.0.0 Safari/537.36"
50.199.59.142 - - [22/Sep/2026:10:00:24 +0000] "POST /xmlrpc.php HTTP/1.1" 200 5415 "-" "Jetpack by WordPress.com (Jetpack 13.0; WordPress 6.2)"
45.41.106.120 - - [22/Sep/2026:10:00:26 +0000] "POST /xmlrpc.php HTTP/1.1" 200 5415 "-" "Jetpack by WordPress.com (Jetpack 12.0; WordPress 6.4)"
50.199.59.142 - - [22/Sep/2026:10:00:35 +0000] "POST /xmlrpc.php HTTP/1.1" 200 5415 "-" "Jetpack by WordPress.com"
45.41.106.120 - - [22/Sep/2026:10:00:37 +0000] "POST /xmlrpc.php HTTP/1.1" 200 5415 "-" "Jetpack by WordPress.com"
50.199.59.142 - - [22/Sep/2026:10:00:46 +0000] "POST /xmlrpc.php HTTP/1.1" 200 5415 "-" "Jetpack/13.0; WordPress/6.2; http://site25428820.com"
45.41.106.120 - - [22/Sep/2026:10:00:47 +0000] "POST /xmlrpc.php HTTP/1.1" 200 5415 "-" "Jetpack by WordPress.com (Jetpack 12.1; WordPress 6.4)"
50.199.59.142 - - [22/Sep/2026:10:00:56 +0000] "POST /xmlrpc.php HTTP/1.1" 200 5415 "-" "Jetpack by WordPress.com (Jetpack 12.1; WordPress 6.3)"
45.41.106.120 - - [22/Sep/2026:10:00:58 +0000] "POST /xmlrpc.php HTTP/1.1" 200 5415 "-" "Jetpack by WordPress.com"
50.199.59.142 - - [22/Sep/2026:10:01:07 +0000] "POST /xmlrpc.php HTTP/1.1" 200 5415 "-" "Jetpack by WordPress.com"
45.41.106.120 - - [22/Sep/2026:10:01:09 +0000] "POST /xmlrpc.php HTTP/1.1" 200 5415 "-" "Jetpack by WordPress.com (Jetpack 12.5; WordPress 6.2)"
77.68.25.176 - - [22/Sep/2026:10:01:18 +0000] "POST /wp-cron.php?doing_wp_cron=1790071278.2416169643402099609375 HTTP/1.1" 200 5041 "-" "WordPress/7.1.1; https://sacherconsultancy.com"
50.199.59.142 - - [22/Sep/2026:10:01:17 +0000] "POST /xmlrpc.php HTTP/1.1" 200 5415 "-" "Jetpack by WordPress.com"
45.41.106.120 - - [22/Sep/2026:10:01:19 +0000] "POST /xmlrpc.php HTTP/1.1" 200 5415 "-" "Jetpack by WordPress.com"
50.199.59.142 - - [22/Sep/2026:10:01:28 +0000] "POST /xmlrpc.php HTTP/1.1" 200 5415 "-" "Jetpack by WordPress.com (Jetpack 12.1; WordPress 6.3)"
137.184.64.22 - - [22/Sep/2026:10:01:29 +0000] "POST /xmlrpc.php HTTP/1.1" 200 5223 "-" "Mozilla/5.0 (Windows NT 10.0; Win64; x64) AppleWebKit/537.36 (KHTML, like Gecko) Chrome/138.0.0.0 Safari/537.36"
45.41.106.120 - - [22/Sep/2026:10:01:30 +0000] "POST /xmlrpc.php HTTP/1.1" 200 5415 "-" "Jetpack by WordPress.com (Jetpack 12.0; WordPress 6.4)"
50.199.59.142 - - [22/Sep/2026:10:01:38 +0000] "POST /xmlrpc.php HTTP/1.1" 200 5415 "-" "Jetpack by WordPress.com"
45.41.106.120 - - [22/Sep/2026:10:01:41 +0000] "POST /xmlrpc.php HTTP/1.1" 200 5415 "-" "Jetpack by WordPress.com"
50.199.59.142 - - [22/Sep/2026:10:01:49 +0000] "POST /xmlrpc.php HTTP/1.1" 200 5415 "-" "Jetpack by WordPress.com"
45.41.106.120 - - [22/Sep/2026:10:01:51 +0000] "POST /xmlrpc.php HTTP/1.1" 200 5415 "-" "Jetpack by WordPress.com (Jetpack 12.1; WordPress 6.4)"
50.199.59.142 - - [22/Sep/2026:10:02:00 +0000] "POST /xmlrpc.php HTTP/1.1" 200 5415 "-" "Jetpack by WordPress.com"
45.41.106.120 - - [22/Sep/2026:10:02:02 +0000] "POST /xmlrpc.php HTTP/1.1" 200 5415 "-" "Jetpack by WordPress.com"
50.199.59.142 - - [22/Sep/2026:10:02:10 +0000] "POST /xmlrpc.php HTTP/1.1" 200 5415 "-" "WordPress.com; https://wordpress.com"
77.68.25.176 - - [22/Sep/2026:10:02:13 +0000] "POST /wp-cron.php?doing_wp_cron=1790071333.3430089950561523437500 HTTP/1.1" 200 5041 "-" "WordPress/7.1.1; https://sacherconsultancy.com"
45.41.106.120 - - [22/Sep/2026:10:02:12 +0000] "POST /xmlrpc.php HTTP/1.1" 200 5415 "-" "Jetpack by WordPress.com (Jetpack 12.1; WordPress 6.1)"
50.199.59.142 - - [22/Sep/2026:10:02:21 +0000] "POST /xmlrpc.php HTTP/1.1" 200 5415 "-" "Jetpack by WordPress.com"
45.41.106.120 - - [22/Sep/2026:10:02:24 +0000] "POST /xmlrpc.php HTTP/1.1" 200 5415 "-" "Jetpack by WordPress.com (Jetpack 12.1; WordPress 6.1)"
50.199.59.142 - - [22/Sep/2026:10:02:31 +0000] "POST /xmlrpc.php HTTP/1.1" 200 5415 "-" "WordPress.com; https://wordpress.com"
45.41.106.120 - - [22/Sep/2026:10:02:34 +0000] "POST /xmlrpc.php HTTP/1.1" 200 5415 "-" "WordPress.com; https://wordpress.com"
164.46.39.108 - - [22/Sep/2026:10:02:38 +0000] "POST /wp-login.php HTTP/1.1" 200 16225 "https://sacherconsultancy.com/wp-login.php" "Mozilla/5.0 (Windows NT 10.0; Win64; x64) AppleWebKit/537.36 (KHTML, like Gecko) Chrome/124.0.0.0 Safari/537.36"
50.199.59.142 - - [22/Sep/2026:10:02:42 +0000] "POST /xmlrpc.php HTTP/1.1" 200 5415 "-" "Jetpack by WordPress.com"
45.41.106.120 - - [22/Sep/2026:10:02:45 +0000] "POST /xmlrpc.php HTTP/1.1" 200 5415 "-" "Jetpack/12.5; WordPress/6.4; http://site94121602.com"
50.199.59.142 - - [22/Sep/2026:10:02:53 +0000] "POST /xmlrpc.php HTTP/1.1" 200 5415 "-" "WordPress.com; https://wordpress.com"
45.41.106.120 - - [22/Sep/2026:10:02:56 +0000] "POST /xmlrpc.php HTTP/1.1" 200 5415 "-" "Jetpack/12.5; WordPress/6.4; http://site39185511.com"
50.199.59.142 - - [22/Sep/2026:10:03:03 +0000] "POST /xmlrpc.php HTTP/1.1" 200 5415 "-" "WordPress.com; https://wordpress.com"
45.41.106.120 - - [22/Sep/2026:10:03:06 +0000] "POST /xmlrpc.php HTTP/1.1" 200 5415 "-" "WordPress.com; https://wordpress.com"
77.68.25.176 - - [22/Sep/2026:10:03:14 +0000] "POST /wp-cron.php?doing_wp_cron=1790071394.6623020172119140625000 HTTP/1.1" 200 5041 "-" "WordPress/7.1.1; https://sacherconsultancy.com"
50.199.59.142 - - [22/Sep/2026:10:03:14 +0000] "POST /xmlrpc.php HTTP/1.1" 200 5415 "-" "Jetpack/12.1; WordPress/6.1; http://site27584461.com"
45.41.106.120 - - [22/Sep/2026:10:03:17 +0000] "POST /xmlrpc.php HTTP/1.1" 200 5415 "-" "Jetpack by WordPress.com"
45.61.187.30 - - [22/Sep/2026:10:03:22 +0000] "GET /wp-login.php HTTP/1.1" 200 15722 "-" "Mozilla/5.0 (iPhone; CPU iPhone OS 7_1_2 like Mac OS X) AppleWebKit/537.51.2 (KHTML, like Gecko) Version/7.0 Mobile/11D257 Safari/9537.53"
50.199.59.142 - - [22/Sep/2026:10:03:24 +0000] "POST /xmlrpc.php HTTP/1.1" 200 5415 "-" "Jetpack by WordPress.com (Jetpack 12.5; WordPress 6.3)"
45.41.106.120 - - [22/Sep/2026:10:03:28 +0000] "POST /xmlrpc.php HTTP/1.1" 200 5415 "-" "Jetpack by WordPress.com"
45.61.187.30 - - [22/Sep/2026:10:03:30 +0000] "POST /wp-login.php HTTP/1.1" 200 16312 "-" "Mozilla/5.0 (iPhone; CPU iPhone OS 7_1_2 like Mac OS X) AppleWebKit/537.51.2 (KHTML, like Gecko) Version/7.0 Mobile/11D257 Safari/9537.53"
50.199.59.142 - - [22/Sep/2026:10:03:35 +0000] "POST /xmlrpc.php HTTP/1.1" 200 5415 "-" "Jetpack by WordPress.com (Jetpack 12.0; WordPress 6.4)"
45.41.106.120 - - [22/Sep/2026:10:03:38 +0000] "POST /xmlrpc.php HTTP/1.1" 200 5415 "-" "Jetpack/12.1; WordPress/6.3; http://site55810019.com"
50.199.59.142 - - [22/Sep/2026:10:03:46 +0000] "POST /xmlrpc.php HTTP/1.1" 200 5415 "-" "Jetpack by WordPress.com (Jetpack 12.1; WordPress 6.1)"
45.41.106.120 - - [22/Sep/2026:10:03:49 +0000] "POST /xmlrpc.php HTTP/1.1" 200 5415 "-" "Jetpack by WordPress.com (Jetpack 12.1; WordPress 6.4)"
50.199.59.142 - - [22/Sep/2026:10:03:56 +0000] "POST /xmlrpc.php HTTP/1.1" 200 5415 "-" "WordPress.com; https://wordpress.com"
50.199.59.142 - - [22/Sep/2026:10:04:07 +0000] "POST /xmlrpc.php HTTP/1.1" 200 5415 "-" "WordPress.com; https://wordpress.com"
77.68.25.176 - - [22/Sep/2026:10:04:18 +0000] "POST /wp-cron.php?doing_wp_cron=1790071458.2625370025634765625000 HTTP/1.1" 200 5041 "-" "WordPress/7.1.1; https://sacherconsultancy.com"
50.199.59.142 - - [22/Sep/2026:10:04:17 +0000] "POST /xmlrpc.php HTTP/1.1" 200 5415 "-" "Jetpack by WordPress.com"
50.199.59.142 - - [22/Sep/2026:10:04:28 +0000] "POST /xmlrpc.php HTTP/1.1" 200 5415 "-" "Jetpack by WordPress.com (Jetpack 12.5; WordPress 6.4)"
66.249.77.160 - - [22/Sep/2026:10:04:38 +0000] "GET /category/item/euk6t98f9t8ui6p.shtml HTTP/1.1" 404 121229 "-" "Mozilla/5.0 (compatible; Googlebot/2.1; +http://www.google.com/bot.html)"
50.199.59.142 - - [22/Sep/2026:10:04:39 +0000] "POST /xmlrpc.php HTTP/1.1" 200 5415 "-" "Jetpack/12.0; WordPress/6.3; http://site91349757.com"
50.199.59.142 - - [22/Sep/2026:10:04:49 +0000] "POST /xmlrpc.php HTTP/1.1" 200 5415 "-" "Jetpack by WordPress.com (Jetpack 12.0; WordPress 6.1)"
34.50.88.91 - - [22/Sep/2026:10:04:52 +0000] "GET / HTTP/1.1" 200 25152 "-" "Mozilla/5.0 (Macintosh; Intel Mac OS X 10_15_7) AppleWebKit/537.36 (KHTML, like Gecko) Chrome/131.0.0.0 Safari/537.36"
34.50.88.91 - - [22/Sep/2026:10:04:53 +0000] "POST / HTTP/1.1" 200 25152 "-" "Mozilla/5.0 (Macintosh; Intel Mac OS X 10_15_7) AppleWebKit/537.36 (KHTML, like Gecko) Chrome/131.0.0.0 Safari/537.36"
34.50.88.91 - - [22/Sep/2026:10:04:54 +0000] "POST / HTTP/1.1" 200 25152 "-" "Mozilla/5.0 (Macintosh; Intel Mac OS X 10_15_7) AppleWebKit/537.36 (KHTML, like Gecko) Chrome/131.0.0.0 Safari/537.36"
34.50.88.91 - - [22/Sep/2026:10:04:55 +0000] "POST / HTTP/1.1" 200 25152 "-" "Mozilla/5.0 (Macintosh; Intel Mac OS X 10_15_7) AppleWebKit/537.36 (KHTML, like Gecko) Chrome/131.0.0.0 Safari/537.36"
34.50.88.91 - - [22/Sep/2026:10:04:56 +0000] "GET /.git/config HTTP/1.1" 404 121023 "-" "Mozilla/5.0 (Macintosh; Intel Mac OS X 10_15_7) AppleWebKit/537.36 (KHTML, like Gecko) Chrome/131.0.0.0 Safari/537.36"
34.50.88.91 - - [22/Sep/2026:10:04:57 +0000] "POST / HTTP/1.1" 200 25152 "-" "Mozilla/5.0 (Macintosh; Intel Mac OS X 10_15_7) AppleWebKit/537.36 (KHTML, like Gecko) Chrome/131.0.0.0 Safari/537.36"
34.50.88.91 - - [22/Sep/2026:10:04:58 +0000] "GET /.env HTTP/1.1" 404 120959 "-" "Mozilla/5.0 (Macintosh; Intel Mac OS X 10_15_7) AppleWebKit/537.36 (KHTML, like Gecko) Chrome/131.0.0.0 Safari/537.36"
